Report for Win32-Tracert-0.002

Back
From: metabase:user:322078bc-2aae-11df-837a-5e0a49663a4f
Subject: NA Win32-Tracert-0.002 v5.12.2 SunOS/Solaris
Date: 2014-04-05T17:25:46Z

This distribution has been tested as part of the CPAN Testers
project, supporting the Perl programming language.  See
http://wiki.cpantesters.org/ for more information or email
questions to cpan-testers-discuss@perl.org


--

Dear SDESEILLE,

This is a computer-generated error report created automatically by
CPANPLUS, version 0.9148. Testers personal comments may appear
at the end of this report.


Thank you for uploading your work to CPAN.  However, it appears that
there were some problems testing your distribution.

TEST RESULTS:

Below is the error stack from stage 'make test':

PERL_DL_NONLAZY=1 /export/home/cpan/pit/thr/perl-5.12.2/bin/perl "-MExtUtils::Command::MM" "-MTest::Harness" "-e" "undef *Test::Harness::Switches; test_harness(0, 'blib/lib', 'blib/arch')" t/*.t

#   Failed test 'use Win32::Tracert;'
#   at t/01_basic.t line 7.
#     Tried to use 'Win32::Tracert'.
#     Error:  Type of arg 1 to push must be array (not hash element) at /export/home/cpan/pit/thr/conf/perl-5.12.2/.cpanplus/5.12.2/build/Win32-Tracert-0.002/blib/lib/Win32/Tracert/Parser.pm line 77, near "$hop_data;"
# Type of arg 1 to push must be array (not hash element) at /export/home/cpan/pit/thr/conf/perl-5.12.2/.cpanplus/5.12.2/build/Win32-Tracert-0.002/blib/lib/Win32/Tracert/Parser.pm line 94, near "$hop_data;"
# Type of arg 1 to push must be array (not hash element) at /export/home/cpan/pit/thr/conf/perl-5.12.2/.cpanplus/5.12.2/build/Win32-Tracert-0.002/blib/lib/Win32/Tracert/Parser.pm line 126, near "$hop_data;"
# Compilation failed in require at /export/home/cpan/pit/thr/conf/perl-5.12.2/.cpanplus/5.12.2/build/Win32-Tracert-0.002/blib/lib/Win32/Tracert.pm line 8.
# BEGIN failed--compilation aborted at /export/home/cpan/pit/thr/conf/perl-5.12.2/.cpanplus/5.12.2/build/Win32-Tracert-0.002/blib/lib/Win32/Tracert.pm line 8.
# Compilation failed in require at t/01_basic.t line 7.
# BEGIN failed--compilation aborted at t/01_basic.t line 7.

#   Failed test 'Win32::Tracert->can('to_trace')'
#   at t/01_basic.t line 11.
#     Win32::Tracert->can('to_trace') failed

#   Failed test 'Win32::Tracert->can('found')'
#   at t/01_basic.t line 13.
#     Win32::Tracert->can('found') failed

#   Failed test 'Win32::Tracert->can('hops')'
#   at t/01_basic.t line 15.
#     Win32::Tracert->can('hops') failed

#   Failed test 'Win32::Tracert->can('path')'
#   at t/01_basic.t line 17.
#     Win32::Tracert->can('path') failed
# Looks like you failed 5 tests of 7.
t/01_basic.t ........ 
Dubious, test returned 5 (wstat 1280, 0x500)
Failed 5/7 subtests 

#   Failed test 'use Win32::Tracert;'
#   at t/02_circuit.t line 9.
#     Tried to use 'Win32::Tracert'.
#     Error:  Type of arg 1 to push must be array (not hash element) at /export/home/cpan/pit/thr/conf/perl-5.12.2/.cpanplus/5.12.2/build/Win32-Tracert-0.002/blib/lib/Win32/Tracert/Parser.pm line 77, near "$hop_data;"
# Type of arg 1 to push must be array (not hash element) at /export/home/cpan/pit/thr/conf/perl-5.12.2/.cpanplus/5.12.2/build/Win32-Tracert-0.002/blib/lib/Win32/Tracert/Parser.pm line 94, near "$hop_data;"
# Type of arg 1 to push must be array (not hash element) at /export/home/cpan/pit/thr/conf/perl-5.12.2/.cpanplus/5.12.2/build/Win32-Tracert-0.002/blib/lib/Win32/Tracert/Parser.pm line 126, near "$hop_data;"
# Compilation failed in require at /export/home/cpan/pit/thr/conf/perl-5.12.2/.cpanplus/5.12.2/build/Win32-Tracert-0.002/blib/lib/Win32/Tracert.pm line 8.
# BEGIN failed--compilation aborted at /export/home/cpan/pit/thr/conf/perl-5.12.2/.cpanplus/5.12.2/build/Win32-Tracert-0.002/blib/lib/Win32/Tracert.pm line 8.
# Compilation failed in require at t/02_circuit.t line 9.
# BEGIN failed--compilation aborted at t/02_circuit.t line 9.
Can't locate object method "to_trace" via package "Win32::Tracert" at t/02_circuit.t line 20.
# Looks like you planned 5 tests but ran 2.
# Looks like you failed 1 test of 2 run.
# Looks like your test exited with 255 just after 2.
t/02_circuit.t ...... 
Dubious, test returned 255 (wstat 65280, 0xff00)
Failed 4/5 subtests 

#   Failed test 'use Win32::Tracert;'
#   at t/03_destination.t line 11.
#     Tried to use 'Win32::Tracert'.
#     Error:  Type of arg 1 to push must be array (not hash element) at /export/home/cpan/pit/thr/conf/perl-5.12.2/.cpanplus/5.12.2/build/Win32-Tracert-0.002/blib/lib/Win32/Tracert/Parser.pm line 77, near "$hop_data;"
# Type of arg 1 to push must be array (not hash element) at /export/home/cpan/pit/thr/conf/perl-5.12.2/.cpanplus/5.12.2/build/Win32-Tracert-0.002/blib/lib/Win32/Tracert/Parser.pm line 94, near "$hop_data;"
# Type of arg 1 to push must be array (not hash element) at /export/home/cpan/pit/thr/conf/perl-5.12.2/.cpanplus/5.12.2/build/Win32-Tracert-0.002/blib/lib/Win32/Tracert/Parser.pm line 126, near "$hop_data;"
# Compilation failed in require at /export/home/cpan/pit/thr/conf/perl-5.12.2/.cpanplus/5.12.2/build/Win32-Tracert-0.002/blib/lib/Win32/Tracert.pm line 8.
# BEGIN failed--compilation aborted at /export/home/cpan/pit/thr/conf/perl-5.12.2/.cpanplus/5.12.2/build/Win32-Tracert-0.002/blib/lib/Win32/Tracert.pm line 8.
# Compilation failed in require at t/03_destination.t line 11.
# BEGIN failed--compilation aborted at t/03_destination.t line 11.
Can't locate object method "to_trace" via package "Win32::Tracert" at t/03_destination.t line 15.
# Looks like you planned 4 tests but ran 1.
# Looks like you failed 1 test of 1 run.
# Looks like your test exited with 255 just after 1.
t/03_destination.t .. 
Dubious, test returned 255 (wstat 65280, 0xff00)
Failed 4/4 subtests 
Can't locate Data/Printer.pm in @INC (@INC contains: /export/home/cpan/pit/thr/conf/perl-5.12.2/.cpanplus/5.12.2/build/Win32-Tracert-0.002/blib/lib /export/home/cpan/pit/thr/conf/perl-5.12.2/.cpanplus/5.12.2/build/Win32-Tracert-0.002/blib/arch /export/home/cpan/pit/thr/conf/perl-5.12.2/.cpanplus/5.12.2/build/Object-Tiny-1.08/blib/lib /export/home/cpan/pit/thr/conf/perl-5.12.2/.cpanplus/5.12.2/build/Object-Tiny-1.08/blib/arch /export/home/cpan/pit/thr/conf/perl-5.12.2/.cpanplus/5.12.2/build/Object-Tiny-1.08/blib/lib /export/home/cpan/pit/thr/conf/perl-5.12.2/.cpanplus/5.12.2/build/Object-Tiny-1.08/blib/arch /export/home/cpan/pit/thr/conf/perl-5.12.2/.cpanplus/5.12.2/build/Win32-Tracert-0.002/blib/lib /export/home/cpan/pit/thr/conf/perl-5.12.2/.cpanplus/5.12.2/build/Win32-Tracert-0.002/blib/arch /export/home/cpan/pit/thr/perl-5.12.2/lib/site_perl/5.12.2/i86pc-solaris-thread-multi-64 /export/home/cpan/pit/thr/perl-5.12.2/lib/site_perl/5.12.2 /export/home/cpan/pit/thr/perl-5.12.2/lib/5.12.2/i86pc-solaris-thread-multi-64 /export/home/cpan/pit/thr/perl-5.12.2/lib/5.12.2 .) at t/04_weird_use.t line 3.
BEGIN failed--compilation aborted at t/04_weird_use.t line 3.
t/04_weird_use.t .... 
Dubious, test returned 2 (wstat 512, 0x200)
No subtests run 

Test Summary Report
-------------------
t/01_basic.t      (Wstat: 1280 Tests: 7 Failed: 5)
  Failed tests:  1, 3-6
  Non-zero exit status: 5
t/02_circuit.t    (Wstat: 65280 Tests: 2 Failed: 1)
  Failed test:  1
  Non-zero exit status: 255
  Parse errors: Bad plan.  You planned 5 tests but ran 2.
t/03_destination.t (Wstat: 65280 Tests: 1 Failed: 1)
  Failed test:  1
  Non-zero exit status: 255
  Parse errors: Bad plan.  You planned 4 tests but ran 1.
t/04_weird_use.t  (Wstat: 512 Tests: 0 Failed: 0)
  Non-zero exit status: 2
  Parse errors: No plan found in TAP output
Files=4, Tests=10,  1 wallclock secs ( 0.08 usr  0.04 sys +  0.24 cusr  0.17 csys =  0.53 CPU)
Result: FAIL
Failed 4/4 test programs. 7/10 subtests failed.
gmake: *** [test_dynamic] Error 2

[MSG] [Sat Apr  5 18:25:46 2014] 'Win32::Tracert' is a platform specific module, and the test results on your platform are not relevant --sending N/A grade.

PREREQUISITES:

Here is a list of prerequisites you specified and versions we
managed to load:

	  Module Name                        Have     Want
	  Object::Tiny                       1.08     1.08

Perl module toolchain versions installed:
	Module Name                        Have
	CPANPLUS                         0.9148
	CPANPLUS::Dist::Build              0.76
	Cwd                                3.40
	ExtUtils::CBuilder             0.280216
	ExtUtils::Command                  1.16
	ExtUtils::Install                  1.63
	ExtUtils::MakeMaker                6.92
	ExtUtils::Manifest                 1.63
	ExtUtils::ParseXS                  3.24
	File::Spec                         3.40
	Module::Build                    0.4205
	Pod::Parser                        1.37
	Pod::Simple                        3.14
	Test::Harness                      3.30
	Test::More                     1.001002
	version                          0.9908

******************************** NOTE ********************************
The comments above are created mechanically, possibly without manual
checking by the sender.  As there are many people performing automatic
tests on each upload to CPAN, it is likely that you will receive
identical messages about the same problem.

If you believe that the message is mistaken, please reply to the first
one with correction and/or additional informations, and do not take
it personally.  We appreciate your patience. :)
**********************************************************************

Additional comments:


This report was machine-generated by CPANPLUS::Dist::YACSmoke 0.90.
Powered by minismokebox version 0.58

------------------------------
ENVIRONMENT AND OTHER CONTEXT
------------------------------

Environment variables:

    AUTOMATED_TESTING = 1
    LANG = en_US.UTF-8
    LC_ALL = 
    LC_COLLATE = 
    LC_CTYPE = 
    LC_MESSAGES = 
    LC_MONETARY = 
    LC_NUMERIC = 
    LC_TIME = 
    NONINTERACTIVE_TESTING = 1
    PATH = /opt/solarisstudio12.3/bin:/opt/solarisstudio12.3/bin:/usr/bin:/usr/sbin
    PERL5LIB = :/export/home/cpan/pit/thr/conf/perl-5.12.2/.cpanplus/5.12.2/build/Object-Tiny-1.08/blib/lib:/export/home/cpan/pit/thr/conf/perl-5.12.2/.cpanplus/5.12.2/build/Object-Tiny-1.08/blib/arch:/export/home/cpan/pit/thr/conf/perl-5.12.2/.cpanplus/5.12.2/build/Win32-Tracert-0.002/blib/lib:/export/home/cpan/pit/thr/conf/perl-5.12.2/.cpanplus/5.12.2/build/Win32-Tracert-0.002/blib/arch
    PERL5_CPANPLUS_IS_RUNNING = 27779
    PERL5_CPANPLUS_IS_VERSION = 0.9148
    PERL5_MINISMOKEBOX = 0.58
    PERL5_YACSMOKE_BASE = /export/home/cpan/pit/thr/conf/perl-5.12.2
    PERL_EXTUTILS_AUTOINSTALL = --defaultdeps
    PERL_MM_USE_DEFAULT = 1
    SHELL = /usr/bin/bash
    TERM = screen

Perl special variables (and OS-specific diagnostics, for MSWin32):

    Perl: $^X = /export/home/cpan/pit/thr/perl-5.12.2/bin/perl
    UID:  $<  = 101
    EUID: $>  = 101
    GID:  $(  = 100 100
    EGID: $)  = 100 100


-------------------------------


--

Summary of my perl5 (revision 5 version 12 subversion 2) configuration:
   
  Platform:
    osname=solaris, osvers=2.11, archname=i86pc-solaris-thread-multi-64
    uname='sunos soflyn 5.11 11.1 i86pc i386 i86pc '
    config_args='-des -Dprefix=/export/home/cpan/pit/thr/perl-5.12.2 -Dusethreads -Duse64bitall'
    hint=recommended, useposix=true, d_sigaction=define
    useithreads=define, usemultiplicity=define
    useperlio=define, d_sfio=undef, uselargefiles=define, usesocks=undef
    use64bitint=define, use64bitall=define, uselongdouble=undef
    usemymalloc=n, bincompat5005=undef
  Compiler:
    cc='cc', ccflags ='-D_REENTRANT -m64 -D_LARGEFILE_SOURCE -D_FILE_OFFSET_BITS=64 -DPERL_USE_SAFE_PUTENV',
    optimize='-O',
    cppflags='-D_REENTRANT -m64'
    ccversion='Sun C 5.12 SunOS_i386 2011/11/16', gccversion='', gccosandvers=''
    intsize=4, longsize=8, ptrsize=8, doublesize=8, byteorder=12345678
    d_longlong=define, longlongsize=8, d_longdbl=define, longdblsize=16
    ivtype='long', ivsize=8, nvtype='double', nvsize=8, Off_t='off_t', lseeksize=8
    alignbytes=8, prototype=define
  Linker and Libraries:
    ld='cc', ldflags =' -m64 -L/opt/solarisstudio12.3/prod/lib/amd64 -L/lib/64 -L/usr/gnu/lib '
    libpth=/opt/solarisstudio12.3/prod/lib/amd64 /lib/64 /usr/gnu/lib /usr/lib /usr/ccs/lib
    libs=-lsocket -lnsl -lgdbm -ldb -ldl -lm -lpthread -lc
    perllibs=-lsocket -lnsl -ldl -lm -lpthread -lc
    libc=/lib/libc.so, so=so, useshrplib=false, libperl=libperl.a
    gnulibc_version=''
  Dynamic Linking:
    dlsrc=dl_dlopen.xs, dlext=so, d_dlsymun=undef, ccdlflags=' '
    cccdlflags='-KPIC', lddlflags=' -G -m64 -L/opt/solarisstudio12.3/prod/lib/amd64 -L/lib/64 -L/usr/gnu/lib'


Characteristics of this binary (from libperl): 
  Compile-time options: MULTIPLICITY PERL_DONT_CREATE_GVSV
                        PERL_IMPLICIT_CONTEXT PERL_MALLOC_WRAP
                        PERL_USE_SAFE_PUTENV USE_64_BIT_ALL USE_64_BIT_INT
                        USE_ITHREADS USE_LARGE_FILES USE_PERLIO USE_PERL_ATOF
                        USE_REENTRANT_API
  Built under solaris
  Compiled at Feb  5 2014 05:57:14
  %ENV:
    PERL5LIB=":/export/home/cpan/pit/thr/conf/perl-5.12.2/.cpanplus/5.12.2/build/Object-Tiny-1.08/blib/lib:/export/home/cpan/pit/thr/conf/perl-5.12.2/.cpanplus/5.12.2/build/Object-Tiny-1.08/blib/arch:/export/home/cpan/pit/thr/conf/perl-5.12.2/.cpanplus/5.12.2/build/Win32-Tracert-0.002/blib/lib:/export/home/cpan/pit/thr/conf/perl-5.12.2/.cpanplus/5.12.2/build/Win32-Tracert-0.002/blib/arch"
    PERL5_CPANPLUS_IS_RUNNING="27779"
    PERL5_CPANPLUS_IS_VERSION="0.9148"
    PERL5_MINISMOKEBOX="0.58"
    PERL5_YACSMOKE_BASE="/export/home/cpan/pit/thr/conf/perl-5.12.2"
    PERL_EXTUTILS_AUTOINSTALL="--defaultdeps"
    PERL_MM_USE_DEFAULT="1"
  @INC:
    /export/home/cpan/pit/thr/conf/perl-5.12.2/.cpanplus/5.12.2/build/Object-Tiny-1.08/blib/lib
    /export/home/cpan/pit/thr/conf/perl-5.12.2/.cpanplus/5.12.2/build/Object-Tiny-1.08/blib/arch
    /export/home/cpan/pit/thr/conf/perl-5.12.2/.cpanplus/5.12.2/build/Win32-Tracert-0.002/blib/lib
    /export/home/cpan/pit/thr/conf/perl-5.12.2/.cpanplus/5.12.2/build/Win32-Tracert-0.002/blib/arch
    /export/home/cpan/pit/thr/perl-5.12.2/lib/site_perl/5.12.2/i86pc-solaris-thread-multi-64
    /export/home/cpan/pit/thr/perl-5.12.2/lib/site_perl/5.12.2
    /export/home/cpan/pit/thr/perl-5.12.2/lib/5.12.2/i86pc-solaris-thread-multi-64
    /export/home/cpan/pit/thr/perl-5.12.2/lib/5.12.2
    .