Report for XML-LibXML-Tools-1.00

Back
From: metabase:user:088bbd1d-6d33-1014-a458-55f4d581bf18
Subject: FAIL XML-LibXML-Tools-1.00 v5.16.2 GNU/Linux
Date: 2013-04-05T04:28:54Z

This distribution has been tested as part of the CPAN Testers
project, supporting the Perl programming language.  See
http://wiki.cpantesters.org/ for more information or email
questions to cpan-testers-discuss@perl.org


--
Dear Hartog de Mik,

This is a computer-generated report for XML-LibXML-Tools-1.00
on perl 5.16.2, created by CPAN-Reporter-1.2009.

Thank you for uploading your work to CPAN.  However, there was a problem
testing your distribution.

If you think this report is invalid, please consult the CPAN Testers Wiki
for suggestions on how to avoid getting FAIL reports for missing library
or binary dependencies, unsupported operating systems, and so on:

http://wiki.cpantesters.org/wiki/CPANAuthorNotes

Sections of this report:

    * Tester comments
    * Program output
    * Prerequisites
    * Environment and other context

------------------------------
TESTER COMMENTS
------------------------------

Additional comments from tester:

none provided

------------------------------
PROGRAM OUTPUT
------------------------------

Output from '/usr/bin/make test':

PERL_DL_NONLAZY=1 /usr/bin/perl "-MExtUtils::Command::MM" "-e" "test_harness(0, 'blib/lib', 'blib/arch')" t/*.t
[21:28:50] t/01_basic.t ........ ok      223 ms
[21:28:51] t/02_complex2dom.t .. ok      227 ms
insertBefore/insertAfter: HIERARCHY_REQUEST_ERR
# Looks like you planned 5 tests but ran 1.
# Looks like your test exited with 255 just after 1.
[21:28:51] t/03_add.t .......... 
Dubious, test returned 255 (wstat 65280, 0xff00)
Failed 4/5 subtests 
[21:28:51] t/04_update.t ....... ok      238 ms
[21:28:51] t/05_delete.t ....... ok      236 ms
[21:28:52] t/06_iconv.t ........ skipped: No longer supports conversion
[21:28:52]

Test Summary Report
-------------------
t/03_add.t        (Wstat: 65280 Tests: 1 Failed: 0)
  Non-zero exit status: 255
  Parse errors: Bad plan.  You planned 5 tests but ran 1.
Files=6, Tests=28,  2 wallclock secs ( 0.09 usr  0.08 sys +  0.95 cusr  0.32 csys =  1.44 CPU)
Result: FAIL
Failed 1/6 test programs. 0/28 subtests failed.
make: *** [test_dynamic] Error 255

------------------------------
PREREQUISITES
------------------------------

Prerequisite modules loaded:

requires:

    Module               Need Have  
    -------------------- ---- ------
    Class::AccessorMaker 1    1.11  
    Text::Iconv          1    1.7   
    XML::LibXML          1    2.0014

build_requires:

    Module               Need Have  
    -------------------- ---- ------
    ExtUtils::MakeMaker  0    6.64  


------------------------------
ENVIRONMENT AND OTHER CONTEXT
------------------------------

Environment variables:

    LANG = en_US.ISO-8859-1
    PATH = /usr/local/bin:/usr/local/sbin:/bin:/usr/bin:/sbin:/usr/sbin
    PERL5LIB = 
    PERL5OPT = 
    PERL5_CPANPLUS_IS_RUNNING = 1844
    PERL5_CPAN_IS_RUNNING = 1844
    PERL_CPAN_REPORTER_DIR = /root/.cpan/.reporter
    PERL_LWP_SSL_VERIFY_HOSTNAME = 0
    PERL_READLINE_NOWARN = 1
    PERL_TEST_POD = 1
    SHELL = /bin/bash
    TERM = xterm

Perl special variables (and OS-specific diagnostics, for MSWin32):

    $^X = /usr/bin/perl
    $UID/$EUID = 0 / 0
    $GID = 0 0
    $EGID = 0 0

Perl module toolchain versions installed:

    Module              Have    
    ------------------- --------
    CPAN                1.9800  
    CPAN::Meta          2.130880
    Cwd                 3.40    
    ExtUtils::CBuilder  0.280206
    ExtUtils::Command   1.17    
    ExtUtils::Install   1.58    
    ExtUtils::MakeMaker 6.64    
    ExtUtils::Manifest  1.61    
    ExtUtils::ParseXS   3.18    
    File::Spec          3.40    
    JSON                2.53    
    JSON::PP            2.27202 
    Module::Build       0.4003  
    Module::Signature   0.70    
    Parse::CPAN::Meta   1.4404  
    Test::Harness       3.26    
    Test::More          0.98    
    YAML                0.84    
    YAML::Syck          1.25    
    version             0.9902  


--

Summary of my perl5 (revision 5 version 16 subversion 2) configuration:
   
  Platform:
    osname=linux, osvers=2.6.39.4, archname=i686-linux
    uname='linux lfslivecd 2.6.39.4 #1 smp sat nov 24 02:58:58 gmt 2012 i686 gnulinux '
    config_args='-des -Dprefix=/usr -Dvendorprefix=/usr -Dman1dir=/usr/share/man/man1 -Dman3dir=/usr/share/man/man3 -Dpager=/usr/bin/less -isR -Duseshrplib'
    hint=recommended, useposix=true, d_sigaction=define
    useithreads=undef, usemultiplicity=undef
    useperlio=define, d_sfio=undef, uselargefiles=define, usesocks=undef
    use64bitint=undef, use64bitall=undef, uselongdouble=undef
    usemymalloc=n, bincompat5005=undef
  Compiler:
    cc='cc', ccflags ='-fno-strict-aliasing -pipe -fstack-protector -I/usr/local/include -D_LARGEFILE_SOURCE -D_FILE_OFFSET_BITS=64',
    optimize='-O2',
    cppflags='-fno-strict-aliasing -pipe -fstack-protector -I/usr/local/include'
    ccversion='', gccversion='4.7.2', gccosandvers=''
    intsize=4, longsize=4, ptrsize=4, doublesize=8, byteorder=1234
    d_longlong=define, longlongsize=8, d_longdbl=define, longdblsize=12
    ivtype='long', ivsize=4, nvtype='double', nvsize=8, Off_t='off_t', lseeksize=8
    alignbytes=4, prototype=define
  Linker and Libraries:
    ld='cc', ldflags =' -fstack-protector -L/usr/local/lib'
    libpth=/usr/local/lib /lib /usr/lib
    libs=-lnsl -lgdbm -ldl -lm -lcrypt -lutil -lc -lgdbm_compat
    perllibs=-lnsl -ldl -lm -lcrypt -lutil -lc
    libc=/lib/libc-2.17.so, so=so, useshrplib=true, libperl=libperl.so
    gnulibc_version='2.17'
  Dynamic Linking:
    dlsrc=dl_dlopen.xs, dlext=so, d_dlsymun=undef, ccdlflags='-Wl,-E -Wl,-rpath,/usr/lib/perl5/5.16.2/i686-linux/CORE'
    cccdlflags='-fPIC', lddlflags='-shared -O2 -L/usr/local/lib -fstack-protector'


Characteristics of this binary (from libperl): 
  Compile-time options: HAS_TIMES PERLIO_LAYERS PERL_DONT_CREATE_GVSV
                        PERL_MALLOC_WRAP PERL_PRESERVE_IVUV USE_LARGE_FILES
                        USE_LOCALE USE_LOCALE_COLLATE USE_LOCALE_CTYPE
                        USE_LOCALE_NUMERIC USE_PERLIO USE_PERL_ATOF
  Built under linux
  Compiled at Mar 10 2013 21:22:24
  %ENV:
    PERL5LIB=""
    PERL5OPT=""
    PERL5_CPANPLUS_IS_RUNNING="1844"
    PERL5_CPAN_IS_RUNNING="1844"
    PERL_CPAN_REPORTER_DIR="/root/.cpan/.reporter"
    PERL_LWP_SSL_VERIFY_HOSTNAME="0"
    PERL_READLINE_NOWARN="1"
    PERL_TEST_POD="1"
  @INC:
    /usr/lib/perl5/site_perl/5.16.2/i686-linux
    /usr/lib/perl5/site_perl/5.16.2
    /usr/lib/perl5/vendor_perl/5.16.2/i686-linux
    /usr/lib/perl5/vendor_perl/5.16.2
    /usr/lib/perl5/5.16.2/i686-linux
    /usr/lib/perl5/5.16.2
    .