Back
From: metabase:user:88ef830e-3cb1-11e3-afcf-3a1e153c5931
Subject: FAIL MojoX-Renderer-HTP-0.032 v5.16.3 GNU/Linux
Date: 2013-10-24T23:23:44Z
This distribution has been tested as part of the CPAN Testers
project, supporting the Perl programming language. See
http://wiki.cpantesters.org/ for more information or email
questions to cpan-testers-discuss@perl.org
--
Dear SLOBIN,
This is a computer-generated report for MojoX-Renderer-HTP-0.032
on perl 5.16.3, created by App::cpanminus::reporter 0.10 (1.7001).
Thank you for uploading your work to CPAN. However, there was a problem
testing your distribution.
If you think this report is invalid, please consult the CPAN Testers Wiki
for suggestions on how to avoid getting FAIL reports for missing library
or binary dependencies, unsupported operating systems, and so on:
http://wiki.cpantesters.org/wiki/CPANAuthorNotes
Sections of this report:
* Tester comments
* Program output
* Prerequisites
* Environment and other context
------------------------------
TESTER COMMENTS
------------------------------
Additional comments from tester:
none provided
------------------------------
PROGRAM OUTPUT
------------------------------
Output from '':
Building and testing MojoX-Renderer-HTP-0.032
cp lib/MojoX/Renderer/HTP.pm blib/lib/MojoX/Renderer/HTP.pm
Manifying blib/man3/MojoX::Renderer::HTP.3
PERL_DL_NONLAZY=1 /root/perl5/perlbrew/perls/perl-5.16.3/bin/perl "-MExtUtils::Command::MM" "-MTest::Harness" "-e" "undef *Test::Harness::Switches; test_harness(0, 'blib/lib', 'blib/arch')" t/*.t
# Testing MojoX::Renderer::HTP 0.032, Perl 5.016003, /root/perl5/perlbrew/perls/perl-5.16.3/bin/perl
t/00-load.t ....... ok
t/boilerplate.t ... ok
# Failed test 'Pod coverage on MojoX::Renderer::HTP'
# at /root/perl5/perlbrew/perls/perl-5.16.3/lib/site_perl/5.16.3/Test/Pod/Coverage.pm line 126.
# Coverage for MojoX::Renderer::HTP is 50.0%, with 1 naked subroutine:
# pro
# Looks like you failed 1 test of 1.
t/pod-coverage.t ..
Dubious, test returned 1 (wstat 256, 0x100)
Failed 1/1 subtests
t/pod.t ........... ok
Test Summary Report
-------------------
t/boilerplate.t (Wstat: 0 Tests: 3 Failed: 0)
TODO passed: 2-3
t/pod-coverage.t (Wstat: 256 Tests: 1 Failed: 1)
Failed test: 1
Non-zero exit status: 1
Files=4, Tests=6, 0 wallclock secs ( 0.03 usr 0.02 sys + 0.22 cusr 0.05 csys = 0.32 CPU)
Result: FAIL
------------------------------
PREREQUISITES
------------------------------
Prerequisite modules loaded:
runtime:
Module Need Have
------------------- -------- ------
HTML::Template::Pro 0.81 0.9510
! Mojo 0.991251 0
Test::More 0 0.99
configure:
Module Need Have
------------------- -------- ------
ExtUtils::MakeMaker 0 6.80
------------------------------
ENVIRONMENT AND OTHER CONTEXT
------------------------------
Environment variables:
LANG = de_DE.UTF-8
PATH = /root/perl5/perlbrew/bin:/root/perl5/perlbrew/perls/perl-5.16.3/bin:/sbin:/usr/sbin:/usr/local/sbin:/root/bin:/usr/local/bin:/usr/bin:/bin:/usr/X11R6/bin:/usr/games
PERLBREW_MANPATH = /root/perl5/perlbrew/perls/perl-5.16.3/man
PERLBREW_PATH = /root/perl5/perlbrew/bin:/root/perl5/perlbrew/perls/perl-5.16.3/bin
PERLBREW_PERL = perl-5.16.3
PERLBREW_ROOT = /root/perl5/perlbrew
PERLBREW_SKIP_INIT = 1
PERLBREW_VERSION = 0.42
SHELL = /bin/bash
TERM = xterm
Perl special variables (and OS-specific diagnostics, for MSWin32):
EGID = 0 0
EUID = 0
EXECUTABLE_NAME = /root/perl5/perlbrew/perls/perl-5.16.3/bin/perl
GID = 0 0
UID = 0
Perl module toolchain versions installed:
Module Have
------------------- --------
CPAN 1.9800
CPAN::Meta 2.132830
Cwd 3.40
ExtUtils::CBuilder 0.280206
ExtUtils::Command 1.17
ExtUtils::Install 1.58
ExtUtils::MakeMaker 6.80
ExtUtils::Manifest 1.61
ExtUtils::ParseXS 3.16
File::Spec 3.40
JSON 2.61
JSON::PP 2.27200
Module::Build 0.4007
Module::Signature 0.73
Parse::CPAN::Meta 1.4409
Test::Harness 3.29
Test::More 0.99
YAML 0.84
YAML::Syck 1.27
version 0.9904
--
Summary of my perl5 (revision 5 version 16 subversion 3) configuration:
Platform:
osname=linux, osvers=3.10.13-x86_64-jb1, archname=x86_64-linux
uname='linux j67734 3.10.13-x86_64-jb1 #3 smp fri oct 4 11:46:29 cest 2013 x86_64 x86_64 x86_64 gnulinux '
config_args='-de -Dprefix=/root/perl5/perlbrew/perls/perl-5.16.3'
hint=recommended, useposix=true, d_sigaction=define
useithreads=undef, usemultiplicity=undef
useperlio=define, d_sfio=undef, uselargefiles=define, usesocks=undef
use64bitint=define, use64bitall=define, uselongdouble=undef
usemymalloc=n, bincompat5005=undef
Compiler:
cc='cc', ccflags ='-fno-strict-aliasing -pipe -fstack-protector -I/usr/local/include -D_LARGEFILE_SOURCE -D_FILE_OFFSET_BITS=64',
optimize='-O2',
cppflags='-fno-strict-aliasing -pipe -fstack-protector -I/usr/local/include'
ccversion='', gccversion='4.7.2 20130108 [gcc-4_7-branch revision 195012]', gccosandvers=''
intsize=4, longsize=8, ptrsize=8, doublesize=8, byteorder=12345678
d_longlong=define, longlongsize=8, d_longdbl=define, longdblsize=16
ivtype='long', ivsize=8, nvtype='double', nvsize=8, Off_t='off_t', lseeksize=8
alignbytes=8, prototype=define
Linker and Libraries:
ld='cc', ldflags =' -fstack-protector -L/usr/local/lib'
libpth=/usr/local/lib /lib/../lib64 /usr/lib/../lib64 /lib /usr/lib /lib64 /usr/lib64 /usr/local/lib64
libs=-lnsl -ldl -lm -lcrypt -lutil -lc
perllibs=-lnsl -ldl -lm -lcrypt -lutil -lc
libc=/lib/libc-2.17.so, so=so, useshrplib=false, libperl=libperl.a
gnulibc_version='2.17'
Dynamic Linking:
dlsrc=dl_dlopen.xs, dlext=so, d_dlsymun=undef, ccdlflags='-Wl,-E'
cccdlflags='-fPIC', lddlflags='-shared -O2 -L/usr/local/lib -fstack-protector'
Characteristics of this binary (from libperl):
Compile-time options: HAS_TIMES PERLIO_LAYERS PERL_DONT_CREATE_GVSV
PERL_MALLOC_WRAP PERL_PRESERVE_IVUV USE_64_BIT_ALL
USE_64_BIT_INT USE_LARGE_FILES USE_LOCALE
USE_LOCALE_COLLATE USE_LOCALE_CTYPE
USE_LOCALE_NUMERIC USE_PERLIO USE_PERL_ATOF
Built under linux
Compiled at Oct 24 2013 13:20:24
%ENV:
PERLBREW_MANPATH="/root/perl5/perlbrew/perls/perl-5.16.3/man"
PERLBREW_PATH="/root/perl5/perlbrew/bin:/root/perl5/perlbrew/perls/perl-5.16.3/bin"
PERLBREW_PERL="perl-5.16.3"
PERLBREW_ROOT="/root/perl5/perlbrew"
PERLBREW_SKIP_INIT="1"
PERLBREW_VERSION="0.42"
@INC:
/root/perl5/perlbrew/perls/perl-5.16.3/lib/site_perl/5.16.3/x86_64-linux
/root/perl5/perlbrew/perls/perl-5.16.3/lib/site_perl/5.16.3
/root/perl5/perlbrew/perls/perl-5.16.3/lib/5.16.3/x86_64-linux
/root/perl5/perlbrew/perls/perl-5.16.3/lib/5.16.3
.