Report for CGI-Session-4.43

Back
From: metabase:user:d2c9f356-b46f-11df-9a90-20a83c0b7757
Subject: FAIL CGI-Session-4.43 v5.12.3 SunOS/Solaris
Date: 2011-01-31T08:44:33Z

This distribution has been tested as part of the CPAN Testers
project, supporting the Perl programming language.  See
http://wiki.cpantesters.org/ for more information or email
questions to cpan-testers-discuss@perl.org


--
Dear Mark Stosberg,

This is a computer-generated report for CGI-Session-4.43
on perl 5.12.3, created by CPAN-Reporter-1.1902.

Thank you for uploading your work to CPAN.  However, there was a problem
testing your distribution.

If you think this report is invalid, please consult the CPAN Testers Wiki
for suggestions on how to avoid getting FAIL reports for missing library
or binary dependencies, unsupported operating systems, and so on:

http://wiki.cpantesters.org/wiki/CPANAuthorNotes

Sections of this report:

    * Tester comments
    * Program output
    * Prerequisites
    * Environment and other context

------------------------------
TESTER COMMENTS
------------------------------

Additional comments from tester:

this report is from an automated smoke testing program
and was not reviewed by a human for accuracy

------------------------------
PROGRAM OUTPUT
------------------------------

Output from './Build test':

t/api3_db_file.t ................ skipped: DB_File not available
t/api3_db_file_freezethaw.t ..... skipped: DB_File not available
t/api3_db_file_storable.t ....... skipped: DB_File not available
t/api3_db_file_storable_incr.t .. skipped: DB_File not available
t/api3_file.t ................... ok
t/api3_file_freezethaw.t ........ ok
t/api3_file_freezethaw_incr.t ... ok
t/api3_file_storable.t .......... ok
t/api3_file_storable_incr.t ..... ok
t/api3_incr.t ................... ok
#Using FreezeThaw as object serializer
t/api3_obj_store.t .............. ok
t/api3_obj_store_db_file.t ...... skipped: DB_File is not available
t/bug21952.t .................... ok
t/bug24285.t .................... ok
t/cgi_simple.t .................. ok
t/complex_ds.t .................. ok
t/driver_dbi.t .................. ok
t/expire.t ...................... ok
# The found session has been deleted and flushed
t/find.t ........................ ok
t/flush.t ....................... ok
t/g4.t .......................... ok
t/g4_dbfile.t ................... skipped: DB_File is NOT available
t/g4_dbfile_freezethaw.t ........ skipped: DB_File is NOT available
t/g4_dbfile_storable.t .......... skipped: DB_File is NOT available
t/g4_freezethaw.t ............... ok
t/g4_mysql.t .................... skipped: DBD::mysql is NOT available
t/g4_mysql_freezethaw.t ......... skipped: DBD::mysql is NOT available
t/g4_mysql_storable.t ........... skipped: DBD::mysql is NOT available
t/g4_postgresql.t ............... skipped: DataSource is not known
t/g4_postgresql_freezethaw.t .... skipped: DataSource is not known
t/g4_postgresql_storable.t ...... skipped: DataSource is not known
t/g4_sqlite.t ................... ok
t/g4_sqlite_freezethaw.t ........ ok
t/g4_sqlite_storable.t .......... ok
t/g4_storable.t ................. ok
t/header.t ...................... ok
t/ip_matches.t .................. ok
t/is_new.t ...................... ok
Argument "wrong" isn't numeric in numeric ne (!=) at
	/export/home/cpant3/.cpan/build/CGI-Session-4.43-j3H0km/blib/lib/CGI/Session.pm line 684 (#1)
    (W numeric) The indicated string was fed as an argument to an operator
    that expected a numeric value instead.  If you're fortunate the message
    will identify which operator was so unfortunate.
    
t/load.t ........................ ok
t/load_with_undef.t ............. ok
t/name.t ........................ ok
t/new_with_undef.t .............. ok
t/parse_dsn.t ................... ok
t/remote_addr.t ................. ok
# Check in STORE of original item
# Check in STORE of stored/retrieved item
Can't call method "param" on an undefined value at t/session_param_undef.t line 76.
# Looks like you planned 21 tests but ran 15.
# Looks like your test exited with 13 just after 15.
t/session_param_undef.t ......... 
Dubious, test returned 13 (wstat 3328, 0xd00)
Failed 6/21 subtests 
t/str2seconds.t ................. ok
t/symlink_db_file.t ............. skipped: DB_File not available
t/symlink_file.t ................ ok

Test Summary Report
-------------------
t/session_param_undef.t       (Wstat: 3328 Tests: 15 Failed: 0)
  Non-zero exit status: 13
  Parse errors: Bad plan.  You planned 21 tests but ran 15.
Files=48, Tests=848, 27 wallclock secs ( 0.29 usr  0.17 sys +  7.03 cusr  1.01 csys =  8.50 CPU)
Result: FAIL
Failed 1/48 test programs. 0/848 subtests failed.

------------------------------
PREREQUISITES
------------------------------

Prerequisite modules loaded:

requires:

    Module              Need Have 
    ------------------- ---- -----
    CGI                 3.26 3.52 
    Data::Dumper        0    2.128
    Digest::MD5         0    2.51 
    Scalar::Util        0    1.23 

build_requires:

    Module              Need Have 
    ------------------- ---- -----
    Test::More          0    0.96 

configure_requires:

    Module              Need Have 
    ------------------- ---- -----
    ExtUtils::MakeMaker 0    6.56 


------------------------------
ENVIRONMENT AND OTHER CONTEXT
------------------------------

Environment variables:

    AUTOMATED_TESTING = 1
    LANG = en_US.UTF-8
    PATH = /export/home/cpant3/perl5/bin:/usr/bin
    PERL5LIB = /export/home/cpant3/.cpan/build/Data-Stag-0.11-2pFHhq/blib/arch:/export/home/cpant3/.cpan/build/Data-Stag-0.11-2pFHhq/blib/lib
    PERL5OPT = 
    PERL5_CPANPLUS_IS_RUNNING = 18535
    PERL5_CPAN_IS_RUNNING = 18535
    PERL5_CPAN_IS_RUNNING_IN_RECURSION = 3557,18535
    PERL_CR_SMOKER_CURRENT = GBrowse-2.23
    PERL_CR_SMOKER_RUNONCE = 1
    PERL_EXTUTILS_AUTOINSTALL = --defaultdeps
    PERL_MM_USE_DEFAULT = 1
    SHELL = /bin/bash
    TERM = xterm

Perl special variables (and OS-specific diagnostics, for MSWin32):

    $^X = /export/home/cpant3/perl5/bin/perl5.12.3
    $UID/$EUID = 103 / 103
    $GID = 1 1
    $EGID = 1 1

Perl module toolchain versions installed:

    Module              Have    
    ------------------- --------
    CPAN                1.94_56 
    Cwd                 3.33    
    ExtUtils::CBuilder  0.280202
    ExtUtils::Command   1.16    
    ExtUtils::Install   1.55    
    ExtUtils::MakeMaker 6.56    
    ExtUtils::Manifest  1.58    
    ExtUtils::ParseXS   2.2206  
    File::Spec          3.33    
    Module::Build       0.3624  
    Module::Signature   n/a     
    Test::Harness       3.22    
    Test::More          0.96    
    YAML                0.72    
    YAML::Syck          1.17    
    version             0.88    


--

Summary of my perl5 (revision 5 version 12 subversion 3) configuration:
   
  Platform:
    osname=solaris, osvers=2.11, archname=i86pc-solaris-64int
    uname='sunos open-solaris-noc 5.11 snv_95 i86pc i386 i86pc '
    config_args='-Dcc=gcc -Dprefix=~/perl5 -Duse64bitint -Dusedevel -d'
    hint=recommended, useposix=true, d_sigaction=define
    useithreads=undef, usemultiplicity=undef
    useperlio=define, d_sfio=undef, uselargefiles=define, usesocks=undef
    use64bitint=define, use64bitall=undef, uselongdouble=undef
    usemymalloc=n, bincompat5005=undef
  Compiler:
    cc='gcc', ccflags ='-DPTR_IS_LONG -fno-strict-aliasing -pipe -D_LARGEFILE_SOURCE -D_FILE_OFFSET_BITS=64 -DPERL_USE_SAFE_PUTENV',
    optimize='-O',
    cppflags='-DPTR_IS_LONG -fno-strict-aliasing -pipe'
    ccversion='', gccversion='3.4.3 (csl-sol210-3_4-20050802)', gccosandvers='solaris2.11'
    intsize=4, longsize=4, ptrsize=4, doublesize=8, byteorder=12345678
    d_longlong=define, longlongsize=8, d_longdbl=define, longdblsize=12
    ivtype='long long', ivsize=8, nvtype='double', nvsize=8, Off_t='off_t', lseeksize=8
    alignbytes=4, prototype=define
  Linker and Libraries:
    ld='gcc', ldflags =' '
    libpth=/usr/lib /usr/ccs/lib
    libs=-lsocket -lnsl -ldl -lm -lc
    perllibs=-lsocket -lnsl -ldl -lm -lc
    libc=/lib/libc.so, so=so, useshrplib=false, libperl=libperl.a
    gnulibc_version=''
  Dynamic Linking:
    dlsrc=dl_dlopen.xs, dlext=so, d_dlsymun=undef, ccdlflags=' '
    cccdlflags='-fPIC', lddlflags='-G'


Characteristics of this binary (from libperl): 
  Compile-time options: PERL_DONT_CREATE_GVSV PERL_MALLOC_WRAP PERL_USE_DEVEL
                        PERL_USE_SAFE_PUTENV USE_64_BIT_INT USE_LARGE_FILES
                        USE_PERLIO USE_PERL_ATOF
  Built under solaris
  Compiled at Jan 26 2011 09:10:26
  %ENV:
    PERL5LIB="/export/home/cpant3/.cpan/build/Data-Stag-0.11-2pFHhq/blib/arch:/export/home/cpant3/.cpan/build/Data-Stag-0.11-2pFHhq/blib/lib"
    PERL5OPT=""
    PERL5_CPANPLUS_IS_RUNNING="18535"
    PERL5_CPAN_IS_RUNNING="18535"
    PERL5_CPAN_IS_RUNNING_IN_RECURSION="3557,18535"
    PERL_CR_SMOKER_CURRENT="GBrowse-2.23"
    PERL_CR_SMOKER_RUNONCE="1"
    PERL_EXTUTILS_AUTOINSTALL="--defaultdeps"
    PERL_MM_USE_DEFAULT="1"
  @INC:
    /export/home/cpant3/.cpan/build/Data-Stag-0.11-2pFHhq/blib/arch
    /export/home/cpant3/.cpan/build/Data-Stag-0.11-2pFHhq/blib/lib
    /export/home/cpant3/perl5/lib/site_perl/5.12.3/i86pc-solaris-64int
    /export/home/cpant3/perl5/lib/site_perl/5.12.3
    /export/home/cpant3/perl5/lib/5.12.3/i86pc-solaris-64int
    /export/home/cpant3/perl5/lib/5.12.3
    /export/home/cpant3/perl5/lib/site_perl
    .