Sub-WrapInType v0.08 Perl 5 v5.41.7 OpenBSD.amd64-openbsd
- Status
- Fail
- From
- Carlos Guevara
- Dist
-
Sub-WrapInType v0.08
- Platform
- Perl 5 v5.41.7 OpenBSD.amd64-openbsd
- Date
- 2025-04-03 01:38:21
- ID
- 53a9bf10-102c-11f0-b6eb-b6f124c2ec9c
This distribution has been tested as part of the CPAN Testers
project, supporting the Perl programming language. See
http://wiki.cpantesters.org/ for more information or email
questions to cpan-testers-discuss@perl.org
--
Dear mp0 liiu,
This is a computer-generated report for Sub-WrapInType-0.08
on perl 5.41.7, created by CPAN-Reporter-1.2020.
Thank you for uploading your work to CPAN. However, there was a problem
testing your distribution.
If you think this report is invalid, please consult the CPAN Testers Wiki
for suggestions on how to avoid getting FAIL reports for missing library
or binary dependencies, unsupported operating systems, and so on:
http://wiki.cpantesters.org/wiki/CPANAuthorNotes
Sections of this report:
* Tester comments
* Program output
* Prerequisites
* Environment and other context
------------------------------
TESTER COMMENTS
------------------------------
Additional comments from tester:
this report is from an automated smoke testing program
and was not reviewed by a human for accuracy
------------------------------
PROGRAM OUTPUT
------------------------------
Output from './Build test':
t/00_compile.t ...... ok
t/install_method.t .. ok
t/install_sub.t ..... ok
# Failed test at t/new.t line 58.
# +-----------------------------+----+-----------------------------+
# | GOT | OP | CHECK |
# +-----------------------------+----+-----------------------------+
# | Wrong number of parameters | =~ | (?^:Wrong number of paramet |
# | to Sub::WrapInType::_create | | ers; got 1; expected 2) |
# | _typed_code; got 1; expecte | | |
# | d 2 at t/new.t line 58.\n | | |
# +-----------------------------+----+-----------------------------+
(If this table is too small, you can use the TABLE_TERM_SIZE=### env var to set a larger size, detected size is '70')
# Failed test 'Enable'
# at t/new.t line 68.
# Failed test 'Use check option'
# at t/new.t line 98.
# Failed test at t/new.t line 111.
# +-----------------------------+----+-----------------------------+
# | GOT | OP | CHECK |
# +-----------------------------+----+-----------------------------+
# | Wrong number of parameters | =~ | (?^:Wrong number of paramet |
# | to Sub::WrapInType::_create | | ers; got 0; expected 1) |
# | _typed_code; got 0; expecte | | |
# | d 1 at t/new.t line 111.\n | | |
# +-----------------------------+----+-----------------------------+
(If this table is too small, you can use the TABLE_TERM_SIZE=### env var to set a larger size, detected size is '70')
# Failed test 'Enable'
# at t/new.t line 112.
# Failed test at t/new.t line 122.
# +-----------------------------+----+-----------------------------+
# | GOT | OP | CHECK |
# +-----------------------------+----+-----------------------------+
# | Wrong number of parameters | =~ | (?^:Wrong number of paramet |
# | to Sub::WrapInType::_create | | ers; got 2; expected 1) |
# | _typed_code; got 2; expecte | | |
# | d 1 at t/new.t line 122.\n | | |
# +-----------------------------+----+-----------------------------+
(If this table is too small, you can use the TABLE_TERM_SIZE=### env var to set a larger size, detected size is '70')
# Failed test 'Disable'
# at t/new.t line 124.
# Failed test 'Use skip_invocant option'
# at t/new.t line 126.
# Seeded srand with seed '20250402' from local date.
t/new.t .............
Dubious, test returned 2 (wstat 512, 0x200)
Failed 2/3 subtests
t/wrap_method.t ..... ok
t/wrap_sub.t ........ ok
Test Summary Report
-------------------
t/new.t (Wstat: 512 (exited 2) Tests: 3 Failed: 2)
Failed tests: 2-3
Non-zero exit status: 2
Files=6, Tests=12, 1 wallclock secs ( 0.03 usr 0.01 sys + 1.01 cusr 0.13 csys = 1.18 CPU)
Result: FAIL
------------------------------
PREREQUISITES
------------------------------
Prerequisite modules loaded:
requires:
Module Need Have
-------------------- -------- --------
Class::InsideOut 0 1.14
Exporter 0 5.78
namespace::autoclean 0 0.31
perl 5.010001 5.041007
Sub::Util 1.40 1.68_01
Type::Tiny 2.004000 2.008000
build_requires:
Module Need Have
-------------------- -------- --------
Test2::Suite 0.000071 1.302210
configure_requires:
Module Need Have
-------------------- -------- --------
Module::Build::Tiny 0.035 0.051
------------------------------
ENVIRONMENT AND OTHER CONTEXT
------------------------------
Environment variables:
AUTOMATED_TESTING = 1
DATE_MANIP_TEST_DM5 = 1
LC_ALL = C
NONINTERACTIVE_TESTING = 1
NO_NETWORK_TESTING = 1
PATH = /home/cpan/bin/perl/bin:/home/cpan/bin:/home/cpan/bin:/bin:/sbin:/usr/bin:/usr/sbin:/usr/X11R6/bin:/usr/local/bin:/usr/local/sbin
PERL5LIB =
PERL5OPT =
PERL5_CPANPLUS_IS_RUNNING = 23237
PERL5_CPAN_IS_RUNNING = 23237
PERL_MM_USE_DEFAULT = 1
PERL_USE_UNSAFE_INC = 1
SHELL = /usr/local/bin/bash
TERM = screen
TMPDIR = /home/cpan/tmp
Perl special variables (and OS-specific diagnostics, for MSWin32):
$^X = /home/cpan/bin/perl/bin/perl5.41.7
$UID/$EUID = 1001 / 1001
$GID = 1001 1001
$EGID = 1001 1001
Perl module toolchain versions installed:
Module Have
------------------- --------
CPAN 2.38
CPAN::Meta 2.150010
Cwd 3.92
ExtUtils::CBuilder 0.280240
ExtUtils::Command 7.70
ExtUtils::Install 2.22
ExtUtils::MakeMaker 7.70
ExtUtils::Manifest 1.75
ExtUtils::ParseXS 3.56
File::Spec 3.93
JSON n/a
JSON::PP 4.16
Module::Build 0.4234
Module::Signature n/a
Parse::CPAN::Meta 2.150010
Test2 1.302210
Test::Harness 3.50
Test::More 1.302210
YAML n/a
YAML::Syck n/a
version 0.9933
--
Summary of my perl5 (revision 5 version 41 subversion 7) configuration:
Commit id: b30c45eb04562bb59e2966d1aa2c97669bce67de
Platform:
osname=openbsd
osvers=7.6
archname=OpenBSD.amd64-openbsd
uname='openbsd cjg-openbsd7 7.6 generic#1 amd64 '
config_args='-des -Dprefix=/home/cpan/bin/perl -Dscriptdir=/home/cpan/bin/perl/bin -Dusedevel -Duse64bitall'
hint=recommended
useposix=true
d_sigaction=define
useithreads=undef
usemultiplicity=undef
use64bitint=define
use64bitall=define
uselongdouble=undef
usemymalloc=n
default_inc_excludes_dot=define
Compiler:
cc='cc'
ccflags ='-DNO_LOCALE_NUMERIC -DNO_LOCALE_COLLATE -DNO_LOCALE_MONETARY -DNO_LOCALE_TIME -DNO_LOCALE_MESSAGES -DLIBC_HANDLES_MISMATCHED_CTYPE -fno-strict-aliasing -pipe -fstack-protector-strong -I/usr/local/include'
optimize='-O2'
cppflags='-DNO_LOCALE_NUMERIC -DNO_LOCALE_COLLATE -DNO_LOCALE_MONETARY -DNO_LOCALE_TIME -DNO_LOCALE_MESSAGES -DLIBC_HANDLES_MISMATCHED_CTYPE -fno-strict-aliasing -pipe -fstack-protector-strong -I/usr/local/include'
ccversion=''
gccversion='OpenBSD Clang 16.0.6'
gccosandvers=''
intsize=4
longsize=8
ptrsize=8
doublesize=8
byteorder=12345678
doublekind=3
d_longlong=define
longlongsize=8
d_longdbl=define
longdblsize=16
longdblkind=3
ivtype='long'
ivsize=8
nvtype='double'
nvsize=8
Off_t='off_t'
lseeksize=8
alignbytes=8
prototype=define
Linker and Libraries:
ld='cc'
ldflags ='-Wl,-E -fstack-protector-strong -L/usr/local/lib'
libpth=/usr/lib/clang/16/lib /usr/lib /usr/local/lib
libs=-lpthread -lm -lutil -lc
perllibs=-lpthread -lm -lutil -lc
libc=/usr/lib/libc.so.100.3
so=so
useshrplib=false
libperl=libperl.a
gnulibc_version=''
Dynamic Linking:
dlsrc=dl_dlopen.xs
dlext=so
d_dlsymun=undef
ccdlflags=' '
cccdlflags='-DPIC -fPIC '
lddlflags='-shared -fPIC -L/usr/local/lib -fstack-protector-strong'
Characteristics of this binary (from libperl):
Compile-time options:
HAS_LONG_DOUBLE
HAS_STRTOLD
HAS_TIMES
PERLIO_LAYERS
PERL_COPY_ON_WRITE
PERL_DONT_CREATE_GVSV
PERL_HASH_FUNC_SIPHASH13
PERL_HASH_USE_SBOX32
PERL_MALLOC_WRAP
PERL_OP_PARENT
PERL_PRESERVE_IVUV
PERL_USE_DEVEL
PERL_USE_SAFE_PUTENV
USE_64_BIT_ALL
USE_64_BIT_INT
USE_LARGE_FILES
USE_LOCALE
USE_LOCALE_CTYPE
USE_PERLIO
USE_PERL_ATOF
Built under openbsd
Compiled at Apr 2 2025 21:28:04
%ENV:
PERL5LIB=""
PERL5OPT=""
PERL5_CPANPLUS_IS_RUNNING="23237"
PERL5_CPAN_IS_RUNNING="23237"
PERL_MM_USE_DEFAULT="1"
PERL_USE_UNSAFE_INC="1"
@INC:
/home/cpan/bin/perl/lib/site_perl/5.41.7/OpenBSD.amd64-openbsd
/home/cpan/bin/perl/lib/site_perl/5.41.7
/home/cpan/bin/perl/lib/5.41.7/OpenBSD.amd64-openbsd
/home/cpan/bin/perl/lib/5.41.7
.