Back
From: metabase:user:605733f7-6bf4-1014-9fd9-f5c948f79432
Subject: FAIL MogileFS-Client-Async-0.025 v5.16.3 GNU/Linux
Date: 2013-04-18T09:28:28Z
This distribution has been tested as part of the CPAN Testers
project, supporting the Perl programming language. See
http://wiki.cpantesters.org/ for more information or email
questions to cpan-testers-discuss@perl.org
--
Dear Dave Lambley,
This is a computer-generated report for MogileFS-Client-Async-0.025
on perl 5.16.3, created by CPAN-Reporter-1.2009.
Thank you for uploading your work to CPAN. However, there was a problem
testing your distribution.
If you think this report is invalid, please consult the CPAN Testers Wiki
for suggestions on how to avoid getting FAIL reports for missing library
or binary dependencies, unsupported operating systems, and so on:
http://wiki.cpantesters.org/wiki/CPANAuthorNotes
Sections of this report:
* Tester comments
* Program output
* Prerequisites
* Environment and other context
------------------------------
TESTER COMMENTS
------------------------------
Additional comments from tester:
this report is from an automated smoke testing program
and was not reviewed by a human for accuracy
------------------------------
PROGRAM OUTPUT
------------------------------
Output from '/usr/bin/make test':
PERL_DL_NONLAZY=1 /home/jackal/perl5/perlbrew/perls/perl-5.16.3/bin/perl "-MExtUtils::Command::MM" "-e" "test_harness(0, 'inc', 'blib/lib', 'blib/arch')" t/*.t
t/00_compile.t .......... ok
MogileFS::Backend: couldn't connect to mogilefsd backend at /home/jackal/.cpan/build/MogileFS-Client-Async-0.025-DgvmsX/blib/lib/MogileFS/Client/Callback.pm line 65.
# Tests were run but no plan was declared and done_testing() was not seen.
t/callback_works.t ......
Dubious, test returned 115 (wstat 29440, 0x7300)
All 1 subtests passed
Mogile backend failed: MogileFS::Backend: couldn't connect to mogilefsd backend at /home/jackal/.cpan/build/MogileFS-Client-Async-0.025-DgvmsX/blib/lib/MogileFS/Client/CallbackFile.pm line 89.
Mogile backend failed: MogileFS::Backend: couldn't connect to mogilefsd backend at /home/jackal/.cpan/build/MogileFS-Client-Async-0.025-DgvmsX/blib/lib/MogileFS/Client/CallbackFile.pm line 89.
Mogile backend failed: MogileFS::Backend: couldn't connect to mogilefsd backend at /home/jackal/.cpan/build/MogileFS-Client-Async-0.025-DgvmsX/blib/lib/MogileFS/Client/CallbackFile.pm line 89.
Mogile backend failed: MogileFS::Backend: couldn't connect to mogilefsd backend at /home/jackal/.cpan/build/MogileFS-Client-Async-0.025-DgvmsX/blib/lib/MogileFS/Client/CallbackFile.pm line 89.
Mogile backend failed: MogileFS::Backend: couldn't connect to mogilefsd backend at /home/jackal/.cpan/build/MogileFS-Client-Async-0.025-DgvmsX/blib/lib/MogileFS/Client/CallbackFile.pm line 89.
Fail to get a destination to write to. at /home/jackal/.cpan/build/MogileFS-Client-Async-0.025-DgvmsX/blib/lib/MogileFS/Client/CallbackFile.pm line 125.
Mogile backend failed: MogileFS::Backend: couldn't connect to mogilefsd backend at /home/jackal/.cpan/build/MogileFS-Client-Async-0.025-DgvmsX/blib/lib/MogileFS/Client/CallbackFile.pm line 89.
Mogile backend failed: MogileFS::Backend: couldn't connect to mogilefsd backend at /home/jackal/.cpan/build/MogileFS-Client-Async-0.025-DgvmsX/blib/lib/MogileFS/Client/CallbackFile.pm line 89.
Mogile backend failed: MogileFS::Backend: couldn't connect to mogilefsd backend at /home/jackal/.cpan/build/MogileFS-Client-Async-0.025-DgvmsX/blib/lib/MogileFS/Client/CallbackFile.pm line 89.
Mogile backend failed: MogileFS::Backend: couldn't connect to mogilefsd backend at /home/jackal/.cpan/build/MogileFS-Client-Async-0.025-DgvmsX/blib/lib/MogileFS/Client/CallbackFile.pm line 89.
Mogile backend failed: MogileFS::Backend: couldn't connect to mogilefsd backend at /home/jackal/.cpan/build/MogileFS-Client-Async-0.025-DgvmsX/blib/lib/MogileFS/Client/CallbackFile.pm line 89.
Fail to get a destination to write to. at /home/jackal/.cpan/build/MogileFS-Client-Async-0.025-DgvmsX/blib/lib/MogileFS/Client/CallbackFile.pm line 125.
Mogile backend failed: MogileFS::Backend: couldn't connect to mogilefsd backend at /home/jackal/.cpan/build/MogileFS-Client-Async-0.025-DgvmsX/blib/lib/MogileFS/Client/CallbackFile.pm line 89.
Mogile backend failed: MogileFS::Backend: couldn't connect to mogilefsd backend at /home/jackal/.cpan/build/MogileFS-Client-Async-0.025-DgvmsX/blib/lib/MogileFS/Client/CallbackFile.pm line 89.
Mogile backend failed: MogileFS::Backend: couldn't connect to mogilefsd backend at /home/jackal/.cpan/build/MogileFS-Client-Async-0.025-DgvmsX/blib/lib/MogileFS/Client/CallbackFile.pm line 89.
Mogile backend failed: MogileFS::Backend: couldn't connect to mogilefsd backend at /home/jackal/.cpan/build/MogileFS-Client-Async-0.025-DgvmsX/blib/lib/MogileFS/Client/CallbackFile.pm line 89.
Mogile backend failed: MogileFS::Backend: couldn't connect to mogilefsd backend at /home/jackal/.cpan/build/MogileFS-Client-Async-0.025-DgvmsX/blib/lib/MogileFS/Client/CallbackFile.pm line 89.
Fail to get a destination to write to. at /home/jackal/.cpan/build/MogileFS-Client-Async-0.025-DgvmsX/blib/lib/MogileFS/Client/CallbackFile.pm line 125.
Mogile backend failed: MogileFS::Backend: couldn't connect to mogilefsd backend at /home/jackal/.cpan/build/MogileFS-Client-Async-0.025-DgvmsX/blib/lib/MogileFS/Client/CallbackFile.pm line 89.
Mogile backend failed: MogileFS::Backend: couldn't connect to mogilefsd backend at /home/jackal/.cpan/build/MogileFS-Client-Async-0.025-DgvmsX/blib/lib/MogileFS/Client/CallbackFile.pm line 89.
Mogile backend failed: MogileFS::Backend: couldn't connect to mogilefsd backend at /home/jackal/.cpan/build/MogileFS-Client-Async-0.025-DgvmsX/blib/lib/MogileFS/Client/CallbackFile.pm line 89.
Mogile backend failed: MogileFS::Backend: couldn't connect to mogilefsd backend at /home/jackal/.cpan/build/MogileFS-Client-Async-0.025-DgvmsX/blib/lib/MogileFS/Client/CallbackFile.pm line 89.
Mogile backend failed: MogileFS::Backend: couldn't connect to mogilefsd backend at /home/jackal/.cpan/build/MogileFS-Client-Async-0.025-DgvmsX/blib/lib/MogileFS/Client/CallbackFile.pm line 89.
Fail to get a destination to write to. at /home/jackal/.cpan/build/MogileFS-Client-Async-0.025-DgvmsX/blib/lib/MogileFS/Client/CallbackFile.pm line 125.
Mogile backend failed: MogileFS::Backend: couldn't connect to mogilefsd backend at /home/jackal/.cpan/build/MogileFS-Client-Async-0.025-DgvmsX/blib/lib/MogileFS/Client/CallbackFile.pm line 89.
Mogile backend failed: MogileFS::Backend: couldn't connect to mogilefsd backend at /home/jackal/.cpan/build/MogileFS-Client-Async-0.025-DgvmsX/blib/lib/MogileFS/Client/CallbackFile.pm line 89.
Mogile backend failed: MogileFS::Backend: couldn't connect to mogilefsd backend at /home/jackal/.cpan/build/MogileFS-Client-Async-0.025-DgvmsX/blib/lib/MogileFS/Client/CallbackFile.pm line 89.
Mogile backend failed: MogileFS::Backend: couldn't connect to mogilefsd backend at /home/jackal/.cpan/build/MogileFS-Client-Async-0.025-DgvmsX/blib/lib/MogileFS/Client/CallbackFile.pm line 89.
Mogile backend failed: MogileFS::Backend: couldn't connect to mogilefsd backend at /home/jackal/.cpan/build/MogileFS-Client-Async-0.025-DgvmsX/blib/lib/MogileFS/Client/CallbackFile.pm line 89.
Fail to get a destination to write to. at /home/jackal/.cpan/build/MogileFS-Client-Async-0.025-DgvmsX/blib/lib/MogileFS/Client/CallbackFile.pm line 125.
Mogile backend failed: MogileFS::Backend: couldn't connect to mogilefsd backend at /home/jackal/.cpan/build/MogileFS-Client-Async-0.025-DgvmsX/blib/lib/MogileFS/Client/CallbackFile.pm line 89.
Mogile backend failed: MogileFS::Backend: couldn't connect to mogilefsd backend at /home/jackal/.cpan/build/MogileFS-Client-Async-0.025-DgvmsX/blib/lib/MogileFS/Client/CallbackFile.pm line 89.
Mogile backend failed: MogileFS::Backend: couldn't connect to mogilefsd backend at /home/jackal/.cpan/build/MogileFS-Client-Async-0.025-DgvmsX/blib/lib/MogileFS/Client/CallbackFile.pm line 89.
Mogile backend failed: MogileFS::Backend: couldn't connect to mogilefsd backend at /home/jackal/.cpan/build/MogileFS-Client-Async-0.025-DgvmsX/blib/lib/MogileFS/Client/CallbackFile.pm line 89.
Mogile backend failed: MogileFS::Backend: couldn't connect to mogilefsd backend at /home/jackal/.cpan/build/MogileFS-Client-Async-0.025-DgvmsX/blib/lib/MogileFS/Client/CallbackFile.pm line 89.
Fail to get a destination to write to. at /home/jackal/.cpan/build/MogileFS-Client-Async-0.025-DgvmsX/blib/lib/MogileFS/Client/CallbackFile.pm line 125.
Mogile write failed: Fail to get a destination to write to. at /home/jackal/.cpan/build/MogileFS-Client-Async-0.025-DgvmsX/blib/lib/MogileFS/Client/CallbackFile.pm line 125.
# Tests were run but no plan was declared and done_testing() was not seen.
t/callbackfile_works.t ..
Dubious, test returned 115 (wstat 29440, 0x7300)
All 3 subtests passed
# Failed test at t/works.t line 35.
# died: MogileFS::Backend: couldn't connect to mogilefsd backend at /home/jackal/.cpan/build/MogileFS-Client-Async-0.025-DgvmsX/blib/lib/MogileFS/Client/Async.pm line 131.
# Failed test at t/works.t line 44.
# died: MogileFS::Backend: couldn't connect to mogilefsd backend at /home/jackal/.cpan/build/MogileFS-Client-1.16-INqhBy/blib/lib/MogileFS/Client.pm line 567.
# Looks like you failed 2 tests of 3.
t/works.t ...............
Dubious, test returned 2 (wstat 512, 0x200)
Failed 2/3 subtests
Test Summary Report
-------------------
t/callback_works.t (Wstat: 29440 Tests: 1 Failed: 0)
Non-zero exit status: 115
Parse errors: No plan found in TAP output
t/callbackfile_works.t (Wstat: 29440 Tests: 3 Failed: 0)
Non-zero exit status: 115
Parse errors: No plan found in TAP output
t/works.t (Wstat: 512 Tests: 3 Failed: 2)
Failed tests: 2-3
Non-zero exit status: 2
Files=4, Tests=9, 38 wallclock secs ( 0.04 usr 0.02 sys + 0.58 cusr 0.19 csys = 0.83 CPU)
Result: FAIL
Failed 3/4 test programs. 2/9 subtests failed.
make: *** [test_dynamic] Error 2
------------------------------
PREREQUISITES
------------------------------
Prerequisite modules loaded:
requires:
Module Need Have
------------------- ---- --------
AnyEvent 0 7.04
AnyEvent::HTTP 0 2.15
File::Slurp 0 9999.19
IO::AIO 3.25 4.18
IO::Socket::INET 0 1.33
Linux::PipeMagic 0.03 0.03
LWP::Simple 0 6.00
MogileFS::Client 0 1.16
namespace::clean 0 0.24
Try::Tiny 0 0.12
build_requires:
Module Need Have
------------------- ---- --------
Data::Dumper 0 2.135_06
Digest::MD5 0 2.51
Digest::SHA1 0 2.13
ExtUtils::MakeMaker 6.42 6.63_02
File::Temp 0 0.22
Test::Exception 0.31 0.31
Test::More 0.88 0.98
configure_requires:
Module Need Have
------------------- ---- --------
ExtUtils::MakeMaker 6.42 6.63_02
------------------------------
ENVIRONMENT AND OTHER CONTEXT
------------------------------
Environment variables:
AUTOMATED_TESTING = 1
LANG = en_US.UTF-8
PATH = /home/jackal/perl5/perlbrew/bin:/home/jackal/perl5/perlbrew/perls/perl-5.16.3/bin:/usr/lib/qt-3.3/bin:/usr/local/bin:/bin:/usr/bin:/usr/local/sbin:/usr/sbin:/sbin:/home/jackal/bin
PERL5LIB = /home/jackal/.cpan/build/IO-AIO-4.18-iV54U7/blib/arch:/home/jackal/.cpan/build/IO-AIO-4.18-iV54U7/blib/lib:/home/jackal/.cpan/build/AnyEvent-HTTP-2.15-_Djihv/blib/arch:/home/jackal/.cpan/build/AnyEvent-HTTP-2.15-_Djihv/blib/lib:/home/jackal/.cpan/build/AnyEvent-7.04-nlaS9Y/blib/arch:/home/jackal/.cpan/build/AnyEvent-7.04-nlaS9Y/blib/lib:/home/jackal/.cpan/build/File-Slurp-9999.19-4KAGKX/blib/arch:/home/jackal/.cpan/build/File-Slurp-9999.19-4KAGKX/blib/lib:/home/jackal/.cpan/build/MogileFS-Client-1.16-INqhBy/blib/arch:/home/jackal/.cpan/build/MogileFS-Client-1.16-INqhBy/blib/lib:/home/jackal/.cpan/build/IO-stringy-2.110-FR_1KO/blib/arch:/home/jackal/.cpan/build/IO-stringy-2.110-FR_1KO/blib/lib:/home/jackal/.cpan/build/Linux-PipeMagic-0.03-Q2EO9E/blib/arch:/home/jackal/.cpan/build/Linux-PipeMagic-0.03-Q2EO9E/blib/lib
PERL5OPT =
PERL5_CPANPLUS_IS_RUNNING = 5974
PERL5_CPAN_IS_RUNNING = 5974
PERL5_CPAN_IS_RUNNING_IN_RECURSION = 1836,5974
PERLBREW_BASHRC_VERSION = 0.59
PERLBREW_HOME = /home/jackal/.perlbrew
PERLBREW_MANPATH = /home/jackal/perl5/perlbrew/perls/perl-5.16.3/man
PERLBREW_PATH = /home/jackal/perl5/perlbrew/bin:/home/jackal/perl5/perlbrew/perls/perl-5.16.3/bin
PERLBREW_PERL = perl-5.16.3
PERLBREW_ROOT = /home/jackal/perl5/perlbrew
PERLBREW_VERSION = 0.59
PERL_CR_SMOKER_CURRENT = MogileFS-Client-Async-0.025
PERL_EXTUTILS_AUTOINSTALL = --defaultdeps
PERL_MM_USE_DEFAULT = 1
SHELL = /bin/bash
TERM = xterm
Perl special variables (and OS-specific diagnostics, for MSWin32):
$^X = /home/jackal/perl5/perlbrew/perls/perl-5.16.3/bin/perl
$UID/$EUID = 500 / 500
$GID = 501 501
$EGID = 501 501
Perl module toolchain versions installed:
Module Have
------------------- --------
CPAN 1.9800
CPAN::Meta 2.120630
Cwd 3.39_02
ExtUtils::CBuilder 0.280206
ExtUtils::Command 1.17
ExtUtils::Install 1.58
ExtUtils::MakeMaker 6.63_02
ExtUtils::Manifest 1.61
ExtUtils::ParseXS 3.16
File::Spec 3.39_02
JSON 2.53
JSON::PP 2.27200
Module::Build 0.4003
Module::Signature n/a
Parse::CPAN::Meta 1.4402
Test::Harness 3.23
Test::More 0.98
YAML 0.84
YAML::Syck 1.22
version 0.9901
--
Summary of my perl5 (revision 5 version 16 subversion 3) configuration:
Platform:
osname=linux, osvers=2.6.32-358.2.1.el6.i686, archname=i686-linux
uname='linux foobar 2.6.32-358.2.1.el6.i686 #1 smp tue mar 12 21:42:46 utc 2013 i686 i686 i386 gnulinux '
config_args='-de -Dprefix=/home/jackal/perl5/perlbrew/perls/perl-5.16.3 -Aeval:scriptdir=/home/jackal/perl5/perlbrew/perls/perl-5.16.3/bin'
hint=recommended, useposix=true, d_sigaction=define
useithreads=undef, usemultiplicity=undef
useperlio=define, d_sfio=undef, uselargefiles=define, usesocks=undef
use64bitint=undef, use64bitall=undef, uselongdouble=undef
usemymalloc=n, bincompat5005=undef
Compiler:
cc='cc', ccflags ='-fno-strict-aliasing -pipe -fstack-protector -I/usr/local/include -D_LARGEFILE_SOURCE -D_FILE_OFFSET_BITS=64',
optimize='-O2',
cppflags='-fno-strict-aliasing -pipe -fstack-protector -I/usr/local/include'
ccversion='', gccversion='4.4.7 20120313 (Red Hat 4.4.7-3)', gccosandvers=''
intsize=4, longsize=4, ptrsize=4, doublesize=8, byteorder=1234
d_longlong=define, longlongsize=8, d_longdbl=define, longdblsize=12
ivtype='long', ivsize=4, nvtype='double', nvsize=8, Off_t='off_t', lseeksize=8
alignbytes=4, prototype=define
Linker and Libraries:
ld='cc', ldflags =' -fstack-protector -L/usr/local/lib'
libpth=/usr/local/lib /lib /usr/lib
libs=-lnsl -ldl -lm -lcrypt -lutil -lc
perllibs=-lnsl -ldl -lm -lcrypt -lutil -lc
libc=/lib/libc-2.12.so, so=so, useshrplib=false, libperl=libperl.a
gnulibc_version='2.12'
Dynamic Linking:
dlsrc=dl_dlopen.xs, dlext=so, d_dlsymun=undef, ccdlflags='-Wl,-E'
cccdlflags='-fPIC', lddlflags='-shared -O2 -L/usr/local/lib -fstack-protector'
Characteristics of this binary (from libperl):
Compile-time options: HAS_TIMES PERLIO_LAYERS PERL_DONT_CREATE_GVSV
PERL_MALLOC_WRAP PERL_PRESERVE_IVUV USE_LARGE_FILES
USE_LOCALE USE_LOCALE_COLLATE USE_LOCALE_CTYPE
USE_LOCALE_NUMERIC USE_PERLIO USE_PERL_ATOF
Built under linux
Compiled at Apr 11 2013 21:56:53
%ENV:
PERL5LIB="/home/jackal/.cpan/build/IO-AIO-4.18-iV54U7/blib/arch:/home/jackal/.cpan/build/IO-AIO-4.18-iV54U7/blib/lib:/home/jackal/.cpan/build/AnyEvent-HTTP-2.15-_Djihv/blib/arch:/home/jackal/.cpan/build/AnyEvent-HTTP-2.15-_Djihv/blib/lib:/home/jackal/.cpan/build/AnyEvent-7.04-nlaS9Y/blib/arch:/home/jackal/.cpan/build/AnyEvent-7.04-nlaS9Y/blib/lib:/home/jackal/.cpan/build/File-Slurp-9999.19-4KAGKX/blib/arch:/home/jackal/.cpan/build/File-Slurp-9999.19-4KAGKX/blib/lib:/home/jackal/.cpan/build/MogileFS-Client-1.16-INqhBy/blib/arch:/home/jackal/.cpan/build/MogileFS-Client-1.16-INqhBy/blib/lib:/home/jackal/.cpan/build/IO-stringy-2.110-FR_1KO/blib/arch:/home/jackal/.cpan/build/IO-stringy-2.110-FR_1KO/blib/lib:/home/jackal/.cpan/build/Linux-PipeMagic-0.03-Q2EO9E/blib/arch:/home/jackal/.cpan/build/Linux-PipeMagic-0.03-Q2EO9E/blib/lib"
PERL5OPT=""
PERL5_CPANPLUS_IS_RUNNING="5974"
PERL5_CPAN_IS_RUNNING="5974"
PERL5_CPAN_IS_RUNNING_IN_RECURSION="1836,5974"
PERLBREW_BASHRC_VERSION="0.59"
PERLBREW_HOME="/home/jackal/.perlbrew"
PERLBREW_MANPATH="/home/jackal/perl5/perlbrew/perls/perl-5.16.3/man"
PERLBREW_PATH="/home/jackal/perl5/perlbrew/bin:/home/jackal/perl5/perlbrew/perls/perl-5.16.3/bin"
PERLBREW_PERL="perl-5.16.3"
PERLBREW_ROOT="/home/jackal/perl5/perlbrew"
PERLBREW_VERSION="0.59"
PERL_CR_SMOKER_CURRENT="MogileFS-Client-Async-0.025"
PERL_EXTUTILS_AUTOINSTALL="--defaultdeps"
PERL_MM_USE_DEFAULT="1"
@INC:
/home/jackal/.cpan/build/IO-AIO-4.18-iV54U7/blib/arch
/home/jackal/.cpan/build/IO-AIO-4.18-iV54U7/blib/lib
/home/jackal/.cpan/build/AnyEvent-HTTP-2.15-_Djihv/blib/arch
/home/jackal/.cpan/build/AnyEvent-HTTP-2.15-_Djihv/blib/lib
/home/jackal/.cpan/build/AnyEvent-7.04-nlaS9Y/blib/arch
/home/jackal/.cpan/build/AnyEvent-7.04-nlaS9Y/blib/lib
/home/jackal/.cpan/build/File-Slurp-9999.19-4KAGKX/blib/arch
/home/jackal/.cpan/build/File-Slurp-9999.19-4KAGKX/blib/lib
/home/jackal/.cpan/build/MogileFS-Client-1.16-INqhBy/blib/arch
/home/jackal/.cpan/build/MogileFS-Client-1.16-INqhBy/blib/lib
/home/jackal/.cpan/build/IO-stringy-2.110-FR_1KO/blib/arch
/home/jackal/.cpan/build/IO-stringy-2.110-FR_1KO/blib/lib
/home/jackal/.cpan/build/Linux-PipeMagic-0.03-Q2EO9E/blib/arch
/home/jackal/.cpan/build/Linux-PipeMagic-0.03-Q2EO9E/blib/lib
/home/jackal/perl5/perlbrew/perls/perl-5.16.3/lib/site_perl/5.16.3/i686-linux
/home/jackal/perl5/perlbrew/perls/perl-5.16.3/lib/site_perl/5.16.3
/home/jackal/perl5/perlbrew/perls/perl-5.16.3/lib/5.16.3/i686-linux
/home/jackal/perl5/perlbrew/perls/perl-5.16.3/lib/5.16.3
.