Text-Textile-Plaintext v0.101 Perl 5 v5.8.3 x86_64-linux-ld
- Status
- Fail
- From
- Andreas J. König (ANDK)
- Dist
-
Text-Textile-Plaintext v0.101
- Platform
- Perl 5 v5.8.3 x86_64-linux-ld
- Date
- 2019-06-07 01:05:23
- ID
- 540fdcae-88c0-11e9-8f0c-c7d39e98ef1c
This distribution has been tested as part of the CPAN Testers
project, supporting the Perl programming language. See
http://wiki.cpantesters.org/ for more information or email
questions to cpan-testers-discuss@perl.org
--
Dear Randy J Ray,
This is a computer-generated report for Text-Textile-Plaintext-0.101
on perl 5.8.3, created by CPAN-Reporter-1.2018.
Thank you for uploading your work to CPAN. However, there was a problem
testing your distribution.
If you think this report is invalid, please consult the CPAN Testers Wiki
for suggestions on how to avoid getting FAIL reports for missing library
or binary dependencies, unsupported operating systems, and so on:
http://wiki.cpantesters.org/wiki/CPANAuthorNotes
Sections of this report:
* Tester comments
* Program output
* Prerequisites
* Environment and other context
------------------------------
TESTER COMMENTS
------------------------------
Additional comments from tester:
this report is from an automated smoke testing program
and was not reviewed by a human for accuracy
------------------------------
PROGRAM OUTPUT
------------------------------
Output from '/usr/bin/make test':
PERL_DL_NONLAZY=1 "/tmp/basesmoker-reloperl-Q8x_/bin/perl" "-MExtUtils::Command::MM" "-MTest::Harness" "-e" "undef *Test::Harness::Switches; test_harness(0, 'blib/lib', 'blib/arch')" t/*.t
t/00_load.t ............ ok
UTF-16 surrogate 0xd800 at /home/sand/src/perl/repoperls/installed-perls/host/k93bionic/perl-5.8.3/94e4/lib/site_perl/5.8.3/Pod/Simple/BlackBox.pm line 67.
t/01_pod.t ............. ok
t/02_pod_coverage.t .... ok
t/03_meta.t ............ ok
t/04_minimumversion.t .. ok
# Failed test 'Test::Perl::Critic for "blib/script/textile2x"'
# at /home/sand/src/perl/repoperls/installed-perls/host/k93bionic/perl-5.8.3/94e4/lib/site_perl/5.8.3/Test/Perl/Critic.pm line 121.
#
# Variable, subroutine, and package names have to be in CamelCase at line 35, column 2. (no explanation). (Severity: 5)
# Variable, subroutine, and package names have to be in CamelCase at line 39, column 6. (no explanation). (Severity: 5)
# Variable, subroutine, and package names have to be in CamelCase at line 39, column 13. (no explanation). (Severity: 5)
# Variable, subroutine, and package names have to be in CamelCase at line 39, column 21. (no explanation). (Severity: 5)
# Variable, subroutine, and package names have to be in CamelCase at line 39, column 30. (no explanation). (Severity: 5)
# Variable, subroutine, and package names have to be in CamelCase at line 39, column 39. (no explanation). (Severity: 5)
# Variable, subroutine, and package names have to be in CamelCase at line 39, column 50. (no explanation). (Severity: 5)
# Variable, subroutine, and package names have to be in CamelCase at line 39, column 56. (no explanation). (Severity: 5)
# Variable, subroutine, and package names have to be in CamelCase at line 40, column 13. (no explanation). (Severity: 5)
# Use of low precedence operators is not allowed at line 41, column 5. Replace low precedence operators with the high precedence substitutes. (Severity: 5)
# Variable, subroutine, and package names have to be in CamelCase at line 43, column 5. (no explanation). (Severity: 5)
# Variable, subroutine, and package names have to be in CamelCase at line 65, column 1. (no explanation). (Severity: 5)
# Variable, subroutine, and package names have to be in CamelCase at line 66, column 1. (no explanation). (Severity: 5)
# Variable, subroutine, and package names have to be in CamelCase at line 67, column 1. (no explanation). (Severity: 5)
# Variable, subroutine, and package names have to be in CamelCase at line 67, column 13. (no explanation). (Severity: 5)
# Variable, subroutine, and package names have to be in CamelCase at line 67, column 32. (no explanation). (Severity: 5)
# Variable, subroutine, and package names have to be in CamelCase at line 68, column 47. (no explanation). (Severity: 5)
# Variable, subroutine, and package names have to be in CamelCase at line 68, column 57. (no explanation). (Severity: 5)
# Variable, subroutine, and package names have to be in CamelCase at line 70, column 5. (no explanation). (Severity: 5)
# Variable, subroutine, and package names have to be in CamelCase at line 72, column 8. (no explanation). (Severity: 5)
# Variable, subroutine, and package names have to be in CamelCase at line 73, column 8. (no explanation). (Severity: 5)
# Variable, subroutine, and package names have to be in CamelCase at line 73, column 29. (no explanation). (Severity: 5)
# Variable, subroutine, and package names have to be in CamelCase at line 75, column 12. (no explanation). (Severity: 5)
# Variable, subroutine, and package names have to be in CamelCase at line 75, column 20. (no explanation). (Severity: 5)
# Variable, subroutine, and package names have to be in CamelCase at line 77, column 10. (no explanation). (Severity: 5)
# Variable, subroutine, and package names have to be in CamelCase at line 77, column 18. (no explanation). (Severity: 5)
# Variable, subroutine, and package names have to be in CamelCase at line 77, column 40. (no explanation). (Severity: 5)
# Variable, subroutine, and package names have to be in CamelCase at line 78, column 13. (no explanation). (Severity: 5)
# Variable, subroutine, and package names have to be in CamelCase at line 82, column 18. (no explanation). (Severity: 5)
# Variable, subroutine, and package names have to be in CamelCase at line 82, column 46. (no explanation). (Severity: 5)
# Variable, subroutine, and package names have to be in CamelCase at line 84, column 17. (no explanation). (Severity: 5)
# Variable, subroutine, and package names have to be in CamelCase at line 84, column 29. (no explanation). (Severity: 5)
# Variable, subroutine, and package names have to be in CamelCase at line 90, column 17. (no explanation). (Severity: 5)
# Variable, subroutine, and package names have to be in CamelCase at line 90, column 29. (no explanation). (Severity: 5)
# Variable, subroutine, and package names have to be in CamelCase at line 99, column 14. (no explanation). (Severity: 5)
# Variable, subroutine, and package names have to be in CamelCase at line 99, column 24. (no explanation). (Severity: 5)
# Variable, subroutine, and package names have to be in CamelCase at line 100, column 13. (no explanation). (Severity: 5)
# Variable, subroutine, and package names have to be in CamelCase at line 101, column 13. (no explanation). (Severity: 5)
# Variable, subroutine, and package names have to be in CamelCase at line 101, column 25. (no explanation). (Severity: 5)
# Variable, subroutine, and package names have to be in CamelCase at line 104, column 14. (no explanation). (Severity: 5)
# Variable, subroutine, and package names have to be in CamelCase at line 104, column 23. (no explanation). (Severity: 5)
# Variable, subroutine, and package names have to be in CamelCase at line 104, column 31. (no explanation). (Severity: 5)
# Variable, subroutine, and package names have to be in CamelCase at line 104, column 40. (no explanation). (Severity: 5)
# Variable, subroutine, and package names have to be in CamelCase at line 111, column 5. (no explanation). (Severity: 5)
# Variable, subroutine, and package names have to be in CamelCase at line 111, column 15. (no explanation). (Severity: 5)
# Variable, subroutine, and package names have to be in CamelCase at line 112, column 5. (no explanation). (Severity: 5)
# Variable, subroutine, and package names have to be in CamelCase at line 112, column 15. (no explanation). (Severity: 5)
# Variable, subroutine, and package names have to be in CamelCase at line 114, column 5. (no explanation). (Severity: 5)
# Variable, subroutine, and package names have to be in CamelCase at line 114, column 16. (no explanation). (Severity: 5)
# Variable, subroutine, and package names have to be in CamelCase at line 114, column 24. (no explanation). (Severity: 5)
# Variable, subroutine, and package names have to be in CamelCase at line 114, column 33. (no explanation). (Severity: 5)
# Variable, subroutine, and package names have to be in CamelCase at line 117, column 6. (no explanation). (Severity: 5)
# Variable, subroutine, and package names have to be in CamelCase at line 119, column 9. (no explanation). (Severity: 5)
# Variable, subroutine, and package names have to be in CamelCase at line 119, column 18. (no explanation). (Severity: 5)
# Variable, subroutine, and package names have to be in CamelCase at line 120, column 6. (no explanation). (Severity: 5)
# Variable, subroutine, and package names have to be in CamelCase at line 120, column 14. (no explanation). (Severity: 5)
# Variable, subroutine, and package names have to be in CamelCase at line 120, column 23. (no explanation). (Severity: 5)
# Variable, subroutine, and package names have to be in CamelCase at line 122, column 13. (no explanation). (Severity: 5)
# Variable, subroutine, and package names have to be in CamelCase at line 124, column 9. (no explanation). (Severity: 5)
# Variable, subroutine, and package names have to be in CamelCase at line 124, column 19. (no explanation). (Severity: 5)
# Use of "open" is not allowed at line 128, column 17. Use file operation methods of MainObject instead. (Severity: 5)
# Variable, subroutine, and package names have to be in CamelCase at line 128, column 22. (no explanation). (Severity: 5)
# Variable, subroutine, and package names have to be in CamelCase at line 134, column 13. (no explanation). (Severity: 5)
# Variable, subroutine, and package names have to be in CamelCase at line 136, column 9. (no explanation). (Severity: 5)
# Variable, subroutine, and package names have to be in CamelCase at line 136, column 17. (no explanation). (Severity: 5)
# Use of "open" is not allowed at line 140, column 17. Use file operation methods of MainObject instead. (Severity: 5)
# Variable, subroutine, and package names have to be in CamelCase at line 140, column 22. (no explanation). (Severity: 5)
# Variable, subroutine, and package names have to be in CamelCase at line 147, column 12. (no explanation). (Severity: 5)
# Variable, subroutine, and package names have to be in CamelCase at line 147, column 26. (no explanation). (Severity: 5)
# Variable, subroutine, and package names have to be in CamelCase at line 147, column 35. (no explanation). (Severity: 5)
# Variable, subroutine, and package names have to be in CamelCase at line 147, column 42. (no explanation). (Severity: 5)
# Failed test 'Test::Perl::Critic for "blib/lib/Text/Textile/Plaintext.pm"'
# at /home/sand/src/perl/repoperls/installed-perls/host/k93bionic/perl-5.8.3/94e4/lib/site_perl/5.8.3/Test/Perl/Critic.pm line 121.
#
# Use of "require" is not allowed at line 36, column 1. Use Require() method of MainObject instead. (Severity: 5)
# Use of "require" is not allowed at line 37, column 1. Use Require() method of MainObject instead. (Severity: 5)
# Variable, subroutine, and package names have to be in CamelCase at line 42, column 1. (no explanation). (Severity: 5)
# Variable, subroutine, and package names have to be in CamelCase at line 66, column 9. (no explanation). (Severity: 5)
# Variable, subroutine, and package names have to be in CamelCase at line 66, column 17. (no explanation). (Severity: 5)
# Variable, subroutine, and package names have to be in CamelCase at line 68, column 8. (no explanation). (Severity: 5)
# Variable, subroutine, and package names have to be in CamelCase at line 68, column 27. (no explanation). (Severity: 5)
# Variable, subroutine, and package names have to be in CamelCase at line 69, column 8. (no explanation). (Severity: 5)
# Variable, subroutine, and package names have to be in CamelCase at line 69, column 26. (no explanation). (Severity: 5)
# Variable, subroutine, and package names have to be in CamelCase at line 71, column 13. (no explanation). (Severity: 5)
# Variable, subroutine, and package names have to be in CamelCase at line 73, column 12. (no explanation). (Severity: 5)
# Variable, subroutine, and package names have to be in CamelCase at line 73, column 31. (no explanation). (Severity: 5)
# Variable, subroutine, and package names have to be in CamelCase at line 73, column 59. (no explanation). (Severity: 5)
# Variable, subroutine, and package names have to be in CamelCase at line 74, column 12. (no explanation). (Severity: 5)
# Variable, subroutine, and package names have to be in CamelCase at line 75, column 19. (no explanation). (Severity: 5)
# Variable, subroutine, and package names have to be in CamelCase at line 75, column 48. (no explanation). (Severity: 5)
# Variable, subroutine, and package names have to be in CamelCase at line 76, column 9. (no explanation). (Severity: 5)
# Variable, subroutine, and package names have to be in CamelCase at line 77, column 28. (no explanation). (Severity: 5)
# Variable, subroutine, and package names have to be in CamelCase at line 78, column 28. (no explanation). (Severity: 5)
# Variable, subroutine, and package names have to be in CamelCase at line 82, column 8. (no explanation). (Severity: 5)
# Variable, subroutine, and package names have to be in CamelCase at line 82, column 16. (no explanation). (Severity: 5)
# Variable, subroutine, and package names have to be in CamelCase at line 82, column 35. (no explanation). (Severity: 5)
# Variable, subroutine, and package names have to be in CamelCase at line 83, column 12. (no explanation). (Severity: 5)
# Variable, subroutine, and package names have to be in CamelCase at line 83, column 29. (no explanation). (Severity: 5)
# Variable, subroutine, and package names have to be in CamelCase at line 85, column 11. (no explanation). (Severity: 5)
# Variable, subroutine, and package names have to be in CamelCase at line 85, column 18. (no explanation). (Severity: 5)
# Variable, subroutine, and package names have to be in CamelCase at line 86, column 5. (no explanation). (Severity: 5)
# Variable, subroutine, and package names have to be in CamelCase at line 86, column 24. (no explanation). (Severity: 5)
# Variable, subroutine, and package names have to be in CamelCase at line 87, column 5. (no explanation). (Severity: 5)
# Variable, subroutine, and package names have to be in CamelCase at line 87, column 22. (no explanation). (Severity: 5)
# Variable, subroutine, and package names have to be in CamelCase at line 89, column 5. (no explanation). (Severity: 5)
# Variable, subroutine, and package names have to be in CamelCase at line 112, column 1. (no explanation). (Severity: 5)
# Variable, subroutine, and package names have to be in CamelCase at line 114, column 9. (no explanation). (Severity: 5)
# Variable, subroutine, and package names have to be in CamelCase at line 114, column 16. (no explanation). (Severity: 5)
# Variable, subroutine, and package names have to be in CamelCase at line 118, column 21. (no explanation). (Severity: 5)
# Variable, subroutine, and package names have to be in CamelCase at line 118, column 31. (no explanation). (Severity: 5)
# Variable, subroutine, and package names have to be in CamelCase at line 120, column 3. (no explanation). (Severity: 5)
# Variable, subroutine, and package names have to be in CamelCase at line 120, column 14. (no explanation). (Severity: 5)
# Variable, subroutine, and package names have to be in CamelCase at line 121, column 9. (no explanation). (Severity: 5)
# Variable, subroutine, and package names have to be in CamelCase at line 125, column 8. (no explanation). (Severity: 5)
# Variable, subroutine, and package names have to be in CamelCase at line 125, column 24. (no explanation). (Severity: 5)
# Variable, subroutine, and package names have to be in CamelCase at line 125, column 46. (no explanation). (Severity: 5)
# Variable, subroutine, and package names have to be in CamelCase at line 130, column 5. (no explanation). (Severity: 5)
# Method invocation should use "()" at line 130, column 10. Use "->MethodName()" instead of "->MethodName". (Severity: 5)
# Variable, subroutine, and package names have to be in CamelCase at line 130, column 30. (no explanation). (Severity: 5)
# Method invocation should use "()" at line 130, column 35. Use "->MethodName()" instead of "->MethodName". (Severity: 5)
# Variable, subroutine, and package names have to be in CamelCase at line 130, column 56. (no explanation). (Severity: 5)
# Variable, subroutine, and package names have to be in CamelCase at line 148, column 1. (no explanation). (Severity: 5)
# Variable, subroutine, and package names have to be in CamelCase at line 150, column 9. (no explanation). (Severity: 5)
# Variable, subroutine, and package names have to be in CamelCase at line 150, column 16. (no explanation). (Severity: 5)
# Variable, subroutine, and package names have to be in CamelCase at line 152, column 14. (no explanation). (Severity: 5)
# Variable, subroutine, and package names have to be in CamelCase at line 152, column 22. (no explanation). (Severity: 5)
# Variable, subroutine, and package names have to be in CamelCase at line 152, column 47. (no explanation). (Severity: 5)
# Variable, subroutine, and package names have to be in CamelCase at line 152, column 54. (no explanation). (Severity: 5)
# Variable, subroutine, and package names have to be in CamelCase at line 170, column 1. (no explanation). (Severity: 5)
# Variable, subroutine, and package names have to be in CamelCase at line 172, column 9. (no explanation). (Severity: 5)
# Variable, subroutine, and package names have to be in CamelCase at line 172, column 16. (no explanation). (Severity: 5)
# Variable, subroutine, and package names have to be in CamelCase at line 174, column 14. (no explanation). (Severity: 5)
# Variable, subroutine, and package names have to be in CamelCase at line 174, column 22. (no explanation). (Severity: 5)
# Variable, subroutine, and package names have to be in CamelCase at line 174, column 45. (no explanation). (Severity: 5)
# Variable, subroutine, and package names have to be in CamelCase at line 174, column 52. (no explanation). (Severity: 5)
# Failed test 'Test::Perl::Critic for "blib/lib/App/Textile2x.pm"'
# at /home/sand/src/perl/repoperls/installed-perls/host/k93bionic/perl-5.8.3/94e4/lib/site_perl/5.8.3/Test/Perl/Critic.pm line 121.
#
# Variable, subroutine, and package names have to be in CamelCase at line 44, column 1. (no explanation). (Severity: 5)
# Variable, subroutine, and package names have to be in CamelCase at line 62, column 9. (no explanation). (Severity: 5)
# Variable, subroutine, and package names have to be in CamelCase at line 62, column 17. (no explanation). (Severity: 5)
# Variable, subroutine, and package names have to be in CamelCase at line 64, column 8. (no explanation). (Severity: 5)
# Variable, subroutine, and package names have to be in CamelCase at line 64, column 17. (no explanation). (Severity: 5)
# Variable, subroutine, and package names have to be in CamelCase at line 66, column 11. (no explanation). (Severity: 5)
# Variable, subroutine, and package names have to be in CamelCase at line 66, column 18. (no explanation). (Severity: 5)
# Variable, subroutine, and package names have to be in CamelCase at line 89, column 1. (no explanation). (Severity: 5)
# Variable, subroutine, and package names have to be in CamelCase at line 91, column 9. (no explanation). (Severity: 5)
# Variable, subroutine, and package names have to be in CamelCase at line 91, column 16. (no explanation). (Severity: 5)
# Variable, subroutine, and package names have to be in CamelCase at line 91, column 25. (no explanation). (Severity: 5)
# Variable, subroutine, and package names have to be in CamelCase at line 93, column 5. (no explanation). (Severity: 5)
# Variable, subroutine, and package names have to be in CamelCase at line 94, column 2. (no explanation). (Severity: 5)
# Variable, subroutine, and package names have to be in CamelCase at line 94, column 40. (no explanation). (Severity: 5)
# Variable, subroutine, and package names have to be in CamelCase at line 96, column 9. (no explanation). (Severity: 5)
# Variable, subroutine, and package names have to be in CamelCase at line 96, column 20. (no explanation). (Severity: 5)
# Variable, subroutine, and package names have to be in CamelCase at line 96, column 33. (no explanation). (Severity: 5)
# Variable, subroutine, and package names have to be in CamelCase at line 96, column 44. (no explanation). (Severity: 5)
# Variable, subroutine, and package names have to be in CamelCase at line 96, column 52. (no explanation). (Severity: 5)
# Variable, subroutine, and package names have to be in CamelCase at line 98, column 5. (no explanation). (Severity: 5)
# Variable, subroutine, and package names have to be in CamelCase at line 98, column 26. (no explanation). (Severity: 5)
# Variable, subroutine, and package names have to be in CamelCase at line 101, column 22. (no explanation). (Severity: 5)
# Variable, subroutine, and package names have to be in CamelCase at line 101, column 54. (no explanation). (Severity: 5)
# Variable, subroutine, and package names have to be in CamelCase at line 103, column 10. (no explanation). (Severity: 5)
# Variable, subroutine, and package names have to be in CamelCase at line 103, column 22. (no explanation). (Severity: 5)
# Variable, subroutine, and package names have to be in CamelCase at line 103, column 30. (no explanation). (Severity: 5)
# Variable, subroutine, and package names have to be in CamelCase at line 107, column 3. (no explanation). (Severity: 5)
# Variable, subroutine, and package names have to be in CamelCase at line 107, column 21. (no explanation). (Severity: 5)
# Variable, subroutine, and package names have to be in CamelCase at line 107, column 29. (no explanation). (Severity: 5)
# Variable, subroutine, and package names have to be in CamelCase at line 108, column 18. (no explanation). (Severity: 5)
# Variable, subroutine, and package names have to be in CamelCase at line 108, column 26. (no explanation). (Severity: 5)
# Variable, subroutine, and package names have to be in CamelCase at line 115, column 3. (no explanation). (Severity: 5)
# Variable, subroutine, and package names have to be in CamelCase at line 115, column 11. (no explanation). (Severity: 5)
# Variable, subroutine, and package names have to be in CamelCase at line 115, column 24. (no explanation). (Severity: 5)
# Variable, subroutine, and package names have to be in CamelCase at line 115, column 36. (no explanation). (Severity: 5)
# Variable, subroutine, and package names have to be in CamelCase at line 115, column 51. (no explanation). (Severity: 5)
# Variable, subroutine, and package names have to be in CamelCase at line 119, column 13. (no explanation). (Severity: 5)
# Variable, subroutine, and package names have to be in CamelCase at line 121, column 9. (no explanation). (Severity: 5)
# Variable, subroutine, and package names have to be in CamelCase at line 121, column 19. (no explanation). (Severity: 5)
# Variable, subroutine, and package names have to be in CamelCase at line 123, column 20. (no explanation). (Severity: 5)
# Variable, subroutine, and package names have to be in CamelCase at line 125, column 9. (no explanation). (Severity: 5)
# Variable, subroutine, and package names have to be in CamelCase at line 129, column 9. (no explanation). (Severity: 5)
# Variable, subroutine, and package names have to be in CamelCase at line 129, column 18. (no explanation). (Severity: 5)
# Variable, subroutine, and package names have to be in CamelCase at line 132, column 5. (no explanation). (Severity: 5)
# Variable, subroutine, and package names have to be in CamelCase at line 132, column 15. (no explanation). (Severity: 5)
# Variable, subroutine, and package names have to be in CamelCase at line 132, column 34. (no explanation). (Severity: 5)
# Variable, subroutine, and package names have to be in CamelCase at line 135, column 13. (no explanation). (Severity: 5)
# Variable, subroutine, and package names have to be in CamelCase at line 137, column 10. (no explanation). (Severity: 5)
# Variable, subroutine, and package names have to be in CamelCase at line 137, column 18. (no explanation). (Severity: 5)
# Variable, subroutine, and package names have to be in CamelCase at line 141, column 15. (no explanation). (Severity: 5)
# Variable, subroutine, and package names have to be in CamelCase at line 141, column 21. (no explanation). (Severity: 5)
# Failed test 'Test::Perl::Critic for "blib/lib/Text/Textile/PostScript.pm"'
# at /home/sand/src/perl/repoperls/installed-perls/host/k93bionic/perl-5.8.3/94e4/lib/site_perl/5.8.3/Test/Perl/Critic.pm line 121.
#
# Use of "require" is not allowed at line 33, column 1. Use Require() method of MainObject instead. (Severity: 5)
# Variable, subroutine, and package names have to be in CamelCase at line 38, column 1. (no explanation). (Severity: 5)
# Variable, subroutine, and package names have to be in CamelCase at line 57, column 9. (no explanation). (Severity: 5)
# Variable, subroutine, and package names have to be in CamelCase at line 57, column 17. (no explanation). (Severity: 5)
# Variable, subroutine, and package names have to be in CamelCase at line 59, column 9. (no explanation). (Severity: 5)
# Variable, subroutine, and package names have to be in CamelCase at line 61, column 22. (no explanation). (Severity: 5)
# Variable, subroutine, and package names have to be in CamelCase at line 65, column 31. (no explanation). (Severity: 5)
# Variable, subroutine, and package names have to be in CamelCase at line 67, column 4. (no explanation). (Severity: 5)
# Variable, subroutine, and package names have to be in CamelCase at line 67, column 45. (no explanation). (Severity: 5)
# Variable, subroutine, and package names have to be in CamelCase at line 72, column 9. (no explanation). (Severity: 5)
# Variable, subroutine, and package names have to be in CamelCase at line 75, column 5. (no explanation). (Severity: 5)
# Variable, subroutine, and package names have to be in CamelCase at line 75, column 24. (no explanation). (Severity: 5)
# Variable, subroutine, and package names have to be in CamelCase at line 95, column 1. (no explanation). (Severity: 5)
# Variable, subroutine, and package names have to be in CamelCase at line 97, column 6. (no explanation). (Severity: 5)
# Variable, subroutine, and package names have to be in CamelCase at line 97, column 13. (no explanation). (Severity: 5)
# Variable, subroutine, and package names have to be in CamelCase at line 99, column 18. (no explanation). (Severity: 5)
# Variable, subroutine, and package names have to be in CamelCase at line 99, column 27. (no explanation). (Severity: 5)
# Variable, subroutine, and package names have to be in CamelCase at line 101, column 3. (no explanation). (Severity: 5)
# Variable, subroutine, and package names have to be in CamelCase at line 101, column 14. (no explanation). (Severity: 5)
# Variable, subroutine, and package names have to be in CamelCase at line 102, column 3. (no explanation). (Severity: 5)
# Variable, subroutine, and package names have to be in CamelCase at line 105, column 2. (no explanation). (Severity: 5)
# Variable, subroutine, and package names have to be in CamelCase at line 105, column 24. (no explanation). (Severity: 5)
# Failed test 'Test::Perl::Critic for "blib/lib/Text/Textile/RTF.pm"'
# at /home/sand/src/perl/repoperls/installed-perls/host/k93bionic/perl-5.8.3/94e4/lib/site_perl/5.8.3/Test/Perl/Critic.pm line 121.
#
# Use of "require" is not allowed at line 33, column 1. Use Require() method of MainObject instead. (Severity: 5)
# Variable, subroutine, and package names have to be in CamelCase at line 38, column 1. (no explanation). (Severity: 5)
# Variable, subroutine, and package names have to be in CamelCase at line 57, column 9. (no explanation). (Severity: 5)
# Variable, subroutine, and package names have to be in CamelCase at line 57, column 17. (no explanation). (Severity: 5)
# Variable, subroutine, and package names have to be in CamelCase at line 59, column 9. (no explanation). (Severity: 5)
# Variable, subroutine, and package names have to be in CamelCase at line 61, column 22. (no explanation). (Severity: 5)
# Variable, subroutine, and package names have to be in CamelCase at line 65, column 31. (no explanation). (Severity: 5)
# Variable, subroutine, and package names have to be in CamelCase at line 67, column 4. (no explanation). (Severity: 5)
# Variable, subroutine, and package names have to be in CamelCase at line 67, column 46. (no explanation). (Severity: 5)
# Variable, subroutine, and package names have to be in CamelCase at line 72, column 9. (no explanation). (Severity: 5)
# Variable, subroutine, and package names have to be in CamelCase at line 75, column 5. (no explanation). (Severity: 5)
# Variable, subroutine, and package names have to be in CamelCase at line 75, column 24. (no explanation). (Severity: 5)
# Variable, subroutine, and package names have to be in CamelCase at line 95, column 1. (no explanation). (Severity: 5)
# Variable, subroutine, and package names have to be in CamelCase at line 97, column 6. (no explanation). (Severity: 5)
# Variable, subroutine, and package names have to be in CamelCase at line 97, column 13. (no explanation). (Severity: 5)
# Variable, subroutine, and package names have to be in CamelCase at line 99, column 18. (no explanation). (Severity: 5)
# Variable, subroutine, and package names have to be in CamelCase at line 99, column 27. (no explanation). (Severity: 5)
# Variable, subroutine, and package names have to be in CamelCase at line 101, column 3. (no explanation). (Severity: 5)
# Variable, subroutine, and package names have to be in CamelCase at line 101, column 14. (no explanation). (Severity: 5)
# Variable, subroutine, and package names have to be in CamelCase at line 102, column 3. (no explanation). (Severity: 5)
# Variable, subroutine, and package names have to be in CamelCase at line 105, column 2. (no explanation). (Severity: 5)
# Variable, subroutine, and package names have to be in CamelCase at line 105, column 24. (no explanation). (Severity: 5)
t/05_critic.t ..........
Dubious, test returned 1 (wstat 256, 0x100)
Failed 5/5 subtests
Test Summary Report
-------------------
t/05_critic.t (Wstat: 256 Tests: 5 Failed: 5)
Failed tests: 1-5
Non-zero exit status: 1
Files=6, Tests=32, 4 wallclock secs ( 0.04 usr 0.04 sys + 4.03 cusr 0.34 csys = 4.45 CPU)
Result: FAIL
Failed 1/6 test programs. 5/32 subtests failed.
Makefile:878: recipe for target 'test_dynamic' failed
make: *** [test_dynamic] Error 1
------------------------------
PREREQUISITES
------------------------------
Prerequisite modules loaded:
requires:
Module Need Have
------------------- -------- --------
HTML::FormatText 2.04 2.16
HTML::TreeBuilder 3.23 5.07
Test::More 0.80 1.302164
Text::Textile 2.12 2.13
build_requires:
Module Need Have
------------------- -------- --------
ExtUtils::MakeMaker 0 7.36
configure_requires:
Module Need Have
------------------- -------- --------
Module::Build 0.340201 0.4229
------------------------------
ENVIRONMENT AND OTHER CONTEXT
------------------------------
Environment variables:
AUTOMATED_TESTING = 1
LANG = en_US.UTF-8
PATH = /home/sand/bin:/usr/local/bin:/usr/local/sbin:/usr/sbin:/usr/bin:/sbin:/bin:/usr/games:/usr/local/games:/usr/local/perl/bin:/usr/X11/bin
PERL5LIB =
PERL5OPT =
PERL5_CPANPLUS_IS_RUNNING = 28385
PERL5_CPAN_IS_RUNNING = 28385
PERL_CANARY_STABILITY_NOPROMPT = 1
PERL_MM_USE_DEFAULT = 1
PERL_USE_UNSAFE_INC = 1
SHELL = /usr/bin/zsh
TERM = screen
Perl special variables (and OS-specific diagnostics, for MSWin32):
$^X = /tmp/basesmoker-reloperl-Q8x_/bin/perl
$UID/$EUID = 1005 / 1005
$GID = 1005 1005
$EGID = 1005 1005
Perl module toolchain versions installed:
Module Have
------------------- --------
CPAN 2.27
CPAN::Meta 2.150010
Cwd 3.75
ExtUtils::CBuilder 0.280231
ExtUtils::Command 7.36
ExtUtils::Install 2.14
ExtUtils::MakeMaker 7.36
ExtUtils::Manifest 1.70
ExtUtils::ParseXS 3.35
File::Spec 3.75
JSON 4.02
JSON::PP 4.02
Module::Build 0.4229
Module::Signature 0.83
Parse::CPAN::Meta 2.150010
Test::Harness 3.42
Test::More 1.302164
YAML 1.29
YAML::Syck 1.31
version 0.9924
--
Summary of my perl5 (revision 5.0 version 8 subversion 3) configuration:
Platform:
osname=linux, osvers=4.15.0-50-generic, archname=x86_64-linux-ld
uname='linux k93bionic 4.15.0-50-generic #54-ubuntu smp mon may 6 18:46:08 utc 2019 x86_64 x86_64 x86_64 gnulinux '
config_args='-Dprefix=/home/sand/src/perl/repoperls/installed-perls/host/k93bionic/perl-5.8.3/94e4 -Dmyhostname=k93bionic -Dinstallusrbinperl=n -Uversiononly -Dusedevel -des -Ui_db -Dlibswanted=cl pthread socket inet nsl gdbm dbm malloc dl ld sun m crypt sec util c cposix posix ucb BSD gdbm_compat -Uuseithreads -Duselongdouble -Doptimize=-g'
hint=recommended, useposix=true, d_sigaction=define
usethreads=undef use5005threads=undef useithreads=undef usemultiplicity=undef
useperlio=define d_sfio=undef uselargefiles=define usesocks=undef
use64bitint=define use64bitall=define uselongdouble=define
usemymalloc=n, bincompat5005=undef
Compiler:
cc='cc', ccflags ='-DDEBUGGING -fno-strict-aliasing -I/usr/local/include -D_LARGEFILE_SOURCE -D_FILE_OFFSET_BITS=64',
optimize='-g',
cppflags='-DDEBUGGING -fno-strict-aliasing -I/usr/local/include'
ccversion='', gccversion='7.4.0', gccosandvers=''
intsize=4, longsize=8, ptrsize=8, doublesize=8, byteorder=12345678
d_longlong=define, longlongsize=8, d_longdbl=define, longdblsize=16
ivtype='long', ivsize=8, nvtype='long double', nvsize=16, Off_t='off_t', lseeksize=8
alignbytes=16, prototype=define
Linker and Libraries:
ld='cc', ldflags =' -L/usr/local/lib'
libpth=/usr/local/lib /lib/x86_64-linux-gnu /lib/../lib /usr/lib/x86_64-linux-gnu /usr/lib/../lib /lib /usr/lib
libs=-lpthread -lnsl -ldl -lm -lcrypt -lutil -lc
perllibs=-lpthread -lnsl -ldl -lm -lcrypt -lutil -lc
libc=libc-2.27.so, so=so, useshrplib=false, libperl=libperl.a
gnulibc_version='2.27'
Dynamic Linking:
dlsrc=dl_dlopen.xs, dlext=so, d_dlsymun=undef, ccdlflags='-rdynamic'
cccdlflags='-fpic', lddlflags='-shared -L/usr/local/lib'
Characteristics of this binary (from libperl):
Compile-time options: DEBUGGING USE_64_BIT_INT USE_64_BIT_ALL USE_LONG_DOUBLE USE_LARGE_FILES
Built under linux
Compiled at Jun 2 2019 06:44:02
%ENV:
PERL5LIB=""
PERL5OPT=""
PERL5_CPANPLUS_IS_RUNNING="28385"
PERL5_CPAN_IS_RUNNING="28385"
PERL_CANARY_STABILITY_NOPROMPT="1"
PERL_MM_USE_DEFAULT="1"
PERL_USE_UNSAFE_INC="1"
@INC:
/home/sand/src/perl/repoperls/installed-perls/host/k93bionic/perl-5.8.3/94e4/lib/5.8.3/x86_64-linux-ld
/home/sand/src/perl/repoperls/installed-perls/host/k93bionic/perl-5.8.3/94e4/lib/5.8.3
/home/sand/src/perl/repoperls/installed-perls/host/k93bionic/perl-5.8.3/94e4/lib/site_perl/5.8.3/x86_64-linux-ld
/home/sand/src/perl/repoperls/installed-perls/host/k93bionic/perl-5.8.3/94e4/lib/site_perl/5.8.3
/home/sand/src/perl/repoperls/installed-perls/host/k93bionic/perl-5.8.3/94e4/lib/site_perl
.