XML-Document-RTML v1.16 Perl 5 v5.39.6 x86_64-linux
- Status
- Fail
- From
- Andreas J. König (ANDK)
- Dist
-
XML-Document-RTML v1.16
- Platform
- Perl 5 v5.39.6 x86_64-linux
- Date
- 2024-01-14 13:17:55
- ID
- 541a66b2-b2df-11ee-a90e-db1851b37f5c
This distribution has been tested as part of the CPAN Testers
project, supporting the Perl programming language. See
http://wiki.cpantesters.org/ for more information or email
questions to cpan-testers-discuss@perl.org
--
Dear Alasdair Allan,
This is a computer-generated report for XML-Document-RTML-1.16
on perl 5.39.6, created by CPAN-Reporter-1.2019.
Thank you for uploading your work to CPAN. However, there was a problem
testing your distribution.
If you think this report is invalid, please consult the CPAN Testers Wiki
for suggestions on how to avoid getting FAIL reports for missing library
or binary dependencies, unsupported operating systems, and so on:
http://wiki.cpantesters.org/wiki/CPANAuthorNotes
Sections of this report:
* Tester comments
* Program output
* Prerequisites
* Environment and other context
------------------------------
TESTER COMMENTS
------------------------------
Additional comments from tester:
this report is from an automated smoke testing program
and was not reviewed by a human for accuracy
------------------------------
PROGRAM OUTPUT
------------------------------
Output from '/usr/bin/make test':
PERL_DL_NONLAZY=1 "/tmp/basesmoker-reloperl-0IQx/bin/perl" "-MExtUtils::Command::MM" "-MTest::Harness" "-e" "undef *Test::Harness::Switches; test_harness(0, 'blib/lib', 'blib/arch')" t/*.t
t/1_compile.t .... ok
t/2_build.t ...... ok
# Failed test 'Comparing line 1 of 419'
# at t/2_data.t line 222.
# got: ' 'Observation' => {'
# expected: ' 'IntelligentAgent' => {'
# Failed test 'Comparing line 2 of 419'
# at t/2_data.t line 222.
# got: ' 'Device' => {'
# expected: ' 'host' => '127.0.0.1','
# Failed test 'Comparing line 3 of 419'
# at t/2_data.t line 222.
# got: ' 'Filter' => {'
# expected: ' 'port' => 8000'
# Failed test 'Comparing line 4 of 419'
# at t/2_data.t line 222.
# got: ' 'FilterType' => 'R''
# expected: ' },'
# Failed test 'Comparing line 5 of 419'
# at t/2_data.t line 222.
# got: ' },'
# expected: ' 'Observation' => {'
# Failed test 'Comparing line 6 of 419'
# at t/2_data.t line 222.
# got: ' 'type' => 'camera''
# expected: ' 'Target' => {'
# Failed test 'Comparing line 7 of 419'
# at t/2_data.t line 222.
# got: ' },'
# expected: ' 'type' => 'normal','
# Failed test 'Comparing line 8 of 419'
# at t/2_data.t line 222.
# got: ' 'Target' => {'
# expected: ' 'ident' => 'SingleExposure','
# Failed test 'Comparing line 9 of 419'
# at t/2_data.t line 222.
# got: ' 'type' => 'normal','
# expected: ' 'Coordinates' => {'
# Failed test 'Comparing line 10 of 419'
# at t/2_data.t line 222.
# got: ' 'ident' => 'SingleExposure','
# expected: ' 'type' => 'equatorial','
# Failed test 'Comparing line 11 of 419'
# at t/2_data.t line 222.
# got: ' 'Coordinates' => {'
# expected: ' 'Declination' => {'
# Failed test 'Comparing line 12 of 419'
# at t/2_data.t line 222.
# got: ' 'RightAscension' => {'
# expected: ' 'units' => 'dms','
# Failed test 'Comparing line 13 of 419'
# at t/2_data.t line 222.
# got: ' 'format' => 'hh mm ss.ss','
# expected: ' 'format' => 'dd mm ss.ss''
# Failed test 'Comparing line 14 of 419'
# at t/2_data.t line 222.
# got: ' 'units' => 'hms''
# expected: ' },'
# Failed test 'Comparing line 15 of 419'
# at t/2_data.t line 222.
# got: ' },'
# expected: ' 'RightAscension' => {'
# Failed test 'Comparing line 16 of 419'
# at t/2_data.t line 222.
# got: ' 'Equinox' => 'J2000','
# expected: ' 'format' => 'hh mm ss.ss','
# Failed test 'Comparing line 17 of 419'
# at t/2_data.t line 222.
# got: ' 'type' => 'equatorial','
# expected: ' 'units' => 'hms''
# Failed test 'Comparing line 18 of 419'
# at t/2_data.t line 222.
# got: ' 'Declination' => {'
# expected: ' },'
# Failed test 'Comparing line 19 of 419'
# at t/2_data.t line 222.
# got: ' 'format' => 'dd mm ss.ss','
# expected: ' 'Equinox' => 'J2000''
# Failed test 'Comparing line 20 of 419'
# at t/2_data.t line 222.
# got: ' 'units' => 'dms''
# expected: ' }'
# Failed test 'Comparing line 21 of 419'
# at t/2_data.t line 222.
# got: ' }'
# expected: ' },'
# Failed test 'Comparing line 22 of 419'
# at t/2_data.t line 222.
# got: ' }'
# expected: ' 'Schedule' => {'
# Failed test 'Comparing line 23 of 419'
# at t/2_data.t line 222.
# got: ' },'
# expected: ' 'Exposure' => {'
# Failed test 'Comparing line 24 of 419'
# at t/2_data.t line 222.
# got: ' 'ImageData' => ['
# expected: ' 'type' => 'time','
# Failed test 'Comparing line 25 of 419'
# at t/2_data.t line 222.
# got: ' {'
# expected: ' 'units' => 'seconds''
# Failed test 'Comparing line 26 of 419'
# at t/2_data.t line 222.
# got: ' 'ObjectList' => {'
# expected: ' },'
# Failed test 'Comparing line 27 of 419'
# at t/2_data.t line 222.
# got: ' 'content' => 'http://161.72.57.3/~estar/data/c_e_20060910_36_1_1_1.votable','
# expected: ' 'priority' => 3'
# Failed test 'Comparing line 28 of 419'
# at t/2_data.t line 222.
# got: ' 'type' => 'votable-url''
# expected: ' },'
# Failed test 'Comparing line 29 of 419'
# at t/2_data.t line 222.
# got: ' },'
# expected: ' 'Device' => {'
# Failed test 'Comparing line 30 of 419'
# at t/2_data.t line 222.
# got: ' 'FITSHeader' => {'
# expected: ' 'type' => 'camera','
# Failed test 'Comparing line 31 of 419'
# at t/2_data.t line 222.
# got: ' 'content' => 'SIMPLE = T / A valid FITS file '
# expected: ' 'Filter' => {'
# Failed test 'Comparing line 32 of 419'
# at t/2_data.t line 222.
# got: 'BITPIX = 16 / Comment '
# expected: ' 'FilterType' => 'R''
# Failed test 'Comparing line 33 of 419'
# at t/2_data.t line 222.
# got: 'NAXIS = 2 / Number of axes '
# expected: ' }'
# Failed test 'Comparing line 34 of 419'
# at t/2_data.t line 222.
# got: 'NAXIS1 = 1024 / Comment '
# expected: ' },'
# Failed test 'Comparing line 35 of 419'
# at t/2_data.t line 222.
# got: 'NAXIS2 = 1024 / Comment '
# expected: ' 'ImageData' => ['
# Failed test 'Comparing line 36 of 419'
# at t/2_data.t line 222.
# got: 'BZERO = 8.502683E+03 / Comment '
# expected: ' {'
# Failed test 'Comparing line 37 of 419'
# at t/2_data.t line 222.
# got: 'BSCALE = 2.245839E-01 / Comment '
# expected: ' 'reduced' => 'true','
# Failed test 'Comparing line 38 of 419'
# at t/2_data.t line 222.
# got: 'ORIGIN = \'Liverpool JMU\' '
# expected: ' 'FITSHeader' => {'
# Failed test 'Comparing line 39 of 419'
# at t/2_data.t line 222.
# got: 'OBSTYPE = \'EXPOSE \' / What type of observation has been taken '
# expected: ' 'content' => 'SIMPLE = T / A valid FITS file '
# Failed test 'Comparing line 40 of 419'
# at t/2_data.t line 222.
# got: 'RUNNUM = 34 / Number of Multrun '
# expected: 'BITPIX = 16 / Comment '
# Failed test 'Comparing line 41 of 419'
# at t/2_data.t line 222.
# got: 'EXPNUM = 1 / Number of exposure within Multrun '
# expected: 'NAXIS = 2 / Number of axes '
# Failed test 'Comparing line 42 of 419'
# at t/2_data.t line 222.
# got: 'EXPTOTAL= 2 / Total number of exposures within Multrun '
# expected: 'NAXIS1 = 1024 / Comment '
# Failed test 'Comparing line 43 of 419'
# at t/2_data.t line 222.
# got: 'DATE = \'2006-10-03\' / [UTC] The start date of the observation '
# expected: 'NAXIS2 = 1024 / Comment '
# Failed test 'Comparing line 44 of 419'
# at t/2_data.t line 222.
# got: 'DATE-OBS= \'2006-10-03T20:03:59.229\' / [UTC] The start time of the observation '
# expected: 'BZERO = 8.502683E+03 / Comment '
# Failed test 'Comparing line 45 of 419'
# at t/2_data.t line 222.
# got: 'UTSTART = \'20:03:59.229\' / [UTC] The start time of the observation '
# expected: 'BSCALE = 2.245839E-01 / Comment '
# Failed test 'Comparing line 46 of 419'
# at t/2_data.t line 222.
# got: 'MJD = 54011.836102 / [days] Modified Julian Days. '
# expected: 'ORIGIN = \'Liverpool JMU\' '
# Failed test 'Comparing line 47 of 419'
# at t/2_data.t line 222.
# got: 'EXPTIME = 99.5000000 / [Seconds] Exposure length. '
# expected: 'OBSTYPE = \'EXPOSE \' / What type of observation has been taken '
# Failed test 'Comparing line 48 of 419'
# at t/2_data.t line 222.
# got: 'FILTER1 = \'SDSS-R \' / The first filter wheel filter type. '
# expected: 'RUNNUM = 34 / Number of Multrun '
# Failed test 'Comparing line 49 of 419'
# at t/2_data.t line 222.
# got: 'FILTERI1= \'SDSS-R-01\' / The first filter wheel filter id. '
# expected: 'EXPNUM = 1 / Number of exposure within Multrun '
# Failed test 'Comparing line 50 of 419'
# at t/2_data.t line 222.
# got: 'FILTER2 = \'clear \' / The second filter wheel filter type. '
# expected: 'EXPTOTAL= 2 / Total number of exposures within Multrun '
# Failed test 'Comparing line 51 of 419'
# at t/2_data.t line 222.
# got: 'FILTERI2= \'Clear-01\' / The second filter wheel filter id. '
# expected: 'DATE = \'2006-10-03\' / [UTC] The start date of the observation '
# Failed test 'Comparing line 52 of 419'
# at t/2_data.t line 222.
# got: 'INSTRUME= \'RATCam \' / Instrument used. '
# expected: 'DATE-OBS= \'2006-10-03T20:03:59.229\' / [UTC] The start time of the observation '
# Failed test 'Comparing line 53 of 419'
# at t/2_data.t line 222.
# got: 'INSTATUS= \'Nominal \' / The instrument status. '
# expected: 'UTSTART = \'20:03:59.229\' / [UTC] The start time of the observation '
# Failed test 'Comparing line 54 of 419'
# at t/2_data.t line 222.
# got: 'CONFIGID= 56110 / Unique configuration ID. '
# expected: 'MJD = 54011.836102 / [days] Modified Julian Days. '
# Failed test 'Comparing line 55 of 419'
# at t/2_data.t line 222.
# got: 'CONFNAME= \'RATCam-SDSS-R-2\' / The instrument configuration used. '
# expected: 'EXPTIME = 99.5000000 / [Seconds] Exposure length. '
# Failed test 'Comparing line 56 of 419'
# at t/2_data.t line 222.
# got: 'DETECTOR= \'EEV CCD42-40 7041-10-5\' / Science grade (1) chip. '
# expected: 'FILTER1 = \'SDSS-R \' / The first filter wheel filter type. '
# Failed test 'Comparing line 57 of 419'
# at t/2_data.t line 222.
# got: 'PRESCAN = 28 / [pixels] Number of pixels in left bias strip. '
# expected: 'FILTERI1= \'SDSS-R-01\' / The first filter wheel filter id. '
# Failed test 'Comparing line 58 of 419'
# at t/2_data.t line 222.
# got: 'POSTSCAN= 28 / [pixels] Number of pixels in right bias strip. '
# expected: 'FILTER2 = \'clear \' / The second filter wheel filter type. '
# Failed test 'Comparing line 59 of 419'
# at t/2_data.t line 222.
# got: 'GAIN = 2.7960000 / [electrons/count] calibrated leach 30/01/2000 1'
# expected: 'FILTERI2= \'Clear-01\' / The second filter wheel filter id. '
# Failed test 'Comparing line 60 of 419'
# at t/2_data.t line 222.
# got: 'READNOIS= 7.0000000 / [electrons/pixel] RJS 23/10/2004 (from bias) '
# expected: 'INSTRUME= \'RATCam \' / Instrument used. '
# Failed test 'Comparing line 61 of 419'
# at t/2_data.t line 222.
# got: 'EPERDN = 2.7960000 / [electrons/count] leach 30/01/2000 14:19. '
# expected: 'INSTATUS= \'Nominal \' / The instrument status. '
# Failed test 'Comparing line 62 of 419'
# at t/2_data.t line 222.
# got: 'CCDXIMSI= 1024 / [pixels] Imaging pixels '
# expected: 'CONFIGID= 56110 / Unique configuration ID. '
# Failed test 'Comparing line 63 of 419'
# at t/2_data.t line 222.
# got: 'CCDYIMSI= 1024 / [pixels] Imaging pixels '
# expected: 'CONFNAME= \'RATCam-SDSS-R-2\' / The instrument configuration used. '
# Failed test 'Comparing line 64 of 419'
# at t/2_data.t line 222.
# got: 'CCDXBIN = 2 / [pixels] X binning factor '
# expected: 'DETECTOR= \'EEV CCD42-40 7041-10-5\' / Science grade (1) chip. '
# Failed test 'Comparing line 65 of 419'
# at t/2_data.t line 222.
# got: 'CCDYBIN = 2 / [pixels] Y binning factor '
# expected: 'PRESCAN = 28 / [pixels] Number of pixels in left bias strip. '
# Failed test 'Comparing line 66 of 419'
# at t/2_data.t line 222.
# got: 'CCDXPIXE= 0.0000135 / [m] Size of pixels, in X:13.5um '
# expected: 'POSTSCAN= 28 / [pixels] Number of pixels in right bias strip. '
# Failed test 'Comparing line 67 of 419'
# at t/2_data.t line 222.
# got: 'CCDYPIXE= 0.0000135 / [m] Size of pixels, in Y:13.5um '
# expected: 'GAIN = 2.7960000 / [electrons/count] calibrated leach 30/01/2000 1'
# Failed test 'Comparing line 68 of 419'
# at t/2_data.t line 222.
# got: 'CCDSCALE= 0.2783700 / [arcsec/binned pixel] Scale of binned image on '
# expected: 'READNOIS= 7.0000000 / [electrons/pixel] RJS 23/10/2004 (from bias) '
# Failed test 'Comparing line 69 of 419'
# at t/2_data.t line 222.
# got: 'CCDRDOUT= \'LEFT \' / Readout circuit used. '
# expected: 'EPERDN = 2.7960000 / [electrons/count] leach 30/01/2000 14:19. '
# Failed test 'Comparing line 70 of 419'
# at t/2_data.t line 222.
# got: 'CCDSTEMP= 166 / [Kelvin] Required temperature. '
# expected: 'CCDXIMSI= 1024 / [pixels] Imaging pixels '
# Failed test 'Comparing line 71 of 419'
# at t/2_data.t line 222.
# got: 'CCDATEMP= 166 / [Kelvin] Actual temperature. '
# expected: 'CCDYIMSI= 1024 / [pixels] Imaging pixels '
# Failed test 'Comparing line 72 of 419'
# at t/2_data.t line 222.
# got: 'CCDWMODE= F / Using windows if TRUE, full image if FALSE '
# expected: 'CCDXBIN = 2 / [pixels] X binning factor '
# Failed test 'Comparing line 73 of 419'
# at t/2_data.t line 222.
# got: 'CCDWXOFF= 0 / [pixels] Offset of window in X, from the top co'
# expected: 'CCDYBIN = 2 / [pixels] Y binning factor '
# Failed test 'Comparing line 74 of 419'
# at t/2_data.t line 222.
# got: 'CCDWYOFF= 0 / [pixels] Offset of window in Y, from the top co'
# expected: 'CCDXPIXE= 0.0000135 / [m] Size of pixels, in X:13.5um '
# Failed test 'Comparing line 75 of 419'
# at t/2_data.t line 222.
# got: 'CCDWXSIZ= 1024 / [pixels] Size of window in X. '
# expected: 'CCDYPIXE= 0.0000135 / [m] Size of pixels, in Y:13.5um '
# Failed test 'Comparing line 76 of 419'
# at t/2_data.t line 222.
# got: 'CCDWYSIZ= 1024 / [pixels] Size of window in Y. '
# expected: 'CCDSCALE= 0.2783700 / [arcsec/binned pixel] Scale of binned image on '
# Failed test 'Comparing line 77 of 419'
# at t/2_data.t line 222.
# got: 'CALBEFOR= F / Whether the calibrate before flag was set '
# expected: 'CCDRDOUT= \'LEFT \' / Readout circuit used. '
# Failed test 'Comparing line 78 of 419'
# at t/2_data.t line 222.
# got: 'CALAFTER= F / Whether the calibrate after flag was set '
# expected: 'CCDSTEMP= 166 / [Kelvin] Required temperature. '
# Failed test 'Comparing line 79 of 419'
# at t/2_data.t line 222.
# got: 'ROTCENTX= 643 / [pixels] The rotator centre on the CCD, X pixel'
# expected: 'CCDATEMP= 166 / [Kelvin] Actual temperature. '
# Failed test 'Comparing line 80 of 419'
# at t/2_data.t line 222.
# got: 'ROTCENTY= 393 / [pixels] The rotator centre on the CCD, Y pixel'
# expected: 'CCDWMODE= F / Using windows if TRUE, full image if FALSE '
# Failed test 'Comparing line 81 of 419'
# at t/2_data.t line 222.
# got: 'TELESCOP= \'Liverpool Telescope\' / The Name of the Telescope '
# expected: 'CCDWXOFF= 0 / [pixels] Offset of window in X, from the top co'
# Failed test 'Comparing line 82 of 419'
# at t/2_data.t line 222.
# got: 'TELMODE = \'ROBOTIC \' / [{PLANETARIUM, ROBOTIC, MANUAL, ENGINEERING}] T'
# expected: 'CCDWYOFF= 0 / [pixels] Offset of window in Y, from the top co'
# Failed test 'Comparing line 83 of 419'
# at t/2_data.t line 222.
# got: 'TAGID = \'PATT \' / Telescope Allocation Committee ID '
# expected: 'CCDWXSIZ= 1024 / [pixels] Size of window in X. '
# Failed test 'Comparing line 84 of 419'
# at t/2_data.t line 222.
# got: 'USERID = \'keith.horne\' / User login ID '
# expected: 'CCDWYSIZ= 1024 / [pixels] Size of window in Y. '
# Failed test 'Comparing line 85 of 419'
# at t/2_data.t line 222.
# got: 'PROPID = \'PL04B17 \' / Proposal ID '
# expected: 'CALBEFOR= F / Whether the calibrate before flag was set '
# Failed test 'Comparing line 86 of 419'
# at t/2_data.t line 222.
# got: 'GROUPID = \'001518:UA:v1-24:run#10:user#aa\' / Group Id '
# expected: 'CALAFTER= F / Whether the calibrate after flag was set '
# Failed test 'Comparing line 87 of 419'
# at t/2_data.t line 222.
# got: 'OBSID = \'ExoPlanetMonitor\' / Observation Id '
# expected: 'ROTCENTX= 643 / [pixels] The rotator centre on the CCD, X pixel'
# Failed test 'Comparing line 88 of 419'
# at t/2_data.t line 222.
# got: 'GRPTIMNG= \'MONITOR \' / Group timing constraint class '
# expected: 'ROTCENTY= 393 / [pixels] The rotator centre on the CCD, Y pixel'
# Failed test 'Comparing line 89 of 419'
# at t/2_data.t line 222.
# got: 'GRPUID = 24377 / Group unique ID '
# expected: 'TELESCOP= \'Liverpool Telescope\' / The Name of the Telescope '
# Failed test 'Comparing line 90 of 419'
# at t/2_data.t line 222.
# got: 'GRPMONP = 1200.0000000 / [secs] Group monitor period '
# expected: 'TELMODE = \'ROBOTIC \' / [{PLANETARIUM, ROBOTIC, MANUAL, ENGINEERING}] T'
# Failed test 'Comparing line 91 of 419'
# at t/2_data.t line 222.
# got: 'GRPNUMOB= 1 / Number of observations in group '
# expected: 'TAGID = \'PATT \' / Telescope Allocation Committee ID '
# Failed test 'Comparing line 92 of 419'
# at t/2_data.t line 222.
# got: 'GRPEDATE= \'2006-10-04 T 07:00:05 UTC\' / [date] Group expiry date '
# expected: 'USERID = \'keith.horne\' / User login ID '
# Failed test 'Comparing line 93 of 419'
# at t/2_data.t line 222.
# got: 'GRPNOMEX= 229.0000000 / [secs] Group nominal exec time '
# expected: 'PROPID = \'PL04B17 \' / Proposal ID '
# Failed test 'Comparing line 94 of 419'
# at t/2_data.t line 222.
# got: 'GRPLUNCO= \'BRIGHT \' / Maximum lunar brightness '
# expected: 'GROUPID = \'001518:UA:v1-24:run#10:user#aa\' / Group Id '
# Failed test 'Comparing line 95 of 419'
# at t/2_data.t line 222.
# got: 'GRPSEECO= \'POOR \' / Minimum seeing '
# expected: 'OBSID = \'ExoPlanetMonitor\' / Observation Id '
# Failed test 'Comparing line 96 of 419'
# at t/2_data.t line 222.
# got: 'COMPRESS= \'PROFESSIONAL\' / [{PLANETARIUM, PROFESSIONAL, AMATEUR}] Compress'
# expected: 'GRPTIMNG= \'MONITOR \' / Group timing constraint class '
# Failed test 'Comparing line 97 of 419'
# at t/2_data.t line 222.
# got: 'LATITUDE= 28.7624000 / [degrees] Observatory Latitude '
# expected: 'GRPUID = 24377 / Group unique ID '
# Failed test 'Comparing line 98 of 419'
# at t/2_data.t line 222.
# got: 'LONGITUD= -17.8792000 / [degrees West] Observatory Longitude '
# expected: 'GRPMONP = 1200.0000000 / [secs] Group monitor period '
# Failed test 'Comparing line 99 of 419'
# at t/2_data.t line 222.
# got: 'RA = \' 18:4:4.04\' / [HH:MM:SS.ss] Currently same as CAT_RA '
# expected: 'GRPNUMOB= 1 / Number of observations in group '
# Failed test 'Comparing line 100 of 419'
# at t/2_data.t line 222.
# got: 'DEC = \'-28:38:38.70\' / [DD:MM:SS.ss] Currently same as CAT_DEC '
# expected: 'GRPEDATE= \'2006-10-04 T 07:00:05 UTC\' / [date] Group expiry date '
# Failed test 'Comparing line 101 of 419'
# at t/2_data.t line 222.
# got: 'RADECSYS= \'FK5 \' / [{FK4, FK5}] Fundamental coordinate system of c'
# expected: 'GRPNOMEX= 229.0000000 / [secs] Group nominal exec time '
# Failed test 'Comparing line 102 of 419'
# at t/2_data.t line 222.
# got: 'LST = \' 19:41:55.00\' / [HH:MM:SS] Local sidereal time at start of curr'
# expected: 'GRPLUNCO= \'BRIGHT \' / Maximum lunar brightness '
# Failed test 'Comparing line 103 of 419'
# at t/2_data.t line 222.
# got: 'EQUINOX = 2000.0000000 / [Years] Date of the coordinate system for curre'
# expected: 'GRPSEECO= \'POOR \' / Minimum seeing '
# Failed test 'Comparing line 104 of 419'
# at t/2_data.t line 222.
# got: 'CAT-RA = \' 18:4:4.04\' / [HH:MM:SS.sss] Catalog RA of the current observ'
# expected: 'COMPRESS= \'PROFESSIONAL\' / [{PLANETARIUM, PROFESSIONAL, AMATEUR}] Compress'
# Failed test 'Comparing line 105 of 419'
# at t/2_data.t line 222.
# got: 'CAT-DEC = \'-28:38:38.70\' / [DD:MM:SS.sss] Catalog declination of the curre'
# expected: 'LATITUDE= 28.7624000 / [degrees] Observatory Latitude '
# Failed test 'Comparing line 106 of 419'
# at t/2_data.t line 222.
# got: 'CAT-EQUI= 2000.0000000 / [Year] Catalog date of the coordinate system fo'
# expected: 'LONGITUD= -17.8792000 / [degrees West] Observatory Longitude '
# Failed test 'Comparing line 107 of 419'
# at t/2_data.t line 222.
# got: 'CAT-EPOC= 2000.0000000 / [Year] Catalog date of the epoch '
# expected: 'RA = \' 18:4:4.04\' / [HH:MM:SS.ss] Currently same as CAT_RA '
# Failed test 'Comparing line 108 of 419'
# at t/2_data.t line 222.
# got: 'CAT-NAME= \'OB06251 \' / Catalog name of the current observation source '
# expected: 'DEC = \'-28:38:38.70\' / [DD:MM:SS.ss] Currently same as CAT_DEC '
# Failed test 'Comparing line 109 of 419'
# at t/2_data.t line 222.
# got: 'OBJECT = \'OB06251 \' / Actual name of the current observation source '
# expected: 'RADECSYS= \'FK5 \' / [{FK4, FK5}] Fundamental coordinate system of c'
# Failed test 'Comparing line 110 of 419'
# at t/2_data.t line 222.
# got: 'SRCTYPE = \'EXTRASOLAR\' / [{EXTRASOLAR, MAJORPLANET, MINORPLANET, COMET,]'
# expected: 'LST = \' 19:41:55.00\' / [HH:MM:SS] Local sidereal time at start of curr'
# Failed test 'Comparing line 111 of 419'
# at t/2_data.t line 222.
# got: 'PM-RA = 0.0000000 / [sec/year] Proper motion in RA of the current o'
# expected: 'EQUINOX = 2000.0000000 / [Years] Date of the coordinate system for curre'
# Failed test 'Comparing line 112 of 419'
# at t/2_data.t line 222.
# got: 'PM-DEC = 0.0000000 / [arcsec/year] Proper motion in declination of '
# expected: 'CAT-RA = \' 18:4:4.04\' / [HH:MM:SS.sss] Catalog RA of the current observ'
# Failed test 'Comparing line 113 of 419'
# at t/2_data.t line 222.
# got: 'PARALLAX= 0.0000000 / [arcsec] Parallax of the current observation so'
# expected: 'CAT-DEC = \'-28:38:38.70\' / [DD:MM:SS.sss] Catalog declination of the curre'
# Failed test 'Comparing line 114 of 419'
# at t/2_data.t line 222.
# got: 'RADVEL = 0.0000000 / [km/s] Radial velocity of the current observati'
# expected: 'CAT-EQUI= 2000.0000000 / [Year] Catalog date of the coordinate system fo'
# Failed test 'Comparing line 115 of 419'
# at t/2_data.t line 222.
# got: 'RATRACK = 0.0000000 / [arcsec/sec] Non-sidereal tracking in RA of the'
# expected: 'CAT-EPOC= 2000.0000000 / [Year] Catalog date of the epoch '
# Failed test 'Comparing line 116 of 419'
# at t/2_data.t line 222.
# got: 'DECTRACK= 0.0000000 / [arcsec/sec] Non-sidereal tracking in declinati'
# expected: 'CAT-NAME= \'OB06251 \' / Catalog name of the current observation source '
# Failed test 'Comparing line 117 of 419'
# at t/2_data.t line 222.
# got: 'TELSTAT = \'WARN \' / [---] Current telescope status '
# expected: 'OBJECT = \'OB06251 \' / Actual name of the current observation source '
# Failed test 'Comparing line 118 of 419'
# at t/2_data.t line 222.
# got: 'NETSTATE= \'ENABLED \' / Network control state '
# expected: 'SRCTYPE = \'EXTRASOLAR\' / [{EXTRASOLAR, MAJORPLANET, MINORPLANET, COMET,]'
# Failed test 'Comparing line 119 of 419'
# at t/2_data.t line 222.
# got: 'ENGSTATE= \'DISABLED\' / Engineering override state '
# expected: 'PM-RA = 0.0000000 / [sec/year] Proper motion in RA of the current o'
# Failed test 'Comparing line 120 of 419'
# at t/2_data.t line 222.
# got: 'TCSSTATE= \'OKAY \' / TCS state '
# expected: 'PM-DEC = 0.0000000 / [arcsec/year] Proper motion in declination of '
# Failed test 'Comparing line 121 of 419'
# at t/2_data.t line 222.
# got: 'PWRESTRT= F / Power will be cycled imminently '
# expected: 'PARALLAX= 0.0000000 / [arcsec] Parallax of the current observation so'
# Failed test 'Comparing line 122 of 419'
# at t/2_data.t line 222.
# got: 'PWSHUTDN= F / Power will be shutdown imminently '
# expected: 'RADVEL = 0.0000000 / [km/s] Radial velocity of the current observati'
# Failed test 'Comparing line 123 of 419'
# at t/2_data.t line 222.
# got: 'AZDMD = 207.7049000 / [degrees] Azimuth demand '
# expected: 'RATRACK = 0.0000000 / [arcsec/sec] Non-sidereal tracking in RA of the'
# Failed test 'Comparing line 124 of 419'
# at t/2_data.t line 222.
# got: 'AZIMUTH = 207.7045000 / [degrees] Azimuth axis position '
# expected: 'DECTRACK= 0.0000000 / [arcsec/sec] Non-sidereal tracking in declinati'
# Failed test 'Comparing line 125 of 419'
# at t/2_data.t line 222.
# got: 'AZSTAT = \'TRACKING\' / Azimuth axis state '
# expected: 'TELSTAT = \'WARN \' / [---] Current telescope status '
# Failed test 'Comparing line 126 of 419'
# at t/2_data.t line 222.
# got: 'ALTDMD = 28.3936000 / [degrees] Altitude axis demand '
# expected: 'NETSTATE= \'ENABLED \' / Network control state '
# Failed test 'Comparing line 127 of 419'
# at t/2_data.t line 222.
# got: 'ALTITUDE= 28.3937000 / [degrees] Altitude axis position '
# expected: 'ENGSTATE= \'DISABLED\' / Engineering override state '
# Failed test 'Comparing line 128 of 419'
# at t/2_data.t line 222.
# got: 'ALTSTAT = \'TRACKING\' / Altitude axis state '
# expected: 'TCSSTATE= \'OKAY \' / TCS state '
# Failed test 'Comparing line 129 of 419'
# at t/2_data.t line 222.
# got: 'AIRMASS = 2.1200000 / [n/a] Airmass '
# expected: 'PWRESTRT= F / Power will be cycled imminently '
# Failed test 'Comparing line 130 of 419'
# at t/2_data.t line 222.
# got: 'ROTDMD = 43.8711000 / Rotator axis demand '
# expected: 'PWSHUTDN= F / Power will be shutdown imminently '
# Failed test 'Comparing line 131 of 419'
# at t/2_data.t line 222.
# got: 'ROTMODE = \'SKY \' / [{SKY, MOUNT, VFLOAT, VERTICAL, FLOAT}] Cassegr'
# expected: 'AZDMD = 207.7049000 / [degrees] Azimuth demand '
# Failed test 'Comparing line 132 of 419'
# at t/2_data.t line 222.
# got: 'ROTSKYPA= 0.0000000 / [degrees] Rotator position angle '
# expected: 'AZIMUTH = 207.7045000 / [degrees] Azimuth axis position '
# Failed test 'Comparing line 133 of 419'
# at t/2_data.t line 222.
# got: 'ROTANGLE= 43.8715000 / [degrees] Rotator mount angle '
# expected: 'AZSTAT = \'TRACKING\' / Azimuth axis state '
# Failed test 'Comparing line 134 of 419'
# at t/2_data.t line 222.
# got: 'ROTSTATE= \'TRACKING\' / Rotator axis state '
# expected: 'ALTDMD = 28.3936000 / [degrees] Altitude axis demand '
# Failed test 'Comparing line 135 of 419'
# at t/2_data.t line 222.
# got: 'ENC1DMD = \'OPEN \' / Enc 1 demand '
# expected: 'ALTITUDE= 28.3937000 / [degrees] Altitude axis position '
# Failed test 'Comparing line 136 of 419'
# at t/2_data.t line 222.
# got: 'ENC1POS = \'OPEN \' / Enc 1 position '
# expected: 'ALTSTAT = \'TRACKING\' / Altitude axis state '
# Failed test 'Comparing line 137 of 419'
# at t/2_data.t line 222.
# got: 'ENC1STAT= \'IN POSN \' / Enc 1 state '
# expected: 'AIRMASS = 2.1200000 / [n/a] Airmass '
# Failed test 'Comparing line 138 of 419'
# at t/2_data.t line 222.
# got: 'ENC2DMD = \'OPEN \' / Enc 2 demand '
# expected: 'ROTDMD = 43.8711000 / Rotator axis demand '
# Failed test 'Comparing line 139 of 419'
# at t/2_data.t line 222.
# got: 'ENC2POS = \'OPEN \' / Enc 2 position '
# expected: 'ROTMODE = \'SKY \' / [{SKY, MOUNT, VFLOAT, VERTICAL, FLOAT}] Cassegr'
# Failed test 'Comparing line 140 of 419'
# at t/2_data.t line 222.
# got: 'ENC2STAT= \'IN POSN \' / Enc 2 state '
# expected: 'ROTSKYPA= 0.0000000 / [degrees] Rotator position angle '
# Failed test 'Comparing line 141 of 419'
# at t/2_data.t line 222.
# got: 'FOLDDMD = \'PORT 3 \' / Fold mirror demand '
# expected: 'ROTANGLE= 43.8715000 / [degrees] Rotator mount angle '
# Failed test 'Comparing line 142 of 419'
# at t/2_data.t line 222.
# got: 'FOLDPOS = \'PORT 3 \' / Fold mirror position '
# expected: 'ROTSTATE= \'TRACKING\' / Rotator axis state '
# Failed test 'Comparing line 143 of 419'
# at t/2_data.t line 222.
# got: 'FOLDSTAT= \'OFF-LINE\' / Fold mirror state '
# expected: 'ENC1DMD = \'OPEN \' / Enc 1 demand '
# Failed test 'Comparing line 144 of 419'
# at t/2_data.t line 222.
# got: 'PMCDMD = \'OPEN \' / Primary mirror cover demand '
# expected: 'ENC1POS = \'OPEN \' / Enc 1 position '
# Failed test 'Comparing line 145 of 419'
# at t/2_data.t line 222.
# got: 'PMCPOS = \'OPEN \' / Primary mirror cover position '
# expected: 'ENC1STAT= \'IN POSN \' / Enc 1 state '
# Failed test 'Comparing line 146 of 419'
# at t/2_data.t line 222.
# got: 'PMCSTAT = \'IN POSN \' / Primary mirror cover state '
# expected: 'ENC2DMD = \'OPEN \' / Enc 2 demand '
# Failed test 'Comparing line 147 of 419'
# at t/2_data.t line 222.
# got: 'FOCDMD = 27.3300000 / [mm] Focus demand '
# expected: 'ENC2POS = \'OPEN \' / Enc 2 position '
# Failed test 'Comparing line 148 of 419'
# at t/2_data.t line 222.
# got: 'TELFOCUS= 27.3300000 / [mm] Focus position '
# expected: 'ENC2STAT= \'IN POSN \' / Enc 2 state '
# Failed test 'Comparing line 149 of 419'
# at t/2_data.t line 222.
# got: 'DFOCUS = 0.0000000 / [mm] Focus offset '
# expected: 'FOLDDMD = \'PORT 3 \' / Fold mirror demand '
# Failed test 'Comparing line 150 of 419'
# at t/2_data.t line 222.
# got: 'FOCSTAT = \'WARNING \' / Focus state '
# expected: 'FOLDPOS = \'PORT 3 \' / Fold mirror position '
# Failed test 'Comparing line 151 of 419'
# at t/2_data.t line 222.
# got: 'MIRSYSST= \'UNKNOWN \' / Primary mirror support state '
# expected: 'FOLDSTAT= \'OFF-LINE\' / Fold mirror state '
# Failed test 'Comparing line 152 of 419'
# at t/2_data.t line 222.
# got: 'WMSHUMID= 34.0000000 / [0.00% - 100.00%] Current percentage humidity '
# expected: 'PMCDMD = \'OPEN \' / Primary mirror cover demand '
# Failed test 'Comparing line 153 of 419'
# at t/2_data.t line 222.
# got: 'WMSTEMP = 289.1500000 / [Kelvin] Current (external) temperature '
# expected: 'PMCPOS = \'OPEN \' / Primary mirror cover position '
# Failed test 'Comparing line 154 of 419'
# at t/2_data.t line 222.
# got: 'WMSPRES = 782.0000000 / [mbar] Current pressure '
# expected: 'PMCSTAT = \'IN POSN \' / Primary mirror cover state '
# Failed test 'Comparing line 155 of 419'
# at t/2_data.t line 222.
# got: 'WINDSPEE= 4.7000000 / [m/s] Windspeed '
# expected: 'FOCDMD = 27.3300000 / [mm] Focus demand '
# Failed test 'Comparing line 156 of 419'
# at t/2_data.t line 222.
# got: 'WINDDIR = 119.0000000 / [degrees E of N] Wind direction '
# expected: 'TELFOCUS= 27.3300000 / [mm] Focus position '
# Failed test 'Comparing line 157 of 419'
# at t/2_data.t line 222.
# got: 'TEMPTUBE= 15.6600000 / [degrees C] Temperature of the telescope tube '
# expected: 'DFOCUS = 0.0000000 / [mm] Focus offset '
# Failed test 'Comparing line 158 of 419'
# at t/2_data.t line 222.
# got: 'WMSSTATE= \'OKAY \' / WMS system state '
# expected: 'FOCSTAT = \'WARNING \' / Focus state '
# Failed test 'Comparing line 159 of 419'
# at t/2_data.t line 222.
# got: 'WMSRAIN = \'SET \' / Rain alert '
# expected: 'MIRSYSST= \'UNKNOWN \' / Primary mirror support state '
# Failed test 'Comparing line 160 of 419'
# at t/2_data.t line 222.
# got: 'WMSMOIST= 0.0400000 / Moisture level '
# expected: 'WMSHUMID= 34.0000000 / [0.00% - 100.00%] Current percentage humidity '
# Failed test 'Comparing line 161 of 419'
# at t/2_data.t line 222.
# got: 'WMOILTMP= 11.6000000 / Oil temperature '
# expected: 'WMSTEMP = 289.1500000 / [Kelvin] Current (external) temperature '
# Failed test 'Comparing line 162 of 419'
# at t/2_data.t line 222.
# got: 'WMSPMT = 0.0000000 / Primary mirror temperature '
# expected: 'WMSPRES = 782.0000000 / [mbar] Current pressure '
# Failed test 'Comparing line 163 of 419'
# at t/2_data.t line 222.
# got: 'WMFOCTMP= 0.0000000 / Focus temperature '
# expected: 'WINDSPEE= 4.7000000 / [m/s] Windspeed '
# Failed test 'Comparing line 164 of 419'
# at t/2_data.t line 222.
# got: 'WMAGBTMP= 0.0000000 / AG Box temperature '
# expected: 'WINDDIR = 119.0000000 / [degrees E of N] Wind direction '
# Failed test 'Comparing line 165 of 419'
# at t/2_data.t line 222.
# got: 'WMSDEWPT= 0.3000000 / Dewpoint '
# expected: 'TEMPTUBE= 15.6600000 / [degrees C] Temperature of the telescope tube '
# Failed test 'Comparing line 166 of 419'
# at t/2_data.t line 222.
# got: 'REFPRES = 770.0000000 / [mbar] Pressure used in refraction calculation '
# expected: 'WMSSTATE= \'OKAY \' / WMS system state '
# Failed test 'Comparing line 167 of 419'
# at t/2_data.t line 222.
# got: 'REFTEMP = 283.1500000 / [Kelvin] Temperature used in refraction calcula'
# expected: 'WMSRAIN = \'SET \' / Rain alert '
# Failed test 'Comparing line 168 of 419'
# at t/2_data.t line 222.
# got: 'REFHUMID= 30.0000000 / [0.00% - 100.00%] Percentage humidity used in r'
# expected: 'WMSMOIST= 0.0400000 / Moisture level '
# Failed test 'Comparing line 169 of 419'
# at t/2_data.t line 222.
# got: 'AUTOGUID= \'UNLOCKED\' / [{LOCKED, UNLOCKED SUSPENDED}] Autoguider lock '
# expected: 'WMOILTMP= 11.6000000 / Oil temperature '
# Failed test 'Comparing line 170 of 419'
# at t/2_data.t line 222.
# got: 'AGSTATE = \'OKAY \' / Autoguider sw state '
# expected: 'WMSPMT = 0.0000000 / Primary mirror temperature '
# Failed test 'Comparing line 171 of 419'
# at t/2_data.t line 222.
# got: 'AGMODE = \'UNKNOWN \' / Autoguider mode '
# expected: 'WMFOCTMP= 0.0000000 / Focus temperature '
# Failed test 'Comparing line 172 of 419'
# at t/2_data.t line 222.
# got: 'AGGMAG = 0.0000000 / [mag] Autoguider guide star mag '
# expected: 'WMAGBTMP= 0.0000000 / AG Box temperature '
# Failed test 'Comparing line 173 of 419'
# at t/2_data.t line 222.
# got: 'AGFWHM = 0.0000000 / [arcsec] Autoguider FWHM '
# expected: 'WMSDEWPT= 0.3000000 / Dewpoint '
# Failed test 'Comparing line 174 of 419'
# at t/2_data.t line 222.
# got: 'AGMIRDMD= 0.0000000 / [mm] Autoguider mirror demand '
# expected: 'REFPRES = 770.0000000 / [mbar] Pressure used in refraction calculation '
# Failed test 'Comparing line 175 of 419'
# at t/2_data.t line 222.
# got: 'AGMIRPOS= 0.0000000 / [mm] Autoguider mirror position '
# expected: 'REFTEMP = 283.1500000 / [Kelvin] Temperature used in refraction calcula'
# Failed test 'Comparing line 176 of 419'
# at t/2_data.t line 222.
# got: 'AGMIRST = \'WARNING \' / Autoguider mirror state '
# expected: 'REFHUMID= 30.0000000 / [0.00% - 100.00%] Percentage humidity used in r'
# Failed test 'Comparing line 177 of 419'
# at t/2_data.t line 222.
# got: 'AGFOCDMD= 2.7990000 / [mm] Autoguider focus demand '
# expected: 'AUTOGUID= \'UNLOCKED\' / [{LOCKED, UNLOCKED SUSPENDED}] Autoguider lock '
# Failed test 'Comparing line 178 of 419'
# at t/2_data.t line 222.
# got: 'AGFOCUS = 2.7980000 / [mm] Autoguider focus position '
# expected: 'AGSTATE = \'OKAY \' / Autoguider sw state '
# Failed test 'Comparing line 179 of 419'
# at t/2_data.t line 222.
# got: 'AGFOCST = \'WARNING \' / Autoguider focus state '
# expected: 'AGMODE = \'UNKNOWN \' / Autoguider mode '
# Failed test 'Comparing line 180 of 419'
# at t/2_data.t line 222.
# got: 'AGFILDMD= \'UNKNOWN \' / Autoguider filter demand '
# expected: 'AGGMAG = 0.0000000 / [mag] Autoguider guide star mag '
# Failed test 'Comparing line 181 of 419'
# at t/2_data.t line 222.
# got: 'AGFILPOS= \'UNKNOWN \' / Autoguider filter position '
# expected: 'AGFWHM = 0.0000000 / [arcsec] Autoguider FWHM '
# Failed test 'Comparing line 182 of 419'
# at t/2_data.t line 222.
# got: 'AGFILST = \'WARNING \' / Autoguider filter state '
# expected: 'AGMIRDMD= 0.0000000 / [mm] Autoguider mirror demand '
# Failed test 'Comparing line 183 of 419'
# at t/2_data.t line 222.
# got: 'MOONSTAT= \'UP \' / [{UP, DOWN}] Moon position at start of current '
# expected: 'AGMIRPOS= 0.0000000 / [mm] Autoguider mirror position '
# Failed test 'Comparing line 184 of 419'
# at t/2_data.t line 222.
# got: 'MOONFRAC= 0.8468916 / [(0 - 1)] Lunar illuminated fraction '
# expected: 'AGMIRST = \'WARNING \' / Autoguider mirror state '
# Failed test 'Comparing line 185 of 419'
# at t/2_data.t line 222.
# got: 'MOONDIST= 53.3774525 / [(degs)] Lunar Distance from Target '
# expected: 'AGFOCDMD= 2.7990000 / [mm] Autoguider focus demand '
# Failed test 'Comparing line 186 of 419'
# at t/2_data.t line 222.
# got: 'MOONALT = 34.7596645 / [(degs)] Lunar altitude '
# expected: 'AGFOCUS = 2.7980000 / [mm] Autoguider focus position '
# Failed test 'Comparing line 187 of 419'
# at t/2_data.t line 222.
# got: 'SCHEDSEE= 2.0858450 / [(arcsec)] Predicted seeing when group schedule'
# expected: 'AGFOCST = \'WARNING \' / Autoguider focus state '
# Failed test 'Comparing line 188 of 419'
# at t/2_data.t line 222.
# got: 'SCHEDPHT= 1.0000000 / [(0-1)] Predicted photom when group scheduled '
# expected: 'AGFILDMD= \'UNKNOWN \' / Autoguider filter demand '
# Failed test 'Comparing line 189 of 419'
# at t/2_data.t line 222.
# got: 'ESTSEE = 3.3316001 / [(arcsec)] Estimated seeing at start of observa'
# expected: 'AGFILPOS= \'UNKNOWN \' / Autoguider filter position '
# Failed test 'Comparing line 190 of 419'
# at t/2_data.t line 222.
# got: 'L1MEDIAN= 7.023166E+03 / [counts] median of frame background in counts '
# expected: 'AGFILST = \'WARNING \' / Autoguider filter state '
# Failed test 'Comparing line 191 of 419'
# at t/2_data.t line 222.
# got: 'L1MEAN = 7.021803E+03 / [counts] mean of frame background in counts '
# expected: 'MOONSTAT= \'UP \' / [{UP, DOWN}] Moon position at start of current '
# Failed test 'Comparing line 192 of 419'
# at t/2_data.t line 222.
# got: 'L1STATOV= 23 / Status flag for DP(RT) overscan correction '
# expected: 'MOONFRAC= 0.8468916 / [(0 - 1)] Lunar illuminated fraction '
# Failed test 'Comparing line 193 of 419'
# at t/2_data.t line 222.
# got: 'L1STATZE= -1 / Status flag for DP(RT) bias frame (zero) correc'
# expected: 'MOONDIST= 53.3774525 / [(degs)] Lunar Distance from Target '
# Failed test 'Comparing line 194 of 419'
# at t/2_data.t line 222.
# got: 'L1STATZM= 1 / Status flag for DP(RT) bias frame subtraction m'
# expected: 'MOONALT = 34.7596645 / [(degs)] Lunar altitude '
# Failed test 'Comparing line 195 of 419'
# at t/2_data.t line 222.
# got: 'L1STATDA= -1 / Status flag for DP(RT) dark frame correction '
# expected: 'SCHEDSEE= 2.0858450 / [(arcsec)] Predicted seeing when group schedule'
# Failed test 'Comparing line 196 of 419'
# at t/2_data.t line 222.
# got: 'L1STATTR= 1 / Status flag for DP(RT) overscan trimming '
# expected: 'SCHEDPHT= 1.0000000 / [(0-1)] Predicted photom when group scheduled '
# Failed test 'Comparing line 197 of 419'
# at t/2_data.t line 222.
# got: 'L1STATFL= 1 / Status flag for DP(RT) flatfield correction '
# expected: 'ESTSEE = 3.3316001 / [(arcsec)] Estimated seeing at start of observa'
# Failed test 'Comparing line 198 of 419'
# at t/2_data.t line 222.
# got: 'L1XPIX = 4.776160E+02 / Coordinate of brightest object in frame after t'
# expected: 'L1MEDIAN= 7.023166E+03 / [counts] median of frame background in counts '
# Failed test 'Comparing line 199 of 419'
# at t/2_data.t line 222.
# got: 'L1YPIX = 0.000000E+00 / Coordinate of brightest object in frame after t'
# expected: 'L1MEAN = 7.021803E+03 / [counts] mean of frame background in counts '
# Failed test 'Comparing line 200 of 419'
# at t/2_data.t line 222.
# got: 'L1COUNTS= 9.887205E+04 / [counts] Counts in brightest object (sky subtra'
# expected: 'L1STATOV= 23 / Status flag for DP(RT) overscan correction '
# Failed test 'Comparing line 201 of 419'
# at t/2_data.t line 222.
# got: 'L1SKYBRT= 9.990000E+01 / [mag/arcsec^2] Estimated sky brightness '
# expected: 'L1STATZE= -1 / Status flag for DP(RT) bias frame (zero) correc'
# Failed test 'Comparing line 202 of 419'
# at t/2_data.t line 222.
# got: 'L1PHOTOM= -9.990000E+02 / [mag] Estimated extinction for standards images'
# expected: 'L1STATZM= 1 / Status flag for DP(RT) bias frame subtraction m'
# Failed test 'Comparing line 203 of 419'
# at t/2_data.t line 222.
# got: 'L1SAT = F / [logical] TRUE if brightest object is saturated'
# expected: 'L1STATDA= -1 / Status flag for DP(RT) dark frame correction '
# Failed test 'Comparing line 204 of 419'
# at t/2_data.t line 222.
# got: 'BACKGRD = 7.023166E+03 / [counts] frame background level in counts '
# expected: 'L1STATTR= 1 / Status flag for DP(RT) overscan trimming '
# Failed test 'Comparing line 205 of 419'
# at t/2_data.t line 222.
# got: 'STDDEV = 1.982379E+02 / [counts] Standard deviation of Backgrd in count'
# expected: 'L1STATFL= 1 / Status flag for DP(RT) flatfield correction '
# Failed test 'Comparing line 206 of 419'
# at t/2_data.t line 222.
# got: 'L1SEEING= 9.990000E+02 / [Dummy] Unable to calculate '
# expected: 'L1XPIX = 4.776160E+02 / Coordinate of brightest object in frame after t'
# Failed test 'Comparing line 207 of 419'
# at t/2_data.t line 222.
# got: 'SEEING = 9.990000E+02 / [Dummy] Unable to calculate ','
# expected: 'L1YPIX = 0.000000E+00 / Coordinate of brightest object in frame after t'
# Failed test 'Comparing line 208 of 419'
# at t/2_data.t line 222.
# got: ' 'type' => 'all''
# expected: 'L1COUNTS= 9.887205E+04 / [counts] Counts in brightest object (sky subtra'
# Failed test 'Comparing line 209 of 419'
# at t/2_data.t line 222.
# got: ' },'
# expected: 'L1SKYBRT= 9.990000E+01 / [mag/arcsec^2] Estimated sky brightness '
# Failed test 'Comparing line 210 of 419'
# at t/2_data.t line 222.
# got: ' 'delivery' => 'url','
# expected: 'L1PHOTOM= -9.990000E+02 / [mag] Estimated extinction for standards images'
# Failed test 'Comparing line 211 of 419'
# at t/2_data.t line 222.
# got: ' 'content' => 'http://161.72.57.3/~estar/data/c_e_20060910_36_1_1_2.fits','
# expected: 'L1SAT = F / [logical] TRUE if brightest object is saturated'
# Failed test 'Comparing line 212 of 419'
# at t/2_data.t line 222.
# got: ' 'reduced' => 'true','
# expected: 'BACKGRD = 7.023166E+03 / [counts] frame background level in counts '
# Failed test 'Comparing line 213 of 419'
# at t/2_data.t line 222.
# got: ' 'type' => 'FITS16''
# expected: 'STDDEV = 1.982379E+02 / [counts] Standard deviation of Backgrd in count'
# Failed test 'Comparing line 214 of 419'
# at t/2_data.t line 222.
# got: ' },'
# expected: 'L1SEEING= 9.990000E+02 / [Dummy] Unable to calculate '
# Failed test 'Comparing line 215 of 419'
# at t/2_data.t line 222.
# got: ' {'
# expected: 'SEEING = 9.990000E+02 / [Dummy] Unable to calculate ','
# Failed test 'Comparing line 216 of 419'
# at t/2_data.t line 222.
# got: ' 'ObjectList' => {'
# expected: ' 'type' => 'all''
# Failed test 'Comparing line 217 of 419'
# at t/2_data.t line 222.
# got: ' 'content' => 'http://231.231.45.5/~estar/data/c_e_20060910_36_1_1_1.votable','
# expected: ' },'
# Failed test 'Comparing line 218 of 419'
# at t/2_data.t line 222.
# got: ' 'type' => 'votable-url''
# expected: ' 'type' => 'FITS16','
# Failed test 'Comparing line 219 of 419'
# at t/2_data.t line 222.
# got: ' },'
# expected: ' 'content' => 'http://161.72.57.3/~estar/data/c_e_20060910_36_1_1_2.fits','
# Failed test 'Comparing line 220 of 419'
# at t/2_data.t line 222.
# got: ' 'FITSHeader' => {'
# expected: ' 'ObjectList' => {'
# Failed test 'Comparing line 221 of 419'
# at t/2_data.t line 222.
# got: ' 'content' => 'SIMPLE = T / A valid FITS file '
# expected: ' 'type' => 'votable-url','
# Failed test 'Comparing line 222 of 419'
# at t/2_data.t line 222.
# got: 'BITPIX = 16 / Comment '
# expected: ' 'content' => 'http://161.72.57.3/~estar/data/c_e_20060910_36_1_1_1.votable''
# Failed test 'Comparing line 223 of 419'
# at t/2_data.t line 222.
# got: 'NAXIS = 2 / Number of axes '
# expected: ' },'
# Failed test 'Comparing line 224 of 419'
# at t/2_data.t line 222.
# got: 'NAXIS1 = 1024 / Comment '
# expected: ' 'delivery' => 'url''
# Failed test 'Comparing line 225 of 419'
# at t/2_data.t line 222.
# got: 'NAXIS2 = 1024 / Comment '
# expected: ' },'
# Failed test 'Comparing line 226 of 419'
# at t/2_data.t line 222.
# got: 'BZERO = 8.502683E+03 / Comment '
# expected: ' {'
# Failed test 'Comparing line 227 of 419'
# at t/2_data.t line 222.
# got: 'BSCALE = 2.245839E-01 / Comment '
# expected: ' 'ObjectList' => {'
# Failed test 'Comparing line 228 of 419'
# at t/2_data.t line 222.
# got: 'ORIGIN = \'Liverpool JMU\' '
# expected: ' 'type' => 'votable-url','
# Failed test 'Comparing line 229 of 419'
# at t/2_data.t line 222.
# got: 'OBSTYPE = \'EXPOSE \' / What type of observation has been taken '
# expected: ' 'content' => 'http://231.231.45.5/~estar/data/c_e_20060910_36_1_1_1.votable''
# Failed test 'Comparing line 230 of 419'
# at t/2_data.t line 222.
# got: 'RUNNUM = 34 / Number of Multrun '
# expected: ' },'
# Failed test 'Comparing line 231 of 419'
# at t/2_data.t line 222.
# got: 'EXPNUM = 1 / Number of exposure within Multrun '
# expected: ' 'delivery' => 'url','
# Failed test 'Comparing line 232 of 419'
# at t/2_data.t line 222.
# got: 'EXPTOTAL= 2 / Total number of exposures within Multrun '
# expected: ' 'content' => 'http://231.45.45.45/~estar/data/c_e_20060910_36_1_1_2.fits','
# Failed test 'Comparing line 233 of 419'
# at t/2_data.t line 222.
# got: 'DATE = \'2006-10-03\' / [UTC] The start date of the observation '
# expected: ' 'FITSHeader' => {'
# Failed test 'Comparing line 234 of 419'
# at t/2_data.t line 222.
# got: 'DATE-OBS= \'2006-10-03T20:03:59.229\' / [UTC] The start time of the observation '
# expected: ' 'content' => 'SIMPLE = T / A valid FITS file '
# Failed test 'Comparing line 235 of 419'
# at t/2_data.t line 222.
# got: 'UTSTART = \'20:03:59.229\' / [UTC] The start time of the observation '
# expected: 'BITPIX = 16 / Comment '
# Failed test 'Comparing line 236 of 419'
# at t/2_data.t line 222.
# got: 'MJD = 54011.836102 / [days] Modified Julian Days. '
# expected: 'NAXIS = 2 / Number of axes '
# Failed test 'Comparing line 237 of 419'
# at t/2_data.t line 222.
# got: 'EXPTIME = 99.5000000 / [Seconds] Exposure length. '
# expected: 'NAXIS1 = 1024 / Comment '
# Failed test 'Comparing line 238 of 419'
# at t/2_data.t line 222.
# got: 'FILTER1 = \'SDSS-R \' / The first filter wheel filter type. '
# expected: 'NAXIS2 = 1024 / Comment '
# Failed test 'Comparing line 239 of 419'
# at t/2_data.t line 222.
# got: 'FILTERI1= \'SDSS-R-01\' / The first filter wheel filter id. '
# expected: 'BZERO = 8.502683E+03 / Comment '
# Failed test 'Comparing line 240 of 419'
# at t/2_data.t line 222.
# got: 'FILTER2 = \'clear \' / The second filter wheel filter type. '
# expected: 'BSCALE = 2.245839E-01 / Comment '
# Failed test 'Comparing line 241 of 419'
# at t/2_data.t line 222.
# got: 'FILTERI2= \'Clear-01\' / The second filter wheel filter id. '
# expected: 'ORIGIN = \'Liverpool JMU\' '
# Failed test 'Comparing line 242 of 419'
# at t/2_data.t line 222.
# got: 'INSTRUME= \'RATCam \' / Instrument used. '
# expected: 'OBSTYPE = \'EXPOSE \' / What type of observation has been taken '
# Failed test 'Comparing line 243 of 419'
# at t/2_data.t line 222.
# got: 'INSTATUS= \'Nominal \' / The instrument status. '
# expected: 'RUNNUM = 34 / Number of Multrun '
# Failed test 'Comparing line 244 of 419'
# at t/2_data.t line 222.
# got: 'CONFIGID= 56110 / Unique configuration ID. '
# expected: 'EXPNUM = 1 / Number of exposure within Multrun '
# Failed test 'Comparing line 245 of 419'
# at t/2_data.t line 222.
# got: 'CONFNAME= \'RATCam-SDSS-R-2\' / The instrument configuration used. '
# expected: 'EXPTOTAL= 2 / Total number of exposures within Multrun '
# Failed test 'Comparing line 246 of 419'
# at t/2_data.t line 222.
# got: 'DETECTOR= \'EEV CCD42-40 7041-10-5\' / Science grade (1) chip. '
# expected: 'DATE = \'2006-10-03\' / [UTC] The start date of the observation '
# Failed test 'Comparing line 247 of 419'
# at t/2_data.t line 222.
# got: 'PRESCAN = 28 / [pixels] Number of pixels in left bias strip. '
# expected: 'DATE-OBS= \'2006-10-03T20:03:59.229\' / [UTC] The start time of the observation '
# Failed test 'Comparing line 248 of 419'
# at t/2_data.t line 222.
# got: 'POSTSCAN= 28 / [pixels] Number of pixels in right bias strip. '
# expected: 'UTSTART = \'20:03:59.229\' / [UTC] The start time of the observation '
# Failed test 'Comparing line 249 of 419'
# at t/2_data.t line 222.
# got: 'GAIN = 2.7960000 / [electrons/count] calibrated leach 30/01/2000 1'
# expected: 'MJD = 54011.836102 / [days] Modified Julian Days. '
# Failed test 'Comparing line 250 of 419'
# at t/2_data.t line 222.
# got: 'READNOIS= 7.0000000 / [electrons/pixel] RJS 23/10/2004 (from bias) '
# expected: 'EXPTIME = 99.5000000 / [Seconds] Exposure length. '
# Failed test 'Comparing line 251 of 419'
# at t/2_data.t line 222.
# got: 'EPERDN = 2.7960000 / [electrons/count] leach 30/01/2000 14:19. '
# expected: 'FILTER1 = \'SDSS-R \' / The first filter wheel filter type. '
# Failed test 'Comparing line 252 of 419'
# at t/2_data.t line 222.
# got: 'CCDXIMSI= 1024 / [pixels] Imaging pixels '
# expected: 'FILTERI1= \'SDSS-R-01\' / The first filter wheel filter id. '
# Failed test 'Comparing line 253 of 419'
# at t/2_data.t line 222.
# got: 'CCDYIMSI= 1024 / [pixels] Imaging pixels '
# expected: 'FILTER2 = \'clear \' / The second filter wheel filter type. '
# Failed test 'Comparing line 254 of 419'
# at t/2_data.t line 222.
# got: 'CCDXBIN = 2 / [pixels] X binning factor '
# expected: 'FILTERI2= \'Clear-01\' / The second filter wheel filter id. '
# Failed test 'Comparing line 255 of 419'
# at t/2_data.t line 222.
# got: 'CCDYBIN = 2 / [pixels] Y binning factor '
# expected: 'INSTRUME= \'RATCam \' / Instrument used. '
# Failed test 'Comparing line 256 of 419'
# at t/2_data.t line 222.
# got: 'CCDXPIXE= 0.0000135 / [m] Size of pixels, in X:13.5um '
# expected: 'INSTATUS= \'Nominal \' / The instrument status. '
# Failed test 'Comparing line 257 of 419'
# at t/2_data.t line 222.
# got: 'CCDYPIXE= 0.0000135 / [m] Size of pixels, in Y:13.5um '
# expected: 'CONFIGID= 56110 / Unique configuration ID. '
# Failed test 'Comparing line 258 of 419'
# at t/2_data.t line 222.
# got: 'CCDSCALE= 0.2783700 / [arcsec/binned pixel] Scale of binned image on '
# expected: 'CONFNAME= \'RATCam-SDSS-R-2\' / The instrument configuration used. '
# Failed test 'Comparing line 259 of 419'
# at t/2_data.t line 222.
# got: 'CCDRDOUT= \'LEFT \' / Readout circuit used. '
# expected: 'DETECTOR= \'EEV CCD42-40 7041-10-5\' / Science grade (1) chip. '
# Failed test 'Comparing line 260 of 419'
# at t/2_data.t line 222.
# got: 'CCDSTEMP= 166 / [Kelvin] Required temperature. '
# expected: 'PRESCAN = 28 / [pixels] Number of pixels in left bias strip. '
# Failed test 'Comparing line 261 of 419'
# at t/2_data.t line 222.
# got: 'CCDATEMP= 166 / [Kelvin] Actual temperature. '
# expected: 'POSTSCAN= 28 / [pixels] Number of pixels in right bias strip. '
# Failed test 'Comparing line 262 of 419'
# at t/2_data.t line 222.
# got: 'CCDWMODE= F / Using windows if TRUE, full image if FALSE '
# expected: 'GAIN = 2.7960000 / [electrons/count] calibrated leach 30/01/2000 1'
# Failed test 'Comparing line 263 of 419'
# at t/2_data.t line 222.
# got: 'CCDWXOFF= 0 / [pixels] Offset of window in X, from the top co'
# expected: 'READNOIS= 7.0000000 / [electrons/pixel] RJS 23/10/2004 (from bias) '
# Failed test 'Comparing line 264 of 419'
# at t/2_data.t line 222.
# got: 'CCDWYOFF= 0 / [pixels] Offset of window in Y, from the top co'
# expected: 'EPERDN = 2.7960000 / [electrons/count] leach 30/01/2000 14:19. '
# Failed test 'Comparing line 265 of 419'
# at t/2_data.t line 222.
# got: 'CCDWXSIZ= 1024 / [pixels] Size of window in X. '
# expected: 'CCDXIMSI= 1024 / [pixels] Imaging pixels '
# Failed test 'Comparing line 266 of 419'
# at t/2_data.t line 222.
# got: 'CCDWYSIZ= 1024 / [pixels] Size of window in Y. '
# expected: 'CCDYIMSI= 1024 / [pixels] Imaging pixels '
# Failed test 'Comparing line 267 of 419'
# at t/2_data.t line 222.
# got: 'CALBEFOR= F / Whether the calibrate before flag was set '
# expected: 'CCDXBIN = 2 / [pixels] X binning factor '
# Failed test 'Comparing line 268 of 419'
# at t/2_data.t line 222.
# got: 'CALAFTER= F / Whether the calibrate after flag was set '
# expected: 'CCDYBIN = 2 / [pixels] Y binning factor '
# Failed test 'Comparing line 269 of 419'
# at t/2_data.t line 222.
# got: 'ROTCENTX= 643 / [pixels] The rotator centre on the CCD, X pixel'
# expected: 'CCDXPIXE= 0.0000135 / [m] Size of pixels, in X:13.5um '
# Failed test 'Comparing line 270 of 419'
# at t/2_data.t line 222.
# got: 'ROTCENTY= 393 / [pixels] The rotator centre on the CCD, Y pixel'
# expected: 'CCDYPIXE= 0.0000135 / [m] Size of pixels, in Y:13.5um '
# Failed test 'Comparing line 271 of 419'
# at t/2_data.t line 222.
# got: 'TELESCOP= \'Liverpool Telescope\' / The Name of the Telescope '
# expected: 'CCDSCALE= 0.2783700 / [arcsec/binned pixel] Scale of binned image on '
# Failed test 'Comparing line 272 of 419'
# at t/2_data.t line 222.
# got: 'TELMODE = \'ROBOTIC \' / [{PLANETARIUM, ROBOTIC, MANUAL, ENGINEERING}] T'
# expected: 'CCDRDOUT= \'LEFT \' / Readout circuit used. '
# Failed test 'Comparing line 273 of 419'
# at t/2_data.t line 222.
# got: 'TAGID = \'PATT \' / Telescope Allocation Committee ID '
# expected: 'CCDSTEMP= 166 / [Kelvin] Required temperature. '
# Failed test 'Comparing line 274 of 419'
# at t/2_data.t line 222.
# got: 'USERID = \'keith.horne\' / User login ID '
# expected: 'CCDATEMP= 166 / [Kelvin] Actual temperature. '
# Failed test 'Comparing line 275 of 419'
# at t/2_data.t line 222.
# got: 'PROPID = \'PL04B17 \' / Proposal ID '
# expected: 'CCDWMODE= F / Using windows if TRUE, full image if FALSE '
# Failed test 'Comparing line 276 of 419'
# at t/2_data.t line 222.
# got: 'GROUPID = \'001518:UA:v1-24:run#10:user#aa\' / Group Id '
# expected: 'CCDWXOFF= 0 / [pixels] Offset of window in X, from the top co'
# Failed test 'Comparing line 277 of 419'
# at t/2_data.t line 222.
# got: 'OBSID = \'ExoPlanetMonitor\' / Observation Id '
# expected: 'CCDWYOFF= 0 / [pixels] Offset of window in Y, from the top co'
# Failed test 'Comparing line 278 of 419'
# at t/2_data.t line 222.
# got: 'GRPTIMNG= \'MONITOR \' / Group timing constraint class '
# expected: 'CCDWXSIZ= 1024 / [pixels] Size of window in X. '
# Failed test 'Comparing line 279 of 419'
# at t/2_data.t line 222.
# got: 'GRPUID = 24377 / Group unique ID '
# expected: 'CCDWYSIZ= 1024 / [pixels] Size of window in Y. '
# Failed test 'Comparing line 280 of 419'
# at t/2_data.t line 222.
# got: 'GRPMONP = 1200.0000000 / [secs] Group monitor period '
# expected: 'CALBEFOR= F / Whether the calibrate before flag was set '
# Failed test 'Comparing line 281 of 419'
# at t/2_data.t line 222.
# got: 'GRPNUMOB= 1 / Number of observations in group '
# expected: 'CALAFTER= F / Whether the calibrate after flag was set '
# Failed test 'Comparing line 282 of 419'
# at t/2_data.t line 222.
# got: 'GRPEDATE= \'2006-10-04 T 07:00:05 UTC\' / [date] Group expiry date '
# expected: 'ROTCENTX= 643 / [pixels] The rotator centre on the CCD, X pixel'
# Failed test 'Comparing line 283 of 419'
# at t/2_data.t line 222.
# got: 'GRPNOMEX= 229.0000000 / [secs] Group nominal exec time '
# expected: 'ROTCENTY= 393 / [pixels] The rotator centre on the CCD, Y pixel'
# Failed test 'Comparing line 284 of 419'
# at t/2_data.t line 222.
# got: 'GRPLUNCO= \'BRIGHT \' / Maximum lunar brightness '
# expected: 'TELESCOP= \'Liverpool Telescope\' / The Name of the Telescope '
# Failed test 'Comparing line 285 of 419'
# at t/2_data.t line 222.
# got: 'GRPSEECO= \'POOR \' / Minimum seeing '
# expected: 'TELMODE = \'ROBOTIC \' / [{PLANETARIUM, ROBOTIC, MANUAL, ENGINEERING}] T'
# Failed test 'Comparing line 286 of 419'
# at t/2_data.t line 222.
# got: 'COMPRESS= \'PROFESSIONAL\' / [{PLANETARIUM, PROFESSIONAL, AMATEUR}] Compress'
# expected: 'TAGID = \'PATT \' / Telescope Allocation Committee ID '
# Failed test 'Comparing line 287 of 419'
# at t/2_data.t line 222.
# got: 'LATITUDE= 28.7624000 / [degrees] Observatory Latitude '
# expected: 'USERID = \'keith.horne\' / User login ID '
# Failed test 'Comparing line 288 of 419'
# at t/2_data.t line 222.
# got: 'LONGITUD= -17.8792000 / [degrees West] Observatory Longitude '
# expected: 'PROPID = \'PL04B17 \' / Proposal ID '
# Failed test 'Comparing line 289 of 419'
# at t/2_data.t line 222.
# got: 'RA = \' 18:4:4.04\' / [HH:MM:SS.ss] Currently same as CAT_RA '
# expected: 'GROUPID = \'001518:UA:v1-24:run#10:user#aa\' / Group Id '
# Failed test 'Comparing line 290 of 419'
# at t/2_data.t line 222.
# got: 'DEC = \'-28:38:38.70\' / [DD:MM:SS.ss] Currently same as CAT_DEC '
# expected: 'OBSID = \'ExoPlanetMonitor\' / Observation Id '
# Failed test 'Comparing line 291 of 419'
# at t/2_data.t line 222.
# got: 'RADECSYS= \'FK5 \' / [{FK4, FK5}] Fundamental coordinate system of c'
# expected: 'GRPTIMNG= \'MONITOR \' / Group timing constraint class '
# Failed test 'Comparing line 292 of 419'
# at t/2_data.t line 222.
# got: 'LST = \' 19:41:55.00\' / [HH:MM:SS] Local sidereal time at start of curr'
# expected: 'GRPUID = 24377 / Group unique ID '
# Failed test 'Comparing line 293 of 419'
# at t/2_data.t line 222.
# got: 'EQUINOX = 2000.0000000 / [Years] Date of the coordinate system for curre'
# expected: 'GRPMONP = 1200.0000000 / [secs] Group monitor period '
# Failed test 'Comparing line 294 of 419'
# at t/2_data.t line 222.
# got: 'CAT-RA = \' 18:4:4.04\' / [HH:MM:SS.sss] Catalog RA of the current observ'
# expected: 'GRPNUMOB= 1 / Number of observations in group '
# Failed test 'Comparing line 295 of 419'
# at t/2_data.t line 222.
# got: 'CAT-DEC = \'-28:38:38.70\' / [DD:MM:SS.sss] Catalog declination of the curre'
# expected: 'GRPEDATE= \'2006-10-04 T 07:00:05 UTC\' / [date] Group expiry date '
# Failed test 'Comparing line 296 of 419'
# at t/2_data.t line 222.
# got: 'CAT-EQUI= 2000.0000000 / [Year] Catalog date of the coordinate system fo'
# expected: 'GRPNOMEX= 229.0000000 / [secs] Group nominal exec time '
# Failed test 'Comparing line 297 of 419'
# at t/2_data.t line 222.
# got: 'CAT-EPOC= 2000.0000000 / [Year] Catalog date of the epoch '
# expected: 'GRPLUNCO= \'BRIGHT \' / Maximum lunar brightness '
# Failed test 'Comparing line 298 of 419'
# at t/2_data.t line 222.
# got: 'CAT-NAME= \'OB06251 \' / Catalog name of the current observation source '
# expected: 'GRPSEECO= \'POOR \' / Minimum seeing '
# Failed test 'Comparing line 299 of 419'
# at t/2_data.t line 222.
# got: 'OBJECT = \'OB06251 \' / Actual name of the current observation source '
# expected: 'COMPRESS= \'PROFESSIONAL\' / [{PLANETARIUM, PROFESSIONAL, AMATEUR}] Compress'
# Failed test 'Comparing line 300 of 419'
# at t/2_data.t line 222.
# got: 'SRCTYPE = \'EXTRASOLAR\' / [{EXTRASOLAR, MAJORPLANET, MINORPLANET, COMET,]'
# expected: 'LATITUDE= 28.7624000 / [degrees] Observatory Latitude '
# Failed test 'Comparing line 301 of 419'
# at t/2_data.t line 222.
# got: 'PM-RA = 0.0000000 / [sec/year] Proper motion in RA of the current o'
# expected: 'LONGITUD= -17.8792000 / [degrees West] Observatory Longitude '
# Failed test 'Comparing line 302 of 419'
# at t/2_data.t line 222.
# got: 'PM-DEC = 0.0000000 / [arcsec/year] Proper motion in declination of '
# expected: 'RA = \' 18:4:4.04\' / [HH:MM:SS.ss] Currently same as CAT_RA '
# Failed test 'Comparing line 303 of 419'
# at t/2_data.t line 222.
# got: 'PARALLAX= 0.0000000 / [arcsec] Parallax of the current observation so'
# expected: 'DEC = \'-28:38:38.70\' / [DD:MM:SS.ss] Currently same as CAT_DEC '
# Failed test 'Comparing line 304 of 419'
# at t/2_data.t line 222.
# got: 'RADVEL = 0.0000000 / [km/s] Radial velocity of the current observati'
# expected: 'RADECSYS= \'FK5 \' / [{FK4, FK5}] Fundamental coordinate system of c'
# Failed test 'Comparing line 305 of 419'
# at t/2_data.t line 222.
# got: 'RATRACK = 0.0000000 / [arcsec/sec] Non-sidereal tracking in RA of the'
# expected: 'LST = \' 19:41:55.00\' / [HH:MM:SS] Local sidereal time at start of curr'
# Failed test 'Comparing line 306 of 419'
# at t/2_data.t line 222.
# got: 'DECTRACK= 0.0000000 / [arcsec/sec] Non-sidereal tracking in declinati'
# expected: 'EQUINOX = 2000.0000000 / [Years] Date of the coordinate system for curre'
# Failed test 'Comparing line 307 of 419'
# at t/2_data.t line 222.
# got: 'TELSTAT = \'WARN \' / [---] Current telescope status '
# expected: 'CAT-RA = \' 18:4:4.04\' / [HH:MM:SS.sss] Catalog RA of the current observ'
# Failed test 'Comparing line 308 of 419'
# at t/2_data.t line 222.
# got: 'NETSTATE= \'ENABLED \' / Network control state '
# expected: 'CAT-DEC = \'-28:38:38.70\' / [DD:MM:SS.sss] Catalog declination of the curre'
# Failed test 'Comparing line 309 of 419'
# at t/2_data.t line 222.
# got: 'ENGSTATE= \'DISABLED\' / Engineering override state '
# expected: 'CAT-EQUI= 2000.0000000 / [Year] Catalog date of the coordinate system fo'
# Failed test 'Comparing line 310 of 419'
# at t/2_data.t line 222.
# got: 'TCSSTATE= \'OKAY \' / TCS state '
# expected: 'CAT-EPOC= 2000.0000000 / [Year] Catalog date of the epoch '
# Failed test 'Comparing line 311 of 419'
# at t/2_data.t line 222.
# got: 'PWRESTRT= F / Power will be cycled imminently '
# expected: 'CAT-NAME= \'OB06251 \' / Catalog name of the current observation source '
# Failed test 'Comparing line 312 of 419'
# at t/2_data.t line 222.
# got: 'PWSHUTDN= F / Power will be shutdown imminently '
# expected: 'OBJECT = \'OB06251 \' / Actual name of the current observation source '
# Failed test 'Comparing line 313 of 419'
# at t/2_data.t line 222.
# got: 'AZDMD = 207.7049000 / [degrees] Azimuth demand '
# expected: 'SRCTYPE = \'EXTRASOLAR\' / [{EXTRASOLAR, MAJORPLANET, MINORPLANET, COMET,]'
# Failed test 'Comparing line 314 of 419'
# at t/2_data.t line 222.
# got: 'AZIMUTH = 207.7045000 / [degrees] Azimuth axis position '
# expected: 'PM-RA = 0.0000000 / [sec/year] Proper motion in RA of the current o'
# Failed test 'Comparing line 315 of 419'
# at t/2_data.t line 222.
# got: 'AZSTAT = \'TRACKING\' / Azimuth axis state '
# expected: 'PM-DEC = 0.0000000 / [arcsec/year] Proper motion in declination of '
# Failed test 'Comparing line 316 of 419'
# at t/2_data.t line 222.
# got: 'ALTDMD = 28.3936000 / [degrees] Altitude axis demand '
# expected: 'PARALLAX= 0.0000000 / [arcsec] Parallax of the current observation so'
# Failed test 'Comparing line 317 of 419'
# at t/2_data.t line 222.
# got: 'ALTITUDE= 28.3937000 / [degrees] Altitude axis position '
# expected: 'RADVEL = 0.0000000 / [km/s] Radial velocity of the current observati'
# Failed test 'Comparing line 318 of 419'
# at t/2_data.t line 222.
# got: 'ALTSTAT = \'TRACKING\' / Altitude axis state '
# expected: 'RATRACK = 0.0000000 / [arcsec/sec] Non-sidereal tracking in RA of the'
# Failed test 'Comparing line 319 of 419'
# at t/2_data.t line 222.
# got: 'AIRMASS = 2.1200000 / [n/a] Airmass '
# expected: 'DECTRACK= 0.0000000 / [arcsec/sec] Non-sidereal tracking in declinati'
# Failed test 'Comparing line 320 of 419'
# at t/2_data.t line 222.
# got: 'ROTDMD = 43.8711000 / Rotator axis demand '
# expected: 'TELSTAT = \'WARN \' / [---] Current telescope status '
# Failed test 'Comparing line 321 of 419'
# at t/2_data.t line 222.
# got: 'ROTMODE = \'SKY \' / [{SKY, MOUNT, VFLOAT, VERTICAL, FLOAT}] Cassegr'
# expected: 'NETSTATE= \'ENABLED \' / Network control state '
# Failed test 'Comparing line 322 of 419'
# at t/2_data.t line 222.
# got: 'ROTSKYPA= 0.0000000 / [degrees] Rotator position angle '
# expected: 'ENGSTATE= \'DISABLED\' / Engineering override state '
# Failed test 'Comparing line 323 of 419'
# at t/2_data.t line 222.
# got: 'ROTANGLE= 43.8715000 / [degrees] Rotator mount angle '
# expected: 'TCSSTATE= \'OKAY \' / TCS state '
# Failed test 'Comparing line 324 of 419'
# at t/2_data.t line 222.
# got: 'ROTSTATE= \'TRACKING\' / Rotator axis state '
# expected: 'PWRESTRT= F / Power will be cycled imminently '
# Failed test 'Comparing line 325 of 419'
# at t/2_data.t line 222.
# got: 'ENC1DMD = \'OPEN \' / Enc 1 demand '
# expected: 'PWSHUTDN= F / Power will be shutdown imminently '
# Failed test 'Comparing line 326 of 419'
# at t/2_data.t line 222.
# got: 'ENC1POS = \'OPEN \' / Enc 1 position '
# expected: 'AZDMD = 207.7049000 / [degrees] Azimuth demand '
# Failed test 'Comparing line 327 of 419'
# at t/2_data.t line 222.
# got: 'ENC1STAT= \'IN POSN \' / Enc 1 state '
# expected: 'AZIMUTH = 207.7045000 / [degrees] Azimuth axis position '
# Failed test 'Comparing line 328 of 419'
# at t/2_data.t line 222.
# got: 'ENC2DMD = \'OPEN \' / Enc 2 demand '
# expected: 'AZSTAT = \'TRACKING\' / Azimuth axis state '
# Failed test 'Comparing line 329 of 419'
# at t/2_data.t line 222.
# got: 'ENC2POS = \'OPEN \' / Enc 2 position '
# expected: 'ALTDMD = 28.3936000 / [degrees] Altitude axis demand '
# Failed test 'Comparing line 330 of 419'
# at t/2_data.t line 222.
# got: 'ENC2STAT= \'IN POSN \' / Enc 2 state '
# expected: 'ALTITUDE= 28.3937000 / [degrees] Altitude axis position '
# Failed test 'Comparing line 331 of 419'
# at t/2_data.t line 222.
# got: 'FOLDDMD = \'PORT 3 \' / Fold mirror demand '
# expected: 'ALTSTAT = \'TRACKING\' / Altitude axis state '
# Failed test 'Comparing line 332 of 419'
# at t/2_data.t line 222.
# got: 'FOLDPOS = \'PORT 3 \' / Fold mirror position '
# expected: 'AIRMASS = 2.1200000 / [n/a] Airmass '
# Failed test 'Comparing line 333 of 419'
# at t/2_data.t line 222.
# got: 'FOLDSTAT= \'OFF-LINE\' / Fold mirror state '
# expected: 'ROTDMD = 43.8711000 / Rotator axis demand '
# Failed test 'Comparing line 334 of 419'
# at t/2_data.t line 222.
# got: 'PMCDMD = \'OPEN \' / Primary mirror cover demand '
# expected: 'ROTMODE = \'SKY \' / [{SKY, MOUNT, VFLOAT, VERTICAL, FLOAT}] Cassegr'
# Failed test 'Comparing line 335 of 419'
# at t/2_data.t line 222.
# got: 'PMCPOS = \'OPEN \' / Primary mirror cover position '
# expected: 'ROTSKYPA= 0.0000000 / [degrees] Rotator position angle '
# Failed test 'Comparing line 336 of 419'
# at t/2_data.t line 222.
# got: 'PMCSTAT = \'IN POSN \' / Primary mirror cover state '
# expected: 'ROTANGLE= 43.8715000 / [degrees] Rotator mount angle '
# Failed test 'Comparing line 337 of 419'
# at t/2_data.t line 222.
# got: 'FOCDMD = 27.3300000 / [mm] Focus demand '
# expected: 'ROTSTATE= \'TRACKING\' / Rotator axis state '
# Failed test 'Comparing line 338 of 419'
# at t/2_data.t line 222.
# got: 'TELFOCUS= 27.3300000 / [mm] Focus position '
# expected: 'ENC1DMD = \'OPEN \' / Enc 1 demand '
# Failed test 'Comparing line 339 of 419'
# at t/2_data.t line 222.
# got: 'DFOCUS = 0.0000000 / [mm] Focus offset '
# expected: 'ENC1POS = \'OPEN \' / Enc 1 position '
# Failed test 'Comparing line 340 of 419'
# at t/2_data.t line 222.
# got: 'FOCSTAT = \'WARNING \' / Focus state '
# expected: 'ENC1STAT= \'IN POSN \' / Enc 1 state '
# Failed test 'Comparing line 341 of 419'
# at t/2_data.t line 222.
# got: 'MIRSYSST= \'UNKNOWN \' / Primary mirror support state '
# expected: 'ENC2DMD = \'OPEN \' / Enc 2 demand '
# Failed test 'Comparing line 342 of 419'
# at t/2_data.t line 222.
# got: 'WMSHUMID= 34.0000000 / [0.00% - 100.00%] Current percentage humidity '
# expected: 'ENC2POS = \'OPEN \' / Enc 2 position '
# Failed test 'Comparing line 343 of 419'
# at t/2_data.t line 222.
# got: 'WMSTEMP = 289.1500000 / [Kelvin] Current (external) temperature '
# expected: 'ENC2STAT= \'IN POSN \' / Enc 2 state '
# Failed test 'Comparing line 344 of 419'
# at t/2_data.t line 222.
# got: 'WMSPRES = 782.0000000 / [mbar] Current pressure '
# expected: 'FOLDDMD = \'PORT 3 \' / Fold mirror demand '
# Failed test 'Comparing line 345 of 419'
# at t/2_data.t line 222.
# got: 'WINDSPEE= 4.7000000 / [m/s] Windspeed '
# expected: 'FOLDPOS = \'PORT 3 \' / Fold mirror position '
# Failed test 'Comparing line 346 of 419'
# at t/2_data.t line 222.
# got: 'WINDDIR = 119.0000000 / [degrees E of N] Wind direction '
# expected: 'FOLDSTAT= \'OFF-LINE\' / Fold mirror state '
# Failed test 'Comparing line 347 of 419'
# at t/2_data.t line 222.
# got: 'TEMPTUBE= 15.6600000 / [degrees C] Temperature of the telescope tube '
# expected: 'PMCDMD = \'OPEN \' / Primary mirror cover demand '
# Failed test 'Comparing line 348 of 419'
# at t/2_data.t line 222.
# got: 'WMSSTATE= \'OKAY \' / WMS system state '
# expected: 'PMCPOS = \'OPEN \' / Primary mirror cover position '
# Failed test 'Comparing line 349 of 419'
# at t/2_data.t line 222.
# got: 'WMSRAIN = \'SET \' / Rain alert '
# expected: 'PMCSTAT = \'IN POSN \' / Primary mirror cover state '
# Failed test 'Comparing line 350 of 419'
# at t/2_data.t line 222.
# got: 'WMSMOIST= 0.0400000 / Moisture level '
# expected: 'FOCDMD = 27.3300000 / [mm] Focus demand '
# Failed test 'Comparing line 351 of 419'
# at t/2_data.t line 222.
# got: 'WMOILTMP= 11.6000000 / Oil temperature '
# expected: 'TELFOCUS= 27.3300000 / [mm] Focus position '
# Failed test 'Comparing line 352 of 419'
# at t/2_data.t line 222.
# got: 'WMSPMT = 0.0000000 / Primary mirror temperature '
# expected: 'DFOCUS = 0.0000000 / [mm] Focus offset '
# Failed test 'Comparing line 353 of 419'
# at t/2_data.t line 222.
# got: 'WMFOCTMP= 0.0000000 / Focus temperature '
# expected: 'FOCSTAT = \'WARNING \' / Focus state '
# Failed test 'Comparing line 354 of 419'
# at t/2_data.t line 222.
# got: 'WMAGBTMP= 0.0000000 / AG Box temperature '
# expected: 'MIRSYSST= \'UNKNOWN \' / Primary mirror support state '
# Failed test 'Comparing line 355 of 419'
# at t/2_data.t line 222.
# got: 'WMSDEWPT= 0.3000000 / Dewpoint '
# expected: 'WMSHUMID= 34.0000000 / [0.00% - 100.00%] Current percentage humidity '
# Failed test 'Comparing line 356 of 419'
# at t/2_data.t line 222.
# got: 'REFPRES = 770.0000000 / [mbar] Pressure used in refraction calculation '
# expected: 'WMSTEMP = 289.1500000 / [Kelvin] Current (external) temperature '
# Failed test 'Comparing line 357 of 419'
# at t/2_data.t line 222.
# got: 'REFTEMP = 283.1500000 / [Kelvin] Temperature used in refraction calcula'
# expected: 'WMSPRES = 782.0000000 / [mbar] Current pressure '
# Failed test 'Comparing line 358 of 419'
# at t/2_data.t line 222.
# got: 'REFHUMID= 30.0000000 / [0.00% - 100.00%] Percentage humidity used in r'
# expected: 'WINDSPEE= 4.7000000 / [m/s] Windspeed '
# Failed test 'Comparing line 359 of 419'
# at t/2_data.t line 222.
# got: 'AUTOGUID= \'UNLOCKED\' / [{LOCKED, UNLOCKED SUSPENDED}] Autoguider lock '
# expected: 'WINDDIR = 119.0000000 / [degrees E of N] Wind direction '
# Failed test 'Comparing line 360 of 419'
# at t/2_data.t line 222.
# got: 'AGSTATE = \'OKAY \' / Autoguider sw state '
# expected: 'TEMPTUBE= 15.6600000 / [degrees C] Temperature of the telescope tube '
# Failed test 'Comparing line 361 of 419'
# at t/2_data.t line 222.
# got: 'AGMODE = \'UNKNOWN \' / Autoguider mode '
# expected: 'WMSSTATE= \'OKAY \' / WMS system state '
# Failed test 'Comparing line 362 of 419'
# at t/2_data.t line 222.
# got: 'AGGMAG = 0.0000000 / [mag] Autoguider guide star mag '
# expected: 'WMSRAIN = \'SET \' / Rain alert '
# Failed test 'Comparing line 363 of 419'
# at t/2_data.t line 222.
# got: 'AGFWHM = 0.0000000 / [arcsec] Autoguider FWHM '
# expected: 'WMSMOIST= 0.0400000 / Moisture level '
# Failed test 'Comparing line 364 of 419'
# at t/2_data.t line 222.
# got: 'AGMIRDMD= 0.0000000 / [mm] Autoguider mirror demand '
# expected: 'WMOILTMP= 11.6000000 / Oil temperature '
# Failed test 'Comparing line 365 of 419'
# at t/2_data.t line 222.
# got: 'AGMIRPOS= 0.0000000 / [mm] Autoguider mirror position '
# expected: 'WMSPMT = 0.0000000 / Primary mirror temperature '
# Failed test 'Comparing line 366 of 419'
# at t/2_data.t line 222.
# got: 'AGMIRST = \'WARNING \' / Autoguider mirror state '
# expected: 'WMFOCTMP= 0.0000000 / Focus temperature '
# Failed test 'Comparing line 367 of 419'
# at t/2_data.t line 222.
# got: 'AGFOCDMD= 2.7990000 / [mm] Autoguider focus demand '
# expected: 'WMAGBTMP= 0.0000000 / AG Box temperature '
# Failed test 'Comparing line 368 of 419'
# at t/2_data.t line 222.
# got: 'AGFOCUS = 2.7980000 / [mm] Autoguider focus position '
# expected: 'WMSDEWPT= 0.3000000 / Dewpoint '
# Failed test 'Comparing line 369 of 419'
# at t/2_data.t line 222.
# got: 'AGFOCST = \'WARNING \' / Autoguider focus state '
# expected: 'REFPRES = 770.0000000 / [mbar] Pressure used in refraction calculation '
# Failed test 'Comparing line 370 of 419'
# at t/2_data.t line 222.
# got: 'AGFILDMD= \'UNKNOWN \' / Autoguider filter demand '
# expected: 'REFTEMP = 283.1500000 / [Kelvin] Temperature used in refraction calcula'
# Failed test 'Comparing line 371 of 419'
# at t/2_data.t line 222.
# got: 'AGFILPOS= \'UNKNOWN \' / Autoguider filter position '
# expected: 'REFHUMID= 30.0000000 / [0.00% - 100.00%] Percentage humidity used in r'
# Failed test 'Comparing line 372 of 419'
# at t/2_data.t line 222.
# got: 'AGFILST = \'WARNING \' / Autoguider filter state '
# expected: 'AUTOGUID= \'UNLOCKED\' / [{LOCKED, UNLOCKED SUSPENDED}] Autoguider lock '
# Failed test 'Comparing line 373 of 419'
# at t/2_data.t line 222.
# got: 'MOONSTAT= \'UP \' / [{UP, DOWN}] Moon position at start of current '
# expected: 'AGSTATE = \'OKAY \' / Autoguider sw state '
# Failed test 'Comparing line 374 of 419'
# at t/2_data.t line 222.
# got: 'MOONFRAC= 0.8468916 / [(0 - 1)] Lunar illuminated fraction '
# expected: 'AGMODE = \'UNKNOWN \' / Autoguider mode '
# Failed test 'Comparing line 375 of 419'
# at t/2_data.t line 222.
# got: 'MOONDIST= 53.3774525 / [(degs)] Lunar Distance from Target '
# expected: 'AGGMAG = 0.0000000 / [mag] Autoguider guide star mag '
# Failed test 'Comparing line 376 of 419'
# at t/2_data.t line 222.
# got: 'MOONALT = 34.7596645 / [(degs)] Lunar altitude '
# expected: 'AGFWHM = 0.0000000 / [arcsec] Autoguider FWHM '
# Failed test 'Comparing line 377 of 419'
# at t/2_data.t line 222.
# got: 'SCHEDSEE= 2.0858450 / [(arcsec)] Predicted seeing when group schedule'
# expected: 'AGMIRDMD= 0.0000000 / [mm] Autoguider mirror demand '
# Failed test 'Comparing line 378 of 419'
# at t/2_data.t line 222.
# got: 'SCHEDPHT= 1.0000000 / [(0-1)] Predicted photom when group scheduled '
# expected: 'AGMIRPOS= 0.0000000 / [mm] Autoguider mirror position '
# Failed test 'Comparing line 379 of 419'
# at t/2_data.t line 222.
# got: 'ESTSEE = 3.3316001 / [(arcsec)] Estimated seeing at start of observa'
# expected: 'AGMIRST = \'WARNING \' / Autoguider mirror state '
# Failed test 'Comparing line 380 of 419'
# at t/2_data.t line 222.
# got: 'L1MEDIAN= 7.023166E+03 / [counts] median of frame background in counts '
# expected: 'AGFOCDMD= 2.7990000 / [mm] Autoguider focus demand '
# Failed test 'Comparing line 381 of 419'
# at t/2_data.t line 222.
# got: 'L1MEAN = 7.021803E+03 / [counts] mean of frame background in counts '
# expected: 'AGFOCUS = 2.7980000 / [mm] Autoguider focus position '
# Failed test 'Comparing line 382 of 419'
# at t/2_data.t line 222.
# got: 'L1STATOV= 23 / Status flag for DP(RT) overscan correction '
# expected: 'AGFOCST = \'WARNING \' / Autoguider focus state '
# Failed test 'Comparing line 383 of 419'
# at t/2_data.t line 222.
# got: 'L1STATZE= -1 / Status flag for DP(RT) bias frame (zero) correc'
# expected: 'AGFILDMD= \'UNKNOWN \' / Autoguider filter demand '
# Failed test 'Comparing line 384 of 419'
# at t/2_data.t line 222.
# got: 'L1STATZM= 1 / Status flag for DP(RT) bias frame subtraction m'
# expected: 'AGFILPOS= \'UNKNOWN \' / Autoguider filter position '
# Failed test 'Comparing line 385 of 419'
# at t/2_data.t line 222.
# got: 'L1STATDA= -1 / Status flag for DP(RT) dark frame correction '
# expected: 'AGFILST = \'WARNING \' / Autoguider filter state '
# Failed test 'Comparing line 386 of 419'
# at t/2_data.t line 222.
# got: 'L1STATTR= 1 / Status flag for DP(RT) overscan trimming '
# expected: 'MOONSTAT= \'UP \' / [{UP, DOWN}] Moon position at start of current '
# Failed test 'Comparing line 387 of 419'
# at t/2_data.t line 222.
# got: 'L1STATFL= 1 / Status flag for DP(RT) flatfield correction '
# expected: 'MOONFRAC= 0.8468916 / [(0 - 1)] Lunar illuminated fraction '
# Failed test 'Comparing line 388 of 419'
# at t/2_data.t line 222.
# got: 'L1XPIX = 4.776160E+02 / Coordinate of brightest object in frame after t'
# expected: 'MOONDIST= 53.3774525 / [(degs)] Lunar Distance from Target '
# Failed test 'Comparing line 389 of 419'
# at t/2_data.t line 222.
# got: 'L1YPIX = 0.000000E+00 / Coordinate of brightest object in frame after t'
# expected: 'MOONALT = 34.7596645 / [(degs)] Lunar altitude '
# Failed test 'Comparing line 390 of 419'
# at t/2_data.t line 222.
# got: 'L1COUNTS= 9.887205E+04 / [counts] Counts in brightest object (sky subtra'
# expected: 'SCHEDSEE= 2.0858450 / [(arcsec)] Predicted seeing when group schedule'
# Failed test 'Comparing line 391 of 419'
# at t/2_data.t line 222.
# got: 'L1SKYBRT= 9.990000E+01 / [mag/arcsec^2] Estimated sky brightness '
# expected: 'SCHEDPHT= 1.0000000 / [(0-1)] Predicted photom when group scheduled '
# Failed test 'Comparing line 392 of 419'
# at t/2_data.t line 222.
# got: 'L1PHOTOM= -9.990000E+02 / [mag] Estimated extinction for standards images'
# expected: 'ESTSEE = 3.3316001 / [(arcsec)] Estimated seeing at start of observa'
# Failed test 'Comparing line 393 of 419'
# at t/2_data.t line 222.
# got: 'L1SAT = F / [logical] TRUE if brightest object is saturated'
# expected: 'L1MEDIAN= 7.023166E+03 / [counts] median of frame background in counts '
# Failed test 'Comparing line 394 of 419'
# at t/2_data.t line 222.
# got: 'BACKGRD = 7.023166E+03 / [counts] frame background level in counts '
# expected: 'L1MEAN = 7.021803E+03 / [counts] mean of frame background in counts '
# Failed test 'Comparing line 395 of 419'
# at t/2_data.t line 222.
# got: 'STDDEV = 1.982379E+02 / [counts] Standard deviation of Backgrd in count'
# expected: 'L1STATOV= 23 / Status flag for DP(RT) overscan correction '
# Failed test 'Comparing line 396 of 419'
# at t/2_data.t line 222.
# got: 'L1SEEING= 9.990000E+02 / [Dummy] Unable to calculate '
# expected: 'L1STATZE= -1 / Status flag for DP(RT) bias frame (zero) correc'
# Failed test 'Comparing line 397 of 419'
# at t/2_data.t line 222.
# got: 'SEEING = 9.990000E+02 / [Dummy] Unable to calculate ','
# expected: 'L1STATZM= 1 / Status flag for DP(RT) bias frame subtraction m'
# Failed test 'Comparing line 398 of 419'
# at t/2_data.t line 222.
# got: ' 'type' => 'all''
# expected: 'L1STATDA= -1 / Status flag for DP(RT) dark frame correction '
# Failed test 'Comparing line 399 of 419'
# at t/2_data.t line 222.
# got: ' },'
# expected: 'L1STATTR= 1 / Status flag for DP(RT) overscan trimming '
# Failed test 'Comparing line 400 of 419'
# at t/2_data.t line 222.
# got: ' 'delivery' => 'url','
# expected: 'L1STATFL= 1 / Status flag for DP(RT) flatfield correction '
# Failed test 'Comparing line 401 of 419'
# at t/2_data.t line 222.
# got: ' 'content' => 'http://231.45.45.45/~estar/data/c_e_20060910_36_1_1_2.fits','
# expected: 'L1XPIX = 4.776160E+02 / Coordinate of brightest object in frame after t'
# Failed test 'Comparing line 402 of 419'
# at t/2_data.t line 222.
# got: ' 'reduced' => 'true','
# expected: 'L1YPIX = 0.000000E+00 / Coordinate of brightest object in frame after t'
# Failed test 'Comparing line 403 of 419'
# at t/2_data.t line 222.
# got: ' 'type' => 'FITS16''
# expected: 'L1COUNTS= 9.887205E+04 / [counts] Counts in brightest object (sky subtra'
# Failed test 'Comparing line 404 of 419'
# at t/2_data.t line 222.
# got: ' }'
# expected: 'L1SKYBRT= 9.990000E+01 / [mag/arcsec^2] Estimated sky brightness '
# Failed test 'Comparing line 405 of 419'
# at t/2_data.t line 222.
# got: ' ],'
# expected: 'L1PHOTOM= -9.990000E+02 / [mag] Estimated extinction for standards images'
# Failed test 'Comparing line 406 of 419'
# at t/2_data.t line 222.
# got: ' 'Schedule' => {'
# expected: 'L1SAT = F / [logical] TRUE if brightest object is saturated'
# Failed test 'Comparing line 407 of 419'
# at t/2_data.t line 222.
# got: ' 'priority' => 3,'
# expected: 'BACKGRD = 7.023166E+03 / [counts] frame background level in counts '
# Failed test 'Comparing line 408 of 419'
# at t/2_data.t line 222.
# got: ' 'Exposure' => {'
# expected: 'STDDEV = 1.982379E+02 / [counts] Standard deviation of Backgrd in count'
# Failed test 'Comparing line 409 of 419'
# at t/2_data.t line 222.
# got: ' 'type' => 'time','
# expected: 'L1SEEING= 9.990000E+02 / [Dummy] Unable to calculate '
# Failed test 'Comparing line 410 of 419'
# at t/2_data.t line 222.
# got: ' 'units' => 'seconds''
# expected: 'SEEING = 9.990000E+02 / [Dummy] Unable to calculate ','
# Failed test 'Comparing line 411 of 419'
# at t/2_data.t line 222.
# got: ' }'
# expected: ' 'type' => 'all''
# Failed test 'Comparing line 412 of 419'
# at t/2_data.t line 222.
# got: ' }'
# expected: ' },'
# Failed test 'Comparing line 413 of 419'
# at t/2_data.t line 222.
# got: ' },'
# expected: ' 'type' => 'FITS16','
# Failed test 'Comparing line 414 of 419'
# at t/2_data.t line 222.
# got: ' 'version' => '2.2','
# expected: ' 'reduced' => 'true''
# Failed test 'Comparing line 415 of 419'
# at t/2_data.t line 222.
# got: ' 'IntelligentAgent' => {'
# expected: ' }'
# Failed test 'Comparing line 416 of 419'
# at t/2_data.t line 222.
# got: ' 'port' => 8000,'
# expected: ' ]'
# Failed test 'Comparing line 417 of 419'
# at t/2_data.t line 222.
# got: ' 'host' => '127.0.0.1''
# expected: ' },'
# Failed test 'Comparing line 418 of 419'
# at t/2_data.t line 222.
# got: ' }'
# expected: ' 'version' => '2.2''
# Looks like you failed 418 tests of 428.
t/2_data.t .......
Dubious, test returned 254 (wstat 65024, 0xfe00)
Failed 418/428 subtests
t/2_parse.t ...... ok
File does not exist: t/rtml2.2/example_update.xml at /tmp/loop_over_bdir-2794-EWvrxu/XML-Document-RTML-1.16-0/blib/lib/XML/Document/RTML.pm line 1820.
# Looks like your test exited with 2 just after 498.
t/3_file.t .......
Dubious, test returned 2 (wstat 512, 0x200)
Failed 72/570 subtests
Attempt to call undefined import method with arguments ("tmpdir") via package "File::Spec" (Perhaps you forgot to load the package?) at t/3_rtml2.1.t line 12.
t/3_rtml2.1.t .... ok
t/4_replicate.t .. ok
Test Summary Report
-------------------
t/2_data.t (Wstat: 65024 (exited 254) Tests: 428 Failed: 418)
Failed tests: 4-421
Non-zero exit status: 254
t/3_file.t (Wstat: 512 (exited 2) Tests: 498 Failed: 0)
Non-zero exit status: 2
Parse errors: Bad plan. You planned 570 tests but ran 498.
Files=7, Tests=1634, 1 wallclock secs ( 0.10 usr 0.03 sys + 0.93 cusr 0.16 csys = 1.22 CPU)
Result: FAIL
Failed 2/7 test programs. 418/1634 subtests failed.
make: *** [Makefile:856: test_dynamic] Error 255
------------------------------
PREREQUISITES
------------------------------
Prerequisite modules loaded:
requires:
Module Need Have
------------------- ---- -----
Carp 0 1.54
Data::Dumper 0 2.189
File::Spec 0 3.90
Net::Domain 0 3.15
Scalar::Util 0 1.63
XML::Simple 0 2.25
XML::Writer 0 0.900
XML::Writer::String 0 0.1
build_requires:
Module Need Have
------------------- ---- -----
ExtUtils::MakeMaker 0 7.70
------------------------------
ENVIRONMENT AND OTHER CONTEXT
------------------------------
Environment variables:
AUTOMATED_TESTING = 1
LANG = en_US.UTF-8
LC_ADDRESS = de_DE.UTF-8
LC_IDENTIFICATION = de_DE.UTF-8
LC_MEASUREMENT = de_DE.UTF-8
LC_MONETARY = de_DE.UTF-8
LC_NAME = de_DE.UTF-8
LC_NUMERIC = de_DE.UTF-8
LC_PAPER = de_DE.UTF-8
LC_TELEPHONE = de_DE.UTF-8
LC_TIME = de_DE.UTF-8
PATH = /home/sand/bin:/usr/local/bin:/usr/local/sbin:/usr/sbin:/usr/bin:/sbin:/bin:/usr/games:/usr/local/games:/snap/bin:/usr/local/perl/bin:/usr/X11/bin
PERL = /tmp/basesmoker-reloperl-0IQx/bin/perl
PERL5LIB = /tmp/loop_over_bdir-2794-EWvrxu/perl-Hardware-UPS-Perl-0.43-0/blib/arch:/tmp/loop_over_bdir-2794-EWvrxu/perl-Hardware-UPS-Perl-0.43-0/blib/lib
PERL5OPT =
PERL5_CPANPLUS_IS_RUNNING = 2802
PERL5_CPAN_IS_RUNNING = 2802
PERL_CANARY_STABILITY_NOPROMPT = 1
PERL_MM_USE_DEFAULT = 1
PERL_USE_UNSAFE_INC = 1
SHELL = /usr/bin/zsh
TERM = screen
Perl special variables (and OS-specific diagnostics, for MSWin32):
$^X = /tmp/basesmoker-reloperl-0IQx/bin/perl
$UID/$EUID = 1005 / 1005
$GID = 1005 1005
$EGID = 1005 1005
Perl module toolchain versions installed:
Module Have
------------------- --------
CPAN 2.36
CPAN::Meta 2.150010
Cwd 3.90
ExtUtils::CBuilder 0.280240
ExtUtils::Command 7.70
ExtUtils::Install 2.22
ExtUtils::MakeMaker 7.70
ExtUtils::Manifest 1.75
ExtUtils::ParseXS 3.51
File::Spec 3.90
JSON 4.10
JSON::PP 4.16
Module::Build 0.4234
Module::Signature 0.88
Parse::CPAN::Meta 2.150010
Test2 1.302198
Test::Harness 3.48
Test::More 1.302198
YAML 1.31
YAML::Syck 1.34
version 0.9930
--
Summary of my perl5 (revision 5 version 39 subversion 6) configuration:
Commit id: 19d146d89647634621ee2291d0baa267addfef3d
Platform:
osname=linux
osvers=6.2.0-39-generic
archname=x86_64-linux
uname='linux k93jammy 6.2.0-39-generic #40~22.04.1-ubuntu smp preempt_dynamic thu nov 16 10:53:04 utc 2 x86_64 x86_64 x86_64 gnulinux '
config_args='-Dprefix=/home/sand/src/perl/repoperls/installed-perls/host/k93jammy/v5.39.6/6567 -Dmyhostname=k93jammy -Dinstallusrbinperl=n -Uversiononly -Dusedevel -des -Ui_db -Dlibswanted=cl pthread socket inet nsl gdbm dbm malloc dl ld sun m crypt sec util c cposix posix ucb BSD gdbm_compat -Uuseithreads -Uuselongdouble -DEBUGGING=-g'
hint=recommended
useposix=true
d_sigaction=define
useithreads=undef
usemultiplicity=undef
use64bitint=define
use64bitall=define
uselongdouble=undef
usemymalloc=n
default_inc_excludes_dot=define
Compiler:
cc='cc'
ccflags ='-fwrapv -fno-strict-aliasing -pipe -fstack-protector-strong -I/usr/local/include -D_LARGEFILE_SOURCE -D_FILE_OFFSET_BITS=64'
optimize='-O2 -g'
cppflags='-fwrapv -fno-strict-aliasing -pipe -fstack-protector-strong -I/usr/local/include'
ccversion=''
gccversion='11.4.0'
gccosandvers=''
intsize=4
longsize=8
ptrsize=8
doublesize=8
byteorder=12345678
doublekind=3
d_longlong=define
longlongsize=8
d_longdbl=define
longdblsize=16
longdblkind=3
ivtype='long'
ivsize=8
nvtype='double'
nvsize=8
Off_t='off_t'
lseeksize=8
alignbytes=8
prototype=define
Linker and Libraries:
ld='cc'
ldflags =' -fstack-protector-strong -L/usr/local/lib'
libpth=/usr/local/lib /usr/lib/x86_64-linux-gnu /usr/lib /usr/lib64
libs=-lpthread -lnsl -ldl -lm -lcrypt -lutil -lc
perllibs=-lpthread -lnsl -ldl -lm -lcrypt -lutil -lc
libc=/lib/x86_64-linux-gnu/libc.so.6
so=so
useshrplib=false
libperl=libperl.a
gnulibc_version='2.35'
Dynamic Linking:
dlsrc=dl_dlopen.xs
dlext=so
d_dlsymun=undef
ccdlflags='-Wl,-E'
cccdlflags='-fPIC'
lddlflags='-shared -O2 -g -L/usr/local/lib -fstack-protector-strong'
Characteristics of this binary (from libperl):
Compile-time options:
HAS_LONG_DOUBLE
HAS_STRTOLD
HAS_TIMES
PERLIO_LAYERS
PERL_COPY_ON_WRITE
PERL_DONT_CREATE_GVSV
PERL_HASH_FUNC_SIPHASH13
PERL_HASH_USE_SBOX32
PERL_MALLOC_WRAP
PERL_OP_PARENT
PERL_PRESERVE_IVUV
PERL_USE_DEVEL
PERL_USE_SAFE_PUTENV
USE_64_BIT_ALL
USE_64_BIT_INT
USE_LARGE_FILES
USE_LOCALE
USE_LOCALE_COLLATE
USE_LOCALE_CTYPE
USE_LOCALE_NUMERIC
USE_LOCALE_TIME
USE_PERLIO
USE_PERL_ATOF
Built under linux
Compiled at Dec 31 2023 09:56:34
%ENV:
PERL="/tmp/basesmoker-reloperl-0IQx/bin/perl"
PERL5LIB="/tmp/loop_over_bdir-2794-EWvrxu/perl-Hardware-UPS-Perl-0.43-0/blib/arch:/tmp/loop_over_bdir-2794-EWvrxu/perl-Hardware-UPS-Perl-0.43-0/blib/lib"
PERL5OPT=""
PERL5_CPANPLUS_IS_RUNNING="2802"
PERL5_CPAN_IS_RUNNING="2802"
PERL_CANARY_STABILITY_NOPROMPT="1"
PERL_MM_USE_DEFAULT="1"
PERL_USE_UNSAFE_INC="1"
@INC:
/tmp/loop_over_bdir-2794-EWvrxu/perl-Hardware-UPS-Perl-0.43-0/blib/arch
/tmp/loop_over_bdir-2794-EWvrxu/perl-Hardware-UPS-Perl-0.43-0/blib/lib
/home/sand/src/perl/repoperls/installed-perls/host/k93jammy/v5.39.6/6567/lib/site_perl/5.39.6/x86_64-linux
/home/sand/src/perl/repoperls/installed-perls/host/k93jammy/v5.39.6/6567/lib/site_perl/5.39.6
/home/sand/src/perl/repoperls/installed-perls/host/k93jammy/v5.39.6/6567/lib/5.39.6/x86_64-linux
/home/sand/src/perl/repoperls/installed-perls/host/k93jammy/v5.39.6/6567/lib/5.39.6
.