Back
From: metabase:user:320bfe00-2aae-11df-837a-5e0a49663a4f
Subject: FAIL Net-Autoconfig-v1.13.2 v5.15.7 GNU/Linux
Date: 2012-02-23T02:01:41Z
This distribution has been tested as part of the CPAN Testers
project, supporting the Perl programming language. See
http://wiki.cpantesters.org/ for more information or email
questions to cpan-testers-discuss@perl.org
--
Dear Kevin Ehlers,
This is a computer-generated report for Net-Autoconfig-v1.13.2
on perl 5.15.7, created by CPAN-Reporter-1.2004.
Thank you for uploading your work to CPAN. However, there was a problem
testing your distribution.
If you think this report is invalid, please consult the CPAN Testers Wiki
for suggestions on how to avoid getting FAIL reports for missing library
or binary dependencies, unsupported operating systems, and so on:
http://wiki.cpantesters.org/wiki/CPANAuthorNotes
Sections of this report:
* Tester comments
* Program output
* Prerequisites
* Environment and other context
------------------------------
TESTER COMMENTS
------------------------------
Additional comments from tester:
this report is from an automated smoke testing program
and was not reviewed by a human for accuracy
------------------------------
PROGRAM OUTPUT
------------------------------
Output from '/usr/bin/make test':
PERL_DL_NONLAZY=1 /home/sand/src/perl/repoperls/installed-perls/perl/v5.15.7-397-gb555e4b/165a/bin/perl "-MExtUtils::Command::MM" "-e" "test_harness(0, 'blib/lib', 'blib/arch')" t/*.t
Use of qw(...) as parentheses is deprecated at /tmp/loop_over_bdir-IrUnnw/Net-Autoconfig-v1.13.2-HsQ7_X/blib/lib/Net/Autoconfig/Template.pm line 138.
t/Net-Autoconfig-Device-Cisco.t ... ok
Use of qw(...) as parentheses is deprecated at /tmp/loop_over_bdir-IrUnnw/Net-Autoconfig-v1.13.2-HsQ7_X/blib/lib/Net/Autoconfig/Template.pm line 138.
t/Net-Autoconfig-Device-HP.t ...... ok
Use of qw(...) as parentheses is deprecated at /tmp/loop_over_bdir-IrUnnw/Net-Autoconfig-v1.13.2-HsQ7_X/blib/lib/Net/Autoconfig/Template.pm line 138.
t/Net-Autoconfig-Device-HP4000.t .. ok
Use of qw(...) as parentheses is deprecated at /tmp/loop_over_bdir-IrUnnw/Net-Autoconfig-v1.13.2-HsQ7_X/blib/lib/Net/Autoconfig/Template.pm line 138.
# Failed test 'A bogus host should not be reachable.'
# at t/Net-Autoconfig-Device.t line 138.
# got: '0'
# expected: '1'
# Looks like you failed 1 test of 139.
t/Net-Autoconfig-Device.t .........
Dubious, test returned 1 (wstat 256, 0x100)
Failed 1/139 subtests
Use of qw(...) as parentheses is deprecated at /tmp/loop_over_bdir-IrUnnw/Net-Autoconfig-v1.13.2-HsQ7_X/blib/lib/Net/Autoconfig/Template.pm line 138.
t/Net-Autoconfig-Template.t ....... ok
Use of qw(...) as parentheses is deprecated at /tmp/loop_over_bdir-IrUnnw/Net-Autoconfig-v1.13.2-HsQ7_X/blib/lib/Net/Autoconfig/Template.pm line 138.
t/Net-Autoconfig.t ................ ok
Test Summary Report
-------------------
t/Net-Autoconfig-Device.t (Wstat: 256 Tests: 139 Failed: 1)
Failed test: 117
Non-zero exit status: 1
Files=6, Tests=272, 33 wallclock secs ( 0.06 usr 0.01 sys + 1.22 cusr 0.15 csys = 1.44 CPU)
Result: FAIL
Failed 1/6 test programs. 1/272 subtests failed.
make: *** [test_dynamic] Error 255
------------------------------
PREREQUISITES
------------------------------
Prerequisite modules loaded:
requires:
Module Need Have
--------------------- ----- --------
Cwd 3.12 3.39_02
Data::Dumper 2.121 2.135_04
Expect 1.21 1.21
Log::Dispatch::Screen 1.17 2.29
Log::Log4perl 1.15 1.36
Net::Ping 2.31 2.38
Net::SNMP 5.002 v6.0.1
version 0.74 0.96
build_requires:
Module Need Have
--------------------- ----- --------
ExtUtils::MakeMaker 0 6.63_02
------------------------------
ENVIRONMENT AND OTHER CONTEXT
------------------------------
Environment variables:
AUTOMATED_TESTING = 1
LANG = en_US.UTF-8
LANGUAGE = en_US:en
PATH = /home/sand/bin:/usr/local/bin:/usr/bin:/bin:/usr/bin/X11:/usr/games:/usr/local/perl/bin:/usr/X11/bin:/sbin:/usr/sbin
PERL5LIB =
PERL5OPT =
PERL5_CPANPLUS_IS_RUNNING = 30271
PERL5_CPAN_IS_RUNNING = 30271
PERL_MM_USE_DEFAULT = 1
SHELL = /usr/bin/zsh
TERM = screen
Perl special variables (and OS-specific diagnostics, for MSWin32):
$^X = /home/sand/src/perl/repoperls/installed-perls/perl/v5.15.7-397-gb555e4b/165a/bin/perl
$UID/$EUID = 1005 / 1005
$GID = 1005 1005
$EGID = 1005 1005
Perl module toolchain versions installed:
Module Have
------------------- --------
CPAN 1.9800
CPAN::Meta 2.120530
Cwd 3.39_02
ExtUtils::CBuilder 0.280205
ExtUtils::Command 1.17
ExtUtils::Install 1.58
ExtUtils::MakeMaker 6.63_02
ExtUtils::Manifest 1.61
ExtUtils::ParseXS 3.16
File::Spec 3.39_01
JSON 2.53
JSON::PP 2.27200
Module::Build 0.39_01
Module::Signature 0.68
Parse::CPAN::Meta 1.4402
Test::Harness 3.23
Test::More 0.98
YAML 0.80
YAML::Syck 1.20
version 0.96
--
Summary of my perl5 (revision 5 version 15 subversion 7) configuration:
Commit id: b555e4be492521d474da86140021aa9aa24ed51b
Platform:
osname=linux, osvers=2.6.32-5-amd64, archname=x86_64-linux
uname='linux k83 2.6.32-5-amd64 #1 smp thu nov 3 03:41:26 utc 2011 x86_64 gnulinux '
config_args='-Dprefix=/home/src/perl/repoperls/installed-perls/perl/v5.15.7-397-gb555e4b/165a -Dmyhostname=k83 -Dinstallusrbinperl=n -Uversiononly -Dusedevel -des -Ui_db -Uuseithreads -Uuselongdouble -DDEBUGGING=-g'
hint=recommended, useposix=true, d_sigaction=define
useithreads=undef, usemultiplicity=undef
useperlio=define, d_sfio=undef, uselargefiles=define, usesocks=undef
use64bitint=define, use64bitall=define, uselongdouble=undef
usemymalloc=n, bincompat5005=undef
Compiler:
cc='cc', ccflags ='-fno-strict-aliasing -pipe -fstack-protector -I/usr/local/include -D_LARGEFILE_SOURCE -D_FILE_OFFSET_BITS=64',
optimize='-O2 -g',
cppflags='-fno-strict-aliasing -pipe -fstack-protector -I/usr/local/include'
ccversion='', gccversion='4.4.5', gccosandvers=''
intsize=4, longsize=8, ptrsize=8, doublesize=8, byteorder=12345678
d_longlong=define, longlongsize=8, d_longdbl=define, longdblsize=16
ivtype='long', ivsize=8, nvtype='double', nvsize=8, Off_t='off_t', lseeksize=8
alignbytes=8, prototype=define
Linker and Libraries:
ld='cc', ldflags =' -fstack-protector -L/usr/local/lib'
libpth=/usr/local/lib /lib/../lib /usr/lib/../lib /lib /usr/lib /lib64 /usr/lib64
libs=-lnsl -ldb -ldl -lm -lcrypt -lutil -lc
perllibs=-lnsl -ldl -lm -lcrypt -lutil -lc
libc=/lib/libc-2.11.3.so, so=so, useshrplib=false, libperl=libperl.a
gnulibc_version='2.11.3'
Dynamic Linking:
dlsrc=dl_dlopen.xs, dlext=so, d_dlsymun=undef, ccdlflags='-Wl,-E'
cccdlflags='-fPIC', lddlflags='-shared -O2 -g -L/usr/local/lib -fstack-protector'
Characteristics of this binary (from libperl):
Compile-time options: HAS_TIMES PERLIO_LAYERS PERL_DONT_CREATE_GVSV
PERL_MALLOC_WRAP PERL_PRESERVE_IVUV PERL_USE_DEVEL
USE_64_BIT_ALL USE_64_BIT_INT USE_LARGE_FILES
USE_LOCALE USE_LOCALE_COLLATE USE_LOCALE_CTYPE
USE_LOCALE_NUMERIC USE_PERLIO USE_PERL_ATOF
Built under linux
Compiled at Feb 15 2012 08:26:37
%ENV:
PERL5LIB=""
PERL5OPT=""
PERL5_CPANPLUS_IS_RUNNING="30271"
PERL5_CPAN_IS_RUNNING="30271"
PERL_MM_USE_DEFAULT="1"
@INC:
/home/src/perl/repoperls/installed-perls/perl/v5.15.7-397-gb555e4b/165a/lib/site_perl/5.15.7/x86_64-linux
/home/src/perl/repoperls/installed-perls/perl/v5.15.7-397-gb555e4b/165a/lib/site_perl/5.15.7
/home/src/perl/repoperls/installed-perls/perl/v5.15.7-397-gb555e4b/165a/lib/5.15.7/x86_64-linux
/home/src/perl/repoperls/installed-perls/perl/v5.15.7-397-gb555e4b/165a/lib/5.15.7
.