Report for DBD-Log-0.22

Back
From: metabase:user:5f77f54e-6c0d-1014-966e-55cac1b3e646
Subject: FAIL DBD-Log-0.22 v5.16.3 
Date: 2015-08-06T19:33:48Z

This distribution has been tested as part of the CPAN Testers
project, supporting the Perl programming language.  See
http://wiki.cpantesters.org/ for more information or email
questions to cpan-testers-discuss@perl.org


--
Dear Hartog de Mik,

This is a computer-generated report for DBD-Log-0.22
on perl 5.16.3, created by CPAN-Reporter-1.2014.

Thank you for uploading your work to CPAN.  However, there was a problem
testing your distribution.

If you think this report is invalid, please consult the CPAN Testers Wiki
for suggestions on how to avoid getting FAIL reports for missing library
or binary dependencies, unsupported operating systems, and so on:

http://wiki.cpantesters.org/wiki/CPANAuthorNotes

Sections of this report:

    * Tester comments
    * Program output
    * Prerequisites
    * Environment and other context

------------------------------
TESTER COMMENTS
------------------------------

Additional comments from tester:

none provided

------------------------------
PROGRAM OUTPUT
------------------------------

Output from 'C:\VS12\VC\bin\nmake.exe test':


Microsoft (R) Program Maintenance Utility Version 12.00.21005.1
Copyright (C) Microsoft Corporation.  All rights reserved.

	"C:\Perl\bin\perl.EXE" "-MExtUtils::Command::MM" "-MTest::Harness" "-e" "undef *Test::Harness::Switches; test_harness(0, 'blib\lib', 'blib\arch')" t\*.t
t\01_basics.t ... ok
t\02_DBD-Log.t .. ok
DBD::Mock::db set_err failed: No connection present at C:/Perl/site/lib/DBD/Mock/st.pm line 81.
DBD::Mock::st execute failed: No connection present at C:\perl\cpan\build\DBD-Log-0.22-JnSi4l\blib\lib/DBD/Log/Sth.pm line 176.

#   Failed test at t\03_errors.t line 27.
#                   'No connection present in t\03_errors.t at line 25
# '
#     doesn't match '(?^:No connection present in t/03_errors.t at line)'
# No connection present in t\03_errors.t at line 25
# DBD::Log::Sth::__ANON__() at t\03_errors.t line 25.
# Looks like you failed 1 test of 1.
t\03_errors.t ... 
Dubious, test returned 1 (wstat 256, 0x100)
Failed 1/1 subtests 

Test Summary Report
-------------------
t\03_errors.t (Wstat: 256 Tests: 1 Failed: 1)
  Failed test:  1
  Non-zero exit status: 1
Files=3, Tests=12,  0 wallclock secs ( 0.00 usr +  0.05 sys =  0.05 CPU)
Result: FAIL
Failed 1/3 test programs. 1/12 subtests failed.
NMAKE : fatal error U1077: 'C:\Perl\bin\perl.EXE' : return code '0x1'
Stop.

------------------------------
PREREQUISITES
------------------------------

Prerequisite modules loaded:

requires:

    Module               Need Have 
    -------------------- ---- -----
    Class::AccessorMaker 1    1.11 
    DBD::Mock            1    1.45 
    DBI                  1    1.634
    IO::File             1    1.16 

build_requires:

    Module               Need Have 
    -------------------- ---- -----
    ExtUtils::MakeMaker  0    7.04 


------------------------------
ENVIRONMENT AND OTHER CONTEXT
------------------------------

Environment variables:

    COMSPEC = C:\TCMD\TCC.EXE
    INCLUDE = C:\VS12\VC\INCLUDE;C:\VS12\VC\ATLMFC\INCLUDE;C:\Program Files (x86)\Windows Kits\8.1\include\shared;C:\Program Files (x86)\Windows Kits\8.1\include\um;C:\Program Files (x86)\Windows Kits\8.1\include\winrt;c:\openssl\include;C:\Program Files (x86)\Microsoft SDKs\Windows\v7.1A\Include
    LIB = C:\VS12\VC\LIB;C:\VS12\VC\ATLMFC\LIB;C:\Program Files (x86)\Windows Kits\8.1\lib\winv6.3\um\x86;c:\openssl\lib;C:\VS12\VC\atlmfc\lib;C:\Program Files (x86)\Microsoft SDKs\Windows\v7.1A\Lib;c:\tcl\lib
    NUMBER_OF_PROCESSORS = 4
    PATH = c:\utils;C:\Program Files (x86)\Graphviz2.38\bin;C:\Perl\pdk\bin;C:\Program Files\RSA SecurID Token Common;C:\ProgramData\Oracle\Java\javapath;C:\Program Files (x86)\MSBuild\12.0\Bin;C:\VS12\Common7\IDE;C:\VS12\VC\bin;C:\VS12\Common7\Tools;C:\Windows\Microsoft.NET\Framework\v4.0.30319;C:\VS12\VC\vcpackages;C:\VS12\Team Tools\Performance Tools;C:\Program Files (x86)\Windows Kits\8.1\bin\x86;C:\Program Files (x86)\Microsoft SDKs\Windows\v8.1A\bin\NETFX 4.5.1 Tools;C:\Tcl\bin;C:\Perl\pdk\bin;C:\Python;C:\Python\Scripts;C:\Program Files (x86)\ImageMagick-6.9.0-Q16;C:\TCMD;C:\Utils;C:\openssl\bin;C:\Perl\site\bin;C:\Perl\bin;C:\Program Files (x86)\Nmap;C:\Windows\idmu\common;C:\Windows\Microsoft.NET\Framework\v3.5;C:\Program Files (x86)\Microsoft SDKs\Windows\v7.0A\Bin;C:\Windows\System32\WindowsPowerShell\v1.0;C:\Apache24\bin;C:\Program Files\VanDyke Software\Clients;C:\GnuPG\pub;C:\WINDOWS;C:\WINDOWS\System32;C:\WINDOWS\System32\WBEM;C:\Users\a00772a\AppData\Roaming\Python\Scripts;C:\Program Files (x86)\Nmap
    PERL5LIB = 
    PERL5OPT = 
    PERL5_CPANPLUS_IS_RUNNING = 8768
    PERL5_CPAN_IS_RUNNING = 8768
    PROCESSOR_IDENTIFIER = Intel64 Family 6 Model 60 Stepping 3, GenuineIntel
    TEMP = C:\Users\a00772a\AppData\Local\Temp
    TERM = dumb

Perl special variables (and OS-specific diagnostics, for MSWin32):

    $^X = C:\Perl\bin\perl.EXE
    $UID/$EUID = 0 / 0
    $GID = 0
    $EGID = 0
    Win32::GetOSName = Win7
    Win32::GetOSVersion = Service Pack 1, 6, 1, 7601, 2, 1, 0, 256, 1
    Win32::FsType = NTFS
    Win32::IsAdminUser = 1

Perl module toolchain versions installed:

    Module              Have    
    ------------------- --------
    CPAN                2.10    
    CPAN::Meta          2.150005
    Cwd                 3.47    
    ExtUtils::CBuilder  0.280223
    ExtUtils::Command   1.20    
    ExtUtils::Install   2.04    
    ExtUtils::MakeMaker 7.04    
    ExtUtils::Manifest  1.70    
    ExtUtils::ParseXS   3.24    
    File::Spec          3.47    
    JSON                2.90    
    JSON::PP            2.27300 
    Module::Build       0.4214  
    Module::Signature   0.79    
    Parse::CPAN::Meta   1.4417  
    Test::Harness       3.35    
    Test::More          1.001014
    YAML                1.15    
    YAML::Syck          1.22    
    version             0.9909  


--

Summary of my perl5 (revision 5 version 16 subversion 3) configuration:
   
  Platform:
    osname=MSWin32, osvers=5.2, archname=MSWin32-x86-multi-thread
    uname=''
    config_args='undef'
    hint=recommended, useposix=true, d_sigaction=undef
    useithreads=define, usemultiplicity=define
    useperlio=define, d_sfio=undef, uselargefiles=define, usesocks=undef
    use64bitint=undef, use64bitall=undef, uselongdouble=undef
    usemymalloc=n, bincompat5005=undef
  Compiler:
    cc='cl', ccflags ='-nologo -GF -W3 -MD -Zi -DNDEBUG -O1 -DWIN32 -D_CONSOLE -DNO_STRICT -DPERL_TEXTMODE_SCRIPTS -DUSE_SITECUSTOMIZE -DPERL_IMPLICIT_CONTEXT -DPERL_IMPLICIT_SYS -DUSE_PERLIO -D_USE_32BIT_TIME_T',
    optimize='-MD -Zi -DNDEBUG -O1',
    cppflags='-DWIN32'
    ccversion='18.0.31101', gccversion='', gccosandvers=''
    intsize=4, longsize=4, ptrsize=4, doublesize=8, byteorder=1234
    d_longlong=undef, longlongsize=8, d_longdbl=define, longdblsize=8
    ivtype='long', ivsize=4, nvtype='double', nvsize=8, Off_t='__int64', lseeksize=8
    alignbytes=8, prototype=define
  Linker and Libraries:
    ld='link', ldflags ='-nologo -nodefaultlib -debug -opt:ref,icf  -libpath:"C:\Perl\lib\CORE"  -machine:x86'
    libpth=\lib
    libs=oldnames.lib kernel32.lib user32.lib gdi32.lib winspool.lib  comdlg32.lib advapi32.lib shell32.lib ole32.lib oleaut32.lib  netapi32.lib uuid.lib ws2_32.lib mpr.lib winmm.lib  version.lib odbc32.lib odbccp32.lib comctl32.lib msvcrt.lib
    perllibs=oldnames.lib kernel32.lib user32.lib gdi32.lib winspool.lib  comdlg32.lib advapi32.lib shell32.lib ole32.lib oleaut32.lib  netapi32.lib uuid.lib ws2_32.lib mpr.lib winmm.lib  version.lib odbc32.lib odbccp32.lib comctl32.lib msvcrt.lib
    libc=msvcrt.lib, so=dll, useshrplib=true, libperl=perl516.lib
    gnulibc_version=''
  Dynamic Linking:
    dlsrc=dl_win32.xs, dlext=dll, d_dlsymun=undef, ccdlflags=' '
    cccdlflags=' ', lddlflags='-dll -nologo -nodefaultlib -debug -opt:ref,icf  -libpath:"C:\Perl\lib\CORE"  -machine:x86'


Characteristics of this binary (from libperl): 
  Compile-time options: HAS_TIMES HAVE_INTERP_INTERN MULTIPLICITY
                        PERLIO_LAYERS PERL_DONT_CREATE_GVSV
                        PERL_IMPLICIT_CONTEXT PERL_IMPLICIT_SYS
                        PERL_MALLOC_WRAP PERL_PRESERVE_IVUV PL_OP_SLAB_ALLOC
                        USE_ITHREADS USE_LARGE_FILES USE_LOCALE
                        USE_LOCALE_COLLATE USE_LOCALE_CTYPE
                        USE_LOCALE_NUMERIC USE_PERLIO USE_PERL_ATOF
                        USE_SITECUSTOMIZE
  Locally applied patches:
	ActivePerl Build 1604 [298023]
  Built under MSWin32
  Compiled at Apr 14 2014 14:32:20
  %ENV:
    PERL5_CPANPLUS_IS_RUNNING="8768"
    PERL5_CPAN_IS_RUNNING="8768"
  @INC:
    C:/Perl/site/lib
    C:/Perl/lib
    .