WebService-RESTCountries v0.3 Perl 5 v5.24.0 x86_64-linux

Status
Fail
From
Slaven Rezić
Dist
WebService-RESTCountries v0.3
Platform
Perl 5 v5.24.0 x86_64-linux
Date
2022-02-18 20:28:27
ID
54483eac-90f9-11ec-9916-755f1f24ea8f
This distribution has been tested as part of the CPAN Testers
project, supporting the Perl programming language.  See
http://wiki.cpantesters.org/ for more information or email
questions to cpan-testers-discuss@perl.org


--
Dear Kian Meng, Ang,

This is a computer-generated report for WebService-RESTCountries-0.3
on perl 5.24.0, created by CPAN-Reporter-1.2018.

Thank you for uploading your work to CPAN.  However, there was a problem
testing your distribution.

If you think this report is invalid, please consult the CPAN Testers Wiki
for suggestions on how to avoid getting FAIL reports for missing library
or binary dependencies, unsupported operating systems, and so on:

http://wiki.cpantesters.org/wiki/CPANAuthorNotes

Sections of this report:

    * Tester comments
    * Program output
    * Prerequisites
    * Environment and other context

------------------------------
TESTER COMMENTS
------------------------------

Additional comments from tester:

none provided

------------------------------
PROGRAM OUTPUT
------------------------------

Output from './Build test':

t/00-compile.t ...................... ok
# Testing with Perl 5.024000, /opt/perl-5.24.0/bin/perl
#     CHI version is 0.60
#     Data::Serializer version is 0.60
#     Digest::MD5 version is 2.54
#     JSON version is 2.90
#     Module::Build::Tiny version is 0.039
#     Moo version is 2.002004
#     REST::Client version is 273
#     Role::REST::Client version is 0.18
#     Sereal version is 3.015
#     Test::DistManifest version is 1.014
#     Test::HasVersion version is 0.014
#     Test::More version is 1.302052
#     Test::Warn version is 0.30
#     Types::Standard version is 1.000005
#     namespace::clean version is 0.27
#     strictures version is 2.000003
t/000-report-versions.t ............. ok
t/00_compile.t ...................... ok
t/01_instantiation.t ................ ok
t/02_request.t ...................... ok
No serializer available for text/plain content. Trying default application/json at /opt/perl-5.24.0/lib/site_perl/5.24.0/Role/REST/Client.pm line 135.
Couldn't deserialize data with application/json at /opt/perl-5.24.0/lib/site_perl/5.24.0/Role/REST/Client/Serializer.pm line 78.
Couldn't deserialize data with application/json at /opt/perl-5.24.0/lib/site_perl/5.24.0/Role/REST/Client/Serializer.pm line 78.
Not an ARRAY reference at t/03_search_all.t line 20.
t/03_search_all.t ................... 
Dubious, test returned 2 (wstat 512, 0x200)
No subtests run 
No serializer available for text/plain content. Trying default application/json at /opt/perl-5.24.0/lib/site_perl/5.24.0/Role/REST/Client.pm line 135.
Couldn't deserialize data with application/json at /opt/perl-5.24.0/lib/site_perl/5.24.0/Role/REST/Client/Serializer.pm line 78.
Couldn't deserialize data with application/json at /opt/perl-5.24.0/lib/site_perl/5.24.0/Role/REST/Client/Serializer.pm line 78.
Not an ARRAY reference at t/04_search_by_country_name.t line 20.
t/04_search_by_country_name.t ....... 
Dubious, test returned 2 (wstat 512, 0x200)
No subtests run 
No serializer available for text/plain content. Trying default application/json at /opt/perl-5.24.0/lib/site_perl/5.24.0/Role/REST/Client.pm line 135.
Couldn't deserialize data with application/json at /opt/perl-5.24.0/lib/site_perl/5.24.0/Role/REST/Client/Serializer.pm line 78.
Couldn't deserialize data with application/json at /opt/perl-5.24.0/lib/site_perl/5.24.0/Role/REST/Client/Serializer.pm line 78.
Couldn't deserialize data with application/json at /opt/perl-5.24.0/lib/site_perl/5.24.0/Role/REST/Client/Serializer.pm line 78.
Couldn't deserialize data with application/json at /opt/perl-5.24.0/lib/site_perl/5.24.0/Role/REST/Client/Serializer.pm line 78.

#   Failed test 'expect country São Tomé and Príncipe not found'
#   at t/05_search_by_country_full_name.t line 33.
#          got: undef
#     expected: 'Sao Tome and Principe'
Couldn't deserialize data with application/json at /opt/perl-5.24.0/lib/site_perl/5.24.0/Role/REST/Client/Serializer.pm line 78.
Couldn't deserialize data with application/json at /opt/perl-5.24.0/lib/site_perl/5.24.0/Role/REST/Client/Serializer.pm line 78.

#   Failed test 'expect country Saint Vincent and the Grenadines not found'
#   at t/05_search_by_country_full_name.t line 33.
#          got: undef
#     expected: 'Saint Vincent and the Grenadines'
Couldn't deserialize data with application/json at /opt/perl-5.24.0/lib/site_perl/5.24.0/Role/REST/Client/Serializer.pm line 78.
Couldn't deserialize data with application/json at /opt/perl-5.24.0/lib/site_perl/5.24.0/Role/REST/Client/Serializer.pm line 78.

#   Failed test 'expect country Malaysia not found'
#   at t/05_search_by_country_full_name.t line 33.
#          got: undef
#     expected: 'Malaysia'
Couldn't deserialize data with application/json at /opt/perl-5.24.0/lib/site_perl/5.24.0/Role/REST/Client/Serializer.pm line 78.
Couldn't deserialize data with application/json at /opt/perl-5.24.0/lib/site_perl/5.24.0/Role/REST/Client/Serializer.pm line 78.

#   Failed test 'expect country Liechtenstein not found'
#   at t/05_search_by_country_full_name.t line 33.
#          got: undef
#     expected: 'Liechtenstein'
Couldn't deserialize data with application/json at /opt/perl-5.24.0/lib/site_perl/5.24.0/Role/REST/Client/Serializer.pm line 78.
Couldn't deserialize data with application/json at /opt/perl-5.24.0/lib/site_perl/5.24.0/Role/REST/Client/Serializer.pm line 78.

#   Failed test 'expect country Federated States of Micronesia not found'
#   at t/05_search_by_country_full_name.t line 33.
#          got: undef
#     expected: 'Micronesia (Federated States of)'
Couldn't deserialize data with application/json at /opt/perl-5.24.0/lib/site_perl/5.24.0/Role/REST/Client/Serializer.pm line 78.
Couldn't deserialize data with application/json at /opt/perl-5.24.0/lib/site_perl/5.24.0/Role/REST/Client/Serializer.pm line 78.

#   Failed test 'expect country Burkina Faso not found'
#   at t/05_search_by_country_full_name.t line 33.
#          got: undef
#     expected: 'Burkina Faso'
Couldn't deserialize data with application/json at /opt/perl-5.24.0/lib/site_perl/5.24.0/Role/REST/Client/Serializer.pm line 78.
Couldn't deserialize data with application/json at /opt/perl-5.24.0/lib/site_perl/5.24.0/Role/REST/Client/Serializer.pm line 78.

#   Failed test 'expect selected fields match'
#   at t/05_search_by_country_full_name.t line 40.
#     Structures begin differing at:
#          $got->[0] = Does not exist
#     $expected->[0] = 'capital'
# Looks like you failed 7 tests of 8.
t/05_search_by_country_full_name.t .. 
Dubious, test returned 7 (wstat 1792, 0x700)
Failed 7/8 subtests 
No serializer available for text/plain content. Trying default application/json at /opt/perl-5.24.0/lib/site_perl/5.24.0/Role/REST/Client.pm line 135.
Couldn't deserialize data with application/json at /opt/perl-5.24.0/lib/site_perl/5.24.0/Role/REST/Client/Serializer.pm line 78.
Couldn't deserialize data with application/json at /opt/perl-5.24.0/lib/site_perl/5.24.0/Role/REST/Client/Serializer.pm line 78.

#   Failed test 'expect country found by two-letters country code'
#   at t/06_search_by_country_code.t line 20.
#          got: undef
#     expected: 'Kuala Lumpur'
Couldn't deserialize data with application/json at /opt/perl-5.24.0/lib/site_perl/5.24.0/Role/REST/Client/Serializer.pm line 78.
Couldn't deserialize data with application/json at /opt/perl-5.24.0/lib/site_perl/5.24.0/Role/REST/Client/Serializer.pm line 78.

#   Failed test 'expect country found by three-letters country code'
#   at t/06_search_by_country_code.t line 23.
#          got: undef
#     expected: 'Kuala Lumpur'
Couldn't deserialize data with application/json at /opt/perl-5.24.0/lib/site_perl/5.24.0/Role/REST/Client/Serializer.pm line 78.
Couldn't deserialize data with application/json at /opt/perl-5.24.0/lib/site_perl/5.24.0/Role/REST/Client/Serializer.pm line 78.

#   Failed test 'expect selected fields match'
#   at t/06_search_by_country_code.t line 29.
#     Structures begin differing at:
#          $got->[0] = Does not exist
#     $expected->[0] = 'capital'
# Looks like you failed 3 tests of 3.
t/06_search_by_country_code.t ....... 
Dubious, test returned 3 (wstat 768, 0x300)
Failed 3/3 subtests 
No serializer available for text/plain content. Trying default application/json at /opt/perl-5.24.0/lib/site_perl/5.24.0/Role/REST/Client.pm line 135.
Couldn't deserialize data with application/json at /opt/perl-5.24.0/lib/site_perl/5.24.0/Role/REST/Client/Serializer.pm line 78.
Couldn't deserialize data with application/json at /opt/perl-5.24.0/lib/site_perl/5.24.0/Role/REST/Client/Serializer.pm line 78.
Not an ARRAY reference at /home/cpansand/.cpan/build/2022021811/WebService-RESTCountries-0.3-0/blib/lib/WebService/RESTCountries.pm line 121.
t/07_search_by_country_codes.t ...... 
Dubious, test returned 2 (wstat 512, 0x200)
No subtests run 
No serializer available for text/plain content. Trying default application/json at /opt/perl-5.24.0/lib/site_perl/5.24.0/Role/REST/Client.pm line 135.
Couldn't deserialize data with application/json at /opt/perl-5.24.0/lib/site_perl/5.24.0/Role/REST/Client/Serializer.pm line 78.
Couldn't deserialize data with application/json at /opt/perl-5.24.0/lib/site_perl/5.24.0/Role/REST/Client/Serializer.pm line 78.

#   Failed test 'expect country found by currency code'
#   at t/08_search_by_currency.t line 20.
#          got: undef
#     expected: 'Malaysia'
Couldn't deserialize data with application/json at /opt/perl-5.24.0/lib/site_perl/5.24.0/Role/REST/Client/Serializer.pm line 78.
Couldn't deserialize data with application/json at /opt/perl-5.24.0/lib/site_perl/5.24.0/Role/REST/Client/Serializer.pm line 78.

#   Failed test 'expect bad request'
#   at t/08_search_by_currency.t line 27.
#     Structures begin differing at:
#          $got->{status} = Does not exist
#     $expected->{status} = '400'
Couldn't deserialize data with application/json at /opt/perl-5.24.0/lib/site_perl/5.24.0/Role/REST/Client/Serializer.pm line 78.
Couldn't deserialize data with application/json at /opt/perl-5.24.0/lib/site_perl/5.24.0/Role/REST/Client/Serializer.pm line 78.

#   Failed test 'expect selected fields match'
#   at t/08_search_by_currency.t line 34.
#     Structures begin differing at:
#          $got->[0] = Does not exist
#     $expected->[0] = 'capital'
# Looks like you failed 3 tests of 4.
t/08_search_by_currency.t ........... 
Dubious, test returned 3 (wstat 768, 0x300)
Failed 3/4 subtests 
No serializer available for text/plain content. Trying default application/json at /opt/perl-5.24.0/lib/site_perl/5.24.0/Role/REST/Client.pm line 135.
Couldn't deserialize data with application/json at /opt/perl-5.24.0/lib/site_perl/5.24.0/Role/REST/Client/Serializer.pm line 78.
Couldn't deserialize data with application/json at /opt/perl-5.24.0/lib/site_perl/5.24.0/Role/REST/Client/Serializer.pm line 78.
Not an ARRAY reference at t/09_search_by_language_code.t line 20.
t/09_search_by_language_code.t ...... 
Dubious, test returned 2 (wstat 512, 0x200)
No subtests run 
No serializer available for text/plain content. Trying default application/json at /opt/perl-5.24.0/lib/site_perl/5.24.0/Role/REST/Client.pm line 135.
Couldn't deserialize data with application/json at /opt/perl-5.24.0/lib/site_perl/5.24.0/Role/REST/Client/Serializer.pm line 78.
Couldn't deserialize data with application/json at /opt/perl-5.24.0/lib/site_perl/5.24.0/Role/REST/Client/Serializer.pm line 78.

#   Failed test 'expect country found by full capital city name'
#   at t/10_search_by_capital_city.t line 20.
#          got: undef
#     expected: 'Malaysia'
Couldn't deserialize data with application/json at /opt/perl-5.24.0/lib/site_perl/5.24.0/Role/REST/Client/Serializer.pm line 78.
Couldn't deserialize data with application/json at /opt/perl-5.24.0/lib/site_perl/5.24.0/Role/REST/Client/Serializer.pm line 78.

#   Failed test 'expect country found by full capital city name with symbol'
#   at t/10_search_by_capital_city.t line 23.
#          got: undef
#     expected: 'Antigua and Barbuda'
Couldn't deserialize data with application/json at /opt/perl-5.24.0/lib/site_perl/5.24.0/Role/REST/Client/Serializer.pm line 78.
Couldn't deserialize data with application/json at /opt/perl-5.24.0/lib/site_perl/5.24.0/Role/REST/Client/Serializer.pm line 78.
Couldn't deserialize data with application/json at /opt/perl-5.24.0/lib/site_perl/5.24.0/Role/REST/Client/Serializer.pm line 78.
Couldn't deserialize data with application/json at /opt/perl-5.24.0/lib/site_perl/5.24.0/Role/REST/Client/Serializer.pm line 78.

#   Failed test 'expect country found by partial capital city name'
#   at t/10_search_by_capital_city.t line 29.
#          got: undef
#     expected: 'Malaysia'
Couldn't deserialize data with application/json at /opt/perl-5.24.0/lib/site_perl/5.24.0/Role/REST/Client/Serializer.pm line 78.
Couldn't deserialize data with application/json at /opt/perl-5.24.0/lib/site_perl/5.24.0/Role/REST/Client/Serializer.pm line 78.

#   Failed test 'expect selected fields match'
#   at t/10_search_by_capital_city.t line 35.
#     Structures begin differing at:
#          $got->[0] = Does not exist
#     $expected->[0] = 'capital'
# Looks like you failed 4 tests of 5.
t/10_search_by_capital_city.t ....... 
Dubious, test returned 4 (wstat 1024, 0x400)
Failed 4/5 subtests 
No serializer available for text/plain content. Trying default application/json at /opt/perl-5.24.0/lib/site_perl/5.24.0/Role/REST/Client.pm line 135.
Couldn't deserialize data with application/json at /opt/perl-5.24.0/lib/site_perl/5.24.0/Role/REST/Client/Serializer.pm line 78.
Couldn't deserialize data with application/json at /opt/perl-5.24.0/lib/site_perl/5.24.0/Role/REST/Client/Serializer.pm line 78.

#   Failed test 'expect country found by calling code'
#   at t/11_search_by_calling_code.t line 20.
#          got: undef
#     expected: 'Malaysia'
Couldn't deserialize data with application/json at /opt/perl-5.24.0/lib/site_perl/5.24.0/Role/REST/Client/Serializer.pm line 78.
Couldn't deserialize data with application/json at /opt/perl-5.24.0/lib/site_perl/5.24.0/Role/REST/Client/Serializer.pm line 78.

#   Failed test 'expect country found by calling code'
#   at t/11_search_by_calling_code.t line 23.
#          got: undef
#     expected: 'Taiwan'
Couldn't deserialize data with application/json at /opt/perl-5.24.0/lib/site_perl/5.24.0/Role/REST/Client/Serializer.pm line 78.
Couldn't deserialize data with application/json at /opt/perl-5.24.0/lib/site_perl/5.24.0/Role/REST/Client/Serializer.pm line 78.
Couldn't deserialize data with application/json at /opt/perl-5.24.0/lib/site_perl/5.24.0/Role/REST/Client/Serializer.pm line 78.
Couldn't deserialize data with application/json at /opt/perl-5.24.0/lib/site_perl/5.24.0/Role/REST/Client/Serializer.pm line 78.

#   Failed test 'expect not found'
#   at t/11_search_by_calling_code.t line 33.
#     Structures begin differing at:
#          $got->{message} = Does not exist
#     $expected->{message} = 'Not Found'
Couldn't deserialize data with application/json at /opt/perl-5.24.0/lib/site_perl/5.24.0/Role/REST/Client/Serializer.pm line 78.
Couldn't deserialize data with application/json at /opt/perl-5.24.0/lib/site_perl/5.24.0/Role/REST/Client/Serializer.pm line 78.

#   Failed test 'expect selected fields match'
#   at t/11_search_by_calling_code.t line 39.
#     Structures begin differing at:
#          $got->[0] = Does not exist
#     $expected->[0] = 'capital'
# Looks like you failed 4 tests of 5.
t/11_search_by_calling_code.t ....... 
Dubious, test returned 4 (wstat 1024, 0x400)
Failed 4/5 subtests 
No serializer available for text/plain content. Trying default application/json at /opt/perl-5.24.0/lib/site_perl/5.24.0/Role/REST/Client.pm line 135.
Couldn't deserialize data with application/json at /opt/perl-5.24.0/lib/site_perl/5.24.0/Role/REST/Client/Serializer.pm line 78.
Couldn't deserialize data with application/json at /opt/perl-5.24.0/lib/site_perl/5.24.0/Role/REST/Client/Serializer.pm line 78.
Not an ARRAY reference at t/12_search_by_region.t line 29.
t/12_search_by_region.t ............. 
Dubious, test returned 2 (wstat 512, 0x200)
No subtests run 
No serializer available for text/plain content. Trying default application/json at /opt/perl-5.24.0/lib/site_perl/5.24.0/Role/REST/Client.pm line 135.
Couldn't deserialize data with application/json at /opt/perl-5.24.0/lib/site_perl/5.24.0/Role/REST/Client/Serializer.pm line 78.
Couldn't deserialize data with application/json at /opt/perl-5.24.0/lib/site_perl/5.24.0/Role/REST/Client/Serializer.pm line 78.
Not an ARRAY reference at t/13_search_by_region_bloc.t line 37.
t/13_search_by_region_bloc.t ........ 
Dubious, test returned 2 (wstat 512, 0x200)
No subtests run 

#   Failed test 'expect API endpoint is up'
#   at t/14_ping.t line 14.
#          got: '0'
#     expected: '1'
# Looks like you failed 1 test of 2.
t/14_ping.t ......................... 
Dubious, test returned 1 (wstat 256, 0x100)
Failed 1/2 subtests 
t/15_download.t ..................... ok
t/author-eol.t ...................... skipped: these tests are for testing by the author
t/author-minimum-version.t .......... skipped: these tests are for testing by the author
t/author-pod-coverage.t ............. skipped: these tests are for testing by the author
t/author-pod-syntax.t ............... skipped: these tests are for testing by the author
t/release-dist-manifest.t ........... skipped: these tests are for release candidate testing
t/release-distmeta.t ................ skipped: these tests are for release candidate testing
t/release-has-version.t ............. skipped: these tests are for release candidate testing
t/release-kwalitee.t ................ skipped: these tests are for release candidate testing
t/release-unused-vars.t ............. skipped: these tests are for release candidate testing

Test Summary Report
-------------------
t/03_search_all.t                 (Wstat: 512 Tests: 0 Failed: 0)
  Non-zero exit status: 2
  Parse errors: No plan found in TAP output
t/04_search_by_country_name.t     (Wstat: 512 Tests: 0 Failed: 0)
  Non-zero exit status: 2
  Parse errors: No plan found in TAP output
t/05_search_by_country_full_name.t (Wstat: 1792 Tests: 8 Failed: 7)
  Failed tests:  2-8
  Non-zero exit status: 7
t/06_search_by_country_code.t     (Wstat: 768 Tests: 3 Failed: 3)
  Failed tests:  1-3
  Non-zero exit status: 3
t/07_search_by_country_codes.t    (Wstat: 512 Tests: 0 Failed: 0)
  Non-zero exit status: 2
  Parse errors: No plan found in TAP output
t/08_search_by_currency.t         (Wstat: 768 Tests: 4 Failed: 3)
  Failed tests:  1-2, 4
  Non-zero exit status: 3
t/09_search_by_language_code.t    (Wstat: 512 Tests: 0 Failed: 0)
  Non-zero exit status: 2
  Parse errors: No plan found in TAP output
t/10_search_by_capital_city.t     (Wstat: 1024 Tests: 5 Failed: 4)
  Failed tests:  1-2, 4-5
  Non-zero exit status: 4
t/11_search_by_calling_code.t     (Wstat: 1024 Tests: 5 Failed: 4)
  Failed tests:  1-2, 4-5
  Non-zero exit status: 4
t/12_search_by_region.t           (Wstat: 512 Tests: 0 Failed: 0)
  Non-zero exit status: 2
  Parse errors: No plan found in TAP output
t/13_search_by_region_bloc.t      (Wstat: 512 Tests: 0 Failed: 0)
  Non-zero exit status: 2
  Parse errors: No plan found in TAP output
t/14_ping.t                       (Wstat: 256 Tests: 2 Failed: 1)
  Failed test:  1
  Non-zero exit status: 1
Files=27, Tests=55, 3969 wallclock secs ( 0.04 usr  0.03 sys +  2.80 cusr  0.39 csys =  3.26 CPU)
Result: FAIL

------------------------------
PREREQUISITES
------------------------------

Prerequisite modules loaded:

requires:

    Module              Need     Have    
    ------------------- -------- --------
    CHI                 0        0.60    
    Data::Serializer    0        0.60    
    Digest::MD5         0        2.54    
    JSON                0        2.90    
    Moo                 0        2.002004
    namespace::clean    0        0.27    
    REST::Client        0        273     
    Role::REST::Client  0        0.18    
    Sereal              0        3.015   
    strictures          2        2.000003
    Types::Standard     0        1.000005

build_requires:

    Module              Need     Have    
    ------------------- -------- --------
    Test::DistManifest  0        1.014   
    Test::HasVersion    0        0.014   
    Test::Kwalitee      0        1.22    
    Test::More          0        1.302052
    Test::Warn          0        0.30    

configure_requires:

    Module              Need     Have    
    ------------------- -------- --------
    Module::Build::Tiny 0.034    0.039   
    perl                5.008005 5.024000


------------------------------
ENVIRONMENT AND OTHER CONTEXT
------------------------------

Environment variables:

    LANG = en_US.UTF-8
    LANGUAGE = en_US:en
    PATH = /usr/local/bin:/usr/bin:/bin:/usr/local/sbin:/usr/sbin:/sbin:/home/cpansand/bin/linux-gnu:/home/cpansand/bin/sh:/home/cpansand/bin:/usr/games:/home/cpansand/devel:/home/eserte/src/srezic-misc/scripts
    PERL5LIB = 
    PERL5OPT = 
    PERL5_CPANPLUS_IS_RUNNING = 14571
    PERL5_CPAN_IS_RUNNING = 14571
    PERL5_CPAN_IS_RUNNING_IN_RECURSION = 2893,14571
    PERLDOC = -MPod::Perldoc::ToTextOverstrike
    PERL_BATCH = yes
    PERL_CANARY_STABILITY_NOPROMPT = 1
    PERL_CPAN_REPORTER_CONFIG = /var/tmp/cpansmoker-1023/2022021808/cpanreporter_000_config.ini
    PERL_EXTUTILS_AUTOINSTALL = --defaultdeps
    PERL_USE_UNSAFE_INC = 1
    SHELL = /bin/zsh
    TERM = screen
    TMPDIR = /var/tmp/cpansmoker-1023/2022021808

Perl special variables (and OS-specific diagnostics, for MSWin32):

    $^X = /opt/perl-5.24.0/bin/perl
    $UID/$EUID = 1023 / 1023
    $GID = 1023 1023
    $EGID = 1023 1023

Perl module toolchain versions installed:

    Module              Have    
    ------------------- --------
    CPAN                2.28    
    CPAN::Meta          2.150010
    Cwd                 3.63    
    ExtUtils::CBuilder  0.280225
    ExtUtils::Command   7.24    
    ExtUtils::Install   2.04    
    ExtUtils::MakeMaker 7.24    
    ExtUtils::Manifest  1.70    
    ExtUtils::ParseXS   3.31    
    File::Spec          3.63    
    JSON                2.90    
    JSON::PP            2.27300 
    Module::Build       0.4220  
    Module::Signature   0.80    
    Parse::CPAN::Meta   2.150010
    Test::Harness       3.36    
    Test::More          1.302052
    YAML                1.17    
    YAML::Syck          1.29    
    version             0.9916  


--

Summary of my perl5 (revision 5 version 24 subversion 0) configuration:
   
  Platform:
    osname=linux, osvers=3.2.0-4-amd64, archname=x86_64-linux
    uname='linux cvrsnica-wheezy 3.2.0-4-amd64 #1 smp debian 3.2.54-2 x86_64 gnulinux '
    config_args='-ds -e -Dprefix=/opt/perl-5.24.0 -Dcf_email=srezic@cpan.org'
    hint=recommended, useposix=true, d_sigaction=define
    useithreads=undef, usemultiplicity=undef
    use64bitint=define, use64bitall=define, uselongdouble=undef
    usemymalloc=n, bincompat5005=undef
  Compiler:
    cc='cc', ccflags ='-fwrapv -fno-strict-aliasing -pipe -fstack-protector -I/usr/local/include -D_LARGEFILE_SOURCE -D_FILE_OFFSET_BITS=64 -D_FORTIFY_SOURCE=2',
    optimize='-O2',
    cppflags='-fwrapv -fno-strict-aliasing -pipe -fstack-protector -I/usr/local/include'
    ccversion='', gccversion='4.7.2', gccosandvers=''
    intsize=4, longsize=8, ptrsize=8, doublesize=8, byteorder=12345678, doublekind=3
    d_longlong=define, longlongsize=8, d_longdbl=define, longdblsize=16, longdblkind=3
    ivtype='long', ivsize=8, nvtype='double', nvsize=8, Off_t='off_t', lseeksize=8
    alignbytes=8, prototype=define
  Linker and Libraries:
    ld='cc', ldflags =' -fstack-protector -L/usr/local/lib'
    libpth=/usr/local/lib /usr/lib/gcc/x86_64-linux-gnu/4.7/include-fixed /usr/include/x86_64-linux-gnu /usr/lib /lib/x86_64-linux-gnu /lib/../lib /usr/lib/x86_64-linux-gnu /usr/lib/../lib /lib
    libs=-lpthread -lnsl -ldb -ldl -lm -lcrypt -lutil -lc
    perllibs=-lpthread -lnsl -ldl -lm -lcrypt -lutil -lc
    libc=libc-2.13.so, so=so, useshrplib=false, libperl=libperl.a
    gnulibc_version='2.13'
  Dynamic Linking:
    dlsrc=dl_dlopen.xs, dlext=so, d_dlsymun=undef, ccdlflags='-Wl,-E'
    cccdlflags='-fPIC', lddlflags='-shared -O2 -L/usr/local/lib -fstack-protector'


Characteristics of this binary (from libperl): 
  Compile-time options: HAS_TIMES PERLIO_LAYERS PERL_COPY_ON_WRITE
                        PERL_DONT_CREATE_GVSV
                        PERL_HASH_FUNC_ONE_AT_A_TIME_HARD PERL_MALLOC_WRAP
                        PERL_PRESERVE_IVUV USE_64_BIT_ALL USE_64_BIT_INT
                        USE_LARGE_FILES USE_LOCALE USE_LOCALE_COLLATE
                        USE_LOCALE_CTYPE USE_LOCALE_NUMERIC USE_LOCALE_TIME
                        USE_PERLIO USE_PERL_ATOF
  Built under linux
  Compiled at May 30 2016 08:43:25
  %ENV:
    PERL5LIB=""
    PERL5OPT=""
    PERL5_CPANPLUS_IS_RUNNING="14571"
    PERL5_CPAN_IS_RUNNING="14571"
    PERL5_CPAN_IS_RUNNING_IN_RECURSION="2893,14571"
    PERLDOC="-MPod::Perldoc::ToTextOverstrike"
    PERL_BATCH="yes"
    PERL_CANARY_STABILITY_NOPROMPT="1"
    PERL_CPAN_REPORTER_CONFIG="/var/tmp/cpansmoker-1023/2022021808/cpanreporter_000_config.ini"
    PERL_EXTUTILS_AUTOINSTALL="--defaultdeps"
    PERL_USE_UNSAFE_INC="1"
  @INC:
    /opt/perl-5.24.0/lib/site_perl/5.24.0/x86_64-linux
    /opt/perl-5.24.0/lib/site_perl/5.24.0
    /opt/perl-5.24.0/lib/5.24.0/x86_64-linux
    /opt/perl-5.24.0/lib/5.24.0
    .