Back
From: metabase:user:0d96120c-29e2-11e5-b049-ede3035d37de
Subject: FAIL Lingua-FR-Ladl-v0.0.4 v5.12.5 SunOS/Solaris
Date: 2015-07-21T01:10:52Z
This distribution has been tested as part of the CPAN Testers
project, supporting the Perl programming language. See
http://wiki.cpantesters.org/ for more information or email
questions to cpan-testers-discuss@perl.org
--
Dear Ingrid Falk,
This is a computer-generated report for Lingua-FR-Ladl-v0.0.4
on perl 5.12.5, created by CPAN-Reporter-1.2014.
Thank you for uploading your work to CPAN. However, there was a problem
testing your distribution.
If you think this report is invalid, please consult the CPAN Testers Wiki
for suggestions on how to avoid getting FAIL reports for missing library
or binary dependencies, unsupported operating systems, and so on:
http://wiki.cpantesters.org/wiki/CPANAuthorNotes
Sections of this report:
* Tester comments
* Program output
* Prerequisites
* Environment and other context
------------------------------
TESTER COMMENTS
------------------------------
Additional comments from tester:
this report is from an automated smoke testing program
and was not reviewed by a human for accuracy
------------------------------
PROGRAM OUTPUT
------------------------------
Output from './Build test':
# Failed test 'use Lingua::FR::Ladl::Table;'
# at t/00.load.t line 5.
# Tried to use 'Lingua::FR::Ladl::Table'.
# Error: Can't locate Readonly.pm in @INC (@INC contains: /export/home/jmaslak/.cpan/build/Lingua-FR-Ladl-v0.0.4-iVfhja/blib/lib /export/home/jmaslak/.cpan/build/Lingua-FR-Ladl-v0.0.4-iVfhja/blib/arch /export/home/jmaslak/sysperl/lib/perl5/i86pc-solaris-64int /export/home/jmaslak/sysperl/lib/perl5/i86pc-solaris-64int /export/home/jmaslak/sysperl/lib/perl5 /export/home/jmaslak/sysperl/lib/perl5/i86pc-solaris-64int /export/home/jmaslak/sysperl/lib/perl5 /usr/perl5/site_perl/5.12/i86pc-solaris-64int /usr/perl5/site_perl/5.12 /usr/perl5/vendor_perl/5.12/i86pc-solaris-64int /usr/perl5/vendor_perl/5.12 /usr/perl5/5.12/lib/i86pc-solaris-64int /usr/perl5/5.12/lib .) at /export/home/jmaslak/.cpan/build/Lingua-FR-Ladl-v0.0.4-iVfhja/blib/lib/Lingua/FR/Ladl/Table.pm line 11.
# BEGIN failed--compilation aborted at /export/home/jmaslak/.cpan/build/Lingua-FR-Ladl-v0.0.4-iVfhja/blib/lib/Lingua/FR/Ladl/Table.pm line 11.
# Compilation failed in require at t/00.load.t line 5.
# BEGIN failed--compilation aborted at t/00.load.t line 5.
# Failed test 'use Lingua::FR::Ladl::Parametrizer;'
# at t/00.load.t line 6.
# Tried to use 'Lingua::FR::Ladl::Parametrizer'.
# Error: Can't locate Class/Std.pm in @INC (@INC contains: /export/home/jmaslak/.cpan/build/Lingua-FR-Ladl-v0.0.4-iVfhja/blib/lib /export/home/jmaslak/.cpan/build/Lingua-FR-Ladl-v0.0.4-iVfhja/blib/arch /export/home/jmaslak/sysperl/lib/perl5/i86pc-solaris-64int /export/home/jmaslak/sysperl/lib/perl5/i86pc-solaris-64int /export/home/jmaslak/sysperl/lib/perl5 /export/home/jmaslak/sysperl/lib/perl5/i86pc-solaris-64int /export/home/jmaslak/sysperl/lib/perl5 /usr/perl5/site_perl/5.12/i86pc-solaris-64int /usr/perl5/site_perl/5.12 /usr/perl5/vendor_perl/5.12/i86pc-solaris-64int /usr/perl5/vendor_perl/5.12 /usr/perl5/5.12/lib/i86pc-solaris-64int /usr/perl5/5.12/lib .) at /export/home/jmaslak/.cpan/build/Lingua-FR-Ladl-v0.0.4-iVfhja/blib/lib/Lingua/FR/Ladl/Parametrizer.pm line 10.
# BEGIN failed--compilation aborted at /export/home/jmaslak/.cpan/build/Lingua-FR-Ladl-v0.0.4-iVfhja/blib/lib/Lingua/FR/Ladl/Parametrizer.pm line 10.
# Compilation failed in require at t/00.load.t line 6.
# BEGIN failed--compilation aborted at t/00.load.t line 6.
# Failed test 'use Lingua::FR::Ladl::Exceptions;'
# at t/00.load.t line 7.
# Tried to use 'Lingua::FR::Ladl::Exceptions'.
# Error: Can't locate Exception/Class.pm in @INC (@INC contains: /export/home/jmaslak/.cpan/build/Lingua-FR-Ladl-v0.0.4-iVfhja/blib/lib /export/home/jmaslak/.cpan/build/Lingua-FR-Ladl-v0.0.4-iVfhja/blib/arch /export/home/jmaslak/sysperl/lib/perl5/i86pc-solaris-64int /export/home/jmaslak/sysperl/lib/perl5/i86pc-solaris-64int /export/home/jmaslak/sysperl/lib/perl5 /export/home/jmaslak/sysperl/lib/perl5/i86pc-solaris-64int /export/home/jmaslak/sysperl/lib/perl5 /usr/perl5/site_perl/5.12/i86pc-solaris-64int /usr/perl5/site_perl/5.12 /usr/perl5/vendor_perl/5.12/i86pc-solaris-64int /usr/perl5/vendor_perl/5.12 /usr/perl5/5.12/lib/i86pc-solaris-64int /usr/perl5/5.12/lib .) at /export/home/jmaslak/.cpan/build/Lingua-FR-Ladl-v0.0.4-iVfhja/blib/lib/Lingua/FR/Ladl/Exceptions.pm line 9.
# BEGIN failed--compilation aborted at /export/home/jmaslak/.cpan/build/Lingua-FR-Ladl-v0.0.4-iVfhja/blib/lib/Lingua/FR/Ladl/Exceptions.pm line 15.
# Compilation failed in require at t/00.load.t line 7.
# BEGIN failed--compilation aborted at t/00.load.t line 7.
# Testing Lingua::FR::Ladl 0.0.4
# Looks like you failed 3 tests of 4.
t/00.load.t .......
Dubious, test returned 3 (wstat 768, 0x300)
Failed 3/4 subtests
Can't locate Test/Perl/Critic.pm in @INC (@INC contains: /export/home/jmaslak/.cpan/build/Lingua-FR-Ladl-v0.0.4-iVfhja/blib/lib /export/home/jmaslak/.cpan/build/Lingua-FR-Ladl-v0.0.4-iVfhja/blib/arch /export/home/jmaslak/sysperl/lib/perl5/i86pc-solaris-64int /export/home/jmaslak/sysperl/lib/perl5/i86pc-solaris-64int /export/home/jmaslak/sysperl/lib/perl5 /export/home/jmaslak/sysperl/lib/perl5/i86pc-solaris-64int /export/home/jmaslak/sysperl/lib/perl5 /usr/perl5/site_perl/5.12/i86pc-solaris-64int /usr/perl5/site_perl/5.12 /usr/perl5/vendor_perl/5.12/i86pc-solaris-64int /usr/perl5/vendor_perl/5.12 /usr/perl5/5.12/lib/i86pc-solaris-64int /usr/perl5/5.12/lib .) at t/perlcritic.t line 4.
BEGIN failed--compilation aborted at t/perlcritic.t line 4.
t/perlcritic.t ....
Dubious, test returned 2 (wstat 512, 0x200)
No subtests run
t/pod-coverage.t .. skipped: Test::Pod::Coverage 1.04 required for testing POD coverage
t/pod.t ........... skipped: Test::Pod 1.14 required for testing POD
Test Summary Report
-------------------
t/00.load.t (Wstat: 768 Tests: 4 Failed: 3)
Failed tests: 2-4
Non-zero exit status: 3
t/perlcritic.t (Wstat: 512 Tests: 0 Failed: 0)
Non-zero exit status: 2
Parse errors: No plan found in TAP output
Files=4, Tests=4, 0 wallclock secs ( 0.04 usr 0.03 sys + 0.06 cusr 0.06 csys = 0.19 CPU)
Result: FAIL
Failed 2/4 test programs. 3/4 subtests failed.
------------------------------
PREREQUISITES
------------------------------
Prerequisite modules loaded:
requires:
Module Need Have
---------- ---- --------
Test::More 0 1.001014
version 0 0.9912
------------------------------
ENVIRONMENT AND OTHER CONTEXT
------------------------------
Environment variables:
AUTOMATED_TESTING = 1
LANG = en_US.UTF-8
LC_ALL =
LC_COLLATE =
LC_CTYPE =
LC_MESSAGES =
LC_MONETARY =
LC_NUMERIC =
LC_TIME =
NONINTERACTIVE_TESTING = 1
PATH = /export/home/jmaslak/sysperl/bin:/export/home/jmaslak/perl5/perlbrew/bin:/export/home/jmaslak/perl5/perlbrew/perls/perl-5.22.0-thread-multi-ld/bin:/export/home/jmaslak/perltest/bin:/export/home/jmaslak/perltest/bin:/export/home/jmaslak/perltest/bin:/export/home/jmaslak/perltest/bin:/export/home/jmaslak/perl5/perlbrew/bin:/export/home/jmaslak/perl5/perlbrew/perls/perl-5.22.0/bin:/usr/bin:/usr/sbin:/usr/ccs/bin:/opt/solarisstudio12.4/bin
PERL5LIB = /export/home/jmaslak/sysperl/lib/perl5:
PERL5OPT =
PERL5_CPANPLUS_IS_RUNNING = 19767
PERL5_CPAN_IS_RUNNING = 19767
PERL5_CPAN_IS_RUNNING_IN_RECURSION = 2981,19767
PERLBREW_BASHRC_VERSION = 0.73
PERLBREW_HOME = /export/home/jmaslak/.perlbrew
PERLBREW_LIB =
PERLBREW_MANPATH = /export/home/jmaslak/perl5/perlbrew/perls/perl-5.22.0-thread-multi-ld/man
PERLBREW_PATH = /export/home/jmaslak/perl5/perlbrew/bin:/export/home/jmaslak/perl5/perlbrew/perls/perl-5.22.0-thread-multi-ld/bin
PERLBREW_PERL = perl-5.22.0-thread-multi-ld
PERLBREW_ROOT = /export/home/jmaslak/perl5/perlbrew
PERLBREW_VERSION = 0.73
PERL_CR_SMOKER_CURRENT = Lingua-FR-Ladl-v0.0.4
PERL_EXTUTILS_AUTOINSTALL = --defaultdeps
PERL_LOCAL_LIB_ROOT = /export/home/jmaslak/sysperl:
PERL_MB_OPT = --install_base "//export/home/jmaslak/sysperl"
PERL_MM_OPT = INSTALL_BASE=/export/home/jmaslak/sysperl
PERL_MM_USE_DEFAULT = 1
SHELL = /usr/bin/bash
TERM = screen
Perl special variables (and OS-specific diagnostics, for MSWin32):
$^X = /usr/perl5/5.12/bin/perl
$UID/$EUID = 100 / 100
$GID = 10 10
$EGID = 10 10
Perl module toolchain versions installed:
Module Have
------------------- --------
CPAN 2.10
CPAN::Meta 2.150005
Cwd 3.31
ExtUtils::CBuilder 0.27
ExtUtils::Command 1.16
ExtUtils::Install 1.55
ExtUtils::MakeMaker 7.04
ExtUtils::Manifest 1.65
ExtUtils::ParseXS 2.21
File::Spec 3.31_01
JSON 2.90
JSON::PP 2.27203
Module::Build 0.3603
Module::Signature n/a
Parse::CPAN::Meta 1.4417
Test::Harness 3.35
Test::More 1.001014
YAML 1.15
YAML::Syck n/a
version 0.9912
--
Summary of my perl5 (revision 5 version 12 subversion 5) configuration:
Platform:
osname=solaris, osvers=2.11, archname=i86pc-solaris-64int
uname='sunos localhost 5.11 i86pc i386 i86pc'
config_args='-Dprefix=/usr/perl5/5.12 -Dprivlib=/usr/perl5/5.12/lib -Dsitelib=/usr/perl5/site_perl/5.12 -Dvendorprefix=/usr/perl5/5.12 -Dvendorlib=/usr/perl5/vendor_perl/5.12 -Dlibperl=libperl.so -Duseshrplib -Dusedtrace -Duse64bitint -Dcc=cc -Doptimize=-xO4 -Dcf_email=userland-discuss@opensolaris.org -Dcf_by=perl-bugs -Dmyhostname=localhost -Dmksymlinks -O -de'
hint=recommended, useposix=true, d_sigaction=define
useithreads=undef, usemultiplicity=undef
useperlio=define, d_sfio=undef, uselargefiles=define, usesocks=undef
use64bitint=define, use64bitall=undef, uselongdouble=undef
usemymalloc=n, bincompat5005=undef
Compiler:
cc='cc', ccflags ='-DPTR_IS_LONG -I/usr/gnu/include -D_LARGEFILE_SOURCE -D_FILE_OFFSET_BITS=64 -DPERL_USE_SAFE_PUTENV',
optimize='-xO4 ',
cppflags='-DPTR_IS_LONG -I/usr/gnu/include'
ccversion='Sun C 5.10 SunOS_i386 Patch 142363-07 2010/12/09', gccversion='', gccosandvers=''
intsize=4, longsize=4, ptrsize=4, doublesize=8, byteorder=12345678
d_longlong=define, longlongsize=8, d_longdbl=define, longdblsize=12
ivtype='long long', ivsize=8, nvtype='double', nvsize=8, Off_t='off_t', lseeksize=8
alignbytes=4, prototype=define
Linker and Libraries:
ld='cc', ldflags =' -L/usr/lib -L/usr/ccs/lib -L/lib -L/usr/gnu/lib '
libpth=/usr/lib /usr/ccs/lib /lib /usr/gnu/lib
libs=-lsocket -lnsl -lgdbm -ldb -ldl -lm -lc
perllibs=-lsocket -lnsl -ldl -lm -lc
libc=/lib/libc.so, so=so, useshrplib=true, libperl=libperl.so
gnulibc_version=''
Dynamic Linking:
dlsrc=dl_dlopen.xs, dlext=so, d_dlsymun=undef, ccdlflags=' -R /usr/perl5/5.12/lib/i86pc-solaris-64int/CORE'
cccdlflags='-KPIC', lddlflags='-G -L/usr/lib -L/usr/ccs/lib -L/lib -L/usr/gnu/lib'
Characteristics of this binary (from libperl):
Compile-time options: PERL_DONT_CREATE_GVSV PERL_MALLOC_WRAP
PERL_USE_SAFE_PUTENV USE_64_BIT_INT USE_LARGE_FILES
USE_PERLIO USE_PERL_ATOF
Locally applied patches:
7111771 Problem with utility/perl
7125218 Problem with utility/perl
7030196 Problem with utility/perl
15820486 Problem with utility/perl
15880426 Problem with utility/perl
16417744 Problem with utility/perl
16427786 Problem with utility/perl
Built under solaris
Compiled at Jun 17 2014 12:36:17
%ENV:
PERL5LIB="/export/home/jmaslak/sysperl/lib/perl5:"
PERL5OPT=""
PERL5_CPANPLUS_IS_RUNNING="19767"
PERL5_CPAN_IS_RUNNING="19767"
PERL5_CPAN_IS_RUNNING_IN_RECURSION="2981,19767"
PERLBREW_BASHRC_VERSION="0.73"
PERLBREW_HOME="/export/home/jmaslak/.perlbrew"
PERLBREW_LIB=""
PERLBREW_MANPATH="/export/home/jmaslak/perl5/perlbrew/perls/perl-5.22.0-thread-multi-ld/man"
PERLBREW_PATH="/export/home/jmaslak/perl5/perlbrew/bin:/export/home/jmaslak/perl5/perlbrew/perls/perl-5.22.0-thread-multi-ld/bin"
PERLBREW_PERL="perl-5.22.0-thread-multi-ld"
PERLBREW_ROOT="/export/home/jmaslak/perl5/perlbrew"
PERLBREW_VERSION="0.73"
PERL_CR_SMOKER_CURRENT="Lingua-FR-Ladl-v0.0.4"
PERL_EXTUTILS_AUTOINSTALL="--defaultdeps"
PERL_LOCAL_LIB_ROOT="/export/home/jmaslak/sysperl:"
PERL_MB_OPT="--install_base "//export/home/jmaslak/sysperl""
PERL_MM_OPT="INSTALL_BASE=/export/home/jmaslak/sysperl"
PERL_MM_USE_DEFAULT="1"
@INC:
/export/home/jmaslak/sysperl/lib/perl5/i86pc-solaris-64int
/export/home/jmaslak/sysperl/lib/perl5
/usr/perl5/site_perl/5.12/i86pc-solaris-64int
/usr/perl5/site_perl/5.12
/usr/perl5/vendor_perl/5.12/i86pc-solaris-64int
/usr/perl5/vendor_perl/5.12
/usr/perl5/5.12/lib/i86pc-solaris-64int
/usr/perl5/5.12/lib
.