Carp-Diagnostics v0.05.3 Perl 5 v5.13.2 MSWin32-x86-multi-thread

Status
Fail
From
Serguei Trouchelle (STRO)
Dist
Carp-Diagnostics v0.05.3
Platform
Perl 5 v5.13.2 MSWin32-x86-multi-thread
Date
2010-07-08 00:38:12
ID
54e560e7-18ee-1019-95ce-cf4675923886
This distribution has been tested as part of the CPAN Testers
project, supporting the Perl programming language.  See
http://wiki.cpantesters.org/ for more information or email
questions to cpan-testers-discuss@perl.org


--
Dear Nadim Ibn Hamouda El Khemir,

This is a computer-generated report for Carp-Diagnostics-0.05.3
on perl 5.13.2, created by CPAN-Reporter-1.1711.

Thank you for uploading your work to CPAN.  However, there was a problem
testing your distribution.

If you think this report is invalid, please consult the CPAN Testers Wiki
for suggestions on how to avoid getting FAIL reports for missing library
or binary dependencies, unsupported operating systems, and so on:

http://wiki.cpantesters.org/wiki/CPANAuthorNotes

Sections of this report:

    * Tester comments
    * Program output
    * Prerequisites
    * Environment and other context

------------------------------
TESTER COMMENTS
------------------------------

Additional comments from tester:

this report is from an automated smoke testing program
and was not reviewed by a human for accuracy

------------------------------
PROGRAM OUTPUT
------------------------------

Output from 'C:\home\stro\perl\perl5132\bin\perl.exe ./Build test':

t\001_load.t ......... ok

#   Failed test 'cluck'
#   at t\004_diagnostics.t line 21.
# found carped warning: long at t\004_diagnostics.t line 20
# expected to find warning: (?-xism:long at t/004_diagnostics\.t line 20)

#   Failed test 'carp'
#   at t\004_diagnostics.t line 26.
# found carped warning: long at t\004_diagnostics.t line 25
# expected to find warning: (?-xism:long at t/004_diagnostics\.t line 25)

#   Failed test 'croak'
#   at t\004_diagnostics.t line 31.
# expecting: Regexp ((?-xism:long at t/004_diagnostics\.t line 30))
# found: Bizarre copy of ARRAY in scalar assignment at C:/home/stro/perl/perl5132/lib/Carp.pm line 95.

#   Failed test 'confess'
#   at t\004_diagnostics.t line 36.
# expecting: Regexp ((?-xism:long at t/004_diagnostics\.t line 35))
# found: long at t\004_diagnostics.t line 35
# 	Test::Exception::throws_ok('CODE(0xae8044)', 'Regexp=REGEXP(0xe18ccc)', 'carp') called at t\004_diagnostics.t line 36

#   Failed test 'short cluck'
#   at t\004_diagnostics.t line 46.
# found carped warning: short at t\004_diagnostics.t line 45
# expected to find warning: (?-xism:short at t/004_diagnostics\.t line 45)

#   Failed test 'short carp'
#   at t\004_diagnostics.t line 51.
# found carped warning: short at t\004_diagnostics.t line 50
# expected to find warning: (?-xism:short at t/004_diagnostics\.t line 50)

#   Failed test 'short croak'
#   at t\004_diagnostics.t line 56.
# expecting: Regexp ((?-xism:short at t/004_diagnostics\.t line 55))
# found: Bizarre copy of ARRAY in scalar assignment at C:/home/stro/perl/perl5132/lib/Carp.pm line 95.

#   Failed test 'short confess'
#   at t\004_diagnostics.t line 61.
# expecting: Regexp ((?-xism:short at t/004_diagnostics\.t line 60))
# found: panic: attempt to copy freed scalar e1930c to b5e804 at C:/home/stro/perl/perl5132/lib/Carp.pm line 95.

#   Failed test 'pod is converted to text'
#   at t\004_diagnostics.t line 81.
# expecting: Regexp ((?-xism:^TEST POD TO TEXT CONVERSION))
# found: Bizarre copy of HASH in scalar assignment at C:/home/stro/perl/perl5132/lib/Carp.pm line 95.

#   Failed test 'non pod is used verbatime'
#   at t\004_diagnostics.t line 93.
# expecting: Regexp ((?-xism:x=head1 TEST POD TO TEXT CONVERSION
# 
# =cut
# 
# ))
# found: Bizarre copy of HASH in scalar assignment at C:/home/stro/perl/perl5132/lib/Carp.pm line 95.
# Looks like you failed 10 tests of 11.
t\004_diagnostics.t .. 
Dubious, test returned 10 (wstat 2560, 0xa00)
Failed 10/11 subtests 

#   Failed test 'cluck'
#   at t\005_arguments.t line 21.
# found carped warning: message at t\005_arguments.t line 20
# expected to find warning: (?-xism:message at t/005_arguments\.t line 20)

#   Failed test 'carp'
#   at t\005_arguments.t line 26.
# found carped warning: message at t\005_arguments.t line 25
# expected to find warning: (?-xism:message at t/005_arguments\.t line 25)

#   Failed test 'croak'
#   at t\005_arguments.t line 31.
# expecting: Regexp ((?-xism:message at t/005_arguments\.t line 30))
# found: Bizarre copy of ARRAY in scalar assignment at C:/home/stro/perl/perl5132/lib/Carp.pm line 95.

#   Failed test 'confess'
#   at t\005_arguments.t line 36.
# expecting: Regexp ((?-xism:message at t/005_arguments\.t line 35))
# found: panic: attempt to copy freed scalar e193f4 to b5e5d4 at C:/home/stro/perl/perl5132/lib/Carp.pm line 95.

#   Failed test 'cluck'
#   at t\005_arguments.t line 46.
# found carped warning:  at t\005_arguments.t line 45
# expected to find warning: (?-xism:^ at t/005_arguments\.t line 45)

#   Failed test 'carp'
#   at t\005_arguments.t line 51.
# found carped warning:  at t\005_arguments.t line 50
# expected to find warning: (?-xism:^ at t/005_arguments\.t line 50)

#   Failed test 'croak'
#   at t\005_arguments.t line 56.
# expecting: Regexp ((?-xism:^ at t/005_arguments\.t line 55))
# found: Bizarre copy of ARRAY in scalar assignment at C:/home/stro/perl/perl5132/lib/Carp.pm line 95.

#   Failed test 'confess'
#   at t\005_arguments.t line 61.
# expecting: Regexp ((?-xism:^ at t/005_arguments\.t line 60))
# found: panic: attempt to copy freed scalar e196d4 to b5e5d4 at C:/home/stro/perl/perl5132/lib/Carp.pm line 95.

#   Failed test 'pod is converted to text for single argument'
#   at t\005_arguments.t line 78.
# expecting: Regexp ((?-xism:^TEST POD TO TEXT CONVERSION))
# found: Bizarre copy of HASH in scalar assignment at C:/home/stro/perl/perl5132/lib/Carp.pm line 95.

#   Failed test 'non pod is used verbatime'
#   at t\005_arguments.t line 93.
# expecting: Regexp ((?-xism:x=head1 TEST POD TO TEXT CONVERSION
# 
# =cut
# 
# ))
# found: Bizarre copy of HASH in scalar assignment at C:/home/stro/perl/perl5132/lib/Carp.pm line 95.
# Looks like you failed 10 tests of 11.
t\005_arguments.t .... 
Dubious, test returned 10 (wstat 2560, 0xa00)
Failed 10/11 subtests 

Test Summary Report
-------------------
t\004_diagnostics.t (Wstat: 2560 Tests: 11 Failed: 10)
  Failed tests:  1-10
  Non-zero exit status: 10
t\005_arguments.t  (Wstat: 2560 Tests: 11 Failed: 10)
  Failed tests:  1-10
  Non-zero exit status: 10
Files=3, Tests=24,  1 wallclock secs ( 0.06 usr +  0.03 sys =  0.09 CPU)
Result: FAIL
Failed 2/3 test programs. 20/24 subtests failed.

------------------------------
PREREQUISITES
------------------------------

Prerequisite modules loaded:

requires:

    Module           Need Have 
    ---------------- ---- -----
    IO::String       0    1.08 
    Pod::Text        0    3.14 
    Readonly         0    1.03 
    Sub::Exporter    0    0.982
    Test::Block      0    0.11 
    Test::Exception  0    0.29 
    Test::NoWarnings 0    1.01 
    Test::Warn       0    0.21 
    Win32::Console   0    0.09 


------------------------------
ENVIRONMENT AND OTHER CONTEXT
------------------------------

Environment variables:

    ACTIVEPERL_CONFIG_SILENT = 1
    AUTOMATED_TESTING = 1
    COMSPEC = C:\WINDOWS\system32\cmd.exe
    NUMBER_OF_PROCESSORS = 2
    PATH = C:\bin\apps\far\;C:\bin\dev\python\;C:\bin\dev\svn;C:\Program Files\Common Files\Microsoft Shared\Windows Live;C:\bin\dev\perl\site\bin;C:\bin\dev\perl\bin;C:\WINDOWS\system32;C:\WINDOWS;C:\WINDOWS\System32\Wbem;C:\WINDOWS\system32\WindowsPowerShell\v1.0;C:\bin\arc;C:\bin\dev\TortoiseSVN\bin;C:\bin\dev\Mercurial;C:\bin\dev\TortoiseHg;c:\bin\sys\gnuwin32\bin;C:\bin\dev\oracle\instantclient_11_1;C:\Program Files\MySQL\MySQL Server 5.1\bin;C:\Program Files\Common Files\Microsoft Shared\Windows Live
    PERL5LIB = 
    PERL5OPT = 
    PERL5_CPANPLUS_IS_RUNNING = 5488
    PERL5_CPAN_IS_RUNNING = 5488
    PERL5_CPAN_IS_RUNNING_IN_RECURSION = 4872,5488
    PERL_CR_SMOKER_CURRENT = List-Tuples-0.04.4
    PERL_EXTUTILS_AUTOINSTALL = --defaultdeps
    PERL_MM_USE_DEFAULT = 1
    PROCESSOR_IDENTIFIER = x86 Family 6 Model 15 Stepping 11, GenuineIntel
    TEMP = C:\WINDOWS\Temp

Perl special variables (and OS-specific diagnostics, for MSWin32):

    $^X = C:\home\stro\perl\perl5132\bin\perl.exe
    $UID/$EUID = 0 / 0
    $GID = 0
    $EGID = 0
    Win32::GetOSName = WinXP/.Net
    Win32::GetOSVersion = Service Pack 3, 5, 1, 2600, 2, 3, 0, 256, 1
    Win32::FsType = NTFS
    Win32::IsAdminUser = 1

Perl module toolchain versions installed:

    Module              Have  
    ------------------- ------
    CPAN                1.9304
    Cwd                 3.31  
    ExtUtils::CBuilder  0.2703
    ExtUtils::Command   1.16  
    ExtUtils::Install   1.54  
    ExtUtils::MakeMaker 6.56  
    ExtUtils::Manifest  1.58  
    ExtUtils::ParseXS   2.2206
    File::Spec          3.31  
    Module::Build       0.3607
    Module::Signature   n/a   
    Test::Harness       3.21  
    Test::More          0.94  
    YAML                0.71  
    YAML::Syck          1.10  
    version             0.82  


--

Summary of my perl5 (revision 5 version 13 subversion 2) configuration:
   
  Platform:
    osname=MSWin32, osvers=5.1, archname=MSWin32-x86-multi-thread
    uname=''
    config_args='undef'
    hint=recommended, useposix=true, d_sigaction=undef
    useithreads=define, usemultiplicity=define
    useperlio=define, d_sfio=undef, uselargefiles=define, usesocks=undef
    use64bitint=undef, use64bitall=undef, uselongdouble=undef
    usemymalloc=n, bincompat5005=undef
  Compiler:
    cc='gcc', ccflags =' -s -O2 -DWIN32 -DHAVE_DES_FCRYPT  -DPERL_IMPLICIT_CONTEXT -DPERL_IMPLICIT_SYS -fno-strict-aliasing -mms-bitfields -DPERL_MSVCRT_READFIX',
    optimize='-s -O2',
    cppflags='-DWIN32'
    ccversion='', gccversion='3.4.5', gccosandvers=''
    intsize=4, longsize=4, ptrsize=4, doublesize=8, byteorder=1234
    d_longlong=undef, longlongsize=8, d_longdbl=define, longdblsize=12
    ivtype='long', ivsize=4, nvtype='double', nvsize=8, Off_t='long long', lseeksize=8
    alignbytes=8, prototype=define
  Linker and Libraries:
    ld='g++', ldflags ='-s -L"c:\home\stro\perl\perl5132\lib\CORE" -L"C:\MinGW\lib"'
    libpth=C:\MinGW\lib
    libs=-lmoldname -lkernel32 -luser32 -lgdi32 -lwinspool -lcomdlg32 -ladvapi32 -lshell32 -lole32 -loleaut32 -lnetapi32 -luuid -lws2_32 -lmpr -lwinmm -lversion -lodbc32 -lodbccp32 -lcomctl32
    perllibs=-lmoldname -lkernel32 -luser32 -lgdi32 -lwinspool -lcomdlg32 -ladvapi32 -lshell32 -lole32 -loleaut32 -lnetapi32 -luuid -lws2_32 -lmpr -lwinmm -lversion -lodbc32 -lodbccp32 -lcomctl32
    libc=, so=dll, useshrplib=true, libperl=libperl513.a
    gnulibc_version=''
  Dynamic Linking:
    dlsrc=dl_win32.xs, dlext=dll, d_dlsymun=undef, ccdlflags=' '
    cccdlflags=' ', lddlflags='-mdll -s -L"c:\home\stro\perl\perl5132\lib\CORE" -L"C:\MinGW\lib"'


Characteristics of this binary (from libperl): 
  Compile-time options: MULTIPLICITY PERL_DONT_CREATE_GVSV
                        PERL_IMPLICIT_CONTEXT PERL_IMPLICIT_SYS
                        PERL_MALLOC_WRAP PL_OP_SLAB_ALLOC USE_ITHREADS
                        USE_LARGE_FILES USE_PERLIO USE_PERL_ATOF
  Built under MSWin32
  Compiled at Jun 23 2010 13:38:12
  %ENV:
    PERL5_CPANPLUS_IS_RUNNING="5488"
    PERL5_CPAN_IS_RUNNING="5488"
    PERL5_CPAN_IS_RUNNING_IN_RECURSION="4872,5488"
    PERL_CR_SMOKER_CURRENT="List-Tuples-0.04.4"
    PERL_EXTUTILS_AUTOINSTALL="--defaultdeps"
    PERL_MM_USE_DEFAULT="1"
  @INC:
    C:/home/stro/perl/perl5132/site/lib
    C:/home/stro/perl/perl5132/lib
    .