XML-NewsML_G2 vv0.3.2 Perl 5 v5.24.4 x86_64-linux-thread-multi

Status
Fail
From
David Cantrell (DCANTRELL)
Dist
XML-NewsML_G2 vv0.3.2
Platform
Perl 5 v5.24.4 x86_64-linux-thread-multi
Date
2019-11-08 12:00:18
ID
54ef230e-021f-11ea-ad8c-db7b052d0de1
This distribution has been tested as part of the CPAN Testers
project, supporting the Perl programming language.  See
http://wiki.cpantesters.org/ for more information or email
questions to cpan-testers-discuss@perl.org


--
Dear Christian Eder,

This is a computer-generated report for XML-NewsML_G2-v0.3.2
on perl 5.24.4, created by CPAN-Reporter-1.2018.

Thank you for uploading your work to CPAN.  However, there was a problem
testing your distribution.

If you think this report is invalid, please consult the CPAN Testers Wiki
for suggestions on how to avoid getting FAIL reports for missing library
or binary dependencies, unsupported operating systems, and so on:

http://wiki.cpantesters.org/wiki/CPANAuthorNotes

Sections of this report:

    * Tester comments
    * Program output
    * Prerequisites
    * Environment and other context

------------------------------
TESTER COMMENTS
------------------------------

Additional comments from tester:

this report is from an automated smoke testing program
and was not reviewed by a human for accuracy

------------------------------
PROGRAM OUTPUT
------------------------------

Output from './Build test':

t/00-compile.t .................. ok
# Testing XML::NewsML_G2 0.3.2
# libxml version 20910
t/00-load.t ..................... ok
# Testing with Perl 5.024004, /home/david/cpantesting/perl-5.24.4/bin/perl
#     Carp version is 1.40
#     DateTime version is 1.51
#     DateTime::Format::XSD version is 0.2
#     File::Copy version is 2.31
#     File::Find version is 1.34
#     File::Spec version is 3.6301
#     File::Spec::Functions version is 3.6301
#     File::Temp version is 0.2304
#     FindBin version is 1.51
#     List::MoreUtils version is 0.428
#     Module::Build version is 0.4229
#     Module::Runtime version is 0.016
#     Moose version is 2.2011
#     Moose::Util version is 2.2011
#     Moose::Util::TypeConstraints version is 2.2011
#     Scalar::Util version is 1.53
#     Test::EOL version is 2.00
#     Test::Exception version is 0.43
#     Test::File::Contents version is 0.23
#     Test::MockTime version is 0.17
#     Test::More version is 1.302168
#     Test::Warnings version is 0.026
#     UUID::Tiny version is 1.04
#     XML::LibXML version is 2.0201
#     namespace::autoclean version is 0.29
#     version version is 0.9916
t/000-report-versions.t ......... ok

#   Failed test 'NewsItem_Text_2.9: XML looks as expected'
#   at t/NewsML_G2_Test_Helpers.pm line 211.
# --- /tmp/IGt7UVCy4W/NewsItem_Text_2.9_1325422800.xml	Fri Nov  8 11:57:21 2019
# +++ /home/david/cpantesting/perl-5.24.4/.cpan/build/XML-NewsML_G2-v0.3.2-ZTXRSb/t/expected/NewsItem_Text_2.9.xml	Thu Nov  7 08:12:23 2019
# @@ -24,7 +24,7 @@
#      <provider qcode="nprov:apa">
#        <name>APA - Austria Presse Agentur</name>
#      </provider>
# -    <versionCreated>2012-01-01T13:00:00+00:00</versionCreated>
# +    <versionCreated>2012-01-01T14:00:00+01:00</versionCreated>
#      <embargoed>2012-03-15T12:00:00+01:00</embargoed>
#      <pubStatus qcode="stat:usable"/>
#      <generator versioninfo="0.3.2">XML::NewsML_G2</generator>

#   Failed test 'NewsItem_Text_2.12: XML looks as expected'
#   at t/NewsML_G2_Test_Helpers.pm line 211.
# --- /tmp/IGt7UVCy4W/NewsItem_Text_2.12_1325422800.xml	Fri Nov  8 11:57:21 2019
# +++ /home/david/cpantesting/perl-5.24.4/.cpan/build/XML-NewsML_G2-v0.3.2-ZTXRSb/t/expected/NewsItem_Text_2.12.xml	Thu Nov  7 08:12:23 2019
# @@ -25,7 +25,7 @@
#      <provider qcode="nprov:apa">
#        <name>APA - Austria Presse Agentur</name>
#      </provider>
# -    <versionCreated>2012-01-01T13:00:00+00:00</versionCreated>
# +    <versionCreated>2012-01-01T14:00:00+01:00</versionCreated>
#      <embargoed>2012-03-15T12:00:00+01:00</embargoed>
#      <pubStatus qcode="stat:usable"/>
#      <generator versioninfo="0.3.2">XML::NewsML_G2</generator>

#   Failed test 'NewsItem_Text_2.15: XML looks as expected'
#   at t/NewsML_G2_Test_Helpers.pm line 211.
# --- /tmp/IGt7UVCy4W/NewsItem_Text_2.15_1325422800.xml	Fri Nov  8 11:57:21 2019
# +++ /home/david/cpantesting/perl-5.24.4/.cpan/build/XML-NewsML_G2-v0.3.2-ZTXRSb/t/expected/NewsItem_Text_2.15.xml	Thu Nov  7 08:12:23 2019
# @@ -25,7 +25,7 @@
#      <provider qcode="nprov:apa">
#        <name>APA - Austria Presse Agentur</name>
#      </provider>
# -    <versionCreated>2012-01-01T13:00:00+00:00</versionCreated>
# +    <versionCreated>2012-01-01T14:00:00+01:00</versionCreated>
#      <embargoed>2012-03-15T12:00:00+01:00</embargoed>
#      <pubStatus qcode="stat:usable"/>
#      <generator versioninfo="0.3.2">XML::NewsML_G2</generator>

#   Failed test 'NewsItem_Text_2.18: XML looks as expected'
#   at t/NewsML_G2_Test_Helpers.pm line 211.
# --- /tmp/IGt7UVCy4W/NewsItem_Text_2.18_1325422800.xml	Fri Nov  8 11:57:21 2019
# +++ /home/david/cpantesting/perl-5.24.4/.cpan/build/XML-NewsML_G2-v0.3.2-ZTXRSb/t/expected/NewsItem_Text_2.18.xml	Thu Nov  7 08:12:23 2019
# @@ -26,7 +26,7 @@
#      <provider qcode="nprov:apa">
#        <name>APA - Austria Presse Agentur</name>
#      </provider>
# -    <versionCreated>2012-01-01T13:00:00+00:00</versionCreated>
# +    <versionCreated>2012-01-01T14:00:00+01:00</versionCreated>
#      <embargoed>2012-03-15T12:00:00+01:00</embargoed>
#      <pubStatus qcode="stat:usable"/>
#      <generator versioninfo="0.3.2">XML::NewsML_G2</generator>

#   Failed test 'NewsItem_Text_2.28: XML looks as expected'
#   at t/NewsML_G2_Test_Helpers.pm line 211.
# --- /tmp/IGt7UVCy4W/NewsItem_Text_2.28_1325422800.xml	Fri Nov  8 11:57:22 2019
# +++ /home/david/cpantesting/perl-5.24.4/.cpan/build/XML-NewsML_G2-v0.3.2-ZTXRSb/t/expected/NewsItem_Text_2.28.xml	Thu Nov  7 08:12:23 2019
# @@ -26,7 +26,7 @@
#      <provider qcode="nprov:apa">
#        <name>APA - Austria Presse Agentur</name>
#      </provider>
# -    <versionCreated>2012-01-01T13:00:00+00:00</versionCreated>
# +    <versionCreated>2012-01-01T14:00:00+01:00</versionCreated>
#      <embargoed>2012-03-15T12:00:00+01:00</embargoed>
#      <pubStatus qcode="stat:usable"/>
#      <generator versioninfo="0.3.2">XML::NewsML_G2</generator>

#   Failed test 'NewsItem_Picture_2.9: XML looks as expected'
#   at t/NewsML_G2_Test_Helpers.pm line 211.
# --- /tmp/IGt7UVCy4W/NewsItem_Picture_2.9_1325422800.xml	Fri Nov  8 11:57:22 2019
# +++ /home/david/cpantesting/perl-5.24.4/.cpan/build/XML-NewsML_G2-v0.3.2-ZTXRSb/t/expected/NewsItem_Picture_2.9.xml	Thu Nov  7 08:12:23 2019
# @@ -24,7 +24,7 @@
#      <provider qcode="nprov:apa">
#        <name>APA - Austria Presse Agentur</name>
#      </provider>
# -    <versionCreated>2012-01-01T13:00:00+00:00</versionCreated>
# +    <versionCreated>2012-01-01T14:00:00+01:00</versionCreated>
#      <embargoed>2012-03-15T12:00:00+01:00</embargoed>
#      <pubStatus qcode="stat:usable"/>
#      <generator versioninfo="0.3.2">XML::NewsML_G2</generator>

#   Failed test 'NewsItem_Picture_2.12: XML looks as expected'
#   at t/NewsML_G2_Test_Helpers.pm line 211.
# --- /tmp/IGt7UVCy4W/NewsItem_Picture_2.12_1325422800.xml	Fri Nov  8 11:57:22 2019
# +++ /home/david/cpantesting/perl-5.24.4/.cpan/build/XML-NewsML_G2-v0.3.2-ZTXRSb/t/expected/NewsItem_Picture_2.12.xml	Thu Nov  7 08:12:23 2019
# @@ -25,7 +25,7 @@
#      <provider qcode="nprov:apa">
#        <name>APA - Austria Presse Agentur</name>
#      </provider>
# -    <versionCreated>2012-01-01T13:00:00+00:00</versionCreated>
# +    <versionCreated>2012-01-01T14:00:00+01:00</versionCreated>
#      <embargoed>2012-03-15T12:00:00+01:00</embargoed>
#      <pubStatus qcode="stat:usable"/>
#      <generator versioninfo="0.3.2">XML::NewsML_G2</generator>

#   Failed test 'NewsItem_Picture_2.15: XML looks as expected'
#   at t/NewsML_G2_Test_Helpers.pm line 211.
# --- /tmp/IGt7UVCy4W/NewsItem_Picture_2.15_1325422800.xml	Fri Nov  8 11:57:23 2019
# +++ /home/david/cpantesting/perl-5.24.4/.cpan/build/XML-NewsML_G2-v0.3.2-ZTXRSb/t/expected/NewsItem_Picture_2.15.xml	Thu Nov  7 08:12:23 2019
# @@ -25,7 +25,7 @@
#      <provider qcode="nprov:apa">
#        <name>APA - Austria Presse Agentur</name>
#      </provider>
# -    <versionCreated>2012-01-01T13:00:00+00:00</versionCreated>
# +    <versionCreated>2012-01-01T14:00:00+01:00</versionCreated>
#      <embargoed>2012-03-15T12:00:00+01:00</embargoed>
#      <pubStatus qcode="stat:usable"/>
#      <generator versioninfo="0.3.2">XML::NewsML_G2</generator>

#   Failed test 'NewsItem_Picture_2.18: XML looks as expected'
#   at t/NewsML_G2_Test_Helpers.pm line 211.
# --- /tmp/IGt7UVCy4W/NewsItem_Picture_2.18_1325422800.xml	Fri Nov  8 11:57:23 2019
# +++ /home/david/cpantesting/perl-5.24.4/.cpan/build/XML-NewsML_G2-v0.3.2-ZTXRSb/t/expected/NewsItem_Picture_2.18.xml	Thu Nov  7 08:12:23 2019
# @@ -26,7 +26,7 @@
#      <provider qcode="nprov:apa">
#        <name>APA - Austria Presse Agentur</name>
#      </provider>
# -    <versionCreated>2012-01-01T13:00:00+00:00</versionCreated>
# +    <versionCreated>2012-01-01T14:00:00+01:00</versionCreated>
#      <embargoed>2012-03-15T12:00:00+01:00</embargoed>
#      <pubStatus qcode="stat:usable"/>
#      <generator versioninfo="0.3.2">XML::NewsML_G2</generator>

#   Failed test 'NewsItem_Picture_2.28: XML looks as expected'
#   at t/NewsML_G2_Test_Helpers.pm line 211.
# --- /tmp/IGt7UVCy4W/NewsItem_Picture_2.28_1325422800.xml	Fri Nov  8 11:57:23 2019
# +++ /home/david/cpantesting/perl-5.24.4/.cpan/build/XML-NewsML_G2-v0.3.2-ZTXRSb/t/expected/NewsItem_Picture_2.28.xml	Thu Nov  7 08:12:23 2019
# @@ -26,7 +26,7 @@
#      <provider qcode="nprov:apa">
#        <name>APA - Austria Presse Agentur</name>
#      </provider>
# -    <versionCreated>2012-01-01T13:00:00+00:00</versionCreated>
# +    <versionCreated>2012-01-01T14:00:00+01:00</versionCreated>
#      <embargoed>2012-03-15T12:00:00+01:00</embargoed>
#      <pubStatus qcode="stat:usable"/>
#      <generator versioninfo="0.3.2">XML::NewsML_G2</generator>
# Looks like you failed 10 tests of 498.
t/01-News_Item.t ................ 
Dubious, test returned 10 (wstat 2560, 0xa00)
Failed 10/498 subtests 

#   Failed test 'NewsItemAudio_2.9: XML looks as expected'
#   at t/NewsML_G2_Test_Helpers.pm line 211.
# --- /tmp/AuotcIzYEN/NewsItemAudio_2.9_1325422800.xml	Fri Nov  8 11:57:33 2019
# +++ /home/david/cpantesting/perl-5.24.4/.cpan/build/XML-NewsML_G2-v0.3.2-ZTXRSb/t/expected/NewsItemAudio_2.9.xml	Thu Nov  7 08:12:23 2019
# @@ -25,7 +25,7 @@
#      <provider qcode="nprov:apa">
#        <name>APA - Austria Presse Agentur</name>
#      </provider>
# -    <versionCreated>2012-01-01T13:00:00+00:00</versionCreated>
# +    <versionCreated>2012-01-01T14:00:00+01:00</versionCreated>
#      <embargoed>2012-03-15T12:00:00+01:00</embargoed>
#      <pubStatus qcode="stat:usable"/>
#      <generator versioninfo="0.3.2">XML::NewsML_G2</generator>

#   Failed test 'NewsItemAudio_2.12: XML looks as expected'
#   at t/NewsML_G2_Test_Helpers.pm line 211.
# --- /tmp/AuotcIzYEN/NewsItemAudio_2.12_1325422800.xml	Fri Nov  8 11:57:33 2019
# +++ /home/david/cpantesting/perl-5.24.4/.cpan/build/XML-NewsML_G2-v0.3.2-ZTXRSb/t/expected/NewsItemAudio_2.12.xml	Thu Nov  7 08:12:23 2019
# @@ -26,7 +26,7 @@
#      <provider qcode="nprov:apa">
#        <name>APA - Austria Presse Agentur</name>
#      </provider>
# -    <versionCreated>2012-01-01T13:00:00+00:00</versionCreated>
# +    <versionCreated>2012-01-01T14:00:00+01:00</versionCreated>
#      <embargoed>2012-03-15T12:00:00+01:00</embargoed>
#      <pubStatus qcode="stat:usable"/>
#      <generator versioninfo="0.3.2">XML::NewsML_G2</generator>

#   Failed test 'NewsItemAudio_2.15: XML looks as expected'
#   at t/NewsML_G2_Test_Helpers.pm line 211.
# --- /tmp/AuotcIzYEN/NewsItemAudio_2.15_1325422800.xml	Fri Nov  8 11:57:34 2019
# +++ /home/david/cpantesting/perl-5.24.4/.cpan/build/XML-NewsML_G2-v0.3.2-ZTXRSb/t/expected/NewsItemAudio_2.15.xml	Thu Nov  7 08:12:23 2019
# @@ -26,7 +26,7 @@
#      <provider qcode="nprov:apa">
#        <name>APA - Austria Presse Agentur</name>
#      </provider>
# -    <versionCreated>2012-01-01T13:00:00+00:00</versionCreated>
# +    <versionCreated>2012-01-01T14:00:00+01:00</versionCreated>
#      <embargoed>2012-03-15T12:00:00+01:00</embargoed>
#      <pubStatus qcode="stat:usable"/>
#      <generator versioninfo="0.3.2">XML::NewsML_G2</generator>

#   Failed test 'NewsItemAudio_2.18: XML looks as expected'
#   at t/NewsML_G2_Test_Helpers.pm line 211.
# --- /tmp/AuotcIzYEN/NewsItemAudio_2.18_1325422800.xml	Fri Nov  8 11:57:34 2019
# +++ /home/david/cpantesting/perl-5.24.4/.cpan/build/XML-NewsML_G2-v0.3.2-ZTXRSb/t/expected/NewsItemAudio_2.18.xml	Thu Nov  7 08:12:23 2019
# @@ -27,7 +27,7 @@
#      <provider qcode="nprov:apa">
#        <name>APA - Austria Presse Agentur</name>
#      </provider>
# -    <versionCreated>2012-01-01T13:00:00+00:00</versionCreated>
# +    <versionCreated>2012-01-01T14:00:00+01:00</versionCreated>
#      <embargoed>2012-03-15T12:00:00+01:00</embargoed>
#      <pubStatus qcode="stat:usable"/>
#      <generator versioninfo="0.3.2">XML::NewsML_G2</generator>

#   Failed test 'NewsItemAudio_2.28: XML looks as expected'
#   at t/NewsML_G2_Test_Helpers.pm line 211.
# --- /tmp/AuotcIzYEN/NewsItemAudio_2.28_1325422800.xml	Fri Nov  8 11:57:34 2019
# +++ /home/david/cpantesting/perl-5.24.4/.cpan/build/XML-NewsML_G2-v0.3.2-ZTXRSb/t/expected/NewsItemAudio_2.28.xml	Thu Nov  7 08:12:23 2019
# @@ -27,7 +27,7 @@
#      <provider qcode="nprov:apa">
#        <name>APA - Austria Presse Agentur</name>
#      </provider>
# -    <versionCreated>2012-01-01T13:00:00+00:00</versionCreated>
# +    <versionCreated>2012-01-01T14:00:00+01:00</versionCreated>
#      <embargoed>2012-03-15T12:00:00+01:00</embargoed>
#      <pubStatus qcode="stat:usable"/>
#      <generator versioninfo="0.3.2">XML::NewsML_G2</generator>
# Looks like you failed 5 tests of 87.
t/01-News_Item_Audio.t .......... 
Dubious, test returned 5 (wstat 1280, 0x500)
Failed 5/87 subtests 

#   Failed test 'NewsItemGraphicsPicture_2.12: XML looks as expected'
#   at t/NewsML_G2_Test_Helpers.pm line 211.
# --- /tmp/HYXlcqH41E/NewsItemGraphicsPicture_2.12_1325422800.xml	Fri Nov  8 11:57:44 2019
# +++ /home/david/cpantesting/perl-5.24.4/.cpan/build/XML-NewsML_G2-v0.3.2-ZTXRSb/t/expected/NewsItemGraphicsPicture_2.12.xml	Thu Nov  7 08:12:23 2019
# @@ -24,7 +24,7 @@
#      <provider qcode="nprov:apa">
#        <name>APA - Austria Presse Agentur</name>
#      </provider>
# -    <versionCreated>2012-01-01T13:00:00+00:00</versionCreated>
# +    <versionCreated>2012-01-01T14:00:00+01:00</versionCreated>
#      <embargoed>2012-03-15T12:00:00+01:00</embargoed>
#      <pubStatus qcode="stat:usable"/>
#      <generator versioninfo="0.3.2">XML::NewsML_G2</generator>

#   Failed test 'NewsItemGraphicsPicture_2.15: XML looks as expected'
#   at t/NewsML_G2_Test_Helpers.pm line 211.
# --- /tmp/HYXlcqH41E/NewsItemGraphicsPicture_2.15_1325422800.xml	Fri Nov  8 11:57:44 2019
# +++ /home/david/cpantesting/perl-5.24.4/.cpan/build/XML-NewsML_G2-v0.3.2-ZTXRSb/t/expected/NewsItemGraphicsPicture_2.15.xml	Thu Nov  7 08:12:23 2019
# @@ -24,7 +24,7 @@
#      <provider qcode="nprov:apa">
#        <name>APA - Austria Presse Agentur</name>
#      </provider>
# -    <versionCreated>2012-01-01T13:00:00+00:00</versionCreated>
# +    <versionCreated>2012-01-01T14:00:00+01:00</versionCreated>
#      <embargoed>2012-03-15T12:00:00+01:00</embargoed>
#      <pubStatus qcode="stat:usable"/>
#      <generator versioninfo="0.3.2">XML::NewsML_G2</generator>

#   Failed test 'NewsItemGraphicsPicture_2.18: XML looks as expected'
#   at t/NewsML_G2_Test_Helpers.pm line 211.
# --- /tmp/HYXlcqH41E/NewsItemGraphicsPicture_2.18_1325422800.xml	Fri Nov  8 11:57:44 2019
# +++ /home/david/cpantesting/perl-5.24.4/.cpan/build/XML-NewsML_G2-v0.3.2-ZTXRSb/t/expected/NewsItemGraphicsPicture_2.18.xml	Thu Nov  7 08:12:23 2019
# @@ -26,7 +26,7 @@
#      <provider qcode="nprov:apa">
#        <name>APA - Austria Presse Agentur</name>
#      </provider>
# -    <versionCreated>2012-01-01T13:00:00+00:00</versionCreated>
# +    <versionCreated>2012-01-01T14:00:00+01:00</versionCreated>
#      <embargoed>2012-03-15T12:00:00+01:00</embargoed>
#      <pubStatus qcode="stat:usable"/>
#      <generator versioninfo="0.3.2">XML::NewsML_G2</generator>

#   Failed test 'NewsItemGraphicsPicture_2.28: XML looks as expected'
#   at t/NewsML_G2_Test_Helpers.pm line 211.
# --- /tmp/HYXlcqH41E/NewsItemGraphicsPicture_2.28_1325422800.xml	Fri Nov  8 11:57:44 2019
# +++ /home/david/cpantesting/perl-5.24.4/.cpan/build/XML-NewsML_G2-v0.3.2-ZTXRSb/t/expected/NewsItemGraphicsPicture_2.28.xml	Thu Nov  7 08:12:23 2019
# @@ -26,7 +26,7 @@
#      <provider qcode="nprov:apa">
#        <name>APA - Austria Presse Agentur</name>
#      </provider>
# -    <versionCreated>2012-01-01T13:00:00+00:00</versionCreated>
# +    <versionCreated>2012-01-01T14:00:00+01:00</versionCreated>
#      <embargoed>2012-03-15T12:00:00+01:00</embargoed>
#      <pubStatus qcode="stat:usable"/>
#      <generator versioninfo="0.3.2">XML::NewsML_G2</generator>

#   Failed test 'NewsItemGraphicsPicture_2.9: XML looks as expected'
#   at t/NewsML_G2_Test_Helpers.pm line 211.
# --- /tmp/HYXlcqH41E/NewsItemGraphicsPicture_2.9_1325422800.xml	Fri Nov  8 11:57:45 2019
# +++ /home/david/cpantesting/perl-5.24.4/.cpan/build/XML-NewsML_G2-v0.3.2-ZTXRSb/t/expected/NewsItemGraphicsPicture_2.9.xml	Thu Nov  7 08:12:23 2019
# @@ -24,7 +24,7 @@
#      <provider qcode="nprov:apa">
#        <name>APA - Austria Presse Agentur</name>
#      </provider>
# -    <versionCreated>2012-01-01T13:00:00+00:00</versionCreated>
# +    <versionCreated>2012-01-01T14:00:00+01:00</versionCreated>
#      <embargoed>2012-03-15T12:00:00+01:00</embargoed>
#      <pubStatus qcode="stat:usable"/>
#      <generator versioninfo="0.3.2">XML::NewsML_G2</generator>

#   Failed test 'NewsItemGraphics_2.12: XML looks as expected'
#   at t/NewsML_G2_Test_Helpers.pm line 211.
# --- /tmp/HYXlcqH41E/NewsItemGraphics_2.12_1325422800.xml	Fri Nov  8 11:57:45 2019
# +++ /home/david/cpantesting/perl-5.24.4/.cpan/build/XML-NewsML_G2-v0.3.2-ZTXRSb/t/expected/NewsItemGraphics_2.12.xml	Thu Nov  7 08:12:23 2019
# @@ -24,7 +24,7 @@
#      <provider qcode="nprov:apa">
#        <name>APA - Austria Presse Agentur</name>
#      </provider>
# -    <versionCreated>2012-01-01T13:00:00+00:00</versionCreated>
# +    <versionCreated>2012-01-01T14:00:00+01:00</versionCreated>
#      <embargoed>2012-03-15T12:00:00+01:00</embargoed>
#      <pubStatus qcode="stat:usable"/>
#      <generator versioninfo="0.3.2">XML::NewsML_G2</generator>

#   Failed test 'NewsItemGraphics_2.15: XML looks as expected'
#   at t/NewsML_G2_Test_Helpers.pm line 211.
# --- /tmp/HYXlcqH41E/NewsItemGraphics_2.15_1325422800.xml	Fri Nov  8 11:57:45 2019
# +++ /home/david/cpantesting/perl-5.24.4/.cpan/build/XML-NewsML_G2-v0.3.2-ZTXRSb/t/expected/NewsItemGraphics_2.15.xml	Thu Nov  7 08:12:23 2019
# @@ -24,7 +24,7 @@
#      <provider qcode="nprov:apa">
#        <name>APA - Austria Presse Agentur</name>
#      </provider>
# -    <versionCreated>2012-01-01T13:00:00+00:00</versionCreated>
# +    <versionCreated>2012-01-01T14:00:00+01:00</versionCreated>
#      <embargoed>2012-03-15T12:00:00+01:00</embargoed>
#      <pubStatus qcode="stat:usable"/>
#      <generator versioninfo="0.3.2">XML::NewsML_G2</generator>

#   Failed test 'NewsItemGraphics_2.18: XML looks as expected'
#   at t/NewsML_G2_Test_Helpers.pm line 211.
# --- /tmp/HYXlcqH41E/NewsItemGraphics_2.18_1325422800.xml	Fri Nov  8 11:57:45 2019
# +++ /home/david/cpantesting/perl-5.24.4/.cpan/build/XML-NewsML_G2-v0.3.2-ZTXRSb/t/expected/NewsItemGraphics_2.18.xml	Thu Nov  7 08:12:23 2019
# @@ -26,7 +26,7 @@
#      <provider qcode="nprov:apa">
#        <name>APA - Austria Presse Agentur</name>
#      </provider>
# -    <versionCreated>2012-01-01T13:00:00+00:00</versionCreated>
# +    <versionCreated>2012-01-01T14:00:00+01:00</versionCreated>
#      <embargoed>2012-03-15T12:00:00+01:00</embargoed>
#      <pubStatus qcode="stat:usable"/>
#      <generator versioninfo="0.3.2">XML::NewsML_G2</generator>

#   Failed test 'NewsItemGraphics_2.28: XML looks as expected'
#   at t/NewsML_G2_Test_Helpers.pm line 211.
# --- /tmp/HYXlcqH41E/NewsItemGraphics_2.28_1325422800.xml	Fri Nov  8 11:57:45 2019
# +++ /home/david/cpantesting/perl-5.24.4/.cpan/build/XML-NewsML_G2-v0.3.2-ZTXRSb/t/expected/NewsItemGraphics_2.28.xml	Thu Nov  7 08:12:23 2019
# @@ -26,7 +26,7 @@
#      <provider qcode="nprov:apa">
#        <name>APA - Austria Presse Agentur</name>
#      </provider>
# -    <versionCreated>2012-01-01T13:00:00+00:00</versionCreated>
# +    <versionCreated>2012-01-01T14:00:00+01:00</versionCreated>
#      <embargoed>2012-03-15T12:00:00+01:00</embargoed>
#      <pubStatus qcode="stat:usable"/>
#      <generator versioninfo="0.3.2">XML::NewsML_G2</generator>
# Looks like you failed 9 tests of 143.
t/01-News_Item_Graphics.t ....... 
Dubious, test returned 9 (wstat 2304, 0x900)
Failed 9/143 subtests 

#   Failed test 'NewsItemPicture_2.12: XML looks as expected'
#   at t/NewsML_G2_Test_Helpers.pm line 211.
# --- /tmp/29e7zVCQF8/NewsItemPicture_2.12_1325422800.xml	Fri Nov  8 11:57:55 2019
# +++ /home/david/cpantesting/perl-5.24.4/.cpan/build/XML-NewsML_G2-v0.3.2-ZTXRSb/t/expected/NewsItemPicture_2.12.xml	Thu Nov  7 08:12:23 2019
# @@ -24,7 +24,7 @@
#      <provider qcode="nprov:apa">
#        <name>APA - Austria Presse Agentur</name>
#      </provider>
# -    <versionCreated>2012-01-01T13:00:00+00:00</versionCreated>
# +    <versionCreated>2012-01-01T14:00:00+01:00</versionCreated>
#      <embargoed>2012-03-15T12:00:00+01:00</embargoed>
#      <pubStatus qcode="stat:usable"/>
#      <generator versioninfo="0.3.2">XML::NewsML_G2</generator>

#   Failed test 'NewsItemPicture_2.15: XML looks as expected'
#   at t/NewsML_G2_Test_Helpers.pm line 211.
# --- /tmp/29e7zVCQF8/NewsItemPicture_2.15_1325422800.xml	Fri Nov  8 11:57:55 2019
# +++ /home/david/cpantesting/perl-5.24.4/.cpan/build/XML-NewsML_G2-v0.3.2-ZTXRSb/t/expected/NewsItemPicture_2.15.xml	Thu Nov  7 08:12:23 2019
# @@ -24,7 +24,7 @@
#      <provider qcode="nprov:apa">
#        <name>APA - Austria Presse Agentur</name>
#      </provider>
# -    <versionCreated>2012-01-01T13:00:00+00:00</versionCreated>
# +    <versionCreated>2012-01-01T14:00:00+01:00</versionCreated>
#      <embargoed>2012-03-15T12:00:00+01:00</embargoed>
#      <pubStatus qcode="stat:usable"/>
#      <generator versioninfo="0.3.2">XML::NewsML_G2</generator>

#   Failed test 'NewsItemPicture_2.18: XML looks as expected'
#   at t/NewsML_G2_Test_Helpers.pm line 211.
# --- /tmp/29e7zVCQF8/NewsItemPicture_2.18_1325422800.xml	Fri Nov  8 11:57:55 2019
# +++ /home/david/cpantesting/perl-5.24.4/.cpan/build/XML-NewsML_G2-v0.3.2-ZTXRSb/t/expected/NewsItemPicture_2.18.xml	Thu Nov  7 08:12:23 2019
# @@ -26,7 +26,7 @@
#      <provider qcode="nprov:apa">
#        <name>APA - Austria Presse Agentur</name>
#      </provider>
# -    <versionCreated>2012-01-01T13:00:00+00:00</versionCreated>
# +    <versionCreated>2012-01-01T14:00:00+01:00</versionCreated>
#      <embargoed>2012-03-15T12:00:00+01:00</embargoed>
#      <pubStatus qcode="stat:usable"/>
#      <generator versioninfo="0.3.2">XML::NewsML_G2</generator>

#   Failed test 'NewsItemPicture_2.28: XML looks as expected'
#   at t/NewsML_G2_Test_Helpers.pm line 211.
# --- /tmp/29e7zVCQF8/NewsItemPicture_2.28_1325422800.xml	Fri Nov  8 11:57:56 2019
# +++ /home/david/cpantesting/perl-5.24.4/.cpan/build/XML-NewsML_G2-v0.3.2-ZTXRSb/t/expected/NewsItemPicture_2.28.xml	Thu Nov  7 08:12:23 2019
# @@ -26,7 +26,7 @@
#      <provider qcode="nprov:apa">
#        <name>APA - Austria Presse Agentur</name>
#      </provider>
# -    <versionCreated>2012-01-01T13:00:00+00:00</versionCreated>
# +    <versionCreated>2012-01-01T14:00:00+01:00</versionCreated>
#      <embargoed>2012-03-15T12:00:00+01:00</embargoed>
#      <pubStatus qcode="stat:usable"/>
#      <generator versioninfo="0.3.2">XML::NewsML_G2</generator>

#   Failed test 'NewsItemPicture_2.9: XML looks as expected'
#   at t/NewsML_G2_Test_Helpers.pm line 211.
# --- /tmp/29e7zVCQF8/NewsItemPicture_2.9_1325422800.xml	Fri Nov  8 11:57:56 2019
# +++ /home/david/cpantesting/perl-5.24.4/.cpan/build/XML-NewsML_G2-v0.3.2-ZTXRSb/t/expected/NewsItemPicture_2.9.xml	Thu Nov  7 08:12:23 2019
# @@ -24,7 +24,7 @@
#      <provider qcode="nprov:apa">
#        <name>APA - Austria Presse Agentur</name>
#      </provider>
# -    <versionCreated>2012-01-01T13:00:00+00:00</versionCreated>
# +    <versionCreated>2012-01-01T14:00:00+01:00</versionCreated>
#      <embargoed>2012-03-15T12:00:00+01:00</embargoed>
#      <pubStatus qcode="stat:usable"/>
#      <generator versioninfo="0.3.2">XML::NewsML_G2</generator>
# Looks like you failed 5 tests of 110.
t/01-News_Item_Picture.t ........ 
Dubious, test returned 5 (wstat 1280, 0x500)
Failed 5/110 subtests 
t/02-Product.t .................. ok
t/03-Paragraphs.t ............... ok

#   Failed test 'minimal: XML looks as expected'
#   at t/NewsML_G2_Test_Helpers.pm line 211.
# --- /tmp/TX8ivb8ZF3/minimal_1325422800.xml	Fri Nov  8 11:58:24 2019
# +++ /home/david/cpantesting/perl-5.24.4/.cpan/build/XML-NewsML_G2-v0.3.2-ZTXRSb/t/expected/minimal.xml	Thu Nov  7 08:12:23 2019
# @@ -6,13 +6,13 @@
#      <provider qcode="nprov:apa">
#        <name>APA - Austria Presse Agentur</name>
#      </provider>
# -    <versionCreated>2012-01-01T13:00:00+00:00</versionCreated>
# +    <versionCreated>2012-01-01T14:00:00+01:00</versionCreated>
#      <pubStatus qcode="stat:usable"/>
#      <generator versioninfo="0.3.2">XML::NewsML_G2</generator>
#    </itemMeta>
#    <contentMeta>
#      <urgency>5</urgency>
# -    <contentCreated>2012-01-01T13:00:00+00:00</contentCreated>
# +    <contentCreated>2012-01-01T14:00:00+01:00</contentCreated>
#      <language tag="de"/>
#      <headline>Saisonstart im Schweizerhaus: Run aufs Krügerl im Prater</headline>
#    </contentMeta>
# Looks like you failed 1 test of 22.
t/04-minimal.t .................. 
Dubious, test returned 1 (wstat 256, 0x100)
Failed 1/22 subtests 

#   Failed test 'no_catalog: XML looks as expected'
#   at t/NewsML_G2_Test_Helpers.pm line 211.
# --- /tmp/dyHVy_CqSs/no_catalog_1325422800.xml	Fri Nov  8 11:58:34 2019
# +++ /home/david/cpantesting/perl-5.24.4/.cpan/build/XML-NewsML_G2-v0.3.2-ZTXRSb/t/expected/no_catalog.xml	Thu Nov  7 08:12:23 2019
# @@ -14,7 +14,7 @@
#      <provider qcode="nprov:apa">
#        <name>APA - Austria Presse Agentur</name>
#      </provider>
# -    <versionCreated>2012-01-01T13:00:00+00:00</versionCreated>
# +    <versionCreated>2012-01-01T14:00:00+01:00</versionCreated>
#      <embargoed>2012-03-15T12:00:00+01:00</embargoed>
#      <pubStatus qcode="stat:usable"/>
#      <generator versioninfo="0.3.2">XML::NewsML_G2</generator>
# Looks like you failed 1 test of 44.
t/05-no-catalog.t ............... 
Dubious, test returned 1 (wstat 256, 0x100)
Failed 1/44 subtests 

#   Failed test 'schema_catalog_none: XML looks as expected'
#   at t/NewsML_G2_Test_Helpers.pm line 211.
# --- /tmp/5C4YA7ZB7A/schema_catalog_none_1325422800.xml	Fri Nov  8 11:58:45 2019
# +++ /home/david/cpantesting/perl-5.24.4/.cpan/build/XML-NewsML_G2-v0.3.2-ZTXRSb/t/expected/schema_catalog_none.xml	Thu Nov  7 08:12:23 2019
# @@ -6,13 +6,13 @@
#      <provider qcode="nprov:apa">
#        <name>APA - Austria Presse Agentur</name>
#      </provider>
# -    <versionCreated>2012-01-01T13:00:00+00:00</versionCreated>
# +    <versionCreated>2012-01-01T14:00:00+01:00</versionCreated>
#      <pubStatus qcode="stat:usable"/>
#      <generator versioninfo="0.3.2">XML::NewsML_G2</generator>
#    </itemMeta>
#    <contentMeta>
#      <urgency>5</urgency>
# -    <contentCreated>2012-01-01T13:00:00+00:00</contentCreated>
# +    <contentCreated>2012-01-01T14:00:00+01:00</contentCreated>
#      <language tag="de"/>
#      <!--organisations-->
#      <subject type="cpnat:organisation" literal="org#gogl">

#   Failed test 'schema_catalog_cv: XML looks as expected'
#   at t/NewsML_G2_Test_Helpers.pm line 211.
# --- /tmp/5C4YA7ZB7A/schema_catalog_cv_1325422800.xml	Fri Nov  8 11:58:45 2019
# +++ /home/david/cpantesting/perl-5.24.4/.cpan/build/XML-NewsML_G2-v0.3.2-ZTXRSb/t/expected/schema_catalog_cv.xml	Thu Nov  7 08:12:23 2019
# @@ -9,13 +9,13 @@
#      <provider qcode="nprov:apa">
#        <name>APA - Austria Presse Agentur</name>
#      </provider>
# -    <versionCreated>2012-01-01T13:00:00+00:00</versionCreated>
# +    <versionCreated>2012-01-01T14:00:00+01:00</versionCreated>
#      <pubStatus qcode="stat:usable"/>
#      <generator versioninfo="0.3.2">XML::NewsML_G2</generator>
#    </itemMeta>
#    <contentMeta>
#      <urgency>5</urgency>
# -    <contentCreated>2012-01-01T13:00:00+00:00</contentCreated>
# +    <contentCreated>2012-01-01T14:00:00+01:00</contentCreated>
#      <language tag="de"/>
#      <!--organisations-->
#      <subject type="cpnat:organisation" qcode="xyzorg:gogl">

#   Failed test 'schema_catalog_catalog: XML looks as expected'
#   at t/NewsML_G2_Test_Helpers.pm line 211.
# --- /tmp/5C4YA7ZB7A/schema_catalog_catalog_1325422800.xml	Fri Nov  8 11:58:45 2019
# +++ /home/david/cpantesting/perl-5.24.4/.cpan/build/XML-NewsML_G2-v0.3.2-ZTXRSb/t/expected/schema_catalog_catalog.xml	Thu Nov  7 08:12:23 2019
# @@ -7,13 +7,13 @@
#      <provider qcode="nprov:apa">
#        <name>APA - Austria Presse Agentur</name>
#      </provider>
# -    <versionCreated>2012-01-01T13:00:00+00:00</versionCreated>
# +    <versionCreated>2012-01-01T14:00:00+01:00</versionCreated>
#      <pubStatus qcode="stat:usable"/>
#      <generator versioninfo="0.3.2">XML::NewsML_G2</generator>
#    </itemMeta>
#    <contentMeta>
#      <urgency>5</urgency>
# -    <contentCreated>2012-01-01T13:00:00+00:00</contentCreated>
# +    <contentCreated>2012-01-01T14:00:00+01:00</contentCreated>
#      <language tag="de"/>
#      <!--organisations-->
#      <subject type="cpnat:organisation" qcode="xyzorg:gogl">
# Looks like you failed 3 tests of 43.
t/06-add-schema-catalog.t ....... 
Dubious, test returned 3 (wstat 768, 0x300)
Failed 3/43 subtests 

#   Failed test 'PackageItem: XML looks as expected'
#   at t/NewsML_G2_Test_Helpers.pm line 211.
# --- /tmp/rFHaE1ypJP/PackageItem_1325422800.xml	Fri Nov  8 11:58:56 2019
# +++ /home/david/cpantesting/perl-5.24.4/.cpan/build/XML-NewsML_G2-v0.3.2-ZTXRSb/t/expected/PackageItem.xml	Thu Nov  7 08:12:23 2019
# @@ -10,7 +10,7 @@
#      <provider qcode="nprov:apa">
#        <name>APA - Austria Presse Agentur</name>
#      </provider>
# -    <versionCreated>2012-01-01T13:00:00+00:00</versionCreated>
# +    <versionCreated>2012-01-01T14:00:00+01:00</versionCreated>
#      <pubStatus qcode="stat:usable"/>
#      <generator versioninfo="0.3.2">XML::NewsML_G2</generator>
#    </itemMeta>

#   Failed test 'PackageItemSlideshow: XML looks as expected'
#   at t/NewsML_G2_Test_Helpers.pm line 211.
# --- /tmp/rFHaE1ypJP/PackageItemSlideshow_1325422800.xml	Fri Nov  8 11:58:57 2019
# +++ /home/david/cpantesting/perl-5.24.4/.cpan/build/XML-NewsML_G2-v0.3.2-ZTXRSb/t/expected/PackageItemSlideshow.xml	Thu Nov  7 08:12:23 2019
# @@ -10,7 +10,7 @@
#      <provider qcode="nprov:apa">
#        <name>APA - Austria Presse Agentur</name>
#      </provider>
# -    <versionCreated>2012-01-01T13:00:00+00:00</versionCreated>
# +    <versionCreated>2012-01-01T14:00:00+01:00</versionCreated>
#      <pubStatus qcode="stat:usable"/>
#      <generator versioninfo="0.3.2">XML::NewsML_G2</generator>
#      <title>Slideshow of the day</title>
# Looks like you failed 2 tests of 310.
t/07-Package_Item.t ............. 
Dubious, test returned 2 (wstat 512, 0x200)
Failed 2/310 subtests 

#   Failed test 'all_schemes_in_catalogs: XML looks as expected'
#   at t/NewsML_G2_Test_Helpers.pm line 211.
# --- /tmp/OAv204Vy5l/all_schemes_in_catalogs_1325422800.xml	Fri Nov  8 11:59:07 2019
# +++ /home/david/cpantesting/perl-5.24.4/.cpan/build/XML-NewsML_G2-v0.3.2-ZTXRSb/t/expected/all_schemes_in_catalogs.xml	Thu Nov  7 08:12:23 2019
# @@ -15,7 +15,7 @@
#      <provider qcode="nprov:apa">
#        <name>APA - Austria Presse Agentur</name>
#      </provider>
# -    <versionCreated>2012-01-01T13:00:00+00:00</versionCreated>
# +    <versionCreated>2012-01-01T14:00:00+01:00</versionCreated>
#      <embargoed>2012-03-15T12:00:00+01:00</embargoed>
#      <pubStatus qcode="stat:usable"/>
#      <generator versioninfo="0.3.2">XML::NewsML_G2</generator>
# Looks like you failed 1 test of 46.
t/08-all-schemes-in-catalogs.t .. 
Dubious, test returned 1 (wstat 256, 0x100)
Failed 1/46 subtests 

#   Failed test 'NewsItemVideo_2.9: XML looks as expected'
#   at t/NewsML_G2_Test_Helpers.pm line 211.
# --- /tmp/G1I4QXT3kE/NewsItemVideo_2.9_1325422800.xml	Fri Nov  8 11:59:17 2019
# +++ /home/david/cpantesting/perl-5.24.4/.cpan/build/XML-NewsML_G2-v0.3.2-ZTXRSb/t/expected/NewsItemVideo_2.9.xml	Thu Nov  7 08:12:23 2019
# @@ -25,7 +25,7 @@
#      <provider qcode="nprov:apa">
#        <name>APA - Austria Presse Agentur</name>
#      </provider>
# -    <versionCreated>2012-01-01T13:00:00+00:00</versionCreated>
# +    <versionCreated>2012-01-01T14:00:00+01:00</versionCreated>
#      <embargoed>2012-03-15T12:00:00+01:00</embargoed>
#      <pubStatus qcode="stat:usable"/>
#      <generator versioninfo="0.3.2">XML::NewsML_G2</generator>

#   Failed test 'NewsItemVideo_2.12: XML looks as expected'
#   at t/NewsML_G2_Test_Helpers.pm line 211.
# --- /tmp/G1I4QXT3kE/NewsItemVideo_2.12_1325422800.xml	Fri Nov  8 11:59:18 2019
# +++ /home/david/cpantesting/perl-5.24.4/.cpan/build/XML-NewsML_G2-v0.3.2-ZTXRSb/t/expected/NewsItemVideo_2.12.xml	Thu Nov  7 08:12:23 2019
# @@ -15,7 +15,7 @@
#      <provider qcode="nprov:apa">
#        <name>APA - Austria Presse Agentur</name>
#      </provider>
# -    <versionCreated>2012-01-01T13:00:00+00:00</versionCreated>
# +    <versionCreated>2012-01-01T14:00:00+01:00</versionCreated>
#      <embargoed>2012-03-15T12:00:00+01:00</embargoed>
#      <pubStatus qcode="stat:usable"/>
#      <generator versioninfo="0.3.2">XML::NewsML_G2</generator>

#   Failed test 'NewsItemVideo_2.15: XML looks as expected'
#   at t/NewsML_G2_Test_Helpers.pm line 211.
# --- /tmp/G1I4QXT3kE/NewsItemVideo_2.15_1325422800.xml	Fri Nov  8 11:59:18 2019
# +++ /home/david/cpantesting/perl-5.24.4/.cpan/build/XML-NewsML_G2-v0.3.2-ZTXRSb/t/expected/NewsItemVideo_2.15.xml	Thu Nov  7 08:12:23 2019
# @@ -15,7 +15,7 @@
#      <provider qcode="nprov:apa">
#        <name>APA - Austria Presse Agentur</name>
#      </provider>
# -    <versionCreated>2012-01-01T13:00:00+00:00</versionCreated>
# +    <versionCreated>2012-01-01T14:00:00+01:00</versionCreated>
#      <embargoed>2012-03-15T12:00:00+01:00</embargoed>
#      <pubStatus qcode="stat:usable"/>
#      <generator versioninfo="0.3.2">XML::NewsML_G2</generator>

#   Failed test 'NewsItemVideo_2.18: XML looks as expected'
#   at t/NewsML_G2_Test_Helpers.pm line 211.
# --- /tmp/G1I4QXT3kE/NewsItemVideo_2.18_1325422800.xml	Fri Nov  8 11:59:18 2019
# +++ /home/david/cpantesting/perl-5.24.4/.cpan/build/XML-NewsML_G2-v0.3.2-ZTXRSb/t/expected/NewsItemVideo_2.18.xml	Thu Nov  7 08:12:23 2019
# @@ -16,7 +16,7 @@
#      <provider qcode="nprov:apa">
#        <name>APA - Austria Presse Agentur</name>
#      </provider>
# -    <versionCreated>2012-01-01T13:00:00+00:00</versionCreated>
# +    <versionCreated>2012-01-01T14:00:00+01:00</versionCreated>
#      <embargoed>2012-03-15T12:00:00+01:00</embargoed>
#      <pubStatus qcode="stat:usable"/>
#      <generator versioninfo="0.3.2">XML::NewsML_G2</generator>

#   Failed test 'NewsItemVideo_2.28: XML looks as expected'
#   at t/NewsML_G2_Test_Helpers.pm line 211.
# --- /tmp/G1I4QXT3kE/NewsItemVideo_2.28_1325422800.xml	Fri Nov  8 11:59:18 2019
# +++ /home/david/cpantesting/perl-5.24.4/.cpan/build/XML-NewsML_G2-v0.3.2-ZTXRSb/t/expected/NewsItemVideo_2.28.xml	Thu Nov  7 08:12:23 2019
# @@ -16,7 +16,7 @@
#      <provider qcode="nprov:apa">
#        <name>APA - Austria Presse Agentur</name>
#      </provider>
# -    <versionCreated>2012-01-01T13:00:00+00:00</versionCreated>
# +    <versionCreated>2012-01-01T14:00:00+01:00</versionCreated>
#      <embargoed>2012-03-15T12:00:00+01:00</embargoed>
#      <pubStatus qcode="stat:usable"/>
#      <generator versioninfo="0.3.2">XML::NewsML_G2</generator>
# Looks like you failed 5 tests of 102.
t/09-News_Item_Video.t .......... 
Dubious, test returned 5 (wstat 1280, 0x500)
Failed 5/102 subtests 

#   Failed test 'NewsMessage_2.12: XML looks as expected'
#   at t/NewsML_G2_Test_Helpers.pm line 211.
# --- /tmp/Si6NAYzbZy/NewsMessage_2.12_1325422800.xml	Fri Nov  8 11:59:28 2019
# +++ /home/david/cpantesting/perl-5.24.4/.cpan/build/XML-NewsML_G2-v0.3.2-ZTXRSb/t/expected/NewsMessage_2.12.xml	Thu Nov  7 08:12:23 2019
# @@ -1,7 +1,7 @@
#  <?xml version="1.0" encoding="utf-8"?>
#  <newsMessage xmlns="http://iptc.org/std/nar/2006-10-01/">
#    <header>
# -    <sent>2012-01-01T13:00:00+00:00</sent>
# +    <sent>2012-01-01T14:00:00+01:00</sent>
#    </header>
#    <itemSet>
#      <newsItem xmlns:xsi="http://www.w3.org/2001/XMLSchema-instance" xsi:schemaLocation="http://iptc.org/std/nar/2006-10-01/" standard="NewsML-G2" standardversion="2.12" conformance="power" xml:lang="de" guid="urn:newsml:apa.at:20120315:APA0379" version="1">
# @@ -30,7 +30,7 @@
#          <provider qcode="nprov:apa">
#            <name>APA - Austria Presse Agentur</name>
#          </provider>
# -        <versionCreated>2012-01-01T13:00:00+00:00</versionCreated>
# +        <versionCreated>2012-01-01T14:00:00+01:00</versionCreated>
#          <embargoed>2012-03-15T12:00:00+01:00</embargoed>
#          <pubStatus qcode="stat:usable"/>
#          <generator versioninfo="0.3.2">XML::NewsML_G2</generator>
# @@ -183,7 +183,7 @@
#          <provider qcode="nprov:apa">
#            <name>APA - Austria Presse Agentur</name>
#          </provider>
# -        <versionCreated>2012-01-01T13:00:00+00:00</versionCreated>
# +        <versionCreated>2012-01-01T14:00:00+01:00</versionCreated>
#          <embargoed>2012-03-15T12:00:00+01:00</embargoed>
#          <pubStatus qcode="stat:usable"/>
#          <generator versioninfo="0.3.2">XML::NewsML_G2</generator>

#   Failed test 'NewsMessage_2.15: XML looks as expected'
#   at t/NewsML_G2_Test_Helpers.pm line 211.
# --- /tmp/Si6NAYzbZy/NewsMessage_2.15_1325422800.xml	Fri Nov  8 11:59:29 2019
# +++ /home/david/cpantesting/perl-5.24.4/.cpan/build/XML-NewsML_G2-v0.3.2-ZTXRSb/t/expected/NewsMessage_2.15.xml	Thu Nov  7 08:12:23 2019
# @@ -1,7 +1,7 @@
#  <?xml version="1.0" encoding="utf-8"?>
#  <newsMessage xmlns="http://iptc.org/std/nar/2006-10-01/">
#    <header>
# -    <sent>2012-01-01T13:00:00+00:00</sent>
# +    <sent>2012-01-01T14:00:00+01:00</sent>
#    </header>
#    <itemSet>
#      <newsItem xmlns:xsi="http://www.w3.org/2001/XMLSchema-instance" xsi:schemaLocation="http://iptc.org/std/nar/2006-10-01/" standard="NewsML-G2" standardversion="2.15" conformance="power" xml:lang="de" guid="urn:newsml:apa.at:20120315:APA0379" version="1">
# @@ -30,7 +30,7 @@
#          <provider qcode="nprov:apa">
#            <name>APA - Austria Presse Agentur</name>
#          </provider>
# -        <versionCreated>2012-01-01T13:00:00+00:00</versionCreated>
# +        <versionCreated>2012-01-01T14:00:00+01:00</versionCreated>
#          <embargoed>2012-03-15T12:00:00+01:00</embargoed>
#          <pubStatus qcode="stat:usable"/>
#          <generator versioninfo="0.3.2">XML::NewsML_G2</generator>
# @@ -183,7 +183,7 @@
#          <provider qcode="nprov:apa">
#            <name>APA - Austria Presse Agentur</name>
#          </provider>
# -        <versionCreated>2012-01-01T13:00:00+00:00</versionCreated>
# +        <versionCreated>2012-01-01T14:00:00+01:00</versionCreated>
#          <embargoed>2012-03-15T12:00:00+01:00</embargoed>
#          <pubStatus qcode="stat:usable"/>
#          <generator versioninfo="0.3.2">XML::NewsML_G2</generator>

#   Failed test 'NewsMessage_2.18: XML looks as expected'
#   at t/NewsML_G2_Test_Helpers.pm line 211.
# --- /tmp/Si6NAYzbZy/NewsMessage_2.18_1325422800.xml	Fri Nov  8 11:59:29 2019
# +++ /home/david/cpantesting/perl-5.24.4/.cpan/build/XML-NewsML_G2-v0.3.2-ZTXRSb/t/expected/NewsMessage_2.18.xml	Thu Nov  7 08:12:23 2019
# @@ -1,7 +1,7 @@
#  <?xml version="1.0" encoding="utf-8"?>
#  <newsMessage xmlns="http://iptc.org/std/nar/2006-10-01/">
#    <header>
# -    <sent>2012-01-01T13:00:00+00:00</sent>
# +    <sent>2012-01-01T14:00:00+01:00</sent>
#    </header>
#    <itemSet>
#      <newsItem xmlns:xsi="http://www.w3.org/2001/XMLSchema-instance" xsi:schemaLocation="http://iptc.org/std/nar/2006-10-01/" standard="NewsML-G2" standardversion="2.18" conformance="power" xml:lang="de" guid="urn:newsml:apa.at:20120315:APA0379" version="1">
# @@ -32,7 +32,7 @@
#          <provider qcode="nprov:apa">
#            <name>APA - Austria Presse Agentur</name>
#          </provider>
# -        <versionCreated>2012-01-01T13:00:00+00:00</versionCreated>
# +        <versionCreated>2012-01-01T14:00:00+01:00</versionCreated>
#          <embargoed>2012-03-15T12:00:00+01:00</embargoed>
#          <pubStatus qcode="stat:usable"/>
#          <generator versioninfo="0.3.2">XML::NewsML_G2</generator>
# @@ -187,7 +187,7 @@
#          <provider qcode="nprov:apa">
#            <name>APA - Austria Presse Agentur</name>
#          </provider>
# -        <versionCreated>2012-01-01T13:00:00+00:00</versionCreated>
# +        <versionCreated>2012-01-01T14:00:00+01:00</versionCreated>
#          <embargoed>2012-03-15T12:00:00+01:00</embargoed>
#          <pubStatus qcode="stat:usable"/>
#          <generator versioninfo="0.3.2">XML::NewsML_G2</generator>

#   Failed test 'NewsMessage_2.28: XML looks as expected'
#   at t/NewsML_G2_Test_Helpers.pm line 211.
# --- /tmp/Si6NAYzbZy/NewsMessage_2.28_1325422800.xml	Fri Nov  8 11:59:29 2019
# +++ /home/david/cpantesting/perl-5.24.4/.cpan/build/XML-NewsML_G2-v0.3.2-ZTXRSb/t/expected/NewsMessage_2.28.xml	Thu Nov  7 08:12:23 2019
# @@ -1,7 +1,7 @@
#  <?xml version="1.0" encoding="utf-8"?>
#  <newsMessage xmlns="http://iptc.org/std/nar/2006-10-01/">
#    <header>
# -    <sent>2012-01-01T13:00:00+00:00</sent>
# +    <sent>2012-01-01T14:00:00+01:00</sent>
#    </header>
#    <itemSet>
#      <newsItem xmlns:xsi="http://www.w3.org/2001/XMLSchema-instance" xsi:schemaLocation="http://iptc.org/std/nar/2006-10-01/" standard="NewsML-G2" standardversion="2.28" conformance="power" xml:lang="de" guid="urn:newsml:apa.at:20120315:APA0379" version="1">
# @@ -32,7 +32,7 @@
#          <provider qcode="nprov:apa">
#            <name>APA - Austria Presse Agentur</name>
#          </provider>
# -        <versionCreated>2012-01-01T13:00:00+00:00</versionCreated>
# +        <versionCreated>2012-01-01T14:00:00+01:00</versionCreated>
#          <embargoed>2012-03-15T12:00:00+01:00</embargoed>
#          <pubStatus qcode="stat:usable"/>
#          <generator versioninfo="0.3.2">XML::NewsML_G2</generator>
# @@ -187,7 +187,7 @@
#          <provider qcode="nprov:apa">
#            <name>APA - Austria Presse Agentur</name>
#          </provider>
# -        <versionCreated>2012-01-01T13:00:00+00:00</versionCreated>
# +        <versionCreated>2012-01-01T14:00:00+01:00</versionCreated>
#          <embargoed>2012-03-15T12:00:00+01:00</embargoed>
#          <pubStatus qcode="stat:usable"/>
#          <generator versioninfo="0.3.2">XML::NewsML_G2</generator>

#   Failed test 'NewsMessagePackageItem_2.12: XML looks as expected'
#   at t/NewsML_G2_Test_Helpers.pm line 211.
# --- /tmp/Si6NAYzbZy/NewsMessagePackageItem_2.12_1325422800.xml	Fri Nov  8 11:59:30 2019
# +++ /home/david/cpantesting/perl-5.24.4/.cpan/build/XML-NewsML_G2-v0.3.2-ZTXRSb/t/expected/NewsMessagePackageItem_2.12.xml	Thu Nov  7 08:12:23 2019
# @@ -1,7 +1,7 @@
#  <?xml version="1.0" encoding="utf-8"?>
#  <newsMessage xmlns="http://iptc.org/std/nar/2006-10-01/">
#    <header>
# -    <sent>2012-01-01T13:00:00+00:00</sent>
# +    <sent>2012-01-01T14:00:00+01:00</sent>
#      <destination>MARS1</destination>
#      <destination role="dest:mailing">MAIL1</destination>
#    </header>
# @@ -18,7 +18,7 @@
#          <provider qcode="nprov:apa">
#            <name>APA - Austria Presse Agentur</name>
#          </provider>
# -        <versionCreated>2012-01-01T13:00:00+00:00</versionCreated>
# +        <versionCreated>2012-01-01T14:00:00+01:00</versionCreated>
#          <pubStatus qcode="stat:usable"/>
#          <generator versioninfo="0.3.2">XML::NewsML_G2</generator>
#        </itemMeta>
# @@ -54,7 +54,7 @@
#          <provider qcode="nprov:apa">
#            <name>APA - Austria Presse Agentur</name>
#          </provider>
# -        <versionCreated>2012-01-01T13:00:00+00:00</versionCreated>
# +        <versionCreated>2012-01-01T14:00:00+01:00</versionCreated>
#          <embargoed>2012-03-15T12:00:00+01:00</embargoed>
#          <pubStatus qcode="stat:usable"/>
#          <generator versioninfo="0.3.2">XML::NewsML_G2</generator>
# @@ -199,7 +199,7 @@
#          <provider qcode="nprov:apa">
#            <name>APA - Austria Presse Agentur</name>
#          </provider>
# -        <versionCreated>2012-01-01T13:00:00+00:00</versionCreated>
# +        <versionCreated>2012-01-01T14:00:00+01:00</versionCreated>
#          <embargoed>2012-03-15T12:00:00+01:00</embargoed>
#          <pubStatus qcode="stat:usable"/>
#          <generator versioninfo="0.3.2">XML::NewsML_G2</generator>

#   Failed test 'NewsMessagePackageItem_2.15: XML looks as expected'
#   at t/NewsML_G2_Test_Helpers.pm line 211.
# --- /tmp/Si6NAYzbZy/NewsMessagePackageItem_2.15_1325422800.xml	Fri Nov  8 11:59:30 2019
# +++ /home/david/cpantesting/perl-5.24.4/.cpan/build/XML-NewsML_G2-v0.3.2-ZTXRSb/t/expected/NewsMessagePackageItem_2.15.xml	Thu Nov  7 08:12:23 2019
# @@ -1,7 +1,7 @@
#  <?xml version="1.0" encoding="utf-8"?>
#  <newsMessage xmlns="http://iptc.org/std/nar/2006-10-01/">
#    <header>
# -    <sent>2012-01-01T13:00:00+00:00</sent>
# +    <sent>2012-01-01T14:00:00+01:00</sent>
#      <destination>MARS1</destination>
#      <destination role="dest:mailing">MAIL1</destination>
#    </header>
# @@ -18,7 +18,7 @@
#          <provider qcode="nprov:apa">
#            <name>APA - Austria Presse Agentur</name>
#          </provider>
# -        <versionCreated>2012-01-01T13:00:00+00:00</versionCreated>
# +        <versionCreated>2012-01-01T14:00:00+01:00</versionCreated>
#          <pubStatus qcode="stat:usable"/>
#          <generator versioninfo="0.3.2">XML::NewsML_G2</generator>
#        </itemMeta>
# @@ -54,7 +54,7 @@
#          <provider qcode="nprov:apa">
#            <name>APA - Austria Presse Agentur</name>
#          </provider>
# -        <versionCreated>2012-01-01T13:00:00+00:00</versionCreated>
# +        <versionCreated>2012-01-01T14:00:00+01:00</versionCreated>
#          <embargoed>2012-03-15T12:00:00+01:00</embargoed>
#          <pubStatus qcode="stat:usable"/>
#          <generator versioninfo="0.3.2">XML::NewsML_G2</generator>
# @@ -199,7 +199,7 @@
#          <provider qcode="nprov:apa">
#            <name>APA - Austria Presse Agentur</name>
#          </provider>
# -        <versionCreated>2012-01-01T13:00:00+00:00</versionCreated>
# +        <versionCreated>2012-01-01T14:00:00+01:00</versionCreated>
#          <embargoed>2012-03-15T12:00:00+01:00</embargoed>
#          <pubStatus qcode="stat:usable"/>
#          <generator versioninfo="0.3.2">XML::NewsML_G2</generator>

#   Failed test 'NewsMessagePackageItem_2.18: XML looks as expected'
#   at t/NewsML_G2_Test_Helpers.pm line 211.
# --- /tmp/Si6NAYzbZy/NewsMessagePackageItem_2.18_1325422800.xml	Fri Nov  8 11:59:30 2019
# +++ /home/david/cpantesting/perl-5.24.4/.cpan/build/XML-NewsML_G2-v0.3.2-ZTXRSb/t/expected/NewsMessagePackageItem_2.18.xml	Thu Nov  7 08:12:23 2019
# @@ -1,7 +1,7 @@
#  <?xml version="1.0" encoding="utf-8"?>
#  <newsMessage xmlns="http://iptc.org/std/nar/2006-10-01/">
#    <header>
# -    <sent>2012-01-01T13:00:00+00:00</sent>
# +    <sent>2012-01-01T14:00:00+01:00</sent>
#      <destination>MARS1</destination>
#      <destination role="dest:mailing">MAIL1</destination>
#    </header>
# @@ -19,7 +19,7 @@
#          <provider qcode="nprov:apa">
#            <name>APA - Austria Presse Agentur</name>
#          </provider>
# -        <versionCreated>2012-01-01T13:00:00+00:00</versionCreated>
# +        <versionCreated>2012-01-01T14:00:00+01:00</versionCreated>
#          <pubStatus qcode="stat:usable"/>
#          <generator versioninfo="0.3.2">XML::NewsML_G2</generator>
#        </itemMeta>
# @@ -57,7 +57,7 @@
#          <provider qcode="nprov:apa">
#            <name>APA - Austria Presse Agentur</name>
#          </provider>
# -        <versionCreated>2012-01-01T13:00:00+00:00</versionCreated>
# +        <versionCreated>2012-01-01T14:00:00+01:00</versionCreated>
#          <embargoed>2012-03-15T12:00:00+01:00</embargoed>
#          <pubStatus qcode="stat:usable"/>
#          <generator versioninfo="0.3.2">XML::NewsML_G2</generator>
# @@ -204,7 +204,7 @@
#          <provider qcode="nprov:apa">
#            <name>APA - Austria Presse Agentur</name>
#          </provider>
# -        <versionCreated>2012-01-01T13:00:00+00:00</versionCreated>
# +        <versionCreated>2012-01-01T14:00:00+01:00</versionCreated>
#          <embargoed>2012-03-15T12:00:00+01:00</embargoed>
#          <pubStatus qcode="stat:usable"/>
#          <generator versioninfo="0.3.2">XML::NewsML_G2</generator>

#   Failed test 'NewsMessagePackageItem_2.28: XML looks as expected'
#   at t/NewsML_G2_Test_Helpers.pm line 211.
# --- /tmp/Si6NAYzbZy/NewsMessagePackageItem_2.28_1325422800.xml	Fri Nov  8 11:59:30 2019
# +++ /home/david/cpantesting/perl-5.24.4/.cpan/build/XML-NewsML_G2-v0.3.2-ZTXRSb/t/expected/NewsMessagePackageItem_2.28.xml	Thu Nov  7 08:12:23 2019
# @@ -1,7 +1,7 @@
#  <?xml version="1.0" encoding="utf-8"?>
#  <newsMessage xmlns="http://iptc.org/std/nar/2006-10-01/">
#    <header>
# -    <sent>2012-01-01T13:00:00+00:00</sent>
# +    <sent>2012-01-01T14:00:00+01:00</sent>
#      <destination>MARS1</destination>
#      <destination role="dest:mailing">MAIL1</destination>
#    </header>
# @@ -19,7 +19,7 @@
#          <provider qcode="nprov:apa">
#            <name>APA - Austria Presse Agentur</name>
#          </provider>
# -        <versionCreated>2012-01-01T13:00:00+00:00</versionCreated>
# +        <versionCreated>2012-01-01T14:00:00+01:00</versionCreated>
#          <pubStatus qcode="stat:usable"/>
#          <generator versioninfo="0.3.2">XML::NewsML_G2</generator>
#        </itemMeta>
# @@ -57,7 +57,7 @@
#          <provider qcode="nprov:apa">
#            <name>APA - Austria Presse Agentur</name>
#          </provider>
# -        <versionCreated>2012-01-01T13:00:00+00:00</versionCreated>
# +        <versionCreated>2012-01-01T14:00:00+01:00</versionCreated>
#          <embargoed>2012-03-15T12:00:00+01:00</embargoed>
#          <pubStatus qcode="stat:usable"/>
#          <generator versioninfo="0.3.2">XML::NewsML_G2</generator>
# @@ -204,7 +204,7 @@
#          <provider qcode="nprov:apa">
#            <name>APA - Austria Presse Agentur</name>
#          </provider>
# -        <versionCreated>2012-01-01T13:00:00+00:00</versionCreated>
# +        <versionCreated>2012-01-01T14:00:00+01:00</versionCreated>
#          <embargoed>2012-03-15T12:00:00+01:00</embargoed>
#          <pubStatus qcode="stat:usable"/>
#          <generator versioninfo="0.3.2">XML::NewsML_G2</generator>
# Looks like you failed 8 tests of 201.
t/10-News_Message.t ............. 
Dubious, test returned 8 (wstat 2048, 0x800)
Failed 8/201 subtests 

#   Failed test 'press_release: XML looks as expected'
#   at t/NewsML_G2_Test_Helpers.pm line 211.
# --- /tmp/Ipn9eCeeRC/press_release_1325422800.xml	Fri Nov  8 11:59:40 2019
# +++ /home/david/cpantesting/perl-5.24.4/.cpan/build/XML-NewsML_G2-v0.3.2-ZTXRSb/t/expected/press_release.xml	Thu Nov  7 08:12:23 2019
# @@ -16,7 +16,7 @@
#      <provider qcode="nprov:apa">
#        <name>APA - Austria Presse Agentur</name>
#      </provider>
# -    <versionCreated>2012-01-01T13:00:00+00:00</versionCreated>
# +    <versionCreated>2012-01-01T14:00:00+01:00</versionCreated>
#      <pubStatus qcode="stat:usable"/>
#      <generator versioninfo="0.3.2">XML::NewsML_G2</generator>
#      <service qcode="apasvc:ots">
# @@ -25,7 +25,7 @@
#    </itemMeta>
#    <contentMeta>
#      <urgency>5</urgency>
# -    <contentCreated>2012-01-01T13:00:00+00:00</contentCreated>
# +    <contentCreated>2012-01-01T14:00:00+01:00</contentCreated>
#      <language tag="de"/>
#      <headline>Saisonstart im Schweizerhaus: Run aufs Krügerl im Prater</headline>
#    </contentMeta>
# Looks like you failed 1 test of 34.
t/11-press-release.t ............ 
Dubious, test returned 1 (wstat 256, 0x100)
Failed 1/34 subtests 

#   Failed test 'NewsItem_withFacets_2.28: XML looks as expected'
#   at t/NewsML_G2_Test_Helpers.pm line 211.
# --- /tmp/7rAZiPtJVW/NewsItem_withFacets_2.28_1325422800.xml	Fri Nov  8 11:59:50 2019
# +++ /home/david/cpantesting/perl-5.24.4/.cpan/build/XML-NewsML_G2-v0.3.2-ZTXRSb/t/expected/NewsItem_withFacets_2.28.xml	Thu Nov  7 08:12:23 2019
# @@ -11,7 +11,7 @@
#      <provider qcode="nprov:apa">
#        <name>APA - Austria Presse Agentur</name>
#      </provider>
# -    <versionCreated>2012-01-01T13:00:00+00:00</versionCreated>
# +    <versionCreated>2012-01-01T14:00:00+01:00</versionCreated>
#      <pubStatus qcode="stat:usable"/>
#      <generator versioninfo="0.3.2">XML::NewsML_G2</generator>
#    </itemMeta>
# Looks like you failed 1 test of 23.
t/Facets.t ...................... 
Dubious, test returned 1 (wstat 256, 0x100)
Failed 1/23 subtests 
t/author-test-eol.t ............. skipped: these tests are for testing by the author
t/deprecations.t ................ ok
t/perlcritic.t .................. skipped: Author test.  Set $ENV{RELEASE_TESTING} to a true value to run.
t/pod-coverage.t ................ skipped: these tests are for release candidate testing
t/pod.t ......................... skipped: Test::Pod 1.14 required for testing POD
t/release-check-changes.t ....... skipped: these tests are for release candidate testing
t/release-distmeta.t ............ skipped: these tests are for release candidate testing
t/release-minimum-version.t ..... skipped: these tests are for release candidate testing
t/release-no-tabs.t ............. skipped: these tests are for release candidate testing
t/release-pod-syntax.t .......... skipped: these tests are for release candidate testing
t/release-portability.t ......... skipped: these tests are for release candidate testing
t/release-synopsis.t ............ skipped: these tests are for release candidate testing
t/release-unused-vars.t ......... skipped: these tests are for release candidate testing

Test Summary Report
-------------------
t/01-News_Item.t              (Wstat: 2560 Tests: 498 Failed: 10)
  Failed tests:  101, 145, 189, 233, 277, 320, 364, 408
                452, 496
  Non-zero exit status: 10
t/01-News_Item_Audio.t        (Wstat: 1280 Tests: 87 Failed: 5)
  Failed tests:  45, 55, 65, 75, 85
  Non-zero exit status: 5
t/01-News_Item_Graphics.t     (Wstat: 2304 Tests: 143 Failed: 9)
  Failed tests:  53, 67, 81, 95, 109, 117, 125, 133, 141
  Non-zero exit status: 9
t/01-News_Item_Picture.t      (Wstat: 1280 Tests: 110 Failed: 5)
  Failed tests:  52, 66, 80, 94, 108
  Non-zero exit status: 5
t/04-minimal.t                (Wstat: 256 Tests: 22 Failed: 1)
  Failed test:  20
  Non-zero exit status: 1
t/05-no-catalog.t             (Wstat: 256 Tests: 44 Failed: 1)
  Failed test:  42
  Non-zero exit status: 1
t/06-add-schema-catalog.t     (Wstat: 768 Tests: 43 Failed: 3)
  Failed tests:  24, 32, 40
  Non-zero exit status: 3
t/07-Package_Item.t           (Wstat: 512 Tests: 310 Failed: 2)
  Failed tests:  72, 308
  Non-zero exit status: 2
t/08-all-schemes-in-catalogs.t (Wstat: 256 Tests: 46 Failed: 1)
  Failed test:  44
  Non-zero exit status: 1
t/09-News_Item_Video.t        (Wstat: 1280 Tests: 102 Failed: 5)
  Failed tests:  48, 61, 74, 87, 100
  Non-zero exit status: 5
t/10-News_Message.t           (Wstat: 2048 Tests: 201 Failed: 8)
  Failed tests:  68, 78, 88, 98, 160, 173, 186, 199
  Non-zero exit status: 8
t/11-press-release.t          (Wstat: 256 Tests: 34 Failed: 1)
  Failed test:  32
  Non-zero exit status: 1
t/Facets.t                    (Wstat: 256 Tests: 23 Failed: 1)
  Failed test:  17
  Non-zero exit status: 1
Files=31, Tests=1827, 338 wallclock secs ( 0.30 usr  0.04 sys + 37.02 cusr  2.48 csys = 39.84 CPU)
Result: FAIL
Failed 13/31 test programs. 52/1827 subtests failed.

------------------------------
PREREQUISITES
------------------------------

Prerequisite modules loaded:

requires:

    Module                       Need    Have    
    ---------------------------- ------- --------
    Carp                         0       1.40    
    DateTime                     0       1.51    
    DateTime::Format::XSD        0       0.2     
    List::MoreUtils              0       0.428   
    Module::Runtime              0       0.016   
    Moose                        0.64    2.2011  
    Moose::Role                  0       2.2011  
    Moose::Util                  0.64    2.2011  
    Moose::Util::TypeConstraints 0       2.2011  
    namespace::autoclean         0.05    0.29    
    perl                         v5.12.0 5.024004
    Scalar::Util                 0       1.53    
    UUID::Tiny                   1.02    1.04    
    version                      0.77    0.9916  
    XML::LibXML                  0       2.0201  

build_requires:

    Module                       Need    Have    
    ---------------------------- ------- --------
    File::Copy                   0       2.31    
    File::Find                   0       1.34    
    File::Spec                   0       3.63_01 
    File::Spec::Functions        0       3.63_01 
    File::Temp                   0       0.2304  
    FindBin                      0       1.51    
    Test::EOL                    0       2.00    
    Test::Exception              0       0.43    
    Test::File::Contents         0       0.23    
    Test::MockTime               0       0.17    
    Test::More                   0       1.302168
    Test::Warnings               0       0.026   

configure_requires:

    Module                       Need    Have    
    ---------------------------- ------- --------
    Module::Build                0.4004  0.4229  


------------------------------
ENVIRONMENT AND OTHER CONTEXT
------------------------------

Environment variables:

    AUTOMATED_TESTING = 1
    LANG = en_US.UTF-8
    NONINTERACTIVE_TESTING = 1
    PATH = /usr/local/bin:/usr/bin:/bin:/usr/local/games:/usr/games
    PERL = 5.24.4
    PERL5LIB = 
    PERL5OPT = 
    PERL5_CPANPLUS_IS_RUNNING = 30752
    PERL5_CPAN_IS_RUNNING = 30752
    PERLVER = 5.24.4
    PERL_INLINE_DIRECTORY = /home/david/.Inline-5.24.4
    PERL_MM_USE_DEFAULT = 1
    PERL_USE_UNSAFE_INC = 0
    SHELL = /bin/bash
    TERM = screen

Perl special variables (and OS-specific diagnostics, for MSWin32):

    $^X = /home/david/cpantesting/perl-5.24.4/bin/perl
    $UID/$EUID = 1000 / 1000
    $GID = 1000 27 1000
    $EGID = 1000 27 1000

Perl module toolchain versions installed:

    Module              Have      
    ------------------- ----------
    CPAN                2.11_01   
    CPAN::Meta          2.150005  
    Cwd                 3.63_01   
    ExtUtils::CBuilder  0.280225  
    ExtUtils::Command   7.39_02   
    ExtUtils::Install   2.06      
    ExtUtils::MakeMaker 7.39_02   
    ExtUtils::Manifest  1.70      
    ExtUtils::ParseXS   3.31      
    File::Spec          3.63_01   
    JSON                n/a       
    JSON::PP            2.27300_01
    Module::Build       0.4229    
    Module::Signature   n/a       
    Parse::CPAN::Meta   1.4417_001
    Test::Harness       3.36_01   
    Test::More          1.302168  
    YAML                n/a       
    YAML::Syck          n/a       
    version             0.9916    


--

Summary of my perl5 (revision 5 version 24 subversion 4) configuration:
   
  Platform:
    osname=linux, osvers=4.9.0-8-amd64, archname=x86_64-linux-thread-multi
    uname='linux pigsty 4.9.0-8-amd64 #1 smp debian 4.9.144-3 (2019-02-02) x86_64 gnulinux '
    config_args='-de -Duse64bitall -Dusethreads -Dprefix=/home/david/cpantesting/perl-5.24.4'
    hint=recommended, useposix=true, d_sigaction=define
    useithreads=define, usemultiplicity=define
    use64bitint=define, use64bitall=define, uselongdouble=undef
    usemymalloc=n, bincompat5005=undef
  Compiler:
    cc='cc', ccflags ='-D_REENTRANT -D_GNU_SOURCE -fwrapv -fno-strict-aliasing -pipe -fstack-protector-strong -I/usr/local/include -D_LARGEFILE_SOURCE -D_FILE_OFFSET_BITS=64 -D_FORTIFY_SOURCE=2',
    optimize='-O2',
    cppflags='-D_REENTRANT -D_GNU_SOURCE -fwrapv -fno-strict-aliasing -pipe -fstack-protector-strong -I/usr/local/include'
    ccversion='', gccversion='6.3.0 20170516', gccosandvers=''
    intsize=4, longsize=8, ptrsize=8, doublesize=8, byteorder=12345678, doublekind=3
    d_longlong=define, longlongsize=8, d_longdbl=define, longdblsize=16, longdblkind=3
    ivtype='long', ivsize=8, nvtype='double', nvsize=8, Off_t='off_t', lseeksize=8
    alignbytes=8, prototype=define
  Linker and Libraries:
    ld='cc', ldflags =' -fstack-protector-strong -L/usr/local/lib'
    libpth=/usr/local/lib /usr/lib/gcc/x86_64-linux-gnu/6/include-fixed /usr/include/x86_64-linux-gnu /usr/lib /lib/x86_64-linux-gnu /lib/../lib /usr/lib/x86_64-linux-gnu /usr/lib/../lib /lib
    libs=-lpthread -lnsl -ldb -ldl -lm -lcrypt -lutil -lc
    perllibs=-lpthread -lnsl -ldl -lm -lcrypt -lutil -lc
    libc=libc-2.24.so, so=so, useshrplib=false, libperl=libperl.a
    gnulibc_version='2.24'
  Dynamic Linking:
    dlsrc=dl_dlopen.xs, dlext=so, d_dlsymun=undef, ccdlflags='-Wl,-E'
    cccdlflags='-fPIC', lddlflags='-shared -O2 -L/usr/local/lib -fstack-protector-strong'


Characteristics of this binary (from libperl): 
  Compile-time options: HAS_TIMES MULTIPLICITY PERLIO_LAYERS
                        PERL_COPY_ON_WRITE PERL_DONT_CREATE_GVSV
                        PERL_HASH_FUNC_ONE_AT_A_TIME_HARD
                        PERL_IMPLICIT_CONTEXT PERL_MALLOC_WRAP
                        PERL_PRESERVE_IVUV USE_64_BIT_ALL USE_64_BIT_INT
                        USE_ITHREADS USE_LARGE_FILES USE_LOCALE
                        USE_LOCALE_COLLATE USE_LOCALE_CTYPE
                        USE_LOCALE_NUMERIC USE_LOCALE_TIME USE_PERLIO
                        USE_PERL_ATOF USE_REENTRANT_API
  Built under linux
  Compiled at Apr 25 2019 01:35:31
  %ENV:
    PERL="5.24.4"
    PERL5LIB=""
    PERL5OPT=""
    PERL5_CPANPLUS_IS_RUNNING="30752"
    PERL5_CPAN_IS_RUNNING="30752"
    PERLVER="5.24.4"
    PERL_INLINE_DIRECTORY="/home/david/.Inline-5.24.4"
    PERL_MM_USE_DEFAULT="1"
    PERL_USE_UNSAFE_INC="0"
  @INC:
    /home/david/cpantesting/perl-5.24.4/lib/site_perl/5.24.4/x86_64-linux-thread-multi
    /home/david/cpantesting/perl-5.24.4/lib/site_perl/5.24.4
    /home/david/cpantesting/perl-5.24.4/lib/5.24.4/x86_64-linux-thread-multi
    /home/david/cpantesting/perl-5.24.4/lib/5.24.4
    .