Google-Ads-AdWords-Client v5.4.0 Perl 5 v5.26.2 OpenBSD.amd64-openbsd-thread-multi
- Status
- Fail
- From
- Alceu Rodrigues de Freitas Junior
- Dist
-
Google-Ads-AdWords-Client v5.4.0
- Platform
- Perl 5 v5.26.2 OpenBSD.amd64-openbsd-thread-multi
- Date
- 2018-06-19 14:59:14
- ID
- 552c935c-73d1-11e8-8a3e-d0b6437a34c0
This distribution has been tested as part of the CPAN Testers
project, supporting the Perl programming language. See
http://wiki.cpantesters.org/ for more information or email
questions to cpan-testers-discuss@perl.org
--
Dear Josh Radcliff,
This is a computer-generated report for Google-Ads-AdWords-Client-5.4.0
on perl 5.26.2, created by CPAN-Reporter-1.2018.
Thank you for uploading your work to CPAN. However, there was a problem
testing your distribution.
If you think this report is invalid, please consult the CPAN Testers Wiki
for suggestions on how to avoid getting FAIL reports for missing library
or binary dependencies, unsupported operating systems, and so on:
http://wiki.cpantesters.org/wiki/CPANAuthorNotes
Sections of this report:
* Tester comments
* Program output
* Prerequisites
* Environment and other context
------------------------------
TESTER COMMENTS
------------------------------
Additional comments from tester:
this report is from an automated smoke testing program
and was not reviewed by a human for accuracy
------------------------------
PROGRAM OUTPUT
------------------------------
Output from './Build test':
t/001_require.t ....................... ok
t/011_Client.t ........................ ok
t/012_Serializer.t .................... ok
clientCustomerId=INSERT_CLIENT_CUSTOMER_ID_HERE server=https://adwords.google.com service=CampaignService method=get responseTime=2429 requestId=07a93c67b1dd3ff5242c98d436ba7043 operations=1 isFault=yes faultMessage=[PolicyViolationError.POLICY_ERROR @ operations[0].operand.criterion.text; trigger:'MED'] at /mnt/cpan_build_dir/goku/Google-Ads-AdWords-Client-5.4.0-0/blib/lib/Google/Ads/AdWords/Deserializer.pm line 83
t/013_Deserializer.t .................. ok
t/014_XPathSAXParser.t ................ ok
clientCustomerId=INSERT_CLIENT_CUSTOMER_ID_HERE server=https://adwords.google.com service=CampaignService method=get responseTime=2429 requestId=07a93c67b1dd3ff5242c98d436ba7043 operations=1 isFault=yes faultMessage=[RequiredError.REQUIRED @ operations[0].operand.advertisingChannelType] at lib/Google/Ads/AdWords/Deserializer.pm line 83
t/015_RequestStats.t .................. ok
t/017_OAuth2ApplicationsHandler.t ..... ok
t/018_MapUtils.t ...................... ok
t/019_OAuth2ServiceAccountsHandler.t .. ok
t/020_GenerateOfflineCredentials.t .... ok
t/021_ReportingConfiguration.t ........ ok
Unescaped left brace in regex is illegal here in regex; marked by <-- HERE in m/ReportDownloadError\s{ <-- HERE [^}]+}/ at t/022_ReportUtils.t line 60.
# Looks like your test exited with 255 before it could output anything.
t/022_ReportUtils.t ...................
Dubious, test returned 255 (wstat 65280, 0xff00)
Failed 28/28 subtests
t/023_AdsUtilityRegistry.t ............ ok
Unescaped left brace in regex is illegal here in regex; marked by <-- HERE in m/BatchJobHandlerError\s{ <-- HERE [^}]+}/ at t/024_BatchJobHandler.t line 136.
# Looks like your test exited with 255 before it could output anything.
t/024_BatchJobHandler.t ...............
Dubious, test returned 255 (wstat 65280, 0xff00)
Failed 14/14 subtests
t/025_ReportQueryBuilder.t ............ ok
t/026_ServiceQueryBuilder.t ........... ok
Test Summary Report
-------------------
t/022_ReportUtils.t (Wstat: 65280 Tests: 0 Failed: 0)
Non-zero exit status: 255
Parse errors: Bad plan. You planned 28 tests but ran 0.
t/024_BatchJobHandler.t (Wstat: 65280 Tests: 0 Failed: 0)
Non-zero exit status: 255
Parse errors: Bad plan. You planned 14 tests but ran 0.
Files=16, Tests=4661, 21 wallclock secs ( 0.20 usr 0.43 sys + 10.00 cusr 8.18 csys = 18.81 CPU)
Result: FAIL
Failed 2/16 test programs. 0/4661 subtests failed.
------------------------------
PREREQUISITES
------------------------------
Prerequisite modules loaded:
requires:
Module Need Have
------------------------- ------- ----------
Class::Load 0 0.25
Class::Std::Fast 0 0.0.8
Crypt::OpenSSL::RSA 0 0.30
Cwd 0 3.74
Data::Uniqid 0 0.12
Date::Format 0 2.24
Date::Parse 0 2.30
Digest::SHA 0 6.02
File::Basename 0 2.85
File::HomeDir 0 1.004
File::Path 0 2.12_01
File::Spec 0 3.74
File::Temp 0 0.2304
Getopt::Long 0 2.5
HTTP::Server::Simple::CGI 0 0
IO::Socket::SSL 0 2.056
JSON::Parse 0 0.55
List::Util 0 1.50
Log::Log4perl 0 1.49
LWP::Protocol::https 0 6.07
LWP::UserAgent 0 6.34
Math::Random::MT 0 1.17
perl v5.14.0 5.026002
POSIX 0 1.76
SOAP::WSDL v2.0.10 3.003
Template 0 2.27
URI::Escape 0 3.31
XML::LibXML 0 2.0132
XML::Simple 0 2.25
XML::XPath 0 1.42
build_requires:
Module Need Have
------------------------- ------- ----------
Class::Std::Fast v0.0.5 0.0.8
Config::Properties 0 1.80
Module::Build 0 0.4224
Test::Deep 0 1.128
Test::Exception 0 0.43
Test::MockObject 0 1.20161202
Test::MockObject::Extends 0 1.20161202
Test::More 0 1.302136
configure_requires:
Module Need Have
------------------------- ------- ----------
Module::Build 0.42 0.4224
------------------------------
ENVIRONMENT AND OTHER CONTEXT
------------------------------
Environment variables:
AUTOMATED_TESTING = 1
DBD_MYSQL_TESTDB = test
DBD_MYSQL_TESTHOST = localhost
DBD_MYSQL_TESTPASSWORD =
DBD_MYSQL_TESTPORT = 3306
DBD_MYSQL_TESTUSER = goku
EXTENDED_TESTING = 1
PATH = /home/goku/perl5/perlbrew/bin:/home/goku/perl5/perlbrew/perls/perl-5.26.2/bin:/home/goku/bin:/usr/bin:/bin:/usr/sbin:/sbin:/usr/X11R6/bin:/usr/local/bin:/usr/local/sbin
PERL5LIB =
PERL5OPT =
PERL5_CPANPLUS_IS_RUNNING = 16317
PERL5_CPAN_IS_RUNNING = 16317
PERL5_CPAN_IS_RUNNING_IN_RECURSION = 10292,16317
PERLBREW_HOME = /home/goku/.perlbrew
PERLBREW_MANPATH = /home/goku/perl5/perlbrew/perls/perl-5.26.2/man
PERLBREW_PATH = /home/goku/perl5/perlbrew/bin:/home/goku/perl5/perlbrew/perls/perl-5.26.2/bin
PERLBREW_PERL = perl-5.26.2
PERLBREW_ROOT = /home/goku/perl5/perlbrew
PERLBREW_SHELLRC_VERSION = 0.83
PERLBREW_VERSION = 0.83
PERL_CR_SMOKER_CURRENT = Google-Ads-AdWords-Client-5.4.0
PERL_EXTUTILS_AUTOINSTALL = --defaultdeps
PERL_MM_USE_DEFAULT = 1
PERL_USE_UNSAFE_INC = 1
SHELL = /usr/local/bin/bash
TERM = vt220
Perl special variables (and OS-specific diagnostics, for MSWin32):
$^X = /home/goku/perl5/perlbrew/perls/perl-5.26.2/bin/perl
$UID/$EUID = 1002 / 1002
$GID = 1002 1002 1001
$EGID = 1002 1002 1001
Perl module toolchain versions installed:
Module Have
------------------- --------
CPAN 2.18
CPAN::Meta 2.150010
Cwd 3.74
ExtUtils::CBuilder 0.280230
ExtUtils::Command 7.34
ExtUtils::Install 2.06
ExtUtils::MakeMaker 7.34
ExtUtils::Manifest 1.70
ExtUtils::ParseXS 3.34
File::Spec 3.74
JSON 2.97001
JSON::PP 2.97001
Module::Build 0.4224
Module::Signature 0.81
Parse::CPAN::Meta 2.150010
Test::Harness 3.42
Test::More 1.302136
YAML 1.26
YAML::Syck 1.30
version 0.9917
--
Summary of my perl5 (revision 5 version 26 subversion 2) configuration:
Platform:
osname=openbsd
osvers=6.3
archname=OpenBSD.amd64-openbsd-thread-multi
uname='openbsd cpan-smoker-openbsd 6.3 generic.mp#107 amd64 '
config_args='-de -Dprefix=/home/goku/perl5/perlbrew/perls/perl-5.26.2 -Dman1dir=none -Dman3dir=none -Duse64bitall -Dusethreads -Dusemultiplicity -Duse64bitint -Aeval:scriptdir=/home/goku/perl5/perlbrew/perls/perl-5.26.2/bin'
hint=recommended
useposix=true
d_sigaction=define
useithreads=define
usemultiplicity=define
use64bitint=define
use64bitall=define
uselongdouble=undef
usemymalloc=n
default_inc_excludes_dot=define
bincompat5005=undef
Compiler:
cc='cc'
ccflags ='-pthread -fno-strict-aliasing -pipe -fstack-protector-strong -I/usr/local/include -D_FORTIFY_SOURCE=2'
optimize='-O2'
cppflags='-pthread -fno-strict-aliasing -pipe -fstack-protector-strong -I/usr/local/include'
ccversion=''
gccversion='4.2.1 Compatible OpenBSD Clang 5.0.1 (tags/RELEASE_501/final)'
gccosandvers=''
intsize=4
longsize=8
ptrsize=8
doublesize=8
byteorder=12345678
doublekind=3
d_longlong=define
longlongsize=8
d_longdbl=define
longdblsize=16
longdblkind=3
ivtype='long'
ivsize=8
nvtype='double'
nvsize=8
Off_t='off_t'
lseeksize=8
alignbytes=8
prototype=define
Linker and Libraries:
ld='cc'
ldflags ='-pthread -Wl,-E -fstack-protector-strong -L/usr/local/lib'
libpth=/usr/lib /usr/local/lib
libs=-lpthread -lm -lutil -lc
perllibs=-lpthread -lm -lutil -lc
libc=/usr/lib/libc.so.92.3
so=so
useshrplib=false
libperl=libperl.a
gnulibc_version=''
Dynamic Linking:
dlsrc=dl_dlopen.xs
dlext=so
d_dlsymun=undef
ccdlflags=' '
cccdlflags='-DPIC -fPIC '
lddlflags='-shared -fPIC -L/usr/local/lib -fstack-protector-strong'
Characteristics of this binary (from libperl):
Compile-time options:
HAS_TIMES
MULTIPLICITY
PERLIO_LAYERS
PERL_COPY_ON_WRITE
PERL_DONT_CREATE_GVSV
PERL_IMPLICIT_CONTEXT
PERL_MALLOC_WRAP
PERL_OP_PARENT
PERL_PRESERVE_IVUV
USE_64_BIT_ALL
USE_64_BIT_INT
USE_ITHREADS
USE_LARGE_FILES
USE_LOCALE
USE_LOCALE_COLLATE
USE_LOCALE_CTYPE
USE_LOCALE_NUMERIC
USE_LOCALE_TIME
USE_PERLIO
USE_PERL_ATOF
USE_REENTRANT_API
Locally applied patches:
Devel::PatchPerl 1.48
Built under openbsd
Compiled at Jun 10 2018 14:27:37
%ENV:
PERL5LIB=""
PERL5OPT=""
PERL5_CPANPLUS_IS_RUNNING="16317"
PERL5_CPAN_IS_RUNNING="16317"
PERL5_CPAN_IS_RUNNING_IN_RECURSION="10292,16317"
PERLBREW_HOME="/home/goku/.perlbrew"
PERLBREW_MANPATH="/home/goku/perl5/perlbrew/perls/perl-5.26.2/man"
PERLBREW_PATH="/home/goku/perl5/perlbrew/bin:/home/goku/perl5/perlbrew/perls/perl-5.26.2/bin"
PERLBREW_PERL="perl-5.26.2"
PERLBREW_ROOT="/home/goku/perl5/perlbrew"
PERLBREW_SHELLRC_VERSION="0.83"
PERLBREW_VERSION="0.83"
PERL_CR_SMOKER_CURRENT="Google-Ads-AdWords-Client-5.4.0"
PERL_EXTUTILS_AUTOINSTALL="--defaultdeps"
PERL_MM_USE_DEFAULT="1"
PERL_USE_UNSAFE_INC="1"
@INC:
/home/goku/perl5/perlbrew/perls/perl-5.26.2/lib/site_perl/5.26.2/OpenBSD.amd64-openbsd-thread-multi
/home/goku/perl5/perlbrew/perls/perl-5.26.2/lib/site_perl/5.26.2
/home/goku/perl5/perlbrew/perls/perl-5.26.2/lib/5.26.2/OpenBSD.amd64-openbsd-thread-multi
/home/goku/perl5/perlbrew/perls/perl-5.26.2/lib/5.26.2
.