AcePerl v1.92 Perl 5 v5.20.3 amd64-freebsd-thread-multi
- Status
- Fail
- From
- Chris Williams (BINGOS)
- Dist
-
AcePerl v1.92
- Platform
- Perl 5 v5.20.3 amd64-freebsd-thread-multi
- Date
- 2018-09-26 08:58:27
- ID
- 55789f54-c16a-11e8-98d5-bb14e5798fec
This distribution has been tested as part of the CPAN Testers
project, supporting the Perl programming language. See
http://wiki.cpantesters.org/ for more information or email
questions to cpan-testers-discuss@perl.org
--
Dear Lincoln D. Stein,
This is a computer-generated error report created automatically by
CPANPLUS, version 0.9176. Testers personal comments may appear
at the end of this report.
Thank you for uploading your work to CPAN. However, it appears that
there were some problems testing your distribution.
TEST RESULTS:
Below is the error stack from stage 'make test':
PERL_DL_NONLAZY=1 "/usr/home/cpan/pit/thr/perl-5.20.3/bin/perl" "-MExtUtils::Command::MM" "-MTest::Harness" "-e" "undef *Test::Harness::Switches; test_harness(0, 'blib/lib', 'blib/arch')" t/*.t
Waiting for remote acedb regression database to start up. This may take a few minutes.
Couldn't establish connection to database. Aborting tests.
t/basic.t .....
Dubious, test returned 60 (wstat 15360, 0x3c00)
Failed 9/10 subtests
Couldn't establish connection to database. Aborting tests.
t/object.t ....
Dubious, test returned 60 (wstat 15360, 0x3c00)
Failed 35/36 subtests
Couldn't establish connection to database. Aborting tests.
t/sequence.t ..
Dubious, test returned 60 (wstat 15360, 0x3c00)
Failed 53/54 subtests
Couldn't establish connection to database. Aborting tests.
t/update.t ....
Dubious, test returned 60 (wstat 15360, 0x3c00)
Failed 16/17 subtests
Test Summary Report
-------------------
t/basic.t (Wstat: 15360 Tests: 2 Failed: 1)
Failed test: 2
Non-zero exit status: 60
Parse errors: Bad plan. You planned 10 tests but ran 2.
t/object.t (Wstat: 15360 Tests: 2 Failed: 1)
Failed test: 2
Non-zero exit status: 60
Parse errors: Bad plan. You planned 36 tests but ran 2.
t/sequence.t (Wstat: 15360 Tests: 2 Failed: 1)
Failed test: 2
Non-zero exit status: 60
Parse errors: Bad plan. You planned 54 tests but ran 2.
t/update.t (Wstat: 15360 Tests: 2 Failed: 1)
Failed test: 2
Non-zero exit status: 60
Parse errors: Bad plan. You planned 17 tests but ran 2.
Files=4, Tests=8, 301 wallclock secs ( 0.07 usr 0.02 sys + 0.31 cusr 0.20 csys = 0.61 CPU)
Result: FAIL
Failed 4/4 test programs. 4/8 subtests failed.
*** Error code 60
Stop.
make: stopped in /usr/home/cpan/pit/thr/conf/perl-5.20.3/.cpanplus/5.20.3/build/28FFdnNcfq/AcePerl-1.92
PREREQUISITES:
Here is a list of prerequisites you specified and versions we
managed to load:
Module Name Have Want
Cache::Cache 1.08 1.03
Digest::MD5 2.53 2
ExtUtils::MakeMaker 7.34 0
Perl module toolchain versions installed:
Module Name Have
CPANPLUS 0.9176
CPANPLUS::Dist::Build 0.90
Cwd 3.74
ExtUtils::CBuilder 0.280230
ExtUtils::Command 7.34
ExtUtils::Install 2.14
ExtUtils::MakeMaker 7.34
ExtUtils::Manifest 1.71
ExtUtils::ParseXS 3.35
File::Spec 3.74
Module::Build 0.4224
Pod::Parser 1.62
Pod::Simple 3.28
Test2 1.302138
Test::Harness 3.42
Test::More 1.302138
version 0.9924
******************************** NOTE ********************************
The comments above are created mechanically, possibly without manual
checking by the sender. As there are many people performing automatic
tests on each upload to CPAN, it is likely that you will receive
identical messages about the same problem.
If you believe that the message is mistaken, please reply to the first
one with correction and/or additional informations, and do not take
it personally. We appreciate your patience. :)
**********************************************************************
Additional comments:
This report was machine-generated by CPANPLUS::Dist::YACSmoke 1.02.
Powered by minismokebox version 0.68
------------------------------
ENVIRONMENT AND OTHER CONTEXT
------------------------------
Environment variables:
AUTOMATED_TESTING = 1
NONINTERACTIVE_TESTING = 1
PATH = /usr/home/cpan/pit/thr/conf/perl-5.20.3/.cpanplus/5.20.3/build/28FFdnNcfq/AcePerl-1.92/blib/script:/sbin:/bin:/usr/sbin:/usr/bin:/usr/local/sbin:/usr/local/bin:/home/cpan/bin
PERL5LIB = :/usr/home/cpan/pit/thr/conf/perl-5.20.3/.cpanplus/5.20.3/build/Y9_FNM4j8W/Digest-SHA1-2.13/blib/lib:/usr/home/cpan/pit/thr/conf/perl-5.20.3/.cpanplus/5.20.3/build/Y9_FNM4j8W/Digest-SHA1-2.13/blib/arch:/usr/home/cpan/pit/thr/conf/perl-5.20.3/.cpanplus/5.20.3/build/IU4gilazUy/Error-0.17026/blib/lib:/usr/home/cpan/pit/thr/conf/perl-5.20.3/.cpanplus/5.20.3/build/IU4gilazUy/Error-0.17026/blib/arch:/usr/home/cpan/pit/thr/conf/perl-5.20.3/.cpanplus/5.20.3/build/hoAy_B9rPp/Cache-Cache-1.08/blib/lib:/usr/home/cpan/pit/thr/conf/perl-5.20.3/.cpanplus/5.20.3/build/hoAy_B9rPp/Cache-Cache-1.08/blib/arch:/usr/home/cpan/pit/thr/conf/perl-5.20.3/.cpanplus/5.20.3/build/28FFdnNcfq/AcePerl-1.92/blib/lib:/usr/home/cpan/pit/thr/conf/perl-5.20.3/.cpanplus/5.20.3/build/28FFdnNcfq/AcePerl-1.92/blib/arch
PERL5_CPANPLUS_IS_RUNNING = 22521
PERL5_CPANPLUS_IS_VERSION = 0.9176
PERL5_MINISMOKEBOX = 0.68
PERL5_YACSMOKE_BASE = /usr/home/cpan/pit/thr/conf/perl-5.20.3
PERL_EXTUTILS_AUTOINSTALL = --defaultdeps
PERL_MM_USE_DEFAULT = 1
PERL_USE_UNSAFE_INC = 1
SHELL = /usr/local/bin/bash
TERM = screen
Perl special variables (and OS-specific diagnostics, for MSWin32):
Perl: $^X = /usr/home/cpan/pit/thr/perl-5.20.3/bin/perl
UID: $< = 1002
EUID: $> = 1002
GID: $( = 1002 1002
EGID: $) = 1002 1002
-------------------------------
--
Summary of my perl5 (revision 5 version 20 subversion 3) configuration:
Platform:
osname=freebsd, osvers=11.1-release, archname=amd64-freebsd-thread-multi
uname='freebsd fforc 11.1-release freebsd 11.1-release #0 r321309: fri jul 21 02:08:28 utc 2017 root@releng2.nyi.freebsd.org:usrobjusrsrcsysgeneric amd64 '
config_args='-des -Dprefix=/usr/home/cpan/pit/thr/perl-5.20.3 -Dusethreads'
hint=recommended, useposix=true, d_sigaction=define
useithreads=define, usemultiplicity=define
use64bitint=define, use64bitall=define, uselongdouble=undef
usemymalloc=n, bincompat5005=undef
Compiler:
cc='cc', ccflags ='-DHAS_FPSETMASK -DHAS_FLOATINGPOINT_H -fno-strict-aliasing -pipe -fstack-protector -I/usr/local/include',
optimize='-O',
cppflags='-DHAS_FPSETMASK -DHAS_FLOATINGPOINT_H -fno-strict-aliasing -pipe -fstack-protector -I/usr/local/include'
ccversion='', gccversion='4.2.1 Compatible FreeBSD Clang 4.0.0 (tags/RELEASE_400/final 297347)', gccosandvers=''
intsize=4, longsize=8, ptrsize=8, doublesize=8, byteorder=12345678
d_longlong=define, longlongsize=8, d_longdbl=define, longdblsize=16
ivtype='long', ivsize=8, nvtype='double', nvsize=8, Off_t='off_t', lseeksize=8
alignbytes=8, prototype=define
Linker and Libraries:
ld='cc', ldflags ='-pthread -Wl,-E -fstack-protector -L/usr/local/lib'
libpth=/usr/lib /usr/local/lib /usr/bin/../lib/clang/4.0.0/lib /usr/lib
libs=-lpthread -lgdbm -lm -lcrypt -lutil
perllibs=-lpthread -lm -lcrypt -lutil
libc=, so=so, useshrplib=false, libperl=libperl.a
gnulibc_version=''
Dynamic Linking:
dlsrc=dl_dlopen.xs, dlext=so, d_dlsymun=undef, ccdlflags=' '
cccdlflags='-DPIC -fPIC', lddlflags='-shared -L/usr/local/lib -fstack-protector'
Characteristics of this binary (from libperl):
Compile-time options: HAS_TIMES MULTIPLICITY PERLIO_LAYERS
PERL_DONT_CREATE_GVSV
PERL_HASH_FUNC_ONE_AT_A_TIME_HARD
PERL_IMPLICIT_CONTEXT PERL_MALLOC_WRAP
PERL_NEW_COPY_ON_WRITE PERL_PRESERVE_IVUV
USE_64_BIT_ALL USE_64_BIT_INT USE_ITHREADS
USE_LARGE_FILES USE_LOCALE USE_LOCALE_COLLATE
USE_LOCALE_CTYPE USE_LOCALE_NUMERIC USE_PERLIO
USE_PERL_ATOF USE_REENTRANT_API
Locally applied patches:
Devel::PatchPerl 1.48
Built under freebsd
Compiled at Jul 27 2017 14:01:22
%ENV:
PERL5LIB=":/usr/home/cpan/pit/thr/conf/perl-5.20.3/.cpanplus/5.20.3/build/Y9_FNM4j8W/Digest-SHA1-2.13/blib/lib:/usr/home/cpan/pit/thr/conf/perl-5.20.3/.cpanplus/5.20.3/build/Y9_FNM4j8W/Digest-SHA1-2.13/blib/arch:/usr/home/cpan/pit/thr/conf/perl-5.20.3/.cpanplus/5.20.3/build/IU4gilazUy/Error-0.17026/blib/lib:/usr/home/cpan/pit/thr/conf/perl-5.20.3/.cpanplus/5.20.3/build/IU4gilazUy/Error-0.17026/blib/arch:/usr/home/cpan/pit/thr/conf/perl-5.20.3/.cpanplus/5.20.3/build/hoAy_B9rPp/Cache-Cache-1.08/blib/lib:/usr/home/cpan/pit/thr/conf/perl-5.20.3/.cpanplus/5.20.3/build/hoAy_B9rPp/Cache-Cache-1.08/blib/arch:/usr/home/cpan/pit/thr/conf/perl-5.20.3/.cpanplus/5.20.3/build/28FFdnNcfq/AcePerl-1.92/blib/lib:/usr/home/cpan/pit/thr/conf/perl-5.20.3/.cpanplus/5.20.3/build/28FFdnNcfq/AcePerl-1.92/blib/arch"
PERL5_CPANPLUS_IS_RUNNING="22521"
PERL5_CPANPLUS_IS_VERSION="0.9176"
PERL5_MINISMOKEBOX="0.68"
PERL5_YACSMOKE_BASE="/usr/home/cpan/pit/thr/conf/perl-5.20.3"
PERL_EXTUTILS_AUTOINSTALL="--defaultdeps"
PERL_MM_USE_DEFAULT="1"
PERL_USE_UNSAFE_INC="1"
@INC:
/usr/home/cpan/pit/thr/conf/perl-5.20.3/.cpanplus/5.20.3/build/Y9_FNM4j8W/Digest-SHA1-2.13/blib/lib
/usr/home/cpan/pit/thr/conf/perl-5.20.3/.cpanplus/5.20.3/build/Y9_FNM4j8W/Digest-SHA1-2.13/blib/arch
/usr/home/cpan/pit/thr/conf/perl-5.20.3/.cpanplus/5.20.3/build/IU4gilazUy/Error-0.17026/blib/lib
/usr/home/cpan/pit/thr/conf/perl-5.20.3/.cpanplus/5.20.3/build/IU4gilazUy/Error-0.17026/blib/arch
/usr/home/cpan/pit/thr/conf/perl-5.20.3/.cpanplus/5.20.3/build/hoAy_B9rPp/Cache-Cache-1.08/blib/lib
/usr/home/cpan/pit/thr/conf/perl-5.20.3/.cpanplus/5.20.3/build/hoAy_B9rPp/Cache-Cache-1.08/blib/arch
/usr/home/cpan/pit/thr/conf/perl-5.20.3/.cpanplus/5.20.3/build/28FFdnNcfq/AcePerl-1.92/blib/lib
/usr/home/cpan/pit/thr/conf/perl-5.20.3/.cpanplus/5.20.3/build/28FFdnNcfq/AcePerl-1.92/blib/arch
/usr/home/cpan/pit/thr/perl-5.20.3/lib/site_perl/5.20.3/amd64-freebsd-thread-multi
/usr/home/cpan/pit/thr/perl-5.20.3/lib/site_perl/5.20.3
/usr/home/cpan/pit/thr/perl-5.20.3/lib/5.20.3/amd64-freebsd-thread-multi
/usr/home/cpan/pit/thr/perl-5.20.3/lib/5.20.3
.