Promise-ES6 v0.28 Perl 5 v5.39.4 amd64-freebsd-thread-multi
- Status
- Fail
- From
- Carlos Guevara
- Dist
-
Promise-ES6 v0.28
- Platform
- Perl 5 v5.39.4 amd64-freebsd-thread-multi
- Date
- 2023-10-13 21:06:10
- ID
- 55ff0814-6a0c-11ee-9499-466193daa0fb
This distribution has been tested as part of the CPAN Testers
project, supporting the Perl programming language. See
http://wiki.cpantesters.org/ for more information or email
questions to cpan-testers-discuss@perl.org
--
Dear Felipe Gasper,
This is a computer-generated report for Promise-ES6-0.28
on perl 5.39.4, created by CPAN-Reporter-1.2019.
Thank you for uploading your work to CPAN. However, there was a problem
testing your distribution.
If you think this report is invalid, please consult the CPAN Testers Wiki
for suggestions on how to avoid getting FAIL reports for missing library
or binary dependencies, unsupported operating systems, and so on:
http://wiki.cpantesters.org/wiki/CPANAuthorNotes
Sections of this report:
* Tester comments
* Program output
* Prerequisites
* Environment and other context
------------------------------
TESTER COMMENTS
------------------------------
Additional comments from tester:
this report is from an automated smoke testing program
and was not reviewed by a human for accuracy
------------------------------
PROGRAM OUTPUT
------------------------------
Output from '/usr/bin/make test':
PERL_DL_NONLAZY=1 "/usr/home/cpan/bin/perl/bin/perl5.39.4" "-MExtUtils::Command::MM" "-MTest::Harness" "-e" "undef *Test::Harness::Switches; test_harness(0, 'blib/lib', 'blib/arch')" t/*.t
# Devel::GlobalDestruction is available and loaded.
t/all.t ........................... ok
# Devel::GlobalDestruction is available and loaded.
t/all_async.t ..................... ok
# Devel::GlobalDestruction is available and loaded.
t/allsettled.t .................... ok
t/anyevent.t ...................... ok
# Test::Future::AsyncAwait::Awaitable 0.66
t/async_await.t ................... ok
t/async_await_additional.t ........ skipped: No AnyEvent
t/async_await_sync.t .............. ok
# Devel::GlobalDestruction is available and loaded.
t/await.t ......................... ok
# Devel::GlobalDestruction is available and loaded.
# MASTER PID: 72391
t/await_then_with_async.t ......... ok
# Devel::GlobalDestruction is available and loaded.
t/await_with_async.t .............. ok
# Devel::GlobalDestruction is available and loaded.
t/catch.t ......................... ok
# Devel::GlobalDestruction is available and loaded.
t/catch_asyncreject.t ............. ok
# Devel::GlobalDestruction is available and loaded.
t/finally.t ....................... ok
t/future.t ........................ ok
Promise::ES6=ARRAY(0x8264d3a68): Unhandled rejection: abc at -e line 1.
# [
# ''
# ]
t/global_destruction.t ............ ok
t/ioasync.t ....................... ok
# Devel::GlobalDestruction is available and loaded.
t/memory_leaks.t .................. ok
t/mojo.t .......................... ok
# Devel::GlobalDestruction is available and loaded.
t/multi_then.t .................... ok
t/no_leak_stashed_ref.t ........... ok
# Devel::GlobalDestruction is available and loaded.
t/race.t .......................... ok
# Devel::GlobalDestruction is available and loaded.
XXX XXX XXX --- PID 72408: DESTROYing Promise::ES6=ARRAY(0x832ac6d98) at DESTRUCT time!
$VAR1 = bless( [
72408,
[],
bless( do{\(my $o = undef)}, 'Promise::ES6::_PENDING' ),
undef,
sub { "DUMMY" },
sub { "DUMMY" },
undef
], 'Promise::ES6' );
XXX XXX XXX --- PID 72408: DESTROYing Promise::ES6=ARRAY(0x832ab21e0) at DESTRUCT time!
$VAR1 = bless( [
72408,
[],
undef,
undef,
undef,
undef,
undef,
undef,
undef
], 'Promise::ES6' );
XXX XXX XXX --- PID 72408: DESTROYing Promise::ES6=ARRAY(0x8280e5570) at DESTRUCT time!
$VAR1 = bless( [
72408,
[
undef
],
bless( do{\(my $o = undef)}, 'Promise::ES6::_PENDING' ),
undef
], 'Promise::ES6' );
t/race_async.t ....................
Dubious, test returned 1 (wstat 256, 0x100)
All 1 subtests passed
# Devel::GlobalDestruction is available and loaded.
XXX XXX XXX --- PID 72410: DESTROYing Promise::ES6=ARRAY(0x82fbf6cc0) at DESTRUCT time!
$VAR1 = bless( [
72410,
[],
bless( do{\(my $o = undef)}, 'Promise::ES6::_PENDING' ),
undef,
sub { "DUMMY" },
sub { "DUMMY" },
undef
], 'Promise::ES6' );
XXX XXX XXX --- PID 72410: DESTROYing Promise::ES6=ARRAY(0x82fbde960) at DESTRUCT time!
$VAR1 = bless( [
72410,
[],
bless( do{\(my $o = {
'message' => 'fail'
})}, 'Promise::ES6::_REJECTION' ),
undef,
undef,
undef,
undef,
undef,
undef
], 'Promise::ES6' );
XXX XXX XXX --- PID 72410: DESTROYing Promise::ES6=ARRAY(0x8279e8570) at DESTRUCT time!
$VAR1 = bless( [
72410,
[
undef
],
bless( do{\(my $o = undef)}, 'Promise::ES6::_PENDING' ),
undef
], 'Promise::ES6' );
t/race_fail.t .....................
Dubious, test returned 1 (wstat 256, 0x100)
All 1 subtests passed
# Devel::GlobalDestruction is available and loaded.
XXX XXX XXX --- PID 72412: DESTROYing Promise::ES6=ARRAY(0x82fadaf90) at DESTRUCT time!
$VAR1 = bless( [
72412,
[],
bless( do{\(my $o = undef)}, 'Promise::ES6::_PENDING' ),
undef,
sub { "DUMMY" },
sub { "DUMMY" },
undef
], 'Promise::ES6' );
XXX XXX XXX --- PID 72412: DESTROYing Promise::ES6=ARRAY(0x82fa60ba0) at DESTRUCT time!
$VAR1 = bless( [
72412,
[
undef
],
undef,
undef
], 'Promise::ES6' );
XXX XXX XXX --- PID 72412: DESTROYing Promise::ES6=ARRAY(0x826cac558) at DESTRUCT time!
$VAR1 = bless( [
72412,
[],
bless( do{\(my $o = 1)}, 'Promise::ES6::_RESOLUTION' ),
undef,
undef,
undef,
undef,
undef,
undef
], 'Promise::ES6' );
t/race_success.t ..................
Dubious, test returned 1 (wstat 256, 0x100)
All 1 subtests passed
# Devel::GlobalDestruction is available and loaded.
t/reject.t ........................ ok
# Devel::GlobalDestruction is available and loaded.
t/resolve.t ....................... ok
# Devel::GlobalDestruction is available and loaded.
t/then.t .......................... ok
# Devel::GlobalDestruction is available and loaded.
t/then_catch.t .................... ok
# Devel::GlobalDestruction is available and loaded.
t/then_promise.t .................. ok
# Devel::GlobalDestruction is available and loaded.
t/then_success.t .................. ok
# Devel::GlobalDestruction is available and loaded.
t/then_success_with_no_handler.t .. ok
# Devel::GlobalDestruction is available and loaded.
t/unhandled_rejection.t ........... ok
t/use_event_anyevent.t ............ ok
t/use_event_ioasync.t ............. ok
t/use_event_mojolicious.t ......... ok
Test Summary Report
-------------------
t/race_async.t (Wstat: 256 (exited 1) Tests: 1 Failed: 0)
Non-zero exit status: 1
t/race_fail.t (Wstat: 256 (exited 1) Tests: 1 Failed: 0)
Non-zero exit status: 1
t/race_success.t (Wstat: 256 (exited 1) Tests: 1 Failed: 0)
Non-zero exit status: 1
Files=35, Tests=163, 4 wallclock secs ( 0.07 usr 0.05 sys + 2.42 cusr 0.48 csys = 3.02 CPU)
Result: FAIL
Failed 3/35 test programs. 0/163 subtests failed.
*** Error code 255
Stop.
make: stopped in /usr/home/cpan/.cpan/build/Promise-ES6-0.28-0
------------------------------
PREREQUISITES
------------------------------
Prerequisite modules loaded:
build_requires:
Module Need Have
----------------------------- -------- --------
autodie 0 2.36
ExtUtils::MakeMaker 0 7.70
FindBin 0 1.54
Test::Class 0 0.52
Test::Deep 0 1.204
Test::FailWarnings 0 0.008
Test::Fatal 0 0.017
Test::More 1.302103 1.302195
configure_requires:
Module Need Have
----------------------------- -------- --------
ExtUtils::MakeMaker::CPANfile 0.09 0.09
------------------------------
ENVIRONMENT AND OTHER CONTEXT
------------------------------
Environment variables:
AUTOMATED_TESTING = 1
DATE_MANIP_TEST_DM5 = 1
LANG = C.UTF-8
LC_ALL = C
NONINTERACTIVE_TESTING = 1
NO_NETWORK_TESTING = 1
PATH = /home/cpan/bin/perl/bin:/home/cpan/bin:/sbin:/bin:/usr/sbin:/usr/bin:/usr/local/sbin:/usr/local/bin:/home/cpan/bin
PERL5LIB =
PERL5OPT =
PERL5_CPANPLUS_IS_RUNNING = 71138
PERL5_CPAN_IS_RUNNING = 71138
PERL_MM_USE_DEFAULT = 1
PERL_USE_UNSAFE_INC = 1
SHELL = /usr/local/bin/bash
TERM = screen
TMPDIR = /home/cpan/tmp
Perl special variables (and OS-specific diagnostics, for MSWin32):
$^X = /usr/home/cpan/bin/perl/bin/perl5.39.4
$UID/$EUID = 1002 / 1002
$GID = 1002 1002
$EGID = 1002 1002
Perl module toolchain versions installed:
Module Have
------------------- --------
CPAN 2.36
CPAN::Meta 2.150010
Cwd 3.90
ExtUtils::CBuilder 0.280240
ExtUtils::Command 7.70
ExtUtils::Install 2.22
ExtUtils::MakeMaker 7.70
ExtUtils::Manifest 1.75
ExtUtils::ParseXS 3.51
File::Spec 3.90
JSON 4.10
JSON::PP 4.16
Module::Build 0.4234
Module::Signature n/a
Parse::CPAN::Meta 2.150010
Test2 1.302195
Test::Harness 3.48
Test::More 1.302195
YAML 1.30
YAML::Syck 1.34
version 0.9930
--
Summary of my perl5 (revision 5 version 39 subversion 4) configuration:
Commit id: 829d308a92c0e83dfe9608160c8bb96aac40b8c5
Platform:
osname=freebsd
osvers=13.2-release-p4
archname=amd64-freebsd-thread-multi
uname='freebsd cjg-freebsd13 13.2-release-p4 freebsd 13.2-release-p4 generic amd64 '
config_args='-des -Dprefix=/home/cpan/bin/perl -Dscriptdir=/home/cpan/bin/perl/bin -Dusedevel -Duse64bitall -Duseithreads'
hint=recommended
useposix=true
d_sigaction=define
useithreads=define
usemultiplicity=define
use64bitint=define
use64bitall=define
uselongdouble=undef
usemymalloc=n
default_inc_excludes_dot=define
Compiler:
cc='cc'
ccflags ='-DHAS_FPSETMASK -DHAS_FLOATINGPOINT_H -fno-strict-aliasing -pipe -fstack-protector-strong -I/usr/local/include'
optimize='-O2'
cppflags='-DHAS_FPSETMASK -DHAS_FLOATINGPOINT_H -fno-strict-aliasing -pipe -fstack-protector-strong -I/usr/local/include'
ccversion=''
gccversion='FreeBSD Clang 14.0.5 (https://github.com/llvm/llvm-project.git llvmorg-14.0.5-0-gc12386ae247c)'
gccosandvers=''
intsize=4
longsize=8
ptrsize=8
doublesize=8
byteorder=12345678
doublekind=3
d_longlong=define
longlongsize=8
d_longdbl=define
longdblsize=16
longdblkind=3
ivtype='long'
ivsize=8
nvtype='double'
nvsize=8
Off_t='off_t'
lseeksize=8
alignbytes=8
prototype=define
Linker and Libraries:
ld='cc'
ldflags ='-pthread -Wl,-E -fstack-protector-strong -L/usr/local/lib'
libpth=/usr/lib /usr/local/lib /usr/lib/clang/14.0.5/lib
libs=-lpthread -ldl -lm -lcrypt -lutil
perllibs=-lpthread -ldl -lm -lcrypt -lutil
libc=
so=so
useshrplib=false
libperl=libperl.a
gnulibc_version=''
Dynamic Linking:
dlsrc=dl_dlopen.xs
dlext=so
d_dlsymun=undef
ccdlflags=' '
cccdlflags='-DPIC -fPIC'
lddlflags='-shared -L/usr/local/lib -fstack-protector-strong'
Characteristics of this binary (from libperl):
Compile-time options:
HAS_LONG_DOUBLE
HAS_STRTOLD
HAS_TIMES
MULTIPLICITY
PERLIO_LAYERS
PERL_COPY_ON_WRITE
PERL_DONT_CREATE_GVSV
PERL_HASH_FUNC_SIPHASH13
PERL_HASH_USE_SBOX32
PERL_MALLOC_WRAP
PERL_OP_PARENT
PERL_PRESERVE_IVUV
PERL_USE_DEVEL
PERL_USE_SAFE_PUTENV
USE_64_BIT_ALL
USE_64_BIT_INT
USE_ITHREADS
USE_LARGE_FILES
USE_LOCALE
USE_LOCALE_COLLATE
USE_LOCALE_CTYPE
USE_LOCALE_NUMERIC
USE_LOCALE_TIME
USE_PERLIO
USE_PERL_ATOF
USE_REENTRANT_API
Built under freebsd
Compiled at Oct 13 2023 11:19:58
%ENV:
PERL5LIB=""
PERL5OPT=""
PERL5_CPANPLUS_IS_RUNNING="71138"
PERL5_CPAN_IS_RUNNING="71138"
PERL_MM_USE_DEFAULT="1"
PERL_USE_UNSAFE_INC="1"
@INC:
/home/cpan/bin/perl/lib/site_perl/5.39.4/amd64-freebsd-thread-multi
/home/cpan/bin/perl/lib/site_perl/5.39.4
/home/cpan/bin/perl/lib/5.39.4/amd64-freebsd-thread-multi
/home/cpan/bin/perl/lib/5.39.4
.