App-Sqitch vv1.4.0 Perl 5 v5.22.2 x86_64-linux

Status
Fail
From
Slaven Rezić
Dist
App-Sqitch vv1.4.0
Platform
Perl 5 v5.22.2 x86_64-linux
Date
2023-08-03 06:31:10
ID
5607006e-31c7-11ee-9bdd-f51b6e8775ea
This distribution has been tested as part of the CPAN Testers
project, supporting the Perl programming language.  See
http://wiki.cpantesters.org/ for more information or email
questions to cpan-testers-discuss@perl.org


--
Dear David E. Wheeler,

This is a computer-generated report for App-Sqitch-v1.4.0
on perl 5.22.2, created by CPAN-Reporter-1.2018.

Thank you for uploading your work to CPAN.  However, there was a problem
testing your distribution.

If you think this report is invalid, please consult the CPAN Testers Wiki
for suggestions on how to avoid getting FAIL reports for missing library
or binary dependencies, unsupported operating systems, and so on:

http://wiki.cpantesters.org/wiki/CPANAuthorNotes

Sections of this report:

    * Tester comments
    * Program output
    * Prerequisites
    * Environment and other context

------------------------------
TESTER COMMENTS
------------------------------

Additional comments from tester:

none provided

------------------------------
PROGRAM OUTPUT
------------------------------

Output from './Build test':

t/add.t ............. ok
t/base.t ............ ok
t/blank.t ........... ok
t/bundle.t .......... ok
t/change.t .......... ok
t/changelist.t ...... ok
t/check.t ........... ok
t/checkout.t ........ ok
t/cockroach.t ....... ok
t/command.t ......... ok
t/config.t .......... ok
t/configuration.t ... ok
t/conn_cmd_role.t ... ok
t/cx_cmd_role.t ..... ok
t/datetime.t ........ ok
t/dbiengine_role.t .. ok
t/depend.t .......... ok
t/deploy.t .......... ok

#   Failed test 'Should get warning omitting required arguments'
#   at t/engine.t line 1932.
# found carped warning: Engine::revert() requires the `prompt` and `prompt_default` arguments.
# expected to find warning: Engine::revert() requires the `prompt` and `prompt_default` arguments.
# Looks like you failed 1 test of 775.
t/engine.t .......... 
Dubious, test returned 1 (wstat 256, 0x100)
Failed 1/775 subtests 
t/engine_cmd.t ...... ok
t/exasol.t .......... ok
t/firebird.t ........ ok
t/help.t ............ ok
t/init.t ............ ok
t/item_formatter.t .. ok
t/linelist.t ........ ok
t/log.t ............. ok
t/mooseless.t ....... ok
t/mysql.t ........... ok
t/options.t ......... ok
t/oracle.t .......... ok
t/pg.t .............. ok
t/plan.t ............ ok
t/plan_cmd.t ........ ok
t/pragma.t .......... ok
t/rebase.t .......... ok
t/revert.t .......... ok
t/rework.t .......... ok
t/show.t ............ ok
t/snowflake.t ....... ok
t/sqlite.t .......... ok
t/status.t .......... ok
t/tag.t ............. ok
t/tag_cmd.t ......... ok
t/target.t .......... ok
t/target_cmd.t ...... ok
t/upgrade.t ......... ok
t/verify.t .......... ok
t/vertica.t ......... ok
t/win32.t ........... ok
t/x.t ............... ok

Test Summary Report
-------------------
t/engine.t        (Wstat: 256 Tests: 775 Failed: 1)
  Failed test:  415
  Non-zero exit status: 1
Files=51, Tests=7589, 51 wallclock secs ( 0.33 usr  0.11 sys + 13.22 cusr  2.38 csys = 16.04 CPU)
Result: FAIL
Failed 1/51 test programs. 1/7589 subtests failed.

------------------------------
PREREQUISITES
------------------------------

Prerequisite modules loaded:

requires:

    Module                          Need     Have      
    ------------------------------- -------- ----------
    Algorithm::Backoff::Exponential 0.006    0.009     
    Clone                           0        0.38      
    Config::GitLike                 1.15     1.16      
    constant                        0        1.33      
    DateTime                        1.04     1.36      
    DateTime::TimeZone              0        2.01      
    DBI                             1.631    1.643     
    Devel::StackTrace               1.30     2.01      
    Digest::SHA                     0        5.96      
    Encode                          0        2.85      
    Encode::Locale                  0        1.05      
    File::Basename                  0        2.85      
    File::Copy                      0        2.30      
    File::Path                      0        2.12      
    File::Temp                      0        0.2304    
    Getopt::Long                    0        2.49      
    Hash::Merge                     0        0.200     
    IO::Handle                      0        1.35      
    IO::Pager                       0.34     0.36      
    IPC::Run3                       0        0.048     
    IPC::System::Simple             1.17     1.25      
    List::MoreUtils                 0        0.416     
    List::Util                      0        1.45      
    Locale::Messages                0        1.26      
    Locale::TextDomain              1.20     1.26      
    Moo                             1.002000 2.002004  
    Moo::Role                       0        2.002004  
    namespace::autoclean            0.16     0.28      
    overload                        0        1.26      
    parent                          0        0.232     
    Path::Class                     0.33     0.37      
    perl                            5.010    5.022002  
    PerlIO::utf8_strict             0        0.006     
    Pod::Escapes                    1.04     1.07      
    Pod::Find                       0        1.63      
    Pod::Usage                      0        1.69      
    POSIX                           0        1.53_01   
    Scalar::Util                    0        1.45      
    StackTrace::Auto                0        0.200013  
    strict                          0        1.09      
    String::Formatter               0        0.102084  
    String::ShellQuote              0        1.04      
    Sub::Exporter                   0        0.987     
    Sub::Exporter::Util             0        0.987     
    Sys::Hostname                   0        1.20      
    Template::Tiny                  0.11     1.12      
    Term::ANSIColor                 2.02     4.05      
    Throwable                       0.200009 0.200013  
    Time::HiRes                     0        1.9739    
    Time::Local                     0        1.24      
    Try::Tiny                       0        0.27      
    Type::Library                   0.040    1.000005  
    Type::Utils                     0        1.000005  
    Types::Standard                 0        1.000005  
    URI                             0        1.71      
    URI::db                         0.20     0.21      
    URI::QueryParam                 0        1.71      
    User::pwent                     0        1.00      
    utf8                            0        1.17      
    warnings                        0        1.34      

build_requires:

    Module                          Need     Have      
    ------------------------------- -------- ----------
    base                            0        2.22      
    Capture::Tiny                   0.12     0.44      
    Carp                            0        1.38      
    DBD::Mem                        0        0.001     
    File::Find                      0        1.29      
    File::Spec                      0        3.62      
    File::Spec::Functions           0        3.62      
    FindBin                         0        1.51      
    IO::Pager                       0.34     0.36      
    lib                             0        0.63      
    Module::Build                   0.35     0.4220    
    Module::Runtime                 0        0.014     
    Path::Class                     0.33     0.37      
    Test::Deep                      0        1.120     
    Test::Dir                       0        1.014     
    Test::Exception                 0        0.43      
    Test::Exit                      0        0.11      
    Test::File                      0        1.44      
    Test::File::Contents            0.20     0.23      
    Test::MockModule                0.17     0.177.0   
    Test::MockObject::Extends       0        1.20150527
    Test::More                      0.94     1.302052  
    Test::NoWarnings                0.083    1.04      
    Test::Warn                      0        0.30      

configure_requires:

    Module                          Need     Have      
    ------------------------------- -------- ----------
    Module::Build                   0.35     0.4220    


------------------------------
ENVIRONMENT AND OTHER CONTEXT
------------------------------

Environment variables:

    LANG = en_US.UTF-8
    LANGUAGE = en_US:en
    LC_ALL = en_US.UTF-8
    PATH = /usr/local/bin:/usr/bin:/bin:/usr/local/sbin:/usr/sbin:/sbin:/home/cpansand/bin/linux-gnu:/home/cpansand/bin/sh:/home/cpansand/bin:/usr/games:/home/cpansand/devel:/home/eserte/src/srezic-misc/scripts
    PERL5LIB = /home/cpansand/.cpan/build/2023080300/URI-db-0.21-0/blib/arch:/home/cpansand/.cpan/build/2023080300/URI-db-0.21-0/blib/lib:/home/cpansand/.cpan/build/2023080300/Test-MockModule-v0.177.0-0/blib/arch:/home/cpansand/.cpan/build/2023080300/Test-MockModule-v0.177.0-0/blib/lib:/home/cpansand/.cpan/build/2023080300/Test-Exit-0.11-0/blib/arch:/home/cpansand/.cpan/build/2023080300/Test-Exit-0.11-0/blib/lib:/home/cpansand/.cpan/build/2023080300/DBI-1.643-0/blib/arch:/home/cpansand/.cpan/build/2023080300/DBI-1.643-0/blib/lib:/home/cpansand/.cpan/build/2023080300/Algorithm-Backoff-0.009-0/blib/arch:/home/cpansand/.cpan/build/2023080300/Algorithm-Backoff-0.009-0/blib/lib
    PERL5OPT = 
    PERL5_CPANPLUS_IS_RUNNING = 18221
    PERL5_CPAN_IS_RUNNING = 18221
    PERL5_CPAN_IS_RUNNING_IN_RECURSION = 3051,18221
    PERLDOC = -MPod::Perldoc::ToTextOverstrike
    PERL_BATCH = yes
    PERL_CANARY_STABILITY_NOPROMPT = 1
    PERL_CPAN_REPORTER_CONFIG = /var/tmp/cpansmoker-1023/2023080220/cpanreporter_000_config.ini
    PERL_EXTUTILS_AUTOINSTALL = --defaultdeps
    PERL_USE_UNSAFE_INC = 1
    SHELL = /bin/zsh
    TERM = screen
    TMPDIR = /var/tmp/cpansmoker-1023/2023080220

Perl special variables (and OS-specific diagnostics, for MSWin32):

    $^X = /opt/perl-5.22.2/bin/perl
    $UID/$EUID = 1023 / 1023
    $GID = 1023 1023
    $EGID = 1023 1023

Perl module toolchain versions installed:

    Module              Have    
    ------------------- --------
    CPAN                2.16    
    CPAN::Meta          2.150010
    Cwd                 3.62    
    ExtUtils::CBuilder  0.280221
    ExtUtils::Command   7.24    
    ExtUtils::Install   2.04    
    ExtUtils::MakeMaker 7.24    
    ExtUtils::Manifest  1.70    
    ExtUtils::ParseXS   3.28    
    File::Spec          3.62    
    JSON                2.90    
    JSON::PP            2.27300 
    Module::Build       0.4220  
    Module::Signature   0.81    
    Parse::CPAN::Meta   2.150010
    Test::Harness       3.35    
    Test::More          1.302052
    YAML                1.17    
    YAML::Syck          1.29    
    version             0.9917  


--

Summary of my perl5 (revision 5 version 22 subversion 2) configuration:
   
  Platform:
    osname=linux, osvers=3.2.0-4-amd64, archname=x86_64-linux
    uname='linux cvrsnica-wheezy 3.2.0-4-amd64 #1 smp debian 3.2.54-2 x86_64 gnulinux '
    config_args='-ds -e -Dprefix=/opt/perl-5.22.2 -Dcf_email=srezic@cpan.org'
    hint=recommended, useposix=true, d_sigaction=define
    useithreads=undef, usemultiplicity=undef
    use64bitint=define, use64bitall=define, uselongdouble=undef
    usemymalloc=n, bincompat5005=undef
  Compiler:
    cc='cc', ccflags ='-fwrapv -fno-strict-aliasing -pipe -fstack-protector -I/usr/local/include -D_LARGEFILE_SOURCE -D_FILE_OFFSET_BITS=64 -D_FORTIFY_SOURCE=2',
    optimize='-O2',
    cppflags='-fwrapv -fno-strict-aliasing -pipe -fstack-protector -I/usr/local/include'
    ccversion='', gccversion='4.7.2', gccosandvers=''
    intsize=4, longsize=8, ptrsize=8, doublesize=8, byteorder=12345678, doublekind=3
    d_longlong=define, longlongsize=8, d_longdbl=define, longdblsize=16, longdblkind=3
    ivtype='long', ivsize=8, nvtype='double', nvsize=8, Off_t='off_t', lseeksize=8
    alignbytes=8, prototype=define
  Linker and Libraries:
    ld='cc', ldflags =' -fstack-protector -L/usr/local/lib'
    libpth=/usr/local/lib /usr/lib/gcc/x86_64-linux-gnu/4.7/include-fixed /usr/include/x86_64-linux-gnu /usr/lib /lib/x86_64-linux-gnu /lib/../lib /usr/lib/x86_64-linux-gnu /usr/lib/../lib /lib
    libs=-lpthread -lnsl -ldb -ldl -lm -lcrypt -lutil -lc
    perllibs=-lpthread -lnsl -ldl -lm -lcrypt -lutil -lc
    libc=libc-2.13.so, so=so, useshrplib=false, libperl=libperl.a
    gnulibc_version='2.13'
  Dynamic Linking:
    dlsrc=dl_dlopen.xs, dlext=so, d_dlsymun=undef, ccdlflags='-Wl,-E'
    cccdlflags='-fPIC', lddlflags='-shared -O2 -L/usr/local/lib -fstack-protector'


Characteristics of this binary (from libperl): 
  Compile-time options: HAS_TIMES PERLIO_LAYERS PERL_DONT_CREATE_GVSV
                        PERL_HASH_FUNC_ONE_AT_A_TIME_HARD PERL_MALLOC_WRAP
                        PERL_NEW_COPY_ON_WRITE PERL_PRESERVE_IVUV
                        USE_64_BIT_ALL USE_64_BIT_INT USE_LARGE_FILES
                        USE_LOCALE USE_LOCALE_COLLATE USE_LOCALE_CTYPE
                        USE_LOCALE_NUMERIC USE_LOCALE_TIME USE_PERLIO
                        USE_PERL_ATOF
  Built under linux
  Compiled at May 29 2016 23:41:57
  %ENV:
    PERL5LIB="/home/cpansand/.cpan/build/2023080300/URI-db-0.21-0/blib/arch:/home/cpansand/.cpan/build/2023080300/URI-db-0.21-0/blib/lib:/home/cpansand/.cpan/build/2023080300/Test-MockModule-v0.177.0-0/blib/arch:/home/cpansand/.cpan/build/2023080300/Test-MockModule-v0.177.0-0/blib/lib:/home/cpansand/.cpan/build/2023080300/Test-Exit-0.11-0/blib/arch:/home/cpansand/.cpan/build/2023080300/Test-Exit-0.11-0/blib/lib:/home/cpansand/.cpan/build/2023080300/DBI-1.643-0/blib/arch:/home/cpansand/.cpan/build/2023080300/DBI-1.643-0/blib/lib:/home/cpansand/.cpan/build/2023080300/Algorithm-Backoff-0.009-0/blib/arch:/home/cpansand/.cpan/build/2023080300/Algorithm-Backoff-0.009-0/blib/lib"
    PERL5OPT=""
    PERL5_CPANPLUS_IS_RUNNING="18221"
    PERL5_CPAN_IS_RUNNING="18221"
    PERL5_CPAN_IS_RUNNING_IN_RECURSION="3051,18221"
    PERLDOC="-MPod::Perldoc::ToTextOverstrike"
    PERL_BATCH="yes"
    PERL_CANARY_STABILITY_NOPROMPT="1"
    PERL_CPAN_REPORTER_CONFIG="/var/tmp/cpansmoker-1023/2023080220/cpanreporter_000_config.ini"
    PERL_EXTUTILS_AUTOINSTALL="--defaultdeps"
    PERL_USE_UNSAFE_INC="1"
  @INC:
    /home/cpansand/.cpan/build/2023080300/URI-db-0.21-0/blib/arch
    /home/cpansand/.cpan/build/2023080300/URI-db-0.21-0/blib/lib
    /home/cpansand/.cpan/build/2023080300/Test-MockModule-v0.177.0-0/blib/arch
    /home/cpansand/.cpan/build/2023080300/Test-MockModule-v0.177.0-0/blib/lib
    /home/cpansand/.cpan/build/2023080300/Test-Exit-0.11-0/blib/arch
    /home/cpansand/.cpan/build/2023080300/Test-Exit-0.11-0/blib/lib
    /home/cpansand/.cpan/build/2023080300/DBI-1.643-0/blib/arch
    /home/cpansand/.cpan/build/2023080300/DBI-1.643-0/blib/lib
    /home/cpansand/.cpan/build/2023080300/Algorithm-Backoff-0.009-0/blib/arch
    /home/cpansand/.cpan/build/2023080300/Algorithm-Backoff-0.009-0/blib/lib
    /opt/perl-5.22.2/lib/site_perl/5.22.2/x86_64-linux
    /opt/perl-5.22.2/lib/site_perl/5.22.2
    /opt/perl-5.22.2/lib/5.22.2/x86_64-linux
    /opt/perl-5.22.2/lib/5.22.2
    .