Report for Gtk2-1.2496

Back
From: metabase:user:320bfe00-2aae-11df-837a-5e0a49663a4f
Subject: FAIL Gtk2-1.2496 v5.23.1 GNU/Linux
Date: 2015-09-16T00:53:25Z

This distribution has been tested as part of the CPAN Testers
project, supporting the Perl programming language.  See
http://wiki.cpantesters.org/ for more information or email
questions to cpan-testers-discuss@perl.org


--
Dear Brian Manning,

This is a computer-generated report for Gtk2-1.2496
on perl 5.23.1, created by CPAN-Reporter-1.2015.

Thank you for uploading your work to CPAN.  However, there was a problem
testing your distribution.

If you think this report is invalid, please consult the CPAN Testers Wiki
for suggestions on how to avoid getting FAIL reports for missing library
or binary dependencies, unsupported operating systems, and so on:

http://wiki.cpantesters.org/wiki/CPANAuthorNotes

Sections of this report:

    * Tester comments
    * Program output
    * Prerequisites
    * Environment and other context

------------------------------
TESTER COMMENTS
------------------------------

Additional comments from tester:

this report is from an automated smoke testing program
and was not reviewed by a human for accuracy

------------------------------
PROGRAM OUTPUT
------------------------------

Output from '/usr/bin/make test':

Running Mkbootstrap for Gtk2 ()
chmod 644 "Gtk2.bs"
PERL_DL_NONLAZY=1 "/home/sand/src/perl/repoperls/installed-perls/perl/v5.23.1/165a/bin/perl" "-MExtUtils::Command::MM" "-MTest::Harness" "-e" "undef *Test::Harness::Switches; test_harness(0, 'blib/lib', 'blib/arch')" t/*.t
# Testing Gtk2 1.2496
#    Running against gtk+ 2.24.28
#   Compiled against gtk+ 2.24.28
Xlib:  extension "RANDR" missing on display ":121".
t/00.Gtk2.t ........................ ok
Xlib:  extension "RANDR" missing on display ":121".
t/01.GtkWindow.t ................... ok
Xlib:  extension "RANDR" missing on display ":121".
t/02.GtkContainer.t ................ ok
t/constants.t ...................... ok
Xlib:  extension "RANDR" missing on display ":121".
t/Gdk.t ............................ ok
Xlib:  extension "RANDR" missing on display ":121".
t/GdkCairo.t ....................... ok
Xlib:  extension "RANDR" missing on display ":121".
t/GdkColor.t ....................... ok
Xlib:  extension "RANDR" missing on display ":121".
t/GdkCursor.t ...................... ok
Xlib:  extension "RANDR" missing on display ":121".
Xlib:  extension "RANDR" missing on display ":121".
Xlib:  extension "RANDR" missing on display ":121".
t/GdkDisplay.t ..................... ok
Xlib:  extension "RANDR" missing on display ":121".
t/GdkDisplayManager.t .............. ok
Xlib:  extension "RANDR" missing on display ":121".
t/GdkDrawable.t .................... ok
Xlib:  extension "RANDR" missing on display ":121".
t/GdkEvent.t ....................... ok
Xlib:  extension "RANDR" missing on display ":121".
t/GdkGC.t .......................... ok
Xlib:  extension "RANDR" missing on display ":121".
t/GdkImage.t ....................... ok
Xlib:  extension "RANDR" missing on display ":121".
t/GdkInput.t ....................... ok
Xlib:  extension "RANDR" missing on display ":121".
t/GdkKeys.t ........................ ok
Xlib:  extension "RANDR" missing on display ":121".
t/GdkPango.t ....................... ok
Xlib:  extension "RANDR" missing on display ":121".
t/GdkPixbuf.t ...................... ok
t/GdkPixbufLoader.t ................ ok
t/GdkPixbufSimpleAnim.t ............ ok
Xlib:  extension "RANDR" missing on display ":121".
Gdk-WARNING **: XID collision, trouble ahead at t/GdkPixmap.t line 16.
Gdk-WARNING **: XID collision, trouble ahead at t/GdkPixmap.t line 25.
Gdk-WARNING **: XID collision, trouble ahead at t/GdkPixmap.t line 40.
t/GdkPixmap.t ...................... ok
Xlib:  extension "RANDR" missing on display ":121".
t/GdkProperty.t .................... ok
t/GdkRegion.t ...................... ok
Xlib:  extension "RANDR" missing on display ":121".
t/GdkRgb.t ......................... ok
Xlib:  extension "RANDR" missing on display ":121".
t/GdkScreen.t ...................... ok
Xlib:  extension "RANDR" missing on display ":121".
t/GdkSelection.t ................... ok
Xlib:  extension "RANDR" missing on display ":121".
t/GdkVisual.t ...................... ok
Xlib:  extension "RANDR" missing on display ":121".
*** Error in `/home/sand/src/perl/repoperls/installed-perls/perl/v5.23.1/165a/bin/perl': munmap_chunk(): invalid pointer: 0x0000000001c87af0 ***
t/GdkWindow.t ...................... 
Failed 36/58 subtests 
Xlib:  extension "RANDR" missing on display ":121".
t/GdkX11.t ......................... ok
Xlib:  extension "RANDR" missing on display ":121".
t/GtkAboutDialog.t ................. ok
Xlib:  extension "RANDR" missing on display ":121".
t/GtkAccelGroup.t .................. ok
Xlib:  extension "RANDR" missing on display ":121".
t/GtkAccelLabel.t .................. ok
Xlib:  extension "RANDR" missing on display ":121".
t/GtkAccelMap.t .................... ok
Xlib:  extension "RANDR" missing on display ":121".
t/GtkAction.t ...................... ok
Xlib:  extension "RANDR" missing on display ":121".
t/GtkActionGroup.t ................. ok
Xlib:  extension "RANDR" missing on display ":121".
t/GtkActivatable.t ................. ok
t/GtkAdjustment.t .................. ok
t/GtkAlignment.t ................... ok
t/GtkArrow.t ....................... ok
t/GtkAspectFrame.t ................. ok
Xlib:  extension "RANDR" missing on display ":121".
t/GtkAssistant.t ................... ok
Xlib:  extension "RANDR" missing on display ":121".
t/GtkBin.t ......................... ok
Xlib:  extension "RANDR" missing on display ":121".
t/GtkBindings.t .................... ok
Xlib:  extension "RANDR" missing on display ":121".
t/GtkBox.t ......................... ok
Xlib:  extension "RANDR" missing on display ":121".
t/GtkBuildable.t ................... ok
Xlib:  extension "RANDR" missing on display ":121".
GLib-GObject-WARNING **: /tmp/buildd/glib2.0-2.44.1/./gobject/gsignal.c:1186: unable to lookup signal "changed" for non instantiatable type 'GtkBuildable' at /home/sand/src/perl/repoperls/installed-perls/perl/v5.23.1/165a/lib/site_perl/5.23.1/x86_64-linux/Glib/Object/Subclass.pm line 235.
t/GtkBuildableIface.t .............. ok
Xlib:  extension "RANDR" missing on display ":121".
t/GtkBuilder.t ..................... ok
Xlib:  extension "RANDR" missing on display ":121".
t/GtkButton.t ...................... ok
Xlib:  extension "RANDR" missing on display ":121".
t/GtkButtonBox.t ................... ok
Xlib:  extension "RANDR" missing on display ":121".
t/GtkCalendar.t .................... ok
Xlib:  extension "RANDR" missing on display ":121".
GLib-GObject-CRITICAL **: Object class EditableTest doesn't implement property 'editing-canceled' from interface 'GtkCellEditable' at /home/sand/src/perl/repoperls/installed-perls/perl/v5.23.1/165a/lib/site_perl/5.23.1/x86_64-linux/Glib/Object/Subclass.pm line 235.
t/GtkCellEditable.t ................ ok
Xlib:  extension "RANDR" missing on display ":121".
t/GtkCellLayout.t .................. ok
Xlib:  extension "RANDR" missing on display ":121".
t/GtkCellLayoutIface.t ............. ok
Xlib:  extension "RANDR" missing on display ":121".
t/GtkCellRenderer.t ................ ok
t/GtkCellRendererAccel.t ........... ok
t/GtkCellRendererCombo.t ........... ok
Xlib:  extension "RANDR" missing on display ":121".
t/GtkCellRendererIface-Chaining.t .. ok
t/GtkCellRendererPixbuf.t .......... ok
t/GtkCellRendererProgress.t ........ ok
t/GtkCellRendererSpin.t ............ ok
t/GtkCellRendererSpinner.t ......... ok
t/GtkCellRendererText.t ............ ok
t/GtkCellRendererToggle.t .......... ok
Xlib:  extension "RANDR" missing on display ":121".
t/GtkCellView.t .................... ok
Xlib:  extension "RANDR" missing on display ":121".
t/GtkCheckButton.t ................. ok
Xlib:  extension "RANDR" missing on display ":121".
t/GtkCheckMenuItem.t ............... ok
Xlib:  extension "RANDR" missing on display ":121".
t/GtkClipboard.t ................... ok
Xlib:  extension "RANDR" missing on display ":121".
t/GtkColorButton.t ................. ok
Xlib:  extension "RANDR" missing on display ":121".
t/GtkColorSelection.t .............. ok
Xlib:  extension "RANDR" missing on display ":121".
t/GtkColorSelectionDialog.t ........ ok
Xlib:  extension "RANDR" missing on display ":121".
t/GtkCombo.t ....................... ok
Xlib:  extension "RANDR" missing on display ":121".
t/GtkComboBox.t .................... ok
Xlib:  extension "RANDR" missing on display ":121".
t/GtkComboBoxEntry.t ............... ok
Xlib:  extension "RANDR" missing on display ":121".
t/GtkCurve.t ....................... ok
Xlib:  extension "RANDR" missing on display ":121".
t/GtkDialog.t ...................... ok
t/GtkDrawingArea.t ................. ok
Xlib:  extension "RANDR" missing on display ":121".
t/GtkEditable.t .................... ok
Xlib:  extension "RANDR" missing on display ":121".
t/GtkEntry.t ....................... ok
Xlib:  extension "RANDR" missing on display ":121".
t/GtkEntryBuffer.t ................. ok
Xlib:  extension "RANDR" missing on display ":121".
t/GtkEntryCompletion.t ............. ok
t/GtkEventBox.t .................... ok
Xlib:  extension "RANDR" missing on display ":121".
t/GtkExpander.t .................... ok
t/GtkFileChooser.t ................. skipped: this test is unreliable
Xlib:  extension "RANDR" missing on display ":121".
t/GtkFileChooserButton.t ........... ok
Xlib:  extension "RANDR" missing on display ":121".
t/GtkFileChooserDialog.t ........... ok
Xlib:  extension "RANDR" missing on display ":121".
t/GtkFileChooserWidget.t ........... ok
t/GtkFileFilter.t .................. ok
Xlib:  extension "RANDR" missing on display ":121".
t/GtkFileSelection.t ............... ok
t/GtkFixed.t ....................... ok
Xlib:  extension "RANDR" missing on display ":121".
t/GtkFontButton.t .................. ok
Xlib:  extension "RANDR" missing on display ":121".
t/GtkFontSelection.t ............... ok
t/GtkFrame.t ....................... ok
Xlib:  extension "RANDR" missing on display ":121".
t/GtkGammaCurve.t .................. ok
Xlib:  extension "RANDR" missing on display ":121".
t/GtkGC.t .......................... ok
t/GtkHandleBox.t ................... ok
t/GtkHBox.t ........................ ok
t/GtkHButtonBox.t .................. ok
t/GtkHPaned.t ...................... ok
t/GtkHRuler.t ...................... ok
Xlib:  extension "RANDR" missing on display ":121".
t/GtkHScale.t ...................... ok
t/GtkHScrollbar.t .................. ok
t/GtkHSeparator.t .................. ok
t/GtkHSV.t ......................... ok
Xlib:  extension "RANDR" missing on display ":121".
t/GtkIconFactory.t ................. ok
Xlib:  extension "RANDR" missing on display ":121".
t/GtkIconTheme.t ................... ok
Xlib:  extension "RANDR" missing on display ":121".
t/GtkIconView.t .................... ok
Xlib:  extension "RANDR" missing on display ":121".
t/GtkImage.t ....................... ok
Xlib:  extension "RANDR" missing on display ":121".
t/GtkImageMenuItem.t ............... ok
Xlib:  extension "RANDR" missing on display ":121".
t/GtkIMContext.t ................... ok
Xlib:  extension "RANDR" missing on display ":121".
t/GtkInfoBar.t ..................... ok
Xlib:  extension "RANDR" missing on display ":121".
t/GtkInputDialog.t ................. ok
Xlib:  extension "RANDR" missing on display ":121".
t/GtkInvisible.t ................... ok
Xlib:  extension "RANDR" missing on display ":121".
t/GtkItemFactory.t ................. ok
Xlib:  extension "RANDR" missing on display ":121".
t/GtkLabel.t ....................... ok
Xlib:  extension "RANDR" missing on display ":121".
t/GtkLayout.t ...................... ok
Xlib:  extension "RANDR" missing on display ":121".
t/GtkLinkButton.t .................. ok
Xlib:  extension "RANDR" missing on display ":121".
t/GtkListStore.t ................... ok
Xlib:  extension "RANDR" missing on display ":121".
t/GtkMenu.t ........................ ok
t/GtkMenuBar.t ..................... ok
Xlib:  extension "RANDR" missing on display ":121".
t/GtkMenuItem.t .................... ok
Xlib:  extension "RANDR" missing on display ":121".
t/GtkMenuShell.t ................... ok
Xlib:  extension "RANDR" missing on display ":121".
t/GtkMenuToolButton.t .............. ok
Xlib:  extension "RANDR" missing on display ":121".
t/GtkMessageDialog.t ............... ok
t/GtkMisc.t ........................ ok
Xlib:  extension "RANDR" missing on display ":121".
t/GtkNotebook.t .................... ok
t/GtkObject.t ...................... ok
Xlib:  extension "RANDR" missing on display ":121".
t/GtkOffscreenWindow.t ............. ok
Xlib:  extension "RANDR" missing on display ":121".
t/GtkOptionMenu.t .................. ok
Xlib:  extension "RANDR" missing on display ":121".
t/GtkOrientable.t .................. ok
Xlib:  extension "RANDR" missing on display ":121".
t/GtkPageSetup.t ................... ok
Xlib:  extension "RANDR" missing on display ":121".
t/GtkPaned.t ....................... ok
Xlib:  extension "RANDR" missing on display ":121".
t/GtkPaperSize.t ................... ok
Xlib:  extension "RANDR" missing on display ":121".
t/GtkPrintContext.t ................ ok
Xlib:  extension "RANDR" missing on display ":121".
t/GtkPrintOperation.t .............. ok
Xlib:  extension "RANDR" missing on display ":121".
t/GtkPrintOperationPreview.t ....... ok
Xlib:  extension "RANDR" missing on display ":121".
t/GtkPrintSettings.t ............... ok
t/GtkProgressBar.t ................. ok
t/GtkRadioAction.t ................. ok
Xlib:  extension "RANDR" missing on display ":121".
t/GtkRadioButton.t ................. ok
Xlib:  extension "RANDR" missing on display ":121".
t/GtkRadioMenuItem.t ............... ok
Xlib:  extension "RANDR" missing on display ":121".
t/GtkRadioToolButton.t ............. ok
Xlib:  extension "RANDR" missing on display ":121".
t/GtkRange.t ....................... ok
Xlib:  extension "RANDR" missing on display ":121".
t/GtkRc.t .......................... ok
Xlib:  extension "RANDR" missing on display ":121".
t/GtkRecentAction.t ................ ok
Xlib:  extension "RANDR" missing on display ":121".
GLib-CRITICAL **: Source ID 4 was not found when attempting to remove it at t/GtkRecentChooser.t line 67.
GLib-CRITICAL **: Source ID 8 was not found when attempting to remove it at /tmp/loop_over_bdir-4153-ScYzqV/Gtk2-1.2496-O0p_jQ/blib/lib/Gtk2/TestHelper.pm line 84.
GLib-CRITICAL **: Source ID 11 was not found when attempting to remove it.
t/GtkRecentChooser.t ............... ok
Xlib:  extension "RANDR" missing on display ":121".
t/GtkRecentChooserDialog.t ......... ok
Xlib:  extension "RANDR" missing on display ":121".
t/GtkRecentChooserMenu.t ........... ok
Xlib:  extension "RANDR" missing on display ":121".
t/GtkRecentChooserWidget.t ......... ok
Xlib:  extension "RANDR" missing on display ":121".
t/GtkRecentFilter.t ................ ok
Xlib:  extension "RANDR" missing on display ":121".
t/GtkRecentManager.t ............... ok
t/GtkRuler.t ....................... ok
Xlib:  extension "RANDR" missing on display ":121".
t/GtkScale.t ....................... ok
Xlib:  extension "RANDR" missing on display ":121".
t/GtkScaleButton.t ................. ok
Xlib:  extension "RANDR" missing on display ":121".
t/GtkScrolledWindow.t .............. ok
Xlib:  extension "RANDR" missing on display ":121".
t/GtkSelection.t ................... ok
t/GtkSeparatorMenuItem.t ........... ok
Xlib:  extension "RANDR" missing on display ":121".
t/GtkSeparatorToolItem.t ........... ok
t/GtkShow.t ........................ skipped: can only test interactively
Xlib:  extension "RANDR" missing on display ":121".
t/GtkSimpleList.t .................. ok
Xlib:  extension "RANDR" missing on display ":121".
t/GtkSimpleMenu.t .................. ok
t/GtkSizeGroup.t ................... ok
Xlib:  extension "RANDR" missing on display ":121".
t/GtkSpinButton.t .................. ok
t/GtkSpinner.t ..................... ok
t/GtkStatusbar.t ................... ok
Xlib:  extension "RANDR" missing on display ":121".
t/GtkStatusIcon.t .................. ok
t/GtkStock.t ....................... ok
Xlib:  extension "RANDR" missing on display ":121".
t/GtkStyle.t ....................... ok
Xlib:  extension "RANDR" missing on display ":121".
t/GtkTable.t ....................... ok
t/GtkTearoffMenuItem.t ............. ok
Xlib:  extension "RANDR" missing on display ":121".
t/GtkTextBuffer.t .................. ok
Xlib:  extension "RANDR" missing on display ":121".
GLib-WARNING **: (/tmp/buildd/glib2.0-2.44.1/./glib/gerror.c:383):g_error_new_valist: runtime check failed: (domain != 0) at t/GtkTextBufferRichText.t line 210, <DATA> line 1.
t/GtkTextBufferRichText.t .......... ok
Xlib:  extension "RANDR" missing on display ":121".
t/GtkTextChildAnchor.t ............. ok
t/GtkTextIter.t .................... ok
t/GtkTextMark.t .................... ok
Xlib:  extension "RANDR" missing on display ":121".
t/GtkTextTag.t ..................... ok
t/GtkTextTagTable.t ................ ok
Xlib:  extension "RANDR" missing on display ":121".
t/GtkTextView.t .................... ok
Xlib:  extension "RANDR" missing on display ":121".
t/GtkToggleAction.t ................ ok
Xlib:  extension "RANDR" missing on display ":121".
t/GtkToggleButton.t ................ ok
Xlib:  extension "RANDR" missing on display ":121".
t/GtkToggleToolButton.t ............ ok
Xlib:  extension "RANDR" missing on display ":121".
t/GtkToolbar.t ..................... ok
Xlib:  extension "RANDR" missing on display ":121".
t/GtkToolButton.t .................. ok
Xlib:  extension "RANDR" missing on display ":121".
t/GtkToolItem.t .................... ok
Xlib:  extension "RANDR" missing on display ":121".
t/GtkToolItemGroup.t ............... ok
Xlib:  extension "RANDR" missing on display ":121".
t/GtkToolPalette.t ................. ok
Xlib:  extension "RANDR" missing on display ":121".
t/GtkToolShell.t ................... ok
Xlib:  extension "RANDR" missing on display ":121".
t/GtkTooltip.t ..................... ok
Xlib:  extension "RANDR" missing on display ":121".
t/GtkTooltips.t .................... ok
t/GtkTreeDnd.t ..................... ok
t/GtkTreeModel.t ................... ok
t/GtkTreeModelFilter.t ............. ok
t/GtkTreeModelIface.t .............. ok
t/GtkTreeModelSort.t ............... ok
Xlib:  extension "RANDR" missing on display ":121".
t/GtkTreeSelection.t ............... ok
t/GtkTreeSortable.t ................ ok
t/GtkTreeStore.t ................... ok
t/GtkTreeView-Dnd.t ................ skipped: this test is interactive
Xlib:  extension "RANDR" missing on display ":121".
t/GtkTreeView.t .................... ok
Xlib:  extension "RANDR" missing on display ":121".
t/GtkUIManager.t ................... ok
t/GtkVBox.t ........................ ok
t/GtkVButtonBox.t .................. ok
Xlib:  extension "RANDR" missing on display ":121".
t/GtkViewport.t .................... ok
Xlib:  extension "RANDR" missing on display ":121".
t/GtkVolumeButton.t ................ ok
t/GtkVPaned.t ...................... ok
t/GtkVRuler.t ...................... ok
Xlib:  extension "RANDR" missing on display ":121".
t/GtkVScale.t ...................... ok
t/GtkVScrollbar.t .................. ok
t/GtkVSeparator.t .................. ok
Xlib:  extension "RANDR" missing on display ":121".
t/GtkWidget.t ...................... ok
Xlib:  extension "RANDR" missing on display ":121".
t/options.t ........................ ok
Xlib:  extension "RANDR" missing on display ":121".
t/pango-compat.t ................... ok
Xlib:  extension "RANDR" missing on display ":121".
t/PangoAttributes.t ................ ok
t/PangoCairo.t ..................... ok
Xlib:  extension "RANDR" missing on display ":121".
t/PangoContext.t ................... ok
Xlib:  extension "RANDR" missing on display ":121".
t/PangoFont.t ...................... ok
Xlib:  extension "RANDR" missing on display ":121".
t/PangoFontMap.t ................... ok
Xlib:  extension "RANDR" missing on display ":121".
t/PangoFontset.t ................... ok
t/PangoGravity.t ................... ok
Xlib:  extension "RANDR" missing on display ":121".
t/PangoLayout.t .................... ok
t/PangoMatrix.t .................... ok
Xlib:  extension "RANDR" missing on display ":121".
t/PangoRenderer.t .................. ok
Xlib:  extension "RANDR" missing on display ":121".
t/PangoScript.t .................... ok
t/PangoTabs.t ...................... ok
t/PangoTypes.t ..................... ok
Xlib:  extension "RANDR" missing on display ":121".
t/set-scroll-adjustments-signal.t .. ok
Xlib:  extension "RANDR" missing on display ":121".
t/signal-chaining.t ................ ok
Xlib:  extension "RANDR" missing on display ":121".
t/tied-objects.t ................... ok
t/version-checks.t ................. ok

Test Summary Report
-------------------
t/GdkWindow.t                    (Wstat: 134 Tests: 22 Failed: 0)
  Non-zero wait status: 134
  Parse errors: Bad plan.  You planned 58 tests but ran 22.
Files=228, Tests=5026, 52 wallclock secs ( 0.81 usr  1.24 sys + 18.06 cusr  5.37 csys = 25.48 CPU)
Result: FAIL
Failed 1/228 test programs. 0/5026 subtests failed.
Makefile:2959: recipe for target 'test_dynamic' failed
make: *** [test_dynamic] Error 255

------------------------------
PREREQUISITES
------------------------------

Prerequisite modules loaded:

requires:

    Module              Need  Have 
    ------------------- ----- -----
    Cairo               1.000 1.105
    ExtUtils::Depends   0.300 0.404
    ExtUtils::PkgConfig 1.030 1.15 
    Glib                1.280 1.307
    Pango               1.220 1.226

build_requires:

    Module              Need  Have 
    ------------------- ----- -----
    ExtUtils::MakeMaker 0     7.10 

configure_requires:

    Module              Need  Have 
    ------------------- ----- -----
    Cairo               1.000 1.105
    ExtUtils::Depends   0.300 0.404
    ExtUtils::MakeMaker 0     7.10 
    ExtUtils::PkgConfig 1.030 1.15 
    Glib                1.280 1.307
    Pango               1.220 1.226


------------------------------
ENVIRONMENT AND OTHER CONTEXT
------------------------------

Environment variables:

    AUTOMATED_TESTING = 1
    LANG = en_US.UTF-8
    LANGUAGE = en_US:en
    PATH = /home/sand/bin:/usr/local/bin:/usr/bin:/bin:/usr/games:/usr/local/perl/bin:/usr/X11/bin:/sbin:/usr/sbin
    PERL5LIB = 
    PERL5OPT = 
    PERL5_CPANPLUS_IS_RUNNING = 4154
    PERL5_CPAN_IS_RUNNING = 4154
    PERL_MM_USE_DEFAULT = 1
    SHELL = /usr/bin/zsh
    TERM = screen

Perl special variables (and OS-specific diagnostics, for MSWin32):

    $^X = /home/sand/src/perl/repoperls/installed-perls/perl/v5.23.1/165a/bin/perl
    $UID/$EUID = 1005 / 1005
    $GID = 1005 1005
    $EGID = 1005 1005

Perl module toolchain versions installed:

    Module              Have    
    ------------------- --------
    CPAN                2.11    
    CPAN::Meta          2.150005
    Cwd                 3.56    
    ExtUtils::CBuilder  0.280223
    ExtUtils::Command   7.10    
    ExtUtils::Install   2.04    
    ExtUtils::MakeMaker 7.10    
    ExtUtils::Manifest  1.70    
    ExtUtils::ParseXS   3.28    
    File::Spec          3.56    
    JSON                2.90    
    JSON::PP            2.27300 
    Module::Build       0.4214  
    Module::Signature   0.79    
    Parse::CPAN::Meta   1.4417  
    Test::Harness       3.35    
    Test::More          1.001014
    YAML                1.15    
    YAML::Syck          1.29    
    version             0.9909  


--

Summary of my perl5 (revision 5 version 23 subversion 1) configuration:
  Commit id: c1883b8b014bf0c1dad3d50b6052ef68120c7247
  Platform:
    osname=linux, osvers=4.1.0-2-amd64, archname=x86_64-linux
    uname='linux k83 4.1.0-2-amd64 #1 smp debian 4.1.6-1 (2015-08-23) x86_64 gnulinux '
    config_args='-Dprefix=/home/sand/src/perl/repoperls/installed-perls/perl/v5.23.1/165a -Dmyhostname=k83 -Dinstallusrbinperl=n -Uversiononly -Dusedevel -des -Ui_db -Uuseithreads -Uuselongdouble -DDEBUGGING=-g'
    hint=recommended, useposix=true, d_sigaction=define
    useithreads=undef, usemultiplicity=undef
    use64bitint=define, use64bitall=define, uselongdouble=undef
    usemymalloc=n, bincompat5005=undef
  Compiler:
    cc='cc', ccflags ='-fwrapv -fno-strict-aliasing -pipe -fstack-protector-strong -I/usr/local/include -D_LARGEFILE_SOURCE -D_FILE_OFFSET_BITS=64',
    optimize='-O2 -g',
    cppflags='-fwrapv -fno-strict-aliasing -pipe -fstack-protector-strong -I/usr/local/include'
    ccversion='', gccversion='5.2.1 20150911', gccosandvers=''
    intsize=4, longsize=8, ptrsize=8, doublesize=8, byteorder=12345678, doublekind=3
    d_longlong=define, longlongsize=8, d_longdbl=define, longdblsize=16, longdblkind=3
    ivtype='long', ivsize=8, nvtype='double', nvsize=8, Off_t='off_t', lseeksize=8
    alignbytes=8, prototype=define
  Linker and Libraries:
    ld='cc', ldflags =' -fstack-protector-strong -L/usr/local/lib'
    libpth=/usr/local/lib /usr/lib/gcc/x86_64-linux-gnu/5/include-fixed /usr/include/x86_64-linux-gnu /usr/lib /lib/x86_64-linux-gnu /lib/../lib /usr/lib/x86_64-linux-gnu /usr/lib/../lib /lib
    libs=-lpthread -lnsl -lgdbm -ldb -ldl -lm -lcrypt -lutil -lc -lgdbm_compat
    perllibs=-lpthread -lnsl -ldl -lm -lcrypt -lutil -lc
    libc=libc-2.19.so, so=so, useshrplib=false, libperl=libperl.a
    gnulibc_version='2.19'
  Dynamic Linking:
    dlsrc=dl_dlopen.xs, dlext=so, d_dlsymun=undef, ccdlflags='-Wl,-E'
    cccdlflags='-fPIC', lddlflags='-shared -O2 -g -L/usr/local/lib -fstack-protector-strong'


Characteristics of this binary (from libperl): 
  Compile-time options: HAS_TIMES PERLIO_LAYERS PERL_COPY_ON_WRITE
                        PERL_DONT_CREATE_GVSV
                        PERL_HASH_FUNC_ONE_AT_A_TIME_HARD PERL_MALLOC_WRAP
                        PERL_PRESERVE_IVUV PERL_USE_DEVEL USE_64_BIT_ALL
                        USE_64_BIT_INT USE_LARGE_FILES USE_LOCALE
                        USE_LOCALE_COLLATE USE_LOCALE_CTYPE
                        USE_LOCALE_NUMERIC USE_LOCALE_TIME USE_PERLIO
                        USE_PERL_ATOF
  Built under linux
  Compiled at Sep 15 2015 15:11:03
  %ENV:
    PERL5LIB=""
    PERL5OPT=""
    PERL5_CPANPLUS_IS_RUNNING="4154"
    PERL5_CPAN_IS_RUNNING="4154"
    PERL_MM_USE_DEFAULT="1"
  @INC:
    /home/sand/src/perl/repoperls/installed-perls/perl/v5.23.1/165a/lib/site_perl/5.23.1/x86_64-linux
    /home/sand/src/perl/repoperls/installed-perls/perl/v5.23.1/165a/lib/site_perl/5.23.1
    /home/sand/src/perl/repoperls/installed-perls/perl/v5.23.1/165a/lib/5.23.1/x86_64-linux
    /home/sand/src/perl/repoperls/installed-perls/perl/v5.23.1/165a/lib/5.23.1
    .