BioX-SeqUtils-Promoter v0.1.1 Perl 5 v5.12.0 i386-freebsd

Status
Fail
From
Chris Williams (BINGOS)
Dist
BioX-SeqUtils-Promoter v0.1.1
Platform
Perl 5 v5.12.0 i386-freebsd
Date
2010-08-29 07:30:46
ID
56a80dd4-b33f-11df-978b-e2ea4b58f9f9
This distribution has been tested as part of the CPAN Testers
project, supporting the Perl programming language.  See
http://wiki.cpantesters.org/ for more information or email
questions to cpan-testers-discuss@perl.org


--

Dear CSTEPHENE,
    
This is a computer-generated error report created automatically by
CPANPLUS, version 0.9007. Testers personal comments may appear 
at the end of this report.


Thank you for uploading your work to CPAN.  However, it appears that
there were some problems testing your distribution.

TEST RESULTS:

Below is the error stack from stage 'make test':

[MSG] [Sun Aug 29 08:30:42 2010] Building BioX-SeqUtils-Promoter

[ERROR] [Sun Aug 29 08:30:44 2010] MAKE TEST failed:
t/00.load.t ....... 
Dubious, test returned 1 (wstat 256, 0x100)
Failed 1/1 subtests 

#   Failed test 'use BioX::SeqUtils::Promoter;'
#   at t/00.load.t line 4.
#     Tried to use 'BioX::SeqUtils::Promoter'.
#     Error:  Can't locate Class/Std.pm in @INC (@INC contains: /usr/home/cpan/pit/bare/conf/perl-5.12.0/.cpanplus/5.12.0/build/BioX-SeqUtils-Promoter/blib/lib /usr/home/cpan/pit/bare/conf/perl-5.12.0/.cpanplus/5.12.0/build/BioX-SeqUtils-Promoter/blib/arch /usr/home/cpan/pit/bare/conf/perl-5.12.0/.cpanplus/5.12.0/build/BioX-SeqUtils-Promoter/blib/lib /usr/home/cpan/pit/bare/conf/perl-5.12.0/.cpanplus/5.12.0/build/BioX-SeqUtils-Promoter/blib/arch /usr/home/cpan/pit/bare/perl-5.12.0/lib/site_perl/5.12.0/i386-freebsd /usr/home/cpan/pit/bare/perl-5.12.0/lib/site_perl/5.12.0 /usr/home/cpan/pit/bare/perl-5.12.0/lib/5.12.0/i386-freebsd /usr/home/cpan/pit/bare/perl-5.12.0/lib/5.12.0 .) at /usr/home/cpan/pit/bare/conf/perl-5.12.0/.cpanplus/5.12.0/build/BioX-SeqUtils-Promoter/blib/lib/BioX/SeqUtils/Promoter.pm line 10.
# BEGIN failed--compilation aborted at /usr/home/cpan/pit/bare/conf/perl-5.12.0/.cpanplus/5.12.0/build/BioX-SeqUtils-Promoter/blib/lib/BioX/SeqUtils/Promoter.pm line 10.
# Compilation failed in require at (eval 4) line 2.
# BEGIN failed--compilation aborted at (eval 4) line 2.
Use of uninitialized value $BioX::SeqUtils::Promoter::VERSION in concatenation (.) or string at t/00.load.t line 7.
# Testing BioX::SeqUtils::Promoter 
# Looks like you failed 1 test of 1.
t/10.length.t ..... 
Dubious, test returned 255 (wstat 65280, 0xff00)
Failed 2/2 subtests 

#   Failed test 'use BioX::SeqUtils::Promoter::Base;'
#   at t/10.length.t line 4.
#     Tried to use 'BioX::SeqUtils::Promoter::Base'.
#     Error:  Can't locate Class/Std.pm in @INC (@INC contains: /usr/home/cpan/pit/bare/conf/perl-5.12.0/.cpanplus/5.12.0/build/BioX-SeqUtils-Promoter/blib/lib /usr/home/cpan/pit/bare/conf/perl-5.12.0/.cpanplus/5.12.0/build/BioX-SeqUtils-Promoter/blib/arch /usr/home/cpan/pit/bare/conf/perl-5.12.0/.cpanplus/5.12.0/build/BioX-SeqUtils-Promoter/blib/lib /usr/home/cpan/pit/bare/conf/perl-5.12.0/.cpanplus/5.12.0/build/BioX-SeqUtils-Promoter/blib/arch /usr/home/cpan/pit/bare/perl-5.12.0/lib/site_perl/5.12.0/i386-freebsd /usr/home/cpan/pit/bare/perl-5.12.0/lib/site_perl/5.12.0 /usr/home/cpan/pit/bare/perl-5.12.0/lib/5.12.0/i386-freebsd /usr/home/cpan/pit/bare/perl-5.12.0/lib/5.12.0 .) at /usr/home/cpan/pit/bare/conf/perl-5.12.0/.cpanplus/5.12.0/build/BioX-SeqUtils-Promoter/blib/lib/BioX/SeqUtils/Promoter/Base.pm line 7.
# BEGIN failed--compilation aborted at /usr/home/cpan/pit/bare/conf/perl-5.12.0/.cpanplus/5.12.0/build/BioX-SeqUtils-Promoter/blib/lib/BioX/SeqUtils/Promoter/Base.pm line 7.
# Compilation failed in require at (eval 4) line 2.
# BEGIN failed--compilation aborted at (eval 4) line 2.
Can't locate object method "new" via package "BioX::SeqUtils::Promoter::Base" at t/10.length.t line 11.
# Looks like you planned 2 tests but ran 1.
# Looks like you failed 1 test of 1 run.
# Looks like your test exited with 255 just after 1.

#   Failed test 'use BioX::SeqUtils::Promoter;'
#   at t/10.load.t line 4.
#     Tried to use 'BioX::SeqUtils::Promoter'.
#     Error:  Can't locate Class/Std.pm in @INC (@INC contains: /usr/home/cpan/pit/bare/conf/perl-5.12.0/.cpanplus/5.12.0/build/BioX-SeqUtils-Promoter/blib/lib /usr/home/cpan/pit/bare/conf/perl-5.12.0/.cpanplus/5.12.0/build/BioX-SeqUtils-Promoter/blib/arch /usr/home/cpan/pit/bare/conf/perl-5.12.0/.cpanplus/5.12.0/build/BioX-SeqUtils-Promoter/blib/lib /usr/home/cpan/pit/bare/conf/perl-5.12.0/.cpanplus/5.12.0/build/BioX-SeqUtils-Promoter/blib/arch /usr/home/cpan/pit/bare/perl-5.12.0/lib/site_perl/5.12.0/i386-freebsd /usr/home/cpan/pit/bare/perl-5.12.0/lib/site_perl/5.12.0 /usr/home/cpan/pit/bare/perl-5.12.0/lib/5.12.0/i386-freebsd /usr/home/cpan/pit/bare/perl-5.12.0/lib/5.12.0 .) at /usr/home/cpan/pit/bare/conf/perl-5.12.0/.cpanplus/5.12.0/build/BioX-SeqUtils-Promoter/blib/lib/BioX/SeqUtils/Promoter.pm line 10.
# BEGIN failed--compilation aborted at /usr/home/cpan/pit/bare/conf/perl-5.12.0/.cpanplus/5.12.0/build/BioX-SeqUtils-Promoter/blib/lib/BioX/SeqUtils/Promoter.pm line 10.
# Compilation failed in require at (eval 4) line 2.
# BEGIN failed--compilation aborted at (eval 4) line 2.
t/10.load.t ....... 
Dubious, test returned 13 (wstat 3328, 0xd00)
Failed 13/13 subtests 

#   Failed test 'use BioX::SeqUtils::Promoter::Alignment;'
#   at t/10.load.t line 10.
#     Tried to use 'BioX::SeqUtils::Promoter::Alignment'.
#     Error:  Can't locate Class/Std.pm in @INC (@INC contains: /usr/home/cpan/pit/bare/conf/perl-5.12.0/.cpanplus/5.12.0/build/BioX-SeqUtils-Promoter/blib/lib /usr/home/cpan/pit/bare/conf/perl-5.12.0/.cpanplus/5.12.0/build/BioX-SeqUtils-Promoter/blib/arch /usr/home/cpan/pit/bare/conf/perl-5.12.0/.cpanplus/5.12.0/build/BioX-SeqUtils-Promoter/blib/lib /usr/home/cpan/pit/bare/conf/perl-5.12.0/.cpanplus/5.12.0/build/BioX-SeqUtils-Promoter/blib/arch /usr/home/cpan/pit/bare/perl-5.12.0/lib/site_perl/5.12.0/i386-freebsd /usr/home/cpan/pit/bare/perl-5.12.0/lib/site_perl/5.12.0 /usr/home/cpan/pit/bare/perl-5.12.0/lib/5.12.0/i386-freebsd /usr/home/cpan/pit/bare/perl-5.12.0/lib/5.12.0 .) at /usr/home/cpan/pit/bare/conf/perl-5.12.0/.cpanplus/5.12.0/build/BioX-SeqUtils-Promoter/blib/lib/BioX/SeqUtils/Promoter/Base.pm line 7.
# BEGIN failed--compilation aborted at /usr/home/cpan/pit/bare/conf/perl-5.12.0/.cpanplus/5.12.0/build/BioX-SeqUtils-Promoter/blib/lib/BioX/SeqUtils/Promoter/Base.pm line 7.
# Compilation failed in require at (eval 7) line 2.
# 	...propagated at /usr/home/cpan/pit/bare/perl-5.12.0/lib/5.12.0/base.pm line 94.
# BEGIN failed--compilation aborted at /usr/home/cpan/pit/bare/conf/perl-5.12.0/.cpanplus/5.12.0/build/BioX-SeqUtils-Promoter/blib/lib/BioX/SeqUtils/Promoter/Alignment.pm line 7.
# Compilation failed in require at (eval 5) line 2.
# BEGIN failed--compilation aborted at (eval 5) line 2.

#   Failed test 'use BioX::SeqUtils::Promoter::Annotations;'
#   at t/10.load.t line 16.
#     Tried to use 'BioX::SeqUtils::Promoter::Annotations'.
#     Error:  Attempt to reload BioX/SeqUtils/Promoter/Base.pm aborted.
# Compilation failed in require at (eval 9) line 2.
# 	...propagated at /usr/home/cpan/pit/bare/perl-5.12.0/lib/5.12.0/base.pm line 94.
# BEGIN failed--compilation aborted at /usr/home/cpan/pit/bare/conf/perl-5.12.0/.cpanplus/5.12.0/build/BioX-SeqUtils-Promoter/blib/lib/BioX/SeqUtils/Promoter/Annotations.pm line 7.
# Compilation failed in require at (eval 8) line 2.
# BEGIN failed--compilation aborted at (eval 8) line 2.

#   Failed test 'use BioX::SeqUtils::Promoter::Annotations::Base;'
#   at t/10.load.t line 22.
#     Tried to use 'BioX::SeqUtils::Promoter::Annotations::Base'.
#     Error:  Attempt to reload BioX/SeqUtils/Promoter/Base.pm aborted.
# Compilation failed in require at (eval 11) line 2.
# 	...propagated at /usr/home/cpan/pit/bare/perl-5.12.0/lib/5.12.0/base.pm line 94.
# BEGIN failed--compilation aborted at /usr/home/cpan/pit/bare/conf/perl-5.12.0/.cpanplus/5.12.0/build/BioX-SeqUtils-Promoter/blib/lib/BioX/SeqUtils/Promoter/Annotations/Base.pm line 7.
# Compilation failed in require at (eval 10) line 2.
# BEGIN failed--compilation aborted at (eval 10) line 2.

#   Failed test 'use BioX::SeqUtils::Promoter::Annotations::CG;'
#   at t/10.load.t line 28.
#     Tried to use 'BioX::SeqUtils::Promoter::Annotations::CG'.
#     Error:  Can't locate Class/Std.pm in @INC (@INC contains: /usr/home/cpan/pit/bare/conf/perl-5.12.0/.cpanplus/5.12.0/build/BioX-SeqUtils-Promoter/blib/lib /usr/home/cpan/pit/bare/conf/perl-5.12.0/.cpanplus/5.12.0/build/BioX-SeqUtils-Promoter/blib/arch /usr/home/cpan/pit/bare/conf/perl-5.12.0/.cpanplus/5.12.0/build/BioX-SeqUtils-Promoter/blib/lib /usr/home/cpan/pit/bare/conf/perl-5.12.0/.cpanplus/5.12.0/build/BioX-SeqUtils-Promoter/blib/arch /usr/home/cpan/pit/bare/perl-5.12.0/lib/site_perl/5.12.0/i386-freebsd /usr/home/cpan/pit/bare/perl-5.12.0/lib/site_perl/5.12.0 /usr/home/cpan/pit/bare/perl-5.12.0/lib/5.12.0/i386-freebsd /usr/home/cpan/pit/bare/perl-5.12.0/lib/5.12.0 .) at /usr/home/cpan/pit/bare/conf/perl-5.12.0/.cpanplus/5.12.0/build/BioX-SeqUtils-Promoter/blib/lib/BioX/SeqUtils/Promoter/Annotations/CG.pm line 8.
# BEGIN failed--compilation aborted at /usr/home/cpan/pit/bare/conf/perl-5.12.0/.cpanplus/5.12.0/build/BioX-SeqUtils-Promoter/blib/lib/BioX/SeqUtils/Promoter/Annotations/CG.pm line 8.
# Compilation failed in require at (eval 12) line 2.
# BEGIN failed--compilation aborted at (eval 12) line 2.

#   Failed test 'use BioX::SeqUtils::Promoter::Annotations::Consensus;'
#   at t/10.load.t line 34.
#     Tried to use 'BioX::SeqUtils::Promoter::Annotations::Consensus'.
#     Error:  Can't locate Class/Std.pm in @INC (@INC contains: /usr/home/cpan/pit/bare/conf/perl-5.12.0/.cpanplus/5.12.0/build/BioX-SeqUtils-Promoter/blib/lib /usr/home/cpan/pit/bare/conf/perl-5.12.0/.cpanplus/5.12.0/build/BioX-SeqUtils-Promoter/blib/arch /usr/home/cpan/pit/bare/conf/perl-5.12.0/.cpanplus/5.12.0/build/BioX-SeqUtils-Promoter/blib/lib /usr/home/cpan/pit/bare/conf/perl-5.12.0/.cpanplus/5.12.0/build/BioX-SeqUtils-Promoter/blib/arch /usr/home/cpan/pit/bare/perl-5.12.0/lib/site_perl/5.12.0/i386-freebsd /usr/home/cpan/pit/bare/perl-5.12.0/lib/site_perl/5.12.0 /usr/home/cpan/pit/bare/perl-5.12.0/lib/5.12.0/i386-freebsd /usr/home/cpan/pit/bare/perl-5.12.0/lib/5.12.0 .) at /usr/home/cpan/pit/bare/conf/perl-5.12.0/.cpanplus/5.12.0/build/BioX-SeqUtils-Promoter/blib/lib/BioX/SeqUtils/Promoter/Annotations/Consensus.pm line 8.
# BEGIN failed--compilation aborted at /usr/home/cpan/pit/bare/conf/perl-5.12.0/.cpanplus/5.12.0/build/BioX-SeqUtils-Promoter/blib/lib/BioX/SeqUtils/Promoter/Annotations/Consensus.pm line 8.
# Compilation failed in require at (eval 13) line 2.
# BEGIN failed--compilation aborted at (eval 13) line 2.

#   Failed test 'use BioX::SeqUtils::Promoter::Base;'
#   at t/10.load.t line 40.
#     Tried to use 'BioX::SeqUtils::Promoter::Base'.
#     Error:  Attempt to reload BioX/SeqUtils/Promoter/Base.pm aborted.
# Compilation failed in require at (eval 14) line 2.
# BEGIN failed--compilation aborted at (eval 14) line 2.

#   Failed test 'use BioX::SeqUtils::Promoter::SaveTypes;'
#   at t/10.load.t line 46.
#     Tried to use 'BioX::SeqUtils::Promoter::SaveTypes'.
#     Error:  Can't locate Class/Std.pm in @INC (@INC contains: /usr/home/cpan/pit/bare/conf/perl-5.12.0/.cpanplus/5.12.0/build/BioX-SeqUtils-Promoter/blib/lib /usr/home/cpan/pit/bare/conf/perl-5.12.0/.cpanplus/5.12.0/build/BioX-SeqUtils-Promoter/blib/arch /usr/home/cpan/pit/bare/conf/perl-5.12.0/.cpanplus/5.12.0/build/BioX-SeqUtils-Promoter/blib/lib /usr/home/cpan/pit/bare/conf/perl-5.12.0/.cpanplus/5.12.0/build/BioX-SeqUtils-Promoter/blib/arch /usr/home/cpan/pit/bare/perl-5.12.0/lib/site_perl/5.12.0/i386-freebsd /usr/home/cpan/pit/bare/perl-5.12.0/lib/site_perl/5.12.0 /usr/home/cpan/pit/bare/perl-5.12.0/lib/5.12.0/i386-freebsd /usr/home/cpan/pit/bare/perl-5.12.0/lib/5.12.0 .) at /usr/home/cpan/pit/bare/conf/perl-5.12.0/.cpanplus/5.12.0/build/BioX-SeqUtils-Promoter/blib/lib/BioX/SeqUtils/Promoter/SaveTypes.pm line 8.
# BEGIN failed--compilation aborted at /usr/home/cpan/pit/bare/conf/perl-5.12.0/.cpanplus/5.12.0/build/BioX-SeqUtils-Promoter/blib/lib/BioX/SeqUtils/Promoter/SaveTypes.pm line 8.
# Compilation failed in require at (eval 15) line 2.
# BEGIN failed--compilation aborted at (eval 15) line 2.

#   Failed test 'use BioX::SeqUtils::Promoter::SaveTypes::Base;'
#   at t/10.load.t line 52.
#     Tried to use 'BioX::SeqUtils::Promoter::SaveTypes::Base'.
#     Error:  Can't locate Class/Std.pm in @INC (@INC contains: /usr/home/cpan/pit/bare/conf/perl-5.12.0/.cpanplus/5.12.0/build/BioX-SeqUtils-Promoter/blib/lib /usr/home/cpan/pit/bare/conf/perl-5.12.0/.cpanplus/5.12.0/build/BioX-SeqUtils-Promoter/blib/arch /usr/home/cpan/pit/bare/conf/perl-5.12.0/.cpanplus/5.12.0/build/BioX-SeqUtils-Promoter/blib/lib /usr/home/cpan/pit/bare/conf/perl-5.12.0/.cpanplus/5.12.0/build/BioX-SeqUtils-Promoter/blib/arch /usr/home/cpan/pit/bare/perl-5.12.0/lib/site_perl/5.12.0/i386-freebsd /usr/home/cpan/pit/bare/perl-5.12.0/lib/site_perl/5.12.0 /usr/home/cpan/pit/bare/perl-5.12.0/lib/5.12.0/i386-freebsd /usr/home/cpan/pit/bare/perl-5.12.0/lib/5.12.0 .) at /usr/home/cpan/pit/bare/conf/perl-5.12.0/.cpanplus/5.12.0/build/BioX-SeqUtils-Promoter/blib/lib/BioX/SeqUtils/Promoter/SaveTypes/Base.pm line 8.
# BEGIN failed--compilation aborted at /usr/home/cpan/pit/bare/conf/perl-5.12.0/.cpanplus/5.12.0/build/BioX-SeqUtils-Promoter/blib/lt/10.sequence.t ... 
Dubious, test returned 255 (wstat 65280, 0xff00)
Failed 3/3 subtests 
ib/BioX/SeqUtils/Promoter/SaveTypes/Base.pm line 8.
# Compilation failed in require at (eval 16) line 2.
# BEGIN failed--compilation aborted at (eval 16) line 2.

#   Failed test 'use BioX::SeqUtils::Promoter::SaveTypes::RImage;'
#   at t/10.load.t line 58.
#     Tried to use 'BioX::SeqUtils::Promoter::SaveTypes::RImage'.
#     Error:  Can't locate Class/Std.pm in @INC (@INC contains: /usr/home/cpan/pit/bare/conf/perl-5.12.0/.cpanplus/5.12.0/build/BioX-SeqUtils-Promoter/blib/lib /usr/home/cpan/pit/bare/conf/perl-5.12.0/.cpanplus/5.12.0/build/BioX-SeqUtils-Promoter/blib/arch /usr/home/cpan/pit/bare/conf/perl-5.12.0/.cpanplus/5.12.0/build/BioX-SeqUtils-Promoter/blib/lib /usr/home/cpan/pit/bare/conf/perl-5.12.0/.cpanplus/5.12.0/build/BioX-SeqUtils-Promoter/blib/arch /usr/home/cpan/pit/bare/perl-5.12.0/lib/site_perl/5.12.0/i386-freebsd /usr/home/cpan/pit/bare/perl-5.12.0/lib/site_perl/5.12.0 /usr/home/cpan/pit/bare/perl-5.12.0/lib/5.12.0/i386-freebsd /usr/home/cpan/pit/bare/perl-5.12.0/lib/5.12.0 .) at /usr/home/cpan/pit/bare/conf/perl-5.12.0/.cpanplus/5.12.0/build/BioX-SeqUtils-Promoter/blib/lib/BioX/SeqUtils/Promoter/SaveTypes/RImage.pm line 8.
# BEGIN failed--compilation aborted at /usr/home/cpan/pit/bare/conf/perl-5.12.0/.cpanplus/5.12.0/build/BioX-SeqUtils-Promoter/blib/lib/BioX/SeqUtils/Promoter/SaveTypes/RImage.pm line 8.
# Compilation failed in require at (eval 17) line 2.
# BEGIN failed--compilation aborted at (eval 17) line 2.

#   Failed test 'use BioX::SeqUtils::Promoter::SaveTypes::Text;'
#   at t/10.load.t line 64.
#     Tried to use 'BioX::SeqUtils::Promoter::SaveTypes::Text'.
#     Error:  Can't locate Class/Std.pm in @INC (@INC contains: /usr/home/cpan/pit/bare/conf/perl-5.12.0/.cpanplus/5.12.0/build/BioX-SeqUtils-Promoter/blib/lib /usr/home/cpan/pit/bare/conf/perl-5.12.0/.cpanplus/5.12.0/build/BioX-SeqUtils-Promoter/blib/arch /usr/home/cpan/pit/bare/conf/perl-5.12.0/.cpanplus/5.12.0/build/BioX-SeqUtils-Promoter/blib/lib /usr/home/cpan/pit/bare/conf/perl-5.12.0/.cpanplus/5.12.0/build/BioX-SeqUtils-Promoter/blib/arch /usr/home/cpan/pit/bare/perl-5.12.0/lib/site_perl/5.12.0/i386-freebsd /usr/home/cpan/pit/bare/perl-5.12.0/lib/site_perl/5.12.0 /usr/home/cpan/pit/bare/perl-5.12.0/lib/5.12.0/i386-freebsd /usr/home/cpan/pit/bare/perl-5.12.0/lib/5.12.0 .) at /usr/home/cpan/pit/bare/conf/perl-5.12.0/.cpanplus/5.12.0/build/BioX-SeqUtils-Promoter/blib/lib/BioX/SeqUtils/Promoter/SaveTypes/Text.pm line 8.
# BEGIN failed--compilation aborted at /usr/home/cpan/pit/bare/conf/perl-5.12.0/.cpanplus/5.12.0/build/BioX-SeqUtils-Promoter/blib/lib/BioX/SeqUtils/Promoter/SaveTypes/Text.pm line 8.
# Compilation failed in require at (eval 18) line 2.
# BEGIN failed--compilation aborted at (eval 18) line 2.

#   Failed test 'use BioX::SeqUtils::Promoter::Sequence;'
#   at t/10.load.t line 71.
#     Tried to use 'BioX::SeqUtils::Promoter::Sequence'.
#     Error:  Can't locate Class/Std.pm in @INC (@INC contains: /usr/home/cpan/pit/bare/conf/perl-5.12.0/.cpanplus/5.12.0/build/BioX-SeqUtils-Promoter/blib/lib /usr/home/cpan/pit/bare/conf/perl-5.12.0/.cpanplus/5.12.0/build/BioX-SeqUtils-Promoter/blib/arch /usr/home/cpan/pit/bare/conf/perl-5.12.0/.cpanplus/5.12.0/build/BioX-SeqUtils-Promoter/blib/lib /usr/home/cpan/pit/bare/conf/perl-5.12.0/.cpanplus/5.12.0/build/BioX-SeqUtils-Promoter/blib/arch /usr/home/cpan/pit/bare/perl-5.12.0/lib/site_perl/5.12.0/i386-freebsd /usr/home/cpan/pit/bare/perl-5.12.0/lib/site_perl/5.12.0 /usr/home/cpan/pit/bare/perl-5.12.0/lib/5.12.0/i386-freebsd /usr/home/cpan/pit/bare/perl-5.12.0/lib/5.12.0 .) at /usr/home/cpan/pit/bare/conf/perl-5.12.0/.cpanplus/5.12.0/build/BioX-SeqUtils-Promoter/blib/lib/BioX/SeqUtils/Promoter/Sequence.pm line 8.
# BEGIN failed--compilation aborted at /usr/home/cpan/pit/bare/conf/perl-5.12.0/.cpanplus/5.12.0/build/BioX-SeqUtils-Promoter/blib/lib/BioX/SeqUtils/Promoter/Sequence.pm line 8.
# Compilation failed in require at (eval 19) line 2.
# BEGIN failed--compilation aborted at (eval 19) line 2.

#   Failed test 'use BioX::SeqUtils::Promoter::Sequences;'
#   at t/10.load.t line 77.
#     Tried to use 'BioX::SeqUtils::Promoter::Sequences'.
#     Error:  Can't locate Class/Std.pm in @INC (@INC contains: /usr/home/cpan/pit/bare/conf/perl-5.12.0/.cpanplus/5.12.0/build/BioX-SeqUtils-Promoter/blib/lib /usr/home/cpan/pit/bare/conf/perl-5.12.0/.cpanplus/5.12.0/build/BioX-SeqUtils-Promoter/blib/arch /usr/home/cpan/pit/bare/conf/perl-5.12.0/.cpanplus/5.12.0/build/BioX-SeqUtils-Promoter/blib/lib /usr/home/cpan/pit/bare/conf/perl-5.12.0/.cpanplus/5.12.0/build/BioX-SeqUtils-Promoter/blib/arch /usr/home/cpan/pit/bare/perl-5.12.0/lib/site_perl/5.12.0/i386-freebsd /usr/home/cpan/pit/bare/perl-5.12.0/lib/site_perl/5.12.0 /usr/home/cpan/pit/bare/perl-5.12.0/lib/5.12.0/i386-freebsd /usr/home/cpan/pit/bare/perl-5.12.0/lib/5.12.0 .) at /usr/home/cpan/pit/bare/conf/perl-5.12.0/.cpanplus/5.12.0/build/BioX-SeqUtils-Promoter/blib/lib/BioX/SeqUtils/Promoter/Sequences.pm line 8.
# BEGIN failed--compilation aborted at /usr/home/cpan/pit/bare/conf/perl-5.12.0/.cpanplus/5.12.0/build/BioX-SeqUtils-Promoter/blib/lib/BioX/SeqUtils/Promoter/Sequences.pm line 8.
# Compilation failed in require at (eval 20) line 2.
# BEGIN failed--compilation aborted at (eval 20) line 2.
Use of uninitialized value $BioX::SeqUtils::Promoter::VERSION in concatenation (.) or string at t/10.load.t line 7.
# Testing BioX::SeqUtils::Promoter 
Use of uninitialized value $BioX::SeqUtils::Promoter::Alignment::VERSION in concatenation (.) or string at t/10.load.t line 13.
# Testing BioX::SeqUtils::Promoter::Alignment 
Use of uninitialized value $BioX::SeqUtils::Promoter::Annotations::VERSION in concatenation (.) or string at t/10.load.t line 19.
# Testing BioX::SeqUtils::Promoter::Annotations 
# Testing BioX::SeqUtils::Promoter::Annotations::Base -1, set by base.pm
Use of uninitialized value $BioX::SeqUtils::Promoter::Annotations::CG::VERSION in concatenation (.) or string at t/10.load.t line 31.
# Testing BioX::SeqUtils::Promoter::Annotations::CG 
Use of uninitialized value $BioX::SeqUtils::Promoter::Annotations::Consensus::VERSION in concatenation (.) or string at t/10.load.t line 37.
# Testing BioX::SeqUtils::Promoter::Annotations::Consensus 
# Testing BioX::SeqUtils::Promoter::Base -1, set by base.pm
Use of uninitialized value $BioX::SeqUtils::Promoter::SaveTypes::VERSION in concatenation (.) or string at t/10.load.t line 49.
# Testing BioX::SeqUtils::Promoter::SaveTypes 
# Testing BioX::SeqUtils::Promoter::SaveTypes::Base -1, set by base.pm
Use of uninitialized value $BioX::SeqUtils::Promoter::SaveTypes::RImage::VERSION in concatenation (.) or string at t/10.load.t line 61.
# Testing BioX::SeqUtils::Promoter::SaveTypes::RImage 
Use of uninitialized value $BioX::SeqUtils::Promoter::SaveTypes::Text::VERSION in concatenation (.) or string at t/10.load.t line 67.
# Testing BioX::SeqUtils::Promoter::SaveTypes::Text 
Use of uninitialized value $BioX::SeqUtils::Promoter::Sequence::VERSION in concatenation (.) or string at t/10.load.t line 74.
# Testing BioX::SeqUtils::Promoter::Sequence 
Use of uninitialized value $BioX::SeqUtils::Promoter::Sequences::VERSION in concatenation (.) or string at t/10.load.t line 80.
# Testing BioX::SeqUtils::Promoter::Sequences 
# Looks like you failed 13 tests of 13.

#   Failed test 'use BioX::SeqUtils::Promoter;'
#   at t/10.sequence.t line 4.
#     Tried to use 'BioX::SeqUtils::Promoter'.
#     Error:  Can't locate Class/Std.pm in @INC (@INC contains: /usr/home/cpan/pit/bare/conf/perl-5.12.0/.cpanplus/5.12.0/build/BioX-SeqUtils-Promoter/blib/lib /usr/home/cpan/pit/bare/conf/perl-5.12.0/.cpanplus/5.12.0/build/BioX-SeqUtils-Promoter/blib/arch /usr/home/cpan/pit/bare/conf/perl-5.12.0/.cpanplus/5.12.0/build/BioX-SeqUtils-Promoter/blib/lib /usr/home/cpan/pit/bare/conf/perl-5.12.0/.cpanplus/5.12.0/build/BioX-SeqUtils-Promoter/blib/arch /usr/home/cpan/pit/bare/perl-5.12.0/lib/site_perl/5.12.0/i386-freebsd /usr/home/cpan/pit/bare/perl-5.12.0/lib/site_perl/5.12.0 /usr/home/cpan/pit/bare/perl-5.12.0/lib/5.12.0/i386-freebsd /usr/home/cpan/pit/bare/perl-5.12.0/lib/5.12.0 .) at /usr/home/cpan/pit/bare/conf/perl-5.12.0/.cpanplus/5.12.0/build/Bit/10.sequences.t .. 
Dubious, test returned 2 (wstat 512, 0x200)
Failed 2/2 subtests 
oX-SeqUtils-Promoter/blib/lib/BioX/SeqUtils/Promoter.pm line 10.
# BEGIN failed--compilation aborted at /usr/home/cpan/pit/bare/conf/perl-5.12.0/.cpanplus/5.12.0/build/BioX-SeqUtils-Promoter/blib/lib/BioX/SeqUtils/Promoter.pm line 10.
# Compilation failed in require at (eval 4) line 2.
# BEGIN failed--compilation aborted at (eval 4) line 2.
Attempt to reload BioX/SeqUtils/Promoter.pm aborted.
Compilation failed in require at t/10.sequence.t line 7.
BEGIN failed--compilation aborted at t/10.sequence.t line 7.
# Looks like you planned 3 tests but ran 1.
# Looks like you failed 1 test of 1 run.
# Looks like your test exited with 255 just after 1.
Can't locate Class/Std.pm in @INC (@INC contains: /usr/home/cpan/pit/bare/conf/perl-5.12.0/.cpanplus/5.12.0/build/BioX-SeqUtils-Promoter/blib/lib /usr/home/cpan/pit/bare/conf/perl-5.12.0/.cpanplus/5.12.0/build/BioX-SeqUtils-Promoter/blib/arch /usr/home/cpan/pit/bare/conf/perl-5.12.0/.cpanplus/5.12.0/build/BioX-SeqUtils-Promoter/blib/lib /usr/home/cpan/pit/bare/conf/perl-5.12.0/.cpanplus/5.12.0/build/BioX-SeqUtils-Promoter/blib/arch /usr/home/cpan/pit/bare/perl-5.12.0/lib/site_perl/5.12.0/i386-freebsd /usr/home/cpan/pit/bare/perl-5.12.0/lib/site_perl/5.12.0 /usr/home/cpan/pit/bare/perl-5.12.0/lib/5.12.0/i386-freebsd /usr/home/cpan/pit/bare/perl-5.12.0/lib/5.12.0 .) at /usr/home/cpan/pit/bare/conf/perl-5.12.0/.cpanplus/5.12.0/build/BioX-SeqUtils-Promoter/blib/lib/BioX/SeqUtils/Promoter/Base.pm line 7.
BEGIN failed--compilation aborted at /usr/home/cpan/pit/bare/conf/perl-5.12.0/.cpanplus/5.12.0/build/BioX-SeqUtils-Promoter/blib/lib/BioX/SeqUtils/Promoter/Base.pm line 7.
Compilation failed in require at (eval 5) line 2.
	...propagated at /usr/home/cpan/pit/bare/perl-5.12.0/lib/5.12.0/base.pm line 94.
BEGIN failed--compilation aborted at /usr/home/cpan/pit/bare/conf/perl-5.12.0/.cpanplus/5.12.0/build/BioX-SeqUtils-Promoter/blib/lib/BioX/SeqUtils/Promoter/Sequences.pm line 7.
Compilation failed in require at t/10.sequences.t line 3.
BEGIN failed--compilation aborted at t/10.sequences.t line 3.
# Looks like your test exited with 2 before it could output anything.
t/11.new.t ........ 
Dubious, test returned 255 (wstat 65280, 0xff00)
Failed 2/2 subtests 

Test Summary Report
-------------------
t/00.load.t     (Wstat: 256 Tests: 1 Failed: 1)
  Failed test:  1
  Non-zero exit status: 1
t/10.length.t   (Wstat: 65280 Tests: 1 Failed: 1)
  Failed test:  1
  Non-zero exit status: 255
  Parse errors: Bad plan.  You planned 2 tests but ran 1.
t/10.load.t     (Wstat: 3328 Tests: 13 Failed: 13)
  Failed tests:  1-13
  Non-zero exit status: 13
t/10.sequence.t (Wstat: 65280 Tests: 1 Failed: 1)
  Failed test:  1
  Non-zero exit status: 255
  Parse errors: Bad plan.  You planned 3 tests but ran 1.
t/10.sequences.t (Wstat: 512 Tests: 0 Failed: 0)
  Non-zero exit status: 2
  Parse errors: Bad plan.  You planned 2 tests but ran 0.
t/11.new.t      (Wstat: 65280 Tests: 1 Failed: 1)
  Failed test:  1
  Non-zero exit status: 255
  Parse errors: Bad plan.  You planned 2 tests but ran 1.
Files=6, Tests=17,  1 wallclock secs ( 0.04 usr  0.19 sys +  0.09 cusr  0.54 csys =  0.86 CPU)
Result: FAIL

#   Failed test 'use BioX::SeqUtils::Promoter;'
#   at t/11.new.t line 4.
#     Tried to use 'BioX::SeqUtils::Promoter'.
#     Error:  Can't locate Class/Std.pm in @INC (@INC contains: /usr/home/cpan/pit/bare/conf/perl-5.12.0/.cpanplus/5.12.0/build/BioX-SeqUtils-Promoter/blib/lib /usr/home/cpan/pit/bare/conf/perl-5.12.0/.cpanplus/5.12.0/build/BioX-SeqUtils-Promoter/blib/arch /usr/home/cpan/pit/bare/conf/perl-5.12.0/.cpanplus/5.12.0/build/BioX-SeqUtils-Promoter/blib/lib /usr/home/cpan/pit/bare/conf/perl-5.12.0/.cpanplus/5.12.0/build/BioX-SeqUtils-Promoter/blib/arch /usr/home/cpan/pit/bare/perl-5.12.0/lib/site_perl/5.12.0/i386-freebsd /usr/home/cpan/pit/bare/perl-5.12.0/lib/site_perl/5.12.0 /usr/home/cpan/pit/bare/perl-5.12.0/lib/5.12.0/i386-freebsd /usr/home/cpan/pit/bare/perl-5.12.0/lib/5.12.0 .) at /usr/home/cpan/pit/bare/conf/perl-5.12.0/.cpanplus/5.12.0/build/BioX-SeqUtils-Promoter/blib/lib/BioX/SeqUtils/Promoter.pm line 10.
# BEGIN failed--compilation aborted at /usr/home/cpan/pit/bare/conf/perl-5.12.0/.cpanplus/5.12.0/build/BioX-SeqUtils-Promoter/blib/lib/BioX/SeqUtils/Promoter.pm line 10.
# Compilation failed in require at (eval 4) line 2.
# BEGIN failed--compilation aborted at (eval 4) line 2.
Attempt to reload BioX/SeqUtils/Promoter.pm aborted.
Compilation failed in require at t/11.new.t line 7.
BEGIN failed--compilation aborted at t/11.new.t line 7.
# Looks like you planned 2 tests but ran 1.
# Looks like you failed 1 test of 1 run.
# Looks like your test exited with 255 just after 1.
Failed 6/6 test programs. 17/17 subtests failed.
BEGIN failed--compilation aborted at /usr/home/cpan/pit/bare/perl-5.12.0/bin/cpanp-run-perl line 8.
 
[MSG] [Sun Aug 29 08:30:44 2010] DEFAULT 'proceed_on_test_failure' HANDLER RETURNING 'sub return value'


MISSING PREREQUISITES:

It was observed that the test suite seem to fail without these modules:

Class::Std

As such, adding the prerequisite module(s) to 'PREREQ_PM' in your
Makefile.PL should solve this problem.  For example:

WriteMakefile(
    AUTHOR      => 'CSTEPHENE (cpanplus-info@lists.sf.net)',
    ... # other information
    PREREQ_PM   => {
	'Class::Std'	=> '0', # or a minimum working version
    }
);

Thanks! :-)

PREREQUISITES:

Here is a list of prerequisites you specified and versions we 
managed to load:
                                
	  Module Name                        Have     Want
	  Test::More                         0.96        0
	  version                            0.82        0

Perl module toolchain versions installed:
	Module Name                        Have
	CPANPLUS                         0.9007
	CPANPLUS::Dist::Build              0.46
	Cwd                                3.31
	ExtUtils::CBuilder               0.2703
	ExtUtils::Command                  1.16
	ExtUtils::Install                  1.55
	ExtUtils::MakeMaker                6.56
	ExtUtils::Manifest                 1.58
	ExtUtils::ParseXS                2.2206
	File::Spec                         3.31
	Module::Build                    0.3607
	Test::Harness                      3.22
	Test::More                         0.96
	version                            0.82

******************************** NOTE ********************************
The comments above are created mechanically, possibly without manual
checking by the sender.  As there are many people performing automatic
tests on each upload to CPAN, it is likely that you will receive 
identical messages about the same problem.

If you believe that the message is mistaken, please reply to the first
one with correction and/or additional informations, and do not take
it personally.  We appreciate your patience. :)
**********************************************************************

Additional comments:
 

This report was machine-generated by CPANPLUS::Dist::YACSmoke 0.58.
Powered by minismokebox version 0.28

------------------------------
ENVIRONMENT AND OTHER CONTEXT
------------------------------

Environment variables:

    AUTOMATED_TESTING = 1
    PATH = /sbin:/bin:/usr/sbin:/usr/bin:/usr/games:/usr/local/sbin:/usr/local/bin:/home/cpan/bin
    PERL5LIB = :/usr/home/cpan/pit/bare/conf/perl-5.12.0/.cpanplus/5.12.0/build/BioX-SeqUtils-Promoter/blib/lib:/usr/home/cpan/pit/bare/conf/perl-5.12.0/.cpanplus/5.12.0/build/BioX-SeqUtils-Promoter/blib/arch
    PERL5_CPANPLUS_IS_RUNNING = 16353
    PERL5_CPANPLUS_IS_VERSION = 0.9007
    PERL5_MINISMOKEBOX = 0.28
    PERL5_YACSMOKE_BASE = /usr/home/cpan/pit/bare/conf/perl-5.12.0
    PERL_EXTUTILS_AUTOINSTALL = --defaultdeps
    PERL_MM_USE_DEFAULT = 1
    SHELL = /usr/local/bin/bash
    TERM = screen

Perl special variables (and OS-specific diagnostics, for MSWin32):

    Perl: $^X = /usr/home/cpan/pit/bare/perl-5.12.0/bin/perl
    UID:  $<  = 1001
    EUID: $>  = 1001
    GID:  $(  = 1001 1001 1001
    EGID: $)  = 1001 1001 1001


-------------------------------


--

Summary of my perl5 (revision 5 version 12 subversion 0) configuration:
   
  Platform:
    osname=freebsd, osvers=7.1-release, archname=i386-freebsd
    uname='freebsd diafol-rhyddha71.bingosnet.co.uk 7.1-release freebsd 7.1-release #0: thu jan 1 14:37:25 utc 2009 root@logan.cse.buffalo.edu:usrobjusrsrcsysgeneric i386 '
    config_args='-des -Dprefix=/usr/home/cpan/pit/bare/perl-5.12.0'
    hint=recommended, useposix=true, d_sigaction=define
    useithreads=undef, usemultiplicity=undef
    useperlio=define, d_sfio=undef, uselargefiles=define, usesocks=undef
    use64bitint=undef, use64bitall=undef, uselongdouble=undef
    usemymalloc=n, bincompat5005=undef
  Compiler:
    cc='cc', ccflags ='-DHAS_FPSETMASK -DHAS_FLOATINGPOINT_H -fno-strict-aliasing -pipe -fstack-protector -I/usr/local/include',
    optimize='-O',
    cppflags='-DHAS_FPSETMASK -DHAS_FLOATINGPOINT_H -fno-strict-aliasing -pipe -fstack-protector -I/usr/local/include'
    ccversion='', gccversion='4.2.1 20070719  [FreeBSD]', gccosandvers=''
    intsize=4, longsize=4, ptrsize=4, doublesize=8, byteorder=1234
    d_longlong=define, longlongsize=8, d_longdbl=define, longdblsize=12
    ivtype='long', ivsize=4, nvtype='double', nvsize=8, Off_t='off_t', lseeksize=8
    alignbytes=4, prototype=define
  Linker and Libraries:
    ld='cc', ldflags ='-Wl,-E  -fstack-protector -L/usr/local/lib'
    libpth=/usr/lib /usr/local/lib
    libs=-lm -lcrypt -lutil -lc
    perllibs=-lm -lcrypt -lutil -lc
    libc=, so=so, useshrplib=false, libperl=libperl.a
    gnulibc_version=''
  Dynamic Linking:
    dlsrc=dl_dlopen.xs, dlext=so, d_dlsymun=undef, ccdlflags=' '
    cccdlflags='-DPIC -fPIC', lddlflags='-shared  -L/usr/local/lib -fstack-protector'


Characteristics of this binary (from libperl): 
  Compile-time options: PERL_DONT_CREATE_GVSV PERL_MALLOC_WRAP
                        USE_LARGE_FILES USE_PERLIO USE_PERL_ATOF
  Built under freebsd
  Compiled at Aug 27 2010 08:09:32
  %ENV:
    PERL5LIB=":/usr/home/cpan/pit/bare/conf/perl-5.12.0/.cpanplus/5.12.0/build/BioX-SeqUtils-Promoter/blib/lib:/usr/home/cpan/pit/bare/conf/perl-5.12.0/.cpanplus/5.12.0/build/BioX-SeqUtils-Promoter/blib/arch"
    PERL5_CPANPLUS_IS_RUNNING="16353"
    PERL5_CPANPLUS_IS_VERSION="0.9007"
    PERL5_MINISMOKEBOX="0.28"
    PERL5_YACSMOKE_BASE="/usr/home/cpan/pit/bare/conf/perl-5.12.0"
    PERL_EXTUTILS_AUTOINSTALL="--defaultdeps"
    PERL_MM_USE_DEFAULT="1"
  @INC:
    /usr/home/cpan/pit/bare/conf/perl-5.12.0/.cpanplus/5.12.0/build/BioX-SeqUtils-Promoter/blib/lib
    /usr/home/cpan/pit/bare/conf/perl-5.12.0/.cpanplus/5.12.0/build/BioX-SeqUtils-Promoter/blib/arch
    /usr/home/cpan/pit/bare/perl-5.12.0/lib/site_perl/5.12.0/i386-freebsd
    /usr/home/cpan/pit/bare/perl-5.12.0/lib/site_perl/5.12.0
    /usr/home/cpan/pit/bare/perl-5.12.0/lib/5.12.0/i386-freebsd
    /usr/home/cpan/pit/bare/perl-5.12.0/lib/5.12.0
    .