Back
From: metabase:user:775a6ef0-a30d-11e0-b928-abcd0a1a245f
Subject: FAIL Audio-Extract-PCM-0.04_59 v5.14.1 GNU/Linux
Date: 2011-08-15T10:07:09Z
This distribution has been tested as part of the CPAN Testers
project, supporting the Perl programming language. See
http://wiki.cpantesters.org/ for more information or email
questions to cpan-testers-discuss@perl.org
--
Dear Christoph Bussenius,
This is a computer-generated report for Audio-Extract-PCM-0.04_59
on perl 5.14.1, created by CPAN-Reporter-1.1902.
Thank you for uploading your work to CPAN. However, there was a problem
testing your distribution.
If you think this report is invalid, please consult the CPAN Testers Wiki
for suggestions on how to avoid getting FAIL reports for missing library
or binary dependencies, unsupported operating systems, and so on:
http://wiki.cpantesters.org/wiki/CPANAuthorNotes
Sections of this report:
* Tester comments
* Program output
* Prerequisites
* Environment and other context
------------------------------
TESTER COMMENTS
------------------------------
Additional comments from tester:
this report is from an automated smoke testing program
and was not reviewed by a human for accuracy
------------------------------
PROGRAM OUTPUT
------------------------------
Output from '/usr/bin/make test':
/smoker/5.14.1/perl/bin/perl Build --makefile_env_macros 1 test
# Testing Audio::Extract::PCM 0.04_59, Perl 5.014001, /smoker/5.14.1/perl/bin/perl
t/00-load.t ....... ok
# Testing with sound sine...
# Testing backend SndFile...
# Testing backend SoX...
# Testing backend default...
# Testing with sound quadchan...
# Testing backend SndFile...
# Testing backend SoX...
# Testing backend default...
# Testing with sound quadchan-wavpcm...
No space left on device at t/01-extract.t line 22.
# Looks like you planned 18 tests but ran 12.
# Looks like your test exited with 28 just after 12.
t/01-extract.t ....
Dubious, test returned 28 (wstat 7168, 0x1c00)
Failed 6/18 subtests
(less 12 skipped subtests: 0 okay)
# Testing backend Mad
# Backend is not available
# Testing backend SndFile
# Backend is not available
# Testing backend SoX
# Backend is not available
# Testing backend Vorbis
# Backend is not available
t/backends.t ...... ok
# big endian test
t/formats.t ....... ok
t/pod-coverage.t .. skipped: Test::Pod::Coverage 1.08 required for testing POD coverage
t/pod.t ........... skipped: Test::Pod 1.22 required for testing POD
# This system has XINU (little) endianness
t/zzcleanup.t ..... ok
Test Summary Report
-------------------
t/01-extract.t (Wstat: 7168 Tests: 12 Failed: 0)
Non-zero exit status: 28
Parse errors: Bad plan. You planned 18 tests but ran 12.
Files=7, Tests=87, 2 wallclock secs ( 0.06 usr 0.00 sys + 0.36 cusr 0.08 csys = 0.50 CPU)
Result: FAIL
Failed 1/7 test programs. 0/87 subtests failed.
make: *** [test] Error 255
------------------------------
PREREQUISITES
------------------------------
Prerequisite modules loaded:
requires:
Module Need Have
----------------- ----- --------
Class::Accessor 0 0.34
Class::Inspector 0 1.25
IO::CaptureOutput 1.10 1.1102
List::MoreUtils 0 0.32
perl 5.006 5.014001
version 0 0.91
build_requires:
Module Need Have
----------------- ----- --------
Compress::Zlib 0 2.037
Module::Build 0 0.3800
Test::More 0 0.98
configure_requires:
Module Need Have
----------------- ----- --------
Module::Build 0 0.3800
------------------------------
ENVIRONMENT AND OTHER CONTEXT
------------------------------
Environment variables:
AUTOMATED_TESTING = 1
LANG = en_US.UTF-8
LC_ALL = C
PATH = /usr/local/bin:/usr/bin:/bin:/usr/local/games:/usr/games
PERL5LIB = /smoker/5.14.1/cpan/build/Class-Inspector-1.25-pNvW2c/blib/arch:/smoker/5.14.1/cpan/build/Class-Inspector-1.25-pNvW2c/blib/lib
PERL5OPT =
PERL5_CPANPLUS_IS_RUNNING = 73663
PERL5_CPAN_IS_RUNNING = 73663
PERL5_CPAN_IS_RUNNING_IN_RECURSION = 89008,73663
PERL_AUTOINSTALL = --skip
PERL_CPAN_REPORTER_CONFIG = /smoker/cpanreporter-config.ini
PERL_CPAN_REPORTER_DIR = /smoker/5.14.1/cpanreporter
PERL_CR_SMOKER_CURRENT = Audio-Extract-PCM-0.04_59
PERL_CR_SMOKER_RUNONCE = 1
PERL_EXTUTILS_AUTOINSTALL = --defaultdeps
PERL_MM_USE_DEFAULT = 1
SHELL = /bin/sh
TERM = screen
Perl special variables (and OS-specific diagnostics, for MSWin32):
$^X = /smoker/5.14.1/perl/bin/perl
$UID/$EUID = 60000 / 60000
$GID = 60000 60000
$EGID = 60000 60000
Perl module toolchain versions installed:
Module Have
------------------- --------
CPAN 1.9600
Cwd 3.36
ExtUtils::CBuilder 0.280203
ExtUtils::Command 1.17
ExtUtils::Install 1.56
ExtUtils::MakeMaker 6.57_05
ExtUtils::Manifest 1.58
ExtUtils::ParseXS 2.2210
File::Spec 3.33
Module::Build 0.3800
Module::Signature n/a
Test::Harness 3.23
Test::More 0.98
YAML 0.73
YAML::Syck 1.17
version 0.91
--
Summary of my perl5 (revision 5 version 14 subversion 1) configuration:
Platform:
osname=linux, osvers=2.6.26-2-amd64, archname=i686-linux
uname='linux rijk 2.6.26-2-amd64 #1 smp thu nov 5 02:23:12 utc 2009 i686 gnulinux '
config_args='-Duselargefiles -Uuse64bitint -Dusemymalloc=n -Uusedl -Uusethreads -Uuseithreads -Uusemultiplicity -Uusesfio -Uuseshrplib -Uinstallusrbinperl -A ccflags= -g -DPERL_DISABLE_PMC -DPERL_ARENA_SIZE=16376 -DNO_PERL_MALLOC_ENV -D_GNU_SOURCE -DNDEBUG -Dcc=cc -Doptimize=-O2 -mpush-args -fomit-frame-pointer -march=core2 -mtune=core2 -Dldflags= -lc -lm -ldl -lpthread -Dlibs=-lm -lcrypt -Dprefix=/smoker/5.14.1/perl -Dbin=/smoker/5.14.1/perl/bin -Dprivlib=/smoker/5.14.1/perl/lib -Darchlib=/smoker/5.14.1/perl/lib -Uusevendorprefix -Dsitelib=/smoker/5.14.1/perl/lib -Dsitearch=/smoker/5.14.1/perl/lib -Uman1dir -Uman3dir -Usiteman1dir -Usiteman3dir -Dpager=/usr/bin/less -Demail=Marc Lehmann <staticperl-smoker-5.14.1@plan9.de> -Dcf_email=Marc Lehmann <staticperl-smoker-5.14.1@plan9.de> -Dcf_by=Marc Lehmann <staticperl-smoker-5.14.1@plan9.de> -Dusedl -Uusemymalloc -Duseperlio -dE'
hint=recommended, useposix=true, d_sigaction=define
useithreads=undef, usemultiplicity=undef
useperlio=define, d_sfio=undef, uselargefiles=define, usesocks=undef
use64bitint=undef, use64bitall=undef, uselongdouble=undef
usemymalloc=n, bincompat5005=undef
Compiler:
cc='cc', ccflags ='-g -DPERL_DISABLE_PMC -DPERL_ARENA_SIZE=16376 -DNO_PERL_MALLOC_ENV -D_GNU_SOURCE -DNDEBUG -fno-strict-aliasing -pipe -I/usr/local/include -D_LARGEFILE_SOURCE -D_FILE_OFFSET_BITS=64',
optimize='-O2 -mpush-args -fomit-frame-pointer -march=core2 -mtune=core2',
cppflags='-g -DPERL_DISABLE_PMC -DPERL_ARENA_SIZE=16376 -DNO_PERL_MALLOC_ENV -D_GNU_SOURCE -DNDEBUG -fno-strict-aliasing -pipe -I/usr/local/include'
ccversion='', gccversion='4.4.5', gccosandvers=''
intsize=4, longsize=4, ptrsize=4, doublesize=8, byteorder=1234
d_longlong=define, longlongsize=8, d_longdbl=define, longdblsize=12
ivtype='long', ivsize=4, nvtype='double', nvsize=8, Off_t='off_t', lseeksize=8
alignbytes=4, prototype=define
Linker and Libraries:
ld='cc', ldflags =' -lc -lm -ldl -lpthread -L/usr/local/lib'
libpth=/usr/local/lib /lib/../lib /usr/lib/../lib /lib /usr/lib /usr/lib64
libs=-lm -lcrypt
perllibs=-lm -lcrypt
libc=/lib/libc-2.11.2.so, so=so, useshrplib=false, libperl=libperl.a
gnulibc_version='2.11.2'
Dynamic Linking:
dlsrc=dl_dlopen.xs, dlext=so, d_dlsymun=undef, ccdlflags='-Wl,-E'
cccdlflags='-fPIC', lddlflags='-shared -O2 -mpush-args -fomit-frame-pointer -march=core2 -mtune=core2 -L/usr/local/lib '
Characteristics of this binary (from libperl):
Compile-time options: PERL_DISABLE_PMC PERL_DONT_CREATE_GVSV
PERL_MALLOC_WRAP PERL_PRESERVE_IVUV USE_LARGE_FILES
USE_PERLIO USE_PERL_ATOF
Built under linux
Compiled at Jul 1 2011 17:05:54
%ENV:
PERL5LIB="/smoker/5.14.1/cpan/build/Class-Inspector-1.25-pNvW2c/blib/arch:/smoker/5.14.1/cpan/build/Class-Inspector-1.25-pNvW2c/blib/lib"
PERL5OPT=""
PERL5_CPANPLUS_IS_RUNNING="73663"
PERL5_CPAN_IS_RUNNING="73663"
PERL5_CPAN_IS_RUNNING_IN_RECURSION="89008,73663"
PERL_AUTOINSTALL="--skip"
PERL_CPAN_REPORTER_CONFIG="/smoker/cpanreporter-config.ini"
PERL_CPAN_REPORTER_DIR="/smoker/5.14.1/cpanreporter"
PERL_CR_SMOKER_CURRENT="Audio-Extract-PCM-0.04_59"
PERL_CR_SMOKER_RUNONCE="1"
PERL_EXTUTILS_AUTOINSTALL="--defaultdeps"
PERL_MM_USE_DEFAULT="1"
@INC:
/smoker/5.14.1/cpan/build/Class-Inspector-1.25-pNvW2c/blib/arch
/smoker/5.14.1/cpan/build/Class-Inspector-1.25-pNvW2c/blib/lib
/smoker/5.14.1/perl/lib
.