Bio-AutomatedAnnotation v1.133090 Perl 5 v5.27.5 x86_64-linux
- Status
- Fail
- From
- Slaven Rezić (SREZIC)
- Dist
-
Bio-AutomatedAnnotation v1.133090
- Platform
- Perl 5 v5.27.5 x86_64-linux
- Date
- 2017-10-29 00:08:49
- ID
- 56f6bf06-bc3d-11e7-b686-8892b1ea9a90
This distribution has been tested as part of the CPAN Testers
project, supporting the Perl programming language. See
http://wiki.cpantesters.org/ for more information or email
questions to cpan-testers-discuss@perl.org
--
Dear Andrew Page,
This is a computer-generated report for Bio-AutomatedAnnotation-1.133090
on perl 5.27.5, created by CPAN-Reporter-1.2018.
Thank you for uploading your work to CPAN. However, there was a problem
testing your distribution.
If you think this report is invalid, please consult the CPAN Testers Wiki
for suggestions on how to avoid getting FAIL reports for missing library
or binary dependencies, unsupported operating systems, and so on:
http://wiki.cpantesters.org/wiki/CPANAuthorNotes
Sections of this report:
* Tester comments
* Program output
* Prerequisites
* Environment and other context
------------------------------
TESTER COMMENTS
------------------------------
Additional comments from tester:
none provided
------------------------------
PROGRAM OUTPUT
------------------------------
Output from '/usr/bin/make test':
PERL_DL_NONLAZY=1 "/opt/perl-5.27.5/bin/perl5.27.5" "-MExtUtils::Command::MM" "-MTest::Harness" "-e" "undef *Test::Harness::Switches; test_harness(0, 'blib/lib', 'blib/arch')" t/*.t t/Bio/*.t t/Bio/AutomatedAnnotation/*.t t/Bio/AutomatedAnnotation/CommandLine/*.t t/Bio/AutomatedAnnotation/External/*.t
t/Bio/AutomatedAnnotation.t ................................. ok
# Failed test 'Actual and expected output match for '-o different_output_filename t/data/example_annotation.gff''
# at t/lib/TestHelper.pm line 29.
# got: '"File","argF","arcC1","speH","yfnB","hly"
# "t/data/example_annotation.gff","1","1","1","1","1"
# "% Total","1","1","1","1","1"
# '
# expected: '"File","speH","hly","arcC1","yfnB","argF"
# "t/data/example_annotation.gff","1","1","1","1","1"
# "% Total","1","1","1","1","1"
# '
# Failed test 'Actual and expected output match for 't/data/example_annotation.gff''
# at t/lib/TestHelper.pm line 29.
# got: '"File","arcC1","argF","yfnB","hly","speH"
# "t/data/example_annotation.gff","1","1","1","1","1"
# "% Total","1","1","1","1","1"
# '
# expected: '"File","speH","hly","arcC1","yfnB","argF"
# "t/data/example_annotation.gff","1","1","1","1","1"
# "% Total","1","1","1","1","1"
# '
# Failed test 'Actual and expected output match for 't/data/example_annotation.gff t/data/copy_of_example_annotation.gff t/data/empty_annotation.gff t/data/different_to_example_annotation.gff''
# at t/lib/TestHelper.pm line 29.
# got: '"File","argF","arcC1","hly","speH","yfnB","another_argF","another_speH","another_yfnB","another_hly","another_arcC1"
# "t/data/different_to_example_annotation.gff","0","0","0","0","0","1","1","1","1","1"
# "t/data/copy_of_example_annotation.gff","1","1","1","1","1","0","0","0","0","0"
# "t/data/empty_annotation.gff","0","0","0","0","0","0","0","0","0","0"
# "t/data/example_annotation.gff","1","1","1","1","1","0","0","0","0","0"
# "% Total","0.5","0.5","0.5","0.5","0.5","0.25","0.25","0.25","0.25","0.25"
# '
# expected: '"File","speH","hly","arcC1","yfnB","argF","another_argF","another_hly","another_yfnB","another_arcC1","another_speH"
# "t/data/example_annotation.gff","1","1","1","1","1","0","0","0","0","0"
# "t/data/empty_annotation.gff","0","0","0","0","0","0","0","0","0","0"
# "t/data/copy_of_example_annotation.gff","1","1","1","1","1","0","0","0","0","0"
# "t/data/different_to_example_annotation.gff","0","0","0","0","0","1","1","1","1","1"
# "% Total","0.5","0.5","0.5","0.5","0.5","0.25","0.25","0.25","0.25","0.25"
# '
# Failed test 'Actual and expected output match for 't/data/example_annotation.gff t/data/empty_annotation.gff''
# at t/lib/TestHelper.pm line 29.
# got: '"File","hly","arcC1","argF","yfnB","speH"
# "t/data/example_annotation.gff","1","1","1","1","1"
# "t/data/empty_annotation.gff","0","0","0","0","0"
# "% Total","0.5","0.5","0.5","0.5","0.5"
# '
# expected: '"File","speH","hly","arcC1","yfnB","argF"
# "t/data/example_annotation.gff","1","1","1","1","1"
# "t/data/empty_annotation.gff","0","0","0","0","0"
# "% Total","0.5","0.5","0.5","0.5","0.5"
# '
# Looks like you failed 4 tests of 9.
t/Bio/AutomatedAnnotation/CommandLine/GeneNameOccurances.t ..
Dubious, test returned 4 (wstat 1024, 0x400)
Failed 4/9 subtests
t/Bio/AutomatedAnnotation/CommandLine/ParseGenesFromGFFs.t .. ok
t/Bio/AutomatedAnnotation/External/Cmscan.t ................. ok
# Failed test 'gene names sorted by value desc'
# at t/Bio/AutomatedAnnotation/GeneNameOccurances.t line 150.
# Structures begin differing at:
# $got->[0] = 'argF'
# $expected->[0] = 'speH'
# Looks like you failed 1 test of 14.
t/Bio/AutomatedAnnotation/GeneNameOccurances.t ..............
Dubious, test returned 1 (wstat 256, 0x100)
Failed 1/14 subtests
t/Bio/AutomatedAnnotation/GeneNamesFromGFF.t ................ ok
t/Bio/AutomatedAnnotation/ParseGenesFromGFF.t ............... ok
--------------------- WARNING ---------------------
MSG: Got a sequence without letters. Could not guess alphabet
---------------------------------------------------
t/Bio/AutomatedAnnotation/ParseGenesFromGFFs.t .............. ok
t/Bio/AutomatedAnnotation/Prokka.t .......................... ok
# Failed test 'Spredsheet data as expected'
# at t/Bio/AutomatedAnnotation/SpreadsheetOfGeneOccurances.t line 30.
# got: '"File","argF","hly","yfnB","arcC1","speH","another_arcC1","another_yfnB","another_argF","another_hly","another_speH"
# "t/data/copy_of_example_annotation.gff","1","1","1","1","1","0","0","0","0","0"
# "t/data/empty_annotation.gff","0","0","0","0","0","0","0","0","0","0"
# "t/data/different_to_example_annotation.gff","0","0","0","0","0","1","1","1","1","1"
# "t/data/example_annotation.gff","1","1","1","1","1","0","0","0","0","0"
# "% Total","0.5","0.5","0.5","0.5","0.5","0.25","0.25","0.25","0.25","0.25"
# '
# expected: '"File","speH","hly","arcC1","yfnB","argF","another_argF","another_hly","another_yfnB","another_arcC1","another_speH"
# "t/data/example_annotation.gff","1","1","1","1","1","0","0","0","0","0"
# "t/data/empty_annotation.gff","0","0","0","0","0","0","0","0","0","0"
# "t/data/copy_of_example_annotation.gff","1","1","1","1","1","0","0","0","0","0"
# "t/data/different_to_example_annotation.gff","0","0","0","0","0","1","1","1","1","1"
# "% Total","0.5","0.5","0.5","0.5","0.5","0.25","0.25","0.25","0.25","0.25"
# '
# Looks like you failed 1 test of 5.
t/Bio/AutomatedAnnotation/SpreadsheetOfGeneOccurances.t .....
Dubious, test returned 1 (wstat 256, 0x100)
Failed 1/5 subtests
# Failed test 'makeblastdb in PATH'
# at t/requires_external.t line 8.
# Failed test 'blastp in PATH'
# at t/requires_external.t line 8.
# Failed test 'prodigal in PATH'
# at t/requires_external.t line 8.
# Failed test 'parallel in PATH'
# at t/requires_external.t line 8.
# Failed test 'hmmscan in PATH'
# at t/requires_external.t line 8.
# Looks like you failed 5 tests of 11.
t/requires_external.t .......................................
Dubious, test returned 5 (wstat 1280, 0x500)
Failed 5/11 subtests
Test Summary Report
-------------------
t/Bio/AutomatedAnnotation/CommandLine/GeneNameOccurances.t (Wstat: 1024 Tests: 9 Failed: 4)
Failed tests: 3, 5, 7, 9
Non-zero exit status: 4
t/Bio/AutomatedAnnotation/GeneNameOccurances.t (Wstat: 256 Tests: 14 Failed: 1)
Failed test: 14
Non-zero exit status: 1
t/Bio/AutomatedAnnotation/SpreadsheetOfGeneOccurances.t (Wstat: 256 Tests: 5 Failed: 1)
Failed test: 5
Non-zero exit status: 1
t/requires_external.t (Wstat: 1280 Tests: 11 Failed: 5)
Failed tests: 7-11
Non-zero exit status: 5
Files=11, Tests=118, 4 wallclock secs ( 0.04 usr 0.05 sys + 2.93 cusr 0.96 csys = 3.98 CPU)
Result: FAIL
Failed 4/11 test programs. 11/118 subtests failed.
Makefile:984: die Regel für Ziel âÂÂtest_dynamicâ scheiterte
make: *** [test_dynamic] Fehler 5
------------------------------
PREREQUISITES
------------------------------
Prerequisite modules loaded:
requires:
Module Need Have
------------------------ ---- --------
Bio::Perl 0 1.007002
Bio::PrimarySeq 0 0
Bio::SearchIO 0 0
Bio::Seq 0 0
Bio::SeqFeature::Generic 0 0
Bio::SeqIO 0 1.007002
Bio::Tools::GFF 0 0
Cwd 0 3.62
Exception::Class 0 1.43
File::Basename 0 2.85
File::Copy 0 2.32
File::Temp 0 0.2304
FindBin 0 1.51
Getopt::Long 0 2.5
List::Util 0 1.49
Moose 0 2.2006
POSIX 0 1.78
Scalar::Util 0 1.49
Text::CSV 0 1.95
Time::Piece 0 1.3202
Time::Seconds 0 1.3202
warnings 0 1.37
XML::Simple 0 2.24
build_requires:
Module Need Have
------------------------ ---- --------
Data::Dumper 0 2.161
Env::Path 0 0.19
File::Find 0 1.34
File::Slurp 0 9999.19
Moose::Role 0 2.2006
strict 0 1.11
Test::Most 0 0.35
configure_requires:
Module Need Have
------------------------ ---- --------
ExtUtils::MakeMaker 6.30 7.30
------------------------------
ENVIRONMENT AND OTHER CONTEXT
------------------------------
Environment variables:
LANG = C
LC_ALL = de_DE.UTF-8
PATH = /usr/local/bin:/usr/bin:/bin:/usr/local/sbin:/usr/sbin:/sbin:/home/cpansand/bin/linux-gnu:/home/cpansand/bin/sh:/home/cpansand/bin:/usr/games:/home/cpansand/devel:/home/eserte/src/srezic-misc/scripts
PERL5LIB =
PERL5OPT =
PERL5_CPANPLUS_IS_RUNNING = 22204
PERL5_CPAN_IS_RUNNING = 22204
PERL5_CPAN_IS_RUNNING_IN_RECURSION = 28080,22204
PERLDOC = -MPod::Perldoc::ToTextOverstrike
PERL_BATCH = yes
PERL_CANARY_STABILITY_NOPROMPT = 1
PERL_CPAN_REPORTER_CONFIG = /var/tmp/cpansmoker-1023/2017102812/cpanreporter_001_config.ini
PERL_EXTUTILS_AUTOINSTALL = --defaultdeps
PERL_PARALLEL_SMOKER = yes
PERL_USE_UNSAFE_INC = 1
SHELL = /usr/bin/zsh
TERM = screen
TMPDIR = /var/tmp/cpansmoker-1023/2017102812
Perl special variables (and OS-specific diagnostics, for MSWin32):
$^X = /opt/perl-5.27.5/bin/perl5.27.5
$UID/$EUID = 1023 / 1023
$GID = 1023 1023
$EGID = 1023 1023
Perl module toolchain versions installed:
Module Have
------------------- --------
CPAN 2.16
CPAN::Meta 2.150010
Cwd 3.62
ExtUtils::CBuilder 0.280226
ExtUtils::Command 7.30
ExtUtils::Install 2.14
ExtUtils::MakeMaker 7.30
ExtUtils::Manifest 1.70
ExtUtils::ParseXS 3.35
File::Spec 3.62
JSON 2.94
JSON::PP 2.94
Module::Build 0.4224
Module::Signature 0.81
Parse::CPAN::Meta 2.150010
Test::Harness 3.39
Test::More 1.302106
YAML 1.23
YAML::Syck 1.30
version 0.9918
--
Summary of my perl5 (revision 5 version 27 subversion 5) configuration:
Platform:
osname=linux
osvers=4.9.0-3-amd64
archname=x86_64-linux
uname='linux debian9 4.9.0-3-amd64 #1 smp debian 4.9.30-2+deb9u5 (2017-09-19) x86_64 gnulinux '
config_args='-ds -e -Dprefix=/opt/perl-5.27.5 -Dusedevel -Dusemallocwrap=no -Dcf_email=srezic@cpan.org'
hint=recommended
useposix=true
d_sigaction=define
useithreads=undef
usemultiplicity=undef
use64bitint=define
use64bitall=define
uselongdouble=undef
usemymalloc=n
default_inc_excludes_dot=define
bincompat5005=undef
Compiler:
cc='cc'
ccflags ='-fwrapv -fno-strict-aliasing -pipe -fstack-protector-strong -I/usr/local/include -D_LARGEFILE_SOURCE -D_FILE_OFFSET_BITS=64 -D_FORTIFY_SOURCE=2'
optimize='-O2'
cppflags='-fwrapv -fno-strict-aliasing -pipe -fstack-protector-strong -I/usr/local/include'
ccversion=''
gccversion='6.3.0 20170516'
gccosandvers=''
intsize=4
longsize=8
ptrsize=8
doublesize=8
byteorder=12345678
doublekind=3
d_longlong=define
longlongsize=8
d_longdbl=define
longdblsize=16
longdblkind=3
ivtype='long'
ivsize=8
nvtype='double'
nvsize=8
Off_t='off_t'
lseeksize=8
alignbytes=8
prototype=define
Linker and Libraries:
ld='cc'
ldflags =' -fstack-protector-strong -L/usr/local/lib'
libpth=/usr/local/lib /usr/lib/gcc/x86_64-linux-gnu/6/include-fixed /usr/include/x86_64-linux-gnu /usr/lib /lib/x86_64-linux-gnu /lib/../lib /usr/lib/x86_64-linux-gnu /usr/lib/../lib /lib
libs=-lpthread -lnsl -lgdbm -ldb -ldl -lm -lcrypt -lutil -lc -lgdbm_compat
perllibs=-lpthread -lnsl -ldl -lm -lcrypt -lutil -lc
libc=libc-2.24.so
so=so
useshrplib=false
libperl=libperl.a
gnulibc_version='2.24'
Dynamic Linking:
dlsrc=dl_dlopen.xs
dlext=so
d_dlsymun=undef
ccdlflags='-Wl,-E'
cccdlflags='-fPIC'
lddlflags='-shared -O2 -L/usr/local/lib -fstack-protector-strong'
Characteristics of this binary (from libperl):
Compile-time options:
HAS_TIMES
PERLIO_LAYERS
PERL_COPY_ON_WRITE
PERL_DONT_CREATE_GVSV
PERL_OP_PARENT
PERL_PRESERVE_IVUV
PERL_USE_DEVEL
USE_64_BIT_ALL
USE_64_BIT_INT
USE_LARGE_FILES
USE_LOCALE
USE_LOCALE_COLLATE
USE_LOCALE_CTYPE
USE_LOCALE_NUMERIC
USE_LOCALE_TIME
USE_PERLIO
USE_PERL_ATOF
Built under linux
Compiled at Oct 25 2017 16:03:52
%ENV:
PERL5LIB=""
PERL5OPT=""
PERL5_CPANPLUS_IS_RUNNING="22204"
PERL5_CPAN_IS_RUNNING="22204"
PERL5_CPAN_IS_RUNNING_IN_RECURSION="28080,22204"
PERLDOC="-MPod::Perldoc::ToTextOverstrike"
PERL_BATCH="yes"
PERL_CANARY_STABILITY_NOPROMPT="1"
PERL_CPAN_REPORTER_CONFIG="/var/tmp/cpansmoker-1023/2017102812/cpanreporter_001_config.ini"
PERL_EXTUTILS_AUTOINSTALL="--defaultdeps"
PERL_PARALLEL_SMOKER="yes"
PERL_USE_UNSAFE_INC="1"
@INC:
/opt/perl-5.27.5/lib/site_perl/5.27.5/x86_64-linux
/opt/perl-5.27.5/lib/site_perl/5.27.5
/opt/perl-5.27.5/lib/5.27.5/x86_64-linux
/opt/perl-5.27.5/lib/5.27.5
.