Report for Software-Packager-Aix-0.10

Back
From: metabase:user:e3434da8-b236-11df-85ca-0247c6d74bde
Subject: FAIL Software-Packager-Aix-0.10 v5.8.9 GNU/Linux
Date: 2011-09-16T11:59:33Z

This distribution has been tested as part of the CPAN Testers
project, supporting the Perl programming language.  See
http://wiki.cpantesters.org/ for more information or email
questions to cpan-testers-discuss@perl.org


--
Dear R Bernard Davison,

This is a computer-generated report for Software-Packager-Aix-0.10
on perl 5.8.9, created by CPAN-Reporter-1.1902.

Thank you for uploading your work to CPAN.  However, there was a problem
testing your distribution.

If you think this report is invalid, please consult the CPAN Testers Wiki
for suggestions on how to avoid getting FAIL reports for missing library
or binary dependencies, unsupported operating systems, and so on:

http://wiki.cpantesters.org/wiki/CPANAuthorNotes

Sections of this report:

    * Tester comments
    * Program output
    * Prerequisites
    * Environment and other context

------------------------------
TESTER COMMENTS
------------------------------

Additional comments from tester:

this report is from an automated smoke testing program
and was not reviewed by a human for accuracy

------------------------------
PROGRAM OUTPUT
------------------------------

Output from '/usr/bin/make test':

PERL_DL_NONLAZY=1 /home/perl58/testing/bin/perl5.8.9 "-MExtUtils::Command::MM" "-e" "test_harness(0, 'blib/lib', 'blib/arch')" t/*.t
# Next time around, consider install Module::Signature,
# so you can verify the integrity of this distribution.
t/00_signature.t ... ok
t/01_initialise.t .. ok
# Some warning and error messages are displayed as part of the tests and can be ignored.
Warning: The "Version" field of the version contains more than two charaters.
         It will be truncated.
Warning: The "Release" field of the version contains more than two charaters.
         It will be truncated.
Warning: The "ModificationLevel" field of the version contains more than four charaters.
         It will be truncated.
Warning: The "FixLevel" field of the version contains more than four charaters.
         It will be truncated.
Warning: The "FixID" field of the version contains more than nine charaters.
         It will be truncated.
Warning: The version "2" is not a 4 or 5 field Dewey-Decimal number. It will be modified.
Error: Cannot add object to the package: Objects cannot have names containing commas or colons.
Error: Cannot add object to the package: Objects cannot have names containing commas or colons.
sh: backup: command not found
Error: Failed to create the Backup-format file. 
Error: Problems were encountered creating the backup format file: 
t/02_aix.t ......... 
Failed 2/29 subtests 

Test Summary Report
-------------------
t/02_aix.t       (Wstat: 0 Tests: 29 Failed: 2)
  Failed tests:  28-29
Files=3, Tests=31,  2 wallclock secs ( 0.03 usr  0.01 sys +  0.10 cusr  0.15 csys =  0.29 CPU)
Result: FAIL
Failed 1/3 test programs. 2/31 subtests failed.
make: *** [test_dynamic] Error 255

------------------------------
PREREQUISITES
------------------------------

Prerequisite modules loaded:

requires:

    Module             Need Have
    ------------------ ---- ----
    Software::Packager 0.09 0.09


------------------------------
ENVIRONMENT AND OTHER CONTEXT
------------------------------

Environment variables:

    AUTOMATED_TESTING = 1
    LANG = en_US.utf8
    LC_COLLATE = C
    LC_MONETARY = nl_NL.utf8
    PATH = /home/tester/perl5/perlbrew/bin:/home/tester/perl5/perlbrew/perls/perl-5.15.2/bin:/usr/lib64/qt-3.3/bin:/usr/lib64/ccache:/usr/local/bin:/bin:/usr/bin:/usr/local/sbin:/usr/sbin:/sbin:/home/tester/bin:/home/tester/bin
    PATH_WITHOUT_PERLBREW = /usr/lib64/qt-3.3/bin:/usr/lib64/ccache:/usr/local/bin:/bin:/usr/bin:/usr/local/sbin:/usr/sbin:/sbin:/home/tester/bin
    PERL5LIB = /home/perl58/.cpan/build/Software-Packager-0.09-_cqs0k/blib/arch:/home/perl58/.cpan/build/Software-Packager-0.09-_cqs0k/blib/lib
    PERL5OPT = 
    PERL5_CPANPLUS_IS_RUNNING = 28475
    PERL5_CPAN_IS_RUNNING = 28475
    PERL5_CPAN_IS_RUNNING_IN_RECURSION = 17834,28475
    PERLBREW_PATH = /home/tester/perl5/perlbrew/bin:/home/tester/perl5/perlbrew/perls/perl-5.15.2/bin
    PERLBREW_PERL = perl-5.15.2
    PERLBREW_ROOT = /home/tester/perl5/perlbrew
    PERLBREW_VERSION = 0.15
    PERL_CR_SMOKER_CURRENT = Software-Packager-Aix-0.10
    PERL_EXTUTILS_AUTOINSTALL = --defaultdeps
    PERL_MM_USE_DEFAULT = 1
    SHELL = /bin/bash
    TERM = screen

Perl special variables (and OS-specific diagnostics, for MSWin32):

    $^X = /home/perl58/testing/bin/perl5.8.9
    $UID/$EUID = 506 / 506
    $GID = 506 506
    $EGID = 506 506

Perl module toolchain versions installed:

    Module              Have    
    ------------------- --------
    CPAN                1.9600  
    Cwd                 3.29    
    ExtUtils::CBuilder  0.280202
    ExtUtils::Command   1.16    
    ExtUtils::Install   1.52    
    ExtUtils::MakeMaker 6.56    
    ExtUtils::Manifest  1.56    
    ExtUtils::ParseXS   2.2206  
    File::Spec          3.29    
    Module::Build       0.3800  
    Module::Signature   n/a     
    Test::Harness       3.23    
    Test::More          0.98    
    YAML                n/a     
    YAML::Syck          1.17    
    version             0.90    


--

Summary of my perl5 (revision 5 version 8 subversion 9) configuration:
  Platform:
    osname=linux, osvers=2.6.35.11-83.fc14.x86_64, archname=x86_64-linux-thread-multi
    uname='linux firenze.fritz.box 2.6.35.11-83.fc14.x86_64 #1 smp mon feb 7 07:06:44 utc 2011 x86_64 x86_64 x86_64 gnulinux '
    config_args='-Dprefix=/home/perl58/testing/ -Dusethreads -Dusedevel -des'
    hint=recommended, useposix=true, d_sigaction=define
    usethreads=define use5005threads=undef useithreads=define usemultiplicity=define
    useperlio=define d_sfio=undef uselargefiles=define usesocks=undef
    use64bitint=define use64bitall=define uselongdouble=undef
    usemymalloc=n, bincompat5005=undef
  Compiler:
    cc='cc', ccflags ='-D_REENTRANT -D_GNU_SOURCE -DTHREADS_HAVE_PIDS -fno-strict-aliasing -pipe -I/usr/local/include -D_LARGEFILE_SOURCE -D_FILE_OFFSET_BITS=64 -I/usr/include/gdbm',
    optimize='-O2',
    cppflags='-D_REENTRANT -D_GNU_SOURCE -DTHREADS_HAVE_PIDS -fno-strict-aliasing -pipe -I/usr/local/include -I/usr/include/gdbm'
    ccversion='', gccversion='4.5.1 20100924 (Red Hat 4.5.1-4)', gccosandvers=''
    intsize=4, longsize=8, ptrsize=8, doublesize=8, byteorder=12345678
    d_longlong=define, longlongsize=8, d_longdbl=define, longdblsize=16
    ivtype='long', ivsize=8, nvtype='double', nvsize=8, Off_t='off_t', lseeksize=8
    alignbytes=8, prototype=define
  Linker and Libraries:
    ld='cc', ldflags =' -L/usr/local/lib'
    libpth=/usr/local/lib /lib /usr/lib /lib64 /usr/lib64 /usr/local/lib64
    libs=-lnsl -lgdbm -ldb -ldl -lm -lcrypt -lutil -lpthread -lc
    perllibs=-lnsl -ldl -lm -lcrypt -lutil -lpthread -lc
    libc=, so=so, useshrplib=false, libperl=libperl.a
    gnulibc_version='2.13'
  Dynamic Linking:
    dlsrc=dl_dlopen.xs, dlext=so, d_dlsymun=undef, ccdlflags='-Wl,-E'
    cccdlflags='-fPIC', lddlflags='-shared -O2 -L/usr/local/lib'


Characteristics of this binary (from libperl): 
  Compile-time options: MULTIPLICITY PERL_IMPLICIT_CONTEXT PERL_MALLOC_WRAP
                        THREADS_HAVE_PIDS USE_64_BIT_ALL USE_64_BIT_INT
                        USE_FAST_STDIO USE_ITHREADS USE_LARGE_FILES
                        USE_PERLIO USE_REENTRANT_API
  Built under linux
  Compiled at Jun  4 2011 22:22:39
  %ENV:
    PERL5LIB="/home/perl58/.cpan/build/Software-Packager-0.09-_cqs0k/blib/arch:/home/perl58/.cpan/build/Software-Packager-0.09-_cqs0k/blib/lib"
    PERL5OPT=""
    PERL5_CPANPLUS_IS_RUNNING="28475"
    PERL5_CPAN_IS_RUNNING="28475"
    PERL5_CPAN_IS_RUNNING_IN_RECURSION="17834,28475"
    PERLBREW_PATH="/home/tester/perl5/perlbrew/bin:/home/tester/perl5/perlbrew/perls/perl-5.15.2/bin"
    PERLBREW_PERL="perl-5.15.2"
    PERLBREW_ROOT="/home/tester/perl5/perlbrew"
    PERLBREW_VERSION="0.15"
    PERL_CR_SMOKER_CURRENT="Software-Packager-Aix-0.10"
    PERL_EXTUTILS_AUTOINSTALL="--defaultdeps"
    PERL_MM_USE_DEFAULT="1"
  @INC:
    /home/perl58/.cpan/build/Software-Packager-0.09-_cqs0k/blib/arch
    /home/perl58/.cpan/build/Software-Packager-0.09-_cqs0k/blib/lib
    /home/perl58/testing/lib/5.8.9/x86_64-linux-thread-multi
    /home/perl58/testing/lib/5.8.9
    /home/perl58/testing/lib/site_perl/5.8.9/x86_64-linux-thread-multi
    /home/perl58/testing/lib/site_perl/5.8.9
    .