Unix-PID-Tiny v0.95 Perl 5 v5.35.2 i86pc-solaris-64

Status
Fail
From
Carlos Guevara
Dist
Unix-PID-Tiny v0.95
Platform
Perl 5 v5.35.2 i86pc-solaris-64
Date
2021-06-23 21:38:26
ID
57fa33b6-d46b-11eb-a9dc-1be99a210d0c
This distribution has been tested as part of the CPAN Testers
project, supporting the Perl programming language.  See
http://wiki.cpantesters.org/ for more information or email
questions to cpan-testers-discuss@perl.org


--
Dear Daniel Muey,

This is a computer-generated report for Unix-PID-Tiny-0.95
on perl 5.35.2, created by CPAN-Reporter-1.2018.

Thank you for uploading your work to CPAN.  However, there was a problem
testing your distribution.

If you think this report is invalid, please consult the CPAN Testers Wiki
for suggestions on how to avoid getting FAIL reports for missing library
or binary dependencies, unsupported operating systems, and so on:

http://wiki.cpantesters.org/wiki/CPANAuthorNotes

Sections of this report:

    * Tester comments
    * Program output
    * Prerequisites
    * Environment and other context

------------------------------
TESTER COMMENTS
------------------------------

Additional comments from tester:

this report is from an automated smoke testing program
and was not reviewed by a human for accuracy

------------------------------
PROGRAM OUTPUT
------------------------------

Output from '/usr/bin/make test':

PERL_DL_NONLAZY=1 "/export/home/cpan/bin/perl-blead/bin/perl5.35.2" "-MExtUtils::Command::MM" "-MTest::Harness" "-e" "undef *Test::Harness::Switches; test_harness(0, 'blib/lib', 'blib/arch')" t/*.t
# Testing Unix::PID::Tiny 0.95
t/00.load.t ....... ok
ps: illegal option -- p
usage: ps [ -aceglnrSuUvwx ] [ -t term ] [ num ]

#   Failed test 'pid_info_hash(): calls ps and parses result'
#   at t/01.methods.t line 228.
#          got: undef
#     expected: '2983'
ps: illegal option -- p
usage: ps [ -aceglnrSuUvwx ] [ -t term ] [ num ]
ps: illegal option -- p
usage: ps [ -aceglnrSuUvwx ] [ -t term ] [ num ]

#   Failed test 'no warnings'
#   at /export/home/cpan/bin/perl-blead/lib/5.35.2/Test/Builder.pm line 193.
# There were 2 warning(s)
# 	Previous test 47 'pid_info_hash(): Weird args give weird warnings'
# 	Use of uninitialized value $outp[1] in split at /export/home/cpan/.cpan/build/Unix-PID-Tiny-0.95-0/blib/lib/Unix/PID/Tiny.pm line 97.
#  at /export/home/cpan/.cpan/build/Unix-PID-Tiny-0.95-0/blib/lib/Unix/PID/Tiny.pm line 97.
# 	Unix::PID::Tiny::pid_info_hash(Unix::PID::Tiny=HASH(0x1289ab8), 2983) called at t/01.methods.t line 227
# 
# ----------
# 	Previous test 47 'pid_info_hash(): Weird args give weird warnings'
# 	Use of uninitialized value $outp[0] in split at /export/home/cpan/.cpan/build/Unix-PID-Tiny-0.95-0/blib/lib/Unix/PID/Tiny.pm line 97.
#  at /export/home/cpan/.cpan/build/Unix-PID-Tiny-0.95-0/blib/lib/Unix/PID/Tiny.pm line 97.
# 	Unix::PID::Tiny::pid_info_hash(Unix::PID::Tiny=HASH(0x1289ab8), 2983) called at t/01.methods.t line 227
# 
# Looks like you failed 2 tests of 86.
t/01.methods.t .... 
Dubious, test returned 2 (wstat 512, 0x200)
Failed 2/86 subtests 
	(less 8 skipped subtests: 76 okay)
t/perlcritic.t .... skipped: Critic tests are only run in RELEASE_TESTING mode.
t/perltidy.t ...... skipped: PerlTidy tests are only run in RELEASE_TESTING mode.
t/pod-coverage.t .. skipped: POD tests are only run in RELEASE_TESTING mode.
t/pod.t ........... skipped: POD tests are only run in RELEASE_TESTING mode.

Test Summary Report
-------------------
t/01.methods.t  (Wstat: 512 Tests: 86 Failed: 2)
  Failed tests:  48, 86
  Non-zero exit status: 2
Files=6, Tests=87,  2 wallclock secs ( 0.06 usr  0.04 sys +  0.72 cusr  0.34 csys =  1.15 CPU)
Result: FAIL
Failed 1/6 test programs. 2/87 subtests failed.
*** Error code 255
make: Fatal error: Command failed for target `test_dynamic'

------------------------------
PREREQUISITES
------------------------------

Prerequisite modules loaded:

build_requires:

    Module              Need Have    
    ------------------- ---- --------
    ExtUtils::MakeMaker 0    7.62    
    File::Slurp         0    9999.32 
    File::Temp          0    0.2311  
    Test::MockFile      0    0.021   
    Test::More          0    1.302185
    Test::NoWarnings    0    1.04    
    Test::Warn          0    0.36    

configure_requires:

    Module              Need Have    
    ------------------- ---- --------
    ExtUtils::MakeMaker 0    7.62    


------------------------------
ENVIRONMENT AND OTHER CONTEXT
------------------------------

Environment variables:

    AUTOMATED_TESTING = 1
    DATE_MANIP_TEST_DM5 = 1
    LANG = en_US.UTF-8
    LC_ALL = C
    NONINTERACTIVE_TESTING = 1
    PATH = /export/home/cpan/bin/perl-blead/bin:/export/home/cpan/bin:/usr/bin:/usr/sbin:/sbin:/usr/gnu/bin
    PERL5LIB = 
    PERL5OPT = 
    PERL5_CPANPLUS_IS_RUNNING = 1814
    PERL5_CPAN_IS_RUNNING = 1814
    PERL_MM_USE_DEFAULT = 1
    PERL_USE_UNSAFE_INC = 1
    PERL_VERSION = blead
    SHELL = /usr/bin/bash
    TERM = screen
    TMPDIR = /export/home/cpan/tmp

Perl special variables (and OS-specific diagnostics, for MSWin32):

    $^X = /export/home/cpan/bin/perl-blead/bin/perl5.35.2
    $UID/$EUID = 101 / 101
    $GID = 1 1
    $EGID = 1 1

Perl module toolchain versions installed:

    Module              Have    
    ------------------- --------
    CPAN                2.28    
    CPAN::Meta          2.150010
    Cwd                 3.81    
    ExtUtils::CBuilder  0.280236
    ExtUtils::Command   7.62    
    ExtUtils::Install   2.20    
    ExtUtils::MakeMaker 7.62    
    ExtUtils::Manifest  1.73    
    ExtUtils::ParseXS   3.43    
    File::Spec          3.81    
    JSON                n/a     
    JSON::PP            4.06    
    Module::Build       0.4231  
    Module::Signature   n/a     
    Parse::CPAN::Meta   2.150010
    Test::Harness       3.43    
    Test::More          1.302185
    YAML                n/a     
    YAML::Syck          n/a     
    version             0.9929  


--

Summary of my perl5 (revision 5 version 35 subversion 2) configuration:
  Commit id: 469a261cb4bc51f21cbc043d02618db11e44ab6c
  Platform:
    osname=solaris
    osvers=2.11
    archname=i86pc-solaris-64
    uname='sunos cjg-hipster 5.11 illumos-0b9a51588b i86pc i386 i86pc '
    config_args='-des -Dprefix=~/bin/perl-blead -Dscriptdir=~/bin/perl-blead/bin -Dusedevel -Duse64bitall -Dcc=gcc'
    hint=recommended
    useposix=true
    d_sigaction=define
    useithreads=undef
    usemultiplicity=undef
    use64bitint=define
    use64bitall=define
    uselongdouble=undef
    usemymalloc=n
    default_inc_excludes_dot=define
  Compiler:
    cc='gcc'
    ccflags ='-m64 -fwrapv -fno-strict-aliasing -pipe -fstack-protector-strong -I/usr/gnu/include -D_LARGEFILE_SOURCE -D_FILE_OFFSET_BITS=64 -D_FORTIFY_SOURCE=2 -DPERL_USE_SAFE_PUTENV'
    optimize='-O'
    cppflags='-m64 -fwrapv -fno-strict-aliasing -pipe -fstack-protector-strong -I/usr/gnu/include'
    ccversion=''
    gccversion='7.5.0'
    gccosandvers=''
    intsize=4
    longsize=8
    ptrsize=8
    doublesize=8
    byteorder=12345678
    doublekind=3
    d_longlong=define
    longlongsize=8
    d_longdbl=define
    longdblsize=16
    longdblkind=3
    ivtype='long'
    ivsize=8
    nvtype='double'
    nvsize=8
    Off_t='off_t'
    lseeksize=8
    alignbytes=8
    prototype=define
  Linker and Libraries:
    ld='gcc'
    ldflags =' -m64 -fstack-protector-strong -L/usr/gnu/lib '
    libpth=/usr/gcc/7/lib /usr/lib /usr/gnu/lib /usr/ccs/lib
    libs=-lpthread -lsocket -lnsl -lgdbm -ldb -ldl -lm -lc
    perllibs=-lpthread -lsocket -lnsl -ldl -lm -lc
    libc=/lib/libc.so
    so=so
    useshrplib=true
    libperl=libperl.so
    gnulibc_version=''
  Dynamic Linking:
    dlsrc=dl_dlopen.xs
    dlext=so
    d_dlsymun=undef
    ccdlflags='  -R /export/home/cpan/bin/perl-blead/lib/5.35.2/i86pc-solaris-64/CORE'
    cccdlflags='-fPIC'
    lddlflags=' -shared -m64 -L/usr/gnu/lib -fstack-protector-strong'


Characteristics of this binary (from libperl): 
  Compile-time options:
    HAS_TIMES
    PERLIO_LAYERS
    PERL_COPY_ON_WRITE
    PERL_DONT_CREATE_GVSV
    PERL_MALLOC_WRAP
    PERL_OP_PARENT
    PERL_PRESERVE_IVUV
    PERL_USE_DEVEL
    PERL_USE_SAFE_PUTENV
    USE_64_BIT_ALL
    USE_64_BIT_INT
    USE_LARGE_FILES
    USE_LOCALE
    USE_LOCALE_COLLATE
    USE_LOCALE_CTYPE
    USE_LOCALE_NUMERIC
    USE_LOCALE_TIME
    USE_PERLIO
    USE_PERL_ATOF
  Built under solaris
  Compiled at Jun 23 2021 15:39:07
  %ENV:
    PERL5LIB=""
    PERL5OPT=""
    PERL5_CPANPLUS_IS_RUNNING="1814"
    PERL5_CPAN_IS_RUNNING="1814"
    PERL_MM_USE_DEFAULT="1"
    PERL_USE_UNSAFE_INC="1"
    PERL_VERSION="blead"
  @INC:
    /export/home/cpan/bin/perl-blead/lib/site_perl/5.35.2/i86pc-solaris-64
    /export/home/cpan/bin/perl-blead/lib/site_perl/5.35.2
    /export/home/cpan/bin/perl-blead/lib/5.35.2/i86pc-solaris-64
    /export/home/cpan/bin/perl-blead/lib/5.35.2
    .