pmtools v2.2.0 Perl 5 v5.39.9 x86_64-linux-thread-multi
- Status
- Fail
- From
- Andreas J. König (ANDK)
- Dist
-
pmtools v2.2.0
- Platform
- Perl 5 v5.39.9 x86_64-linux-thread-multi
- Date
- 2024-04-08 18:39:34
- ID
- 587d0de6-f5d7-11ee-9380-b81f17966ea2
This distribution has been tested as part of the CPAN Testers
project, supporting the Perl programming language. See
http://wiki.cpantesters.org/ for more information or email
questions to cpan-testers-discuss@perl.org
--
Dear Mark Leighton Fisher,
This is a computer-generated report for pmtools-2.2.0
on perl 5.39.9, created by CPAN-Reporter-1.2019.
Thank you for uploading your work to CPAN. However, there was a problem
testing your distribution.
If you think this report is invalid, please consult the CPAN Testers Wiki
for suggestions on how to avoid getting FAIL reports for missing library
or binary dependencies, unsupported operating systems, and so on:
http://wiki.cpantesters.org/wiki/CPANAuthorNotes
Sections of this report:
* Tester comments
* Program output
* Prerequisites
* Environment and other context
------------------------------
TESTER COMMENTS
------------------------------
Additional comments from tester:
this report is from an automated smoke testing program
and was not reviewed by a human for accuracy
------------------------------
PROGRAM OUTPUT
------------------------------
Output from '/usr/bin/make test':
PERL_DL_NONLAZY=1 "/tmp/basesmoker-reloperl-Bmzm/bin/perl" "-MExtUtils::Command::MM" "-MTest::Harness" "-e" "undef *Test::Harness::Switches; test_harness(0, 'blib/lib', 'blib/arch')" t/*.t t/lib/*.t
t/basepods.t ..... ok
t/faqpods.t ...... ok
t/lib/pmtools.t .. ok
t/modpods.t ...... ok
# Failed test 'catted module function'
# at t/pfcat.t line 19.
# '=head1 /usr/share/perl/5.30/pod/perlfunc.pod chunk 1660
#
# =item seek FILEHANDLE,POSITION,WHENCE
# X<seek> X<fseek> X<filehandle, position>
#
# =head1 /usr/share/perl/5.30/pod/perlfunc.pod chunk 1670
#
# =item seekdir DIRHANDLE,POS
# X<seekdir>
#
# =head1 /usr/share/perl/5.30/pod/perlfunc.pod chunk 2127
#
# =item sysseek FILEHANDLE,POSITION,WHENCE
# X<sysseek> X<lseek>
#
# =head1 /usr/share/perl/5.30/pod/perlfunc.pod chunk 2160
#
# =for Pod::Functions get current seekpointer on a filehandle
#
# Returns the current position I<in bytes> for FILEHANDLE, or -1 on
# error. FILEHANDLE may be an expression whose value gives the name of
# the actual filehandle. If FILEHANDLE is omitted, assumes the file
# last read.
#
# Note the emphasis on bytes: even if the filehandle has been set to operate
# on characters (for example using the C<:encoding(UTF-8)> I/O layer), the
# L<C<seek>|/seek FILEHANDLE,POSITION,WHENCE>,
# L<C<tell>|/tell FILEHANDLE>, and
# L<C<sysseek>|/sysseek FILEHANDLE,POSITION,WHENCE>
# family of functions use byte offsets, not character offsets,
# because seeking to a character offset would be very slow in a UTF-8 file.
#
# The return value of L<C<tell>|/tell FILEHANDLE> for the standard streams
# like the STDIN depends on the operating system: it may return -1 or
# something else. L<C<tell>|/tell FILEHANDLE> on pipes, fifos, and
# sockets usually returns -1.
#
# There is no C<systell> function. Use
# L<C<sysseek($fh, 0, 1)>|/sysseek FILEHANDLE,POSITION,WHENCE> for that.
#
# Do not use L<C<tell>|/tell FILEHANDLE> (or other buffered I/O
# operations) on a filehandle that has been manipulated by
# L<C<sysread>|/sysread FILEHANDLE,SCALAR,LENGTH,OFFSET>,
# L<C<syswrite>|/syswrite FILEHANDLE,SCALAR,LENGTH,OFFSET>, or
# L<C<sysseek>|/sysseek FILEHANDLE,POSITION,WHENCE>. Those functions
# ignore the buffering, while L<C<tell>|/tell FILEHANDLE> does not.
#
# =head1 /usr/share/perl/5.30/pod/perlfunc.pod chunk 2167
#
# =for Pod::Functions get current seekpointer on a directory handle
#
# Returns the current position of the L<C<readdir>|/readdir DIRHANDLE>
# routines on DIRHANDLE. Value may be given to
# L<C<seekdir>|/seekdir DIRHANDLE,POS> to access a particular location in
# a directory. L<C<telldir>|/telldir DIRHANDLE> has the same caveats
# about possible directory compaction as the corresponding system library
# routine.
#
# '
# doesn't match '(?^:There is no .*systell.* function.\s+Use .*sysseek)'
# Looks like you failed 1 test of 2.
t/pfcat.t ........
Dubious, test returned 1 (wstat 256, 0x100)
Failed 1/2 subtests
t/plxload.t ...... ok
Use of uninitialized value $_ in chomp at bin/pmall line 103, <POD> chunk 635.
Use of uninitialized value $_ in substitution (s///) at bin/pmall line 104, <POD> chunk 635.
Use of uninitialized value $_ in substitution (s///) at bin/pmall line 105, <POD> chunk 635.
Use of uninitialized value $_ in concatenation (.) or string at bin/pmall line 113, <POD> chunk 635.
t/pmall.t ........ ok
t/pman.t ......... ok
t/pmcat.t ........ ok
t/pmcheck.t ...... ok
t/pmdesc.t ....... ok
t/pmeth.t ........ ok
t/pmexp.t ........ ok
t/pmfunc.t ....... ok
t/pmload.t ....... ok
t/pmls.t ......... ok
t/pmpath.t ....... ok
t/pmvers.t ....... ok
t/podgrep.t ...... ok
t/pods.t ......... ok
t/podtoc.t ....... ok
t/sitepods.t ..... ok
t/stdpods.t ...... ok
Test Summary Report
-------------------
t/pfcat.t (Wstat: 256 (exited 1) Tests: 2 Failed: 1)
Failed test: 2
Non-zero exit status: 1
Files=23, Tests=51, 5 wallclock secs ( 0.07 usr 0.02 sys + 4.54 cusr 0.91 csys = 5.54 CPU)
Result: FAIL
Failed 1/23 test programs. 1/51 subtests failed.
make: *** [Makefile:1097: test_dynamic] Error 255
------------------------------
PREREQUISITES
------------------------------
Prerequisite modules loaded:
requires:
Module Need Have
------------------- -------- --------
perl 5.008008 5.039009
build_requires:
Module Need Have
------------------- -------- --------
ExtUtils::MakeMaker 0 7.70
configure_requires:
Module Need Have
------------------- -------- --------
ExtUtils::MakeMaker 0 7.70
------------------------------
ENVIRONMENT AND OTHER CONTEXT
------------------------------
Environment variables:
AUTOMATED_TESTING = 1
LANG = en_US.UTF-8
PATH = /home/sand/bin:/usr/local/bin:/usr/local/sbin:/usr/sbin:/usr/bin:/sbin:/bin:/usr/games:/usr/local/games:/snap/bin:/usr/local/perl/bin:/usr/X11/bin
PERL = /tmp/basesmoker-reloperl-Bmzm/bin/perl
PERL5LIB =
PERL5OPT =
PERL5_CPANPLUS_IS_RUNNING = 2803
PERL5_CPAN_IS_RUNNING = 2803
PERL_CANARY_STABILITY_NOPROMPT = 1
PERL_MM_USE_DEFAULT = 1
PERL_USE_UNSAFE_INC = 1
SHELL = /usr/bin/zsh
TERM = screen
Perl special variables (and OS-specific diagnostics, for MSWin32):
$^X = /tmp/basesmoker-reloperl-Bmzm/bin/perl
$UID/$EUID = 1005 / 1005
$GID = 1005 1005
$EGID = 1005 1005
Perl module toolchain versions installed:
Module Have
------------------- --------
CPAN 2.36
CPAN::Meta 2.150010
Cwd 3.90
ExtUtils::CBuilder 0.280240
ExtUtils::Command 7.70
ExtUtils::Install 2.22
ExtUtils::MakeMaker 7.70
ExtUtils::Manifest 1.75
ExtUtils::ParseXS 3.51
File::Spec 3.90
JSON 4.10
JSON::PP 4.16
Module::Build 0.4234
Module::Signature 0.88
Parse::CPAN::Meta 2.150010
Test2 1.302198
Test::Harness 3.48
Test::More 1.302198
YAML 1.31
YAML::Syck 1.34
version 0.9930
--
Summary of my perl5 (revision 5 version 39 subversion 9) configuration:
Commit id: 824a7e0bf8052e62e6913c5fb807a6a8331a2d81
Platform:
osname=linux
osvers=5.4.0-173-generic
archname=x86_64-linux-thread-multi
uname='linux k93focal 5.4.0-173-generic #191-ubuntu smp fri feb 2 13:55:07 utc 2024 x86_64 x86_64 x86_64 gnulinux '
config_args='-Dprefix=/home/sand/src/perl/repoperls/installed-perls/host/k93focal/v5.39.9/d119 -Dmyhostname=k93focal -Dinstallusrbinperl=n -Uversiononly -Dusedevel -des -Ui_db -Dlibswanted=cl pthread socket inet nsl gdbm dbm malloc dl ld sun m crypt sec util c cposix posix ucb BSD gdbm_compat -Duseithreads -Uuselongdouble -DEBUGGING=both'
hint=recommended
useposix=true
d_sigaction=define
useithreads=define
usemultiplicity=define
use64bitint=define
use64bitall=define
uselongdouble=undef
usemymalloc=n
default_inc_excludes_dot=define
Compiler:
cc='cc'
ccflags ='-D_REENTRANT -D_GNU_SOURCE -fwrapv -DDEBUGGING -fno-strict-aliasing -pipe -fstack-protector-strong -I/usr/local/include -D_LARGEFILE_SOURCE -D_FILE_OFFSET_BITS=64'
optimize='-O2 -g'
cppflags='-D_REENTRANT -D_GNU_SOURCE -fwrapv -DDEBUGGING -fno-strict-aliasing -pipe -fstack-protector-strong -I/usr/local/include'
ccversion=''
gccversion='9.4.0'
gccosandvers=''
intsize=4
longsize=8
ptrsize=8
doublesize=8
byteorder=12345678
doublekind=3
d_longlong=define
longlongsize=8
d_longdbl=define
longdblsize=16
longdblkind=3
ivtype='long'
ivsize=8
nvtype='double'
nvsize=8
Off_t='off_t'
lseeksize=8
alignbytes=8
prototype=define
Linker and Libraries:
ld='cc'
ldflags =' -fstack-protector-strong -L/usr/local/lib'
libpth=/usr/local/lib /usr/lib/x86_64-linux-gnu /usr/lib /usr/lib64
libs=-lpthread -lnsl -ldl -lm -lcrypt -lutil -lc
perllibs=-lpthread -lnsl -ldl -lm -lcrypt -lutil -lc
libc=libc-2.31.so
so=so
useshrplib=false
libperl=libperl.a
gnulibc_version='2.31'
Dynamic Linking:
dlsrc=dl_dlopen.xs
dlext=so
d_dlsymun=undef
ccdlflags='-Wl,-E'
cccdlflags='-fPIC'
lddlflags='-shared -O2 -g -L/usr/local/lib -fstack-protector-strong'
Characteristics of this binary (from libperl):
Compile-time options:
DEBUGGING
HAS_LONG_DOUBLE
HAS_STRTOLD
HAS_TIMES
MULTIPLICITY
PERLIO_LAYERS
PERL_COPY_ON_WRITE
PERL_DONT_CREATE_GVSV
PERL_HASH_FUNC_SIPHASH13
PERL_HASH_USE_SBOX32
PERL_MALLOC_WRAP
PERL_OP_PARENT
PERL_PRESERVE_IVUV
PERL_TRACK_MEMPOOL
PERL_USE_DEVEL
PERL_USE_SAFE_PUTENV
USE_64_BIT_ALL
USE_64_BIT_INT
USE_ITHREADS
USE_LARGE_FILES
USE_LOCALE
USE_LOCALE_COLLATE
USE_LOCALE_CTYPE
USE_LOCALE_NUMERIC
USE_LOCALE_TIME
USE_PERLIO
USE_PERL_ATOF
USE_REENTRANT_API
USE_THREAD_SAFE_LOCALE
Built under linux
Compiled at Mar 23 2024 14:34:44
%ENV:
PERL="/tmp/basesmoker-reloperl-Bmzm/bin/perl"
PERL5LIB=""
PERL5OPT=""
PERL5_CPANPLUS_IS_RUNNING="2803"
PERL5_CPAN_IS_RUNNING="2803"
PERL_CANARY_STABILITY_NOPROMPT="1"
PERL_MM_USE_DEFAULT="1"
PERL_USE_UNSAFE_INC="1"
@INC:
/home/sand/src/perl/repoperls/installed-perls/host/k93focal/v5.39.9/d119/lib/site_perl/5.39.9/x86_64-linux-thread-multi
/home/sand/src/perl/repoperls/installed-perls/host/k93focal/v5.39.9/d119/lib/site_perl/5.39.9
/home/sand/src/perl/repoperls/installed-perls/host/k93focal/v5.39.9/d119/lib/5.39.9/x86_64-linux-thread-multi
/home/sand/src/perl/repoperls/installed-perls/host/k93focal/v5.39.9/d119/lib/5.39.9
.