Back
From: metabase:user:e7b34f46-36ca-11e0-a826-945c7ca43f85
Subject: FAIL BioX-SeqUtils-Promoter-0.1.1 v5.12.2
Date: 2011-02-23T02:13:33Z
This distribution has been tested as part of the CPAN Testers
project, supporting the Perl programming language. See
http://wiki.cpantesters.org/ for more information or email
questions to cpan-testers-discuss@perl.org
--
Dear Charles Stephen Embry,
This is a computer-generated report for BioX-SeqUtils-Promoter-0.1.1
on perl 5.12.2, created by CPAN-Reporter-1.1902.
Thank you for uploading your work to CPAN. However, there was a problem
testing your distribution.
If you think this report is invalid, please consult the CPAN Testers Wiki
for suggestions on how to avoid getting FAIL reports for missing library
or binary dependencies, unsupported operating systems, and so on:
http://wiki.cpantesters.org/wiki/CPANAuthorNotes
Sections of this report:
* Tester comments
* Program output
* Prerequisites
* Environment and other context
------------------------------
TESTER COMMENTS
------------------------------
Additional comments from tester:
this report is from an automated smoke testing program
and was not reviewed by a human for accuracy
------------------------------
PROGRAM OUTPUT
------------------------------
Output from 'C:\strawberry\perl\bin\perl.exe ./Build test':
# Testing BioX::SeqUtils::Promoter 0.1.1
t\00.load.t ....... ok
t\10.length.t ..... ok
# Failed test 'use BioX::SeqUtils::Promoter::Alignment;'
# at t\10.load.t line 10.
# Tried to use 'BioX::SeqUtils::Promoter::Alignment'.
# Error: Can't locate DBIx/MySperql.pm in @INC (@INC contains: C:\strawberry\cpan\build\BioX-SeqUtils-Promoter-pKrahZ\blib\lib C:\strawberry\cpan\build\BioX-SeqUtils-Promoter-pKrahZ\blib\arch C:/strawberry/perl/site/lib C:/strawberry/perl/vendor/lib C:/strawberry/perl/lib .) at C:\strawberry\cpan\build\BioX-SeqUtils-Promoter-pKrahZ\blib\lib/BioX/SeqUtils/Promoter/Annotations/Consensus.pm line 13.
# BEGIN failed--compilation aborted at C:\strawberry\cpan\build\BioX-SeqUtils-Promoter-pKrahZ\blib\lib/BioX/SeqUtils/Promoter/Annotations/Consensus.pm line 13.
# Compilation failed in require at C:\strawberry\cpan\build\BioX-SeqUtils-Promoter-pKrahZ\blib\lib/BioX/SeqUtils/Promoter/Alignment.pm line 12.
# BEGIN failed--compilation aborted at C:\strawberry\cpan\build\BioX-SeqUtils-Promoter-pKrahZ\blib\lib/BioX/SeqUtils/Promoter/Alignment.pm line 12.
# Compilation failed in require at (eval 9) line 2.
# BEGIN failed--compilation aborted at (eval 9) line 2.
# Failed test 'use BioX::SeqUtils::Promoter::Annotations::Consensus;'
# at t\10.load.t line 34.
# Tried to use 'BioX::SeqUtils::Promoter::Annotations::Consensus'.
# Error: Attempt to reload BioX/SeqUtils/Promoter/Annotations/Consensus.pm aborted.
# Compilation failed in require at (eval 15) line 2.
# BEGIN failed--compilation aborted at (eval 15) line 2.
# Failed test 'use BioX::SeqUtils::Promoter::SaveTypes::RImage;'
# at t\10.load.t line 58.
# Tried to use 'BioX::SeqUtils::Promoter::SaveTypes::RImage'.
# Error: Attempt to reload BioX/SeqUtils/Promoter/Alignment.pm aborted.
# Compilation failed in require at C:\strawberry\cpan\build\BioX-SeqUtils-Promoter-pKrahZ\blib\lib/BioX/SeqUtils/Promoter/SaveTypes/RImage.pm line 16.
# BEGIN failed--compilation aborted at C:\strawberry\cpan\build\BioX-SeqUtils-Promoter-pKrahZ\blib\lib/BioX/SeqUtils/Promoter/SaveTypes/RImage.pm line 16.
# Compilation failed in require at (eval 19) line 2.
# BEGIN failed--compilation aborted at (eval 19) line 2.
# Testing BioX::SeqUtils::Promoter 0.1.1
Use of uninitialized value $BioX::SeqUtils::Promoter::Alignment::VERSION in concatenation (.) or string at t\10.load.t line 13.
# Testing BioX::SeqUtils::Promoter::Alignment
# Testing BioX::SeqUtils::Promoter::Annotations 0.1.1
# Testing BioX::SeqUtils::Promoter::Annotations::Base 0.1.1
# Testing BioX::SeqUtils::Promoter::Annotations::CG 0.1.1
Use of uninitialized value $BioX::SeqUtils::Promoter::Annotations::Consensus::VERSION in concatenation (.) or string at t\10.load.t line 37.
# Testing BioX::SeqUtils::Promoter::Annotations::Consensus
# Testing BioX::SeqUtils::Promoter::Base 0.1.1
# Testing BioX::SeqUtils::Promoter::SaveTypes 0.1.1
# Testing BioX::SeqUtils::Promoter::SaveTypes::Base 0.1.1
Use of uninitialized value $BioX::SeqUtils::Promoter::SaveTypes::RImage::VERSION in concatenation (.) or string at t\10.load.t line 61.
# Testing BioX::SeqUtils::Promoter::SaveTypes::RImage
# Testing BioX::SeqUtils::Promoter::SaveTypes::Text 0.1.1
# Testing BioX::SeqUtils::Promoter::Sequence 0.1.1
# Testing BioX::SeqUtils::Promoter::Sequences 0.1.1
# Looks like you failed 3 tests of 13.
t\10.load.t .......
Dubious, test returned 3 (wstat 768, 0x300)
Failed 3/13 subtests
Argument "ATGCGNTTANTCG" isn't numeric in numeric eq (==) at t\10.sequence.t line 23.
Argument "ATGCGNTTANTCG" isn't numeric in numeric eq (==) at t\10.sequence.t line 23.
t\10.sequence.t ... ok
Name "main::tstring3" used only once: possible typo at t\10.sequences.t line 7.
t\10.sequences.t ..
Failed 1/2 subtests
t\11.new.t ........ ok
Test Summary Report
-------------------
t\10.load.t (Wstat: 768 Tests: 13 Failed: 3)
Failed tests: 2, 6, 10
Non-zero exit status: 3
t\10.sequences.t (Wstat: 0 Tests: 1 Failed: 0)
Parse errors: Tests out of sequence. Found (2) but expected (1)
Bad plan. You planned 2 tests but ran 1.
Files=6, Tests=22, 1 wallclock secs ( 0.08 usr + 0.02 sys = 0.09 CPU)
Result: FAIL
Failed 2/6 test programs. 3/22 subtests failed.
------------------------------
PREREQUISITES
------------------------------
Prerequisite modules loaded:
requires:
Module Need Have
---------- ---- ----
Test::More 0 0.96
version 0 0.88
------------------------------
ENVIRONMENT AND OTHER CONTEXT
------------------------------
Environment variables:
AUTOMATED_TESTING = 1
COMSPEC = C:\Windows\system32\cmd.exe
NUMBER_OF_PROCESSORS = 1
PATH = C:\Windows\system32;C:\Windows;C:\Windows\System32\Wbem;C:\Windows\System32\WindowsPowerShell\v1.0\;C:\strawberry\c\bin;C:\strawberry\perl\site\bin;C:\strawberry\perl\bin
PERL5LIB =
PERL5OPT =
PERL5_CPANPLUS_IS_RUNNING = 972
PERL5_CPAN_IS_RUNNING = 972
PERL5_CPAN_IS_RUNNING_IN_RECURSION = 2280,972
PERL_CR_SMOKER_CURRENT = BioX-SeqUtils-Promoter-0.1.1
PERL_EXTUTILS_AUTOINSTALL = --defaultdeps
PERL_MM_USE_DEFAULT = 1
PROCESSOR_IDENTIFIER = AMD64 Family 16 Model 2 Stepping 3, AuthenticAMD
TEMP = C:\Users\CPAN\AppData\Local\Temp
TERM = dumb
Perl special variables (and OS-specific diagnostics, for MSWin32):
$^X = C:\strawberry\perl\bin\perl.exe
$UID/$EUID = 0 / 0
$GID = 0
$EGID = 0
Win32::GetOSName = Win7
Win32::GetOSVersion = , 6, 1, 7600, 2, 0, 0, 256, 1
Win32::FsType = NTFS
Win32::IsAdminUser = 0
Perl module toolchain versions installed:
Module Have
------------------- --------
CPAN 1.94_65
Cwd 3.33
ExtUtils::CBuilder 0.280202
ExtUtils::Command 1.16
ExtUtils::Install 1.55
ExtUtils::MakeMaker 6.56
ExtUtils::Manifest 1.58
ExtUtils::ParseXS 2.2206
File::Spec 3.33
Module::Build 0.37_05
Module::Signature n/a
Test::Harness 3.23
Test::More 0.96
YAML 0.72
YAML::Syck 1.17
version 0.88
--
Summary of my perl5 (revision 5 version 12 subversion 2) configuration:
Platform:
osname=MSWin32, osvers=6.1, archname=MSWin32-x64-multi-thread
uname='Win32 strawberryperl 5.12.2.0 #1 Sat Nov 6 10:03:20 2010 x64'
config_args='undef'
hint=recommended, useposix=true, d_sigaction=undef
useithreads=define, usemultiplicity=define
useperlio=define, d_sfio=undef, uselargefiles=define, usesocks=undef
use64bitint=define, use64bitall=undef, uselongdouble=undef
usemymalloc=n, bincompat5005=undef
Compiler:
cc='gcc', ccflags =' -s -O2 -DWIN32 -DHAVE_DES_FCRYPT -DWIN64 -DCONSERVATIVE -DUSE_SITECUSTOMIZE -DPERL_IMPLICIT_CONTEXT -DPERL_IMPLICIT_SYS -fno-strict-aliasing -mms-bitfields -DPERL_MSVCRT_READFIX',
optimize='-s -O2',
cppflags='-DWIN32'
ccversion='', gccversion='4.4.3', gccosandvers=''
intsize=4, longsize=4, ptrsize=8, doublesize=8, byteorder=12345678
d_longlong=define, longlongsize=8, d_longdbl=define, longdblsize=12
ivtype='long long', ivsize=8, nvtype='double', nvsize=8, Off_t='long long', lseeksize=8
alignbytes=8, prototype=define
Linker and Libraries:
ld='g++', ldflags ='-s -L"C:\strawberry\perl\lib\CORE" -L"C:\strawberry\c\lib"'
libpth=C:\strawberry\c\lib C:\strawberry\c\x86_64-w64-mingw32\lib
libs=-lmoldname -lkernel32 -luser32 -lgdi32 -lwinspool -lcomdlg32 -ladvapi32 -lshell32 -lole32 -loleaut32 -lnetapi32 -luuid -lws2_32 -lmpr -lwinmm -lversion -lodbc32 -lodbccp32 -lcomctl32
perllibs=-lmoldname -lkernel32 -luser32 -lgdi32 -lwinspool -lcomdlg32 -ladvapi32 -lshell32 -lole32 -loleaut32 -lnetapi32 -luuid -lws2_32 -lmpr -lwinmm -lversion -lodbc32 -lodbccp32 -lcomctl32
libc=, so=dll, useshrplib=true, libperl=libperl512.a
gnulibc_version=''
Dynamic Linking:
dlsrc=dl_win32.xs, dlext=dll, d_dlsymun=undef, ccdlflags=' '
cccdlflags=' ', lddlflags='-mdll -s -L"C:\strawberry\perl\lib\CORE" -L"C:\strawberry\c\lib"'
Characteristics of this binary (from libperl):
Compile-time options: MULTIPLICITY PERL_DONT_CREATE_GVSV
PERL_IMPLICIT_CONTEXT PERL_IMPLICIT_SYS
PERL_MALLOC_WRAP PL_OP_SLAB_ALLOC USE_64_BIT_INT
USE_ITHREADS USE_LARGE_FILES USE_PERLIO USE_PERL_ATOF
USE_SITECUSTOMIZE
Built under MSWin32
Compiled at Nov 6 2010 10:11:48
%ENV:
PERL5_CPANPLUS_IS_RUNNING="972"
PERL5_CPAN_IS_RUNNING="972"
PERL5_CPAN_IS_RUNNING_IN_RECURSION="2280,972"
PERL_CR_SMOKER_CURRENT="BioX-SeqUtils-Promoter-0.1.1"
PERL_EXTUTILS_AUTOINSTALL="--defaultdeps"
PERL_MM_USE_DEFAULT="1"
@INC:
C:/strawberry/perl/site/lib
C:/strawberry/perl/vendor/lib
C:/strawberry/perl/lib
.