Back
From: metabase:user:320bfe00-2aae-11df-837a-5e0a49663a4f
Subject: FAIL Search-Query-Dialect-KSx-0.14 v5.20.2 RC1 GNU/Linux
Date: 2015-02-01T21:00:26Z
This distribution has been tested as part of the CPAN Testers
project, supporting the Perl programming language. See
http://wiki.cpantesters.org/ for more information or email
questions to cpan-testers-discuss@perl.org
--
Dear Peter Karman,
This is a computer-generated report for Search-Query-Dialect-KSx-0.14
on perl 5.20.2, created by CPAN-Reporter-1.2011.
Thank you for uploading your work to CPAN. However, there was a problem
testing your distribution.
If you think this report is invalid, please consult the CPAN Testers Wiki
for suggestions on how to avoid getting FAIL reports for missing library
or binary dependencies, unsupported operating systems, and so on:
http://wiki.cpantesters.org/wiki/CPANAuthorNotes
Sections of this report:
* Tester comments
* Program output
* Prerequisites
* Environment and other context
------------------------------
TESTER COMMENTS
------------------------------
Additional comments from tester:
this report is from an automated smoke testing program
and was not reviewed by a human for accuracy
------------------------------
PROGRAM OUTPUT
------------------------------
Output from '/usr/bin/make test':
PERL_DL_NONLAZY=1 "/tmp/basesmoker-reloperl-S6j0/bin/perl" "-MExtUtils::Command::MM" "-MTest::Harness" "-e" "undef *Test::Harness::Switches; test_harness(0, 'blib/lib', 'blib/arch')" t/*.t
# Failed test 'use Search::Query::Dialect::KSx;'
# at t/00-load.t line 6.
# Tried to use 'Search::Query::Dialect::KSx'.
# Error: Can't locate object method "mk_accessors" via package "Search::Query::Field::KSx" at /tmp/loop_over_bdir-20849-XRkbQc/Search-Query-Dialect-KSx-0.14-6jSrMr/blib/lib/Search/Query/Field/KSx.pm line 7.
# Compilation failed in require at /tmp/loop_over_bdir-20849-XRkbQc/Search-Query-Dialect-KSx-0.14-6jSrMr/blib/lib/Search/Query/Dialect/KSx.pm line 8.
# BEGIN failed--compilation aborted at /tmp/loop_over_bdir-20849-XRkbQc/Search-Query-Dialect-KSx-0.14-6jSrMr/blib/lib/Search/Query/Dialect/KSx.pm line 8.
# Compilation failed in require at t/00-load.t line 6.
# BEGIN failed--compilation aborted at t/00-load.t line 6.
# Testing Search::Query::Dialect::KSx , Perl 5.020002, /tmp/basesmoker-reloperl-S6j0/bin/perl
# Looks like you failed 1 test of 1.
t/00-load.t .......
Dubious, test returned 1 (wstat 256, 0x100)
Failed 1/1 subtests
Can't locate object method "mk_accessors" via package "Search::Query::Field::KSx" at /tmp/loop_over_bdir-20849-XRkbQc/Search-Query-Dialect-KSx-0.14-6jSrMr/blib/lib/Search/Query/Field/KSx.pm line 7.
Compilation failed in require at /tmp/loop_over_bdir-20849-XRkbQc/Search-Query-Dialect-KSx-0.14-6jSrMr/blib/lib/Search/Query/Dialect/KSx.pm line 8.
BEGIN failed--compilation aborted at /tmp/loop_over_bdir-20849-XRkbQc/Search-Query-Dialect-KSx-0.14-6jSrMr/blib/lib/Search/Query/Dialect/KSx.pm line 8.
Compilation failed in require at (eval 93) line 2.
at /home/sand/src/perl/repoperls/installed-perls/perl/v5.20.2-RC1/165a/lib/site_perl/5.20.2/Search/Query/Parser.pm line 436.
# Looks like you planned 75 tests but ran 1.
# Looks like your test exited with 255 just after 1.
t/01-parser.t .....
Dubious, test returned 255 (wstat 65280, 0xff00)
Failed 74/75 subtests
Can't locate object method "mk_accessors" via package "Search::Query::Field::KSx" at /tmp/loop_over_bdir-20849-XRkbQc/Search-Query-Dialect-KSx-0.14-6jSrMr/blib/lib/Search/Query/Field/KSx.pm line 7.
Compilation failed in require at /tmp/loop_over_bdir-20849-XRkbQc/Search-Query-Dialect-KSx-0.14-6jSrMr/blib/lib/Search/Query/Dialect/KSx.pm line 8.
BEGIN failed--compilation aborted at /tmp/loop_over_bdir-20849-XRkbQc/Search-Query-Dialect-KSx-0.14-6jSrMr/blib/lib/Search/Query/Dialect/KSx.pm line 8.
Compilation failed in require at (eval 97) line 2.
at /home/sand/src/perl/repoperls/installed-perls/perl/v5.20.2-RC1/165a/lib/site_perl/5.20.2/Search/Query/Parser.pm line 436.
# Tests were run but no plan was declared and done_testing() was not seen.
# Looks like your test exited with 255 just after 1.
t/02-search.t .....
Dubious, test returned 255 (wstat 65280, 0xff00)
All 1 subtests passed
# Failed test 'Pod coverage on Search::Query::Field::KSx'
# at /home/sand/src/perl/repoperls/installed-perls/perl/v5.20.2-RC1/165a/lib/site_perl/5.20.2/Test/Pod/Coverage.pm line 133.
# Search::Query::Field::KSx: requiring 'Search::Query::Field::KSx' failed
# Failed test 'Pod coverage on Search::Query::Dialect::KSx'
# at /home/sand/src/perl/repoperls/installed-perls/perl/v5.20.2-RC1/165a/lib/site_perl/5.20.2/Test/Pod/Coverage.pm line 133.
# Search::Query::Dialect::KSx: requiring 'Search::Query::Dialect::KSx' failed
# Looks like you failed 2 tests of 6.
t/pod-coverage.t ..
Dubious, test returned 2 (wstat 512, 0x200)
Failed 2/6 subtests
t/pod.t ........... ok
Test Summary Report
-------------------
t/00-load.t (Wstat: 256 Tests: 1 Failed: 1)
Failed test: 1
Non-zero exit status: 1
t/01-parser.t (Wstat: 65280 Tests: 1 Failed: 0)
Non-zero exit status: 255
Parse errors: Bad plan. You planned 75 tests but ran 1.
t/02-search.t (Wstat: 65280 Tests: 1 Failed: 0)
Non-zero exit status: 255
Parse errors: No plan found in TAP output
t/pod-coverage.t (Wstat: 512 Tests: 6 Failed: 2)
Failed tests: 1-2
Non-zero exit status: 2
Files=5, Tests=15, 1 wallclock secs ( 0.03 usr 0.00 sys + 0.69 cusr 0.04 csys = 0.76 CPU)
Result: FAIL
Failed 4/5 test programs. 3/15 subtests failed.
Makefile:892: recipe for target 'test_dynamic' failed
make: *** [test_dynamic] Error 255
------------------------------
PREREQUISITES
------------------------------
Prerequisite modules loaded:
requires:
Module Need Have
------------------- -------- --------
KinoSearch 0.31 0.315
perl 5.008003 5.020002
Search::Query 0.19 0.304
Test::More 0 1.001014
build_requires:
Module Need Have
------------------- -------- --------
ExtUtils::MakeMaker 0 7.04
configure_requires:
Module Need Have
------------------- -------- --------
ExtUtils::MakeMaker 0 7.04
------------------------------
ENVIRONMENT AND OTHER CONTEXT
------------------------------
Environment variables:
AUTOMATED_TESTING = 1
LANG = en_US.UTF-8
LANGUAGE = en_US:en
PATH = /home/sand/bin:/usr/local/bin:/usr/bin:/bin:/usr/games:/usr/local/perl/bin:/usr/X11/bin:/sbin:/usr/sbin
PERL5LIB = /tmp/loop_over_bdir-20849-XRkbQc/ProjectBuilder-0.12.2-aEu8lj/blib/arch:/tmp/loop_over_bdir-20849-XRkbQc/ProjectBuilder-0.12.2-aEu8lj/blib/lib:/tmp/loop_over_bdir-20849-XRkbQc/FusionInventory-Agent-2.3.15-rbbyzN/blib/arch:/tmp/loop_over_bdir-20849-XRkbQc/FusionInventory-Agent-2.3.15-rbbyzN/blib/lib:/tmp/loop_over_bdir-20849-XRkbQc/Alien-ActiveMQ-0.00005-V2U90v/blib/arch:/tmp/loop_over_bdir-20849-XRkbQc/Alien-ActiveMQ-0.00005-V2U90v/blib/lib
PERL5OPT =
PERL5_CPANPLUS_IS_RUNNING = 5235
PERL5_CPAN_IS_RUNNING = 5235
PERL_MM_USE_DEFAULT = 1
SHELL = /usr/bin/zsh
TERM = screen
Perl special variables (and OS-specific diagnostics, for MSWin32):
$^X = /tmp/basesmoker-reloperl-S6j0/bin/perl
$UID/$EUID = 1005 / 1005
$GID = 1005 1005
$EGID = 1005 1005
Perl module toolchain versions installed:
Module Have
------------------- --------
CPAN 2.05
CPAN::Meta 2.143240
Cwd 3.48_01
ExtUtils::CBuilder 0.280220
ExtUtils::Command 1.18
ExtUtils::Install 2.04
ExtUtils::MakeMaker 7.04
ExtUtils::Manifest 1.70
ExtUtils::ParseXS 3.24
File::Spec 3.48_01
JSON 2.90
JSON::PP 2.27203
Module::Build 0.4211
Module::Signature 0.73
Parse::CPAN::Meta 1.4414
Test::Harness 3.35
Test::More 1.001014
YAML 1.14
YAML::Syck 1.29
version 0.9912
--
Summary of my perl5 (revision 5 version 20 subversion 2) configuration:
Commit id: a920fedcd88708027dc9204b8d8abac1638789d4
Platform:
osname=linux, osvers=3.16.0-4-amd64, archname=x86_64-linux
uname='linux k83 3.16.0-4-amd64 #1 smp debian 3.16.7-ckt2-1 (2014-12-08) x86_64 gnulinux '
config_args='-Dprefix=/home/sand/src/perl/repoperls/installed-perls/perl/v5.20.2-RC1/165a -Dmyhostname=k83 -Dinstallusrbinperl=n -Uversiononly -Dusedevel -des -Ui_db -Uuseithreads -Uuselongdouble -DDEBUGGING=-g'
hint=recommended, useposix=true, d_sigaction=define
useithreads=undef, usemultiplicity=undef
use64bitint=define, use64bitall=define, uselongdouble=undef
usemymalloc=n, bincompat5005=undef
Compiler:
cc='cc', ccflags ='-fwrapv -fno-strict-aliasing -pipe -fstack-protector -I/usr/local/include -D_LARGEFILE_SOURCE -D_FILE_OFFSET_BITS=64',
optimize='-O2 -g',
cppflags='-fwrapv -fno-strict-aliasing -pipe -fstack-protector -I/usr/local/include'
ccversion='', gccversion='4.9.2', gccosandvers=''
intsize=4, longsize=8, ptrsize=8, doublesize=8, byteorder=12345678
d_longlong=define, longlongsize=8, d_longdbl=define, longdblsize=16
ivtype='long', ivsize=8, nvtype='double', nvsize=8, Off_t='off_t', lseeksize=8
alignbytes=8, prototype=define
Linker and Libraries:
ld='cc', ldflags =' -fstack-protector -L/usr/local/lib'
libpth=/usr/local/lib /usr/lib/gcc/x86_64-linux-gnu/4.9/include-fixed /usr/include/x86_64-linux-gnu /usr/lib /lib/x86_64-linux-gnu /lib/../lib /usr/lib/x86_64-linux-gnu /usr/lib/../lib /lib
libs=-lnsl -lgdbm -ldb -ldl -lm -lcrypt -lutil -lc -lgdbm_compat
perllibs=-lnsl -ldl -lm -lcrypt -lutil -lc
libc=libc-2.19.so, so=so, useshrplib=false, libperl=libperl.a
gnulibc_version='2.19'
Dynamic Linking:
dlsrc=dl_dlopen.xs, dlext=so, d_dlsymun=undef, ccdlflags='-Wl,-E'
cccdlflags='-fPIC', lddlflags='-shared -O2 -g -L/usr/local/lib -fstack-protector'
Characteristics of this binary (from libperl):
Compile-time options: HAS_TIMES PERLIO_LAYERS PERL_DONT_CREATE_GVSV
PERL_HASH_FUNC_ONE_AT_A_TIME_HARD PERL_MALLOC_WRAP
PERL_NEW_COPY_ON_WRITE PERL_PRESERVE_IVUV
PERL_USE_DEVEL USE_64_BIT_ALL USE_64_BIT_INT
USE_LARGE_FILES USE_LOCALE USE_LOCALE_COLLATE
USE_LOCALE_CTYPE USE_LOCALE_NUMERIC USE_PERLIO
USE_PERL_ATOF
Locally applied patches:
RC1
Built under linux
Compiled at Feb 1 2015 06:16:35
%ENV:
PERL5LIB="/tmp/loop_over_bdir-20849-XRkbQc/ProjectBuilder-0.12.2-aEu8lj/blib/arch:/tmp/loop_over_bdir-20849-XRkbQc/ProjectBuilder-0.12.2-aEu8lj/blib/lib:/tmp/loop_over_bdir-20849-XRkbQc/FusionInventory-Agent-2.3.15-rbbyzN/blib/arch:/tmp/loop_over_bdir-20849-XRkbQc/FusionInventory-Agent-2.3.15-rbbyzN/blib/lib:/tmp/loop_over_bdir-20849-XRkbQc/Alien-ActiveMQ-0.00005-V2U90v/blib/arch:/tmp/loop_over_bdir-20849-XRkbQc/Alien-ActiveMQ-0.00005-V2U90v/blib/lib"
PERL5OPT=""
PERL5_CPANPLUS_IS_RUNNING="5235"
PERL5_CPAN_IS_RUNNING="5235"
PERL_MM_USE_DEFAULT="1"
@INC:
/tmp/loop_over_bdir-20849-XRkbQc/ProjectBuilder-0.12.2-aEu8lj/blib/arch
/tmp/loop_over_bdir-20849-XRkbQc/ProjectBuilder-0.12.2-aEu8lj/blib/lib
/tmp/loop_over_bdir-20849-XRkbQc/FusionInventory-Agent-2.3.15-rbbyzN/blib/arch
/tmp/loop_over_bdir-20849-XRkbQc/FusionInventory-Agent-2.3.15-rbbyzN/blib/lib
/tmp/loop_over_bdir-20849-XRkbQc/Alien-ActiveMQ-0.00005-V2U90v/blib/arch
/tmp/loop_over_bdir-20849-XRkbQc/Alien-ActiveMQ-0.00005-V2U90v/blib/lib
/home/sand/src/perl/repoperls/installed-perls/perl/v5.20.2-RC1/165a/lib/site_perl/5.20.2/x86_64-linux
/home/sand/src/perl/repoperls/installed-perls/perl/v5.20.2-RC1/165a/lib/site_perl/5.20.2
/home/sand/src/perl/repoperls/installed-perls/perl/v5.20.2-RC1/165a/lib/5.20.2/x86_64-linux
/home/sand/src/perl/repoperls/installed-perls/perl/v5.20.2-RC1/165a/lib/5.20.2
.