Back
From: metabase:user:d49cdc72-1559-11e3-9efd-e82414baadac
Subject: FAIL Git-Wrapper-0.045 v5.22.3 RC2 GNU/Linux
Date: 2016-07-29T02:22:51Z
This distribution has been tested as part of the CPAN Testers
project, supporting the Perl programming language. See
http://wiki.cpantesters.org/ for more information or email
questions to cpan-testers-discuss@perl.org
--
Dear GENEHACK,
This is a computer-generated report for Git-Wrapper-0.045
on perl 5.22.3, created by App::cpanminus::reporter 0.17 (1.7042).
Thank you for uploading your work to CPAN. However, there was a problem
testing your distribution.
If you think this report is invalid, please consult the CPAN Testers Wiki
for suggestions on how to avoid getting FAIL reports for missing library
or binary dependencies, unsupported operating systems, and so on:
http://wiki.cpantesters.org/wiki/CPANAuthorNotes
Sections of this report:
* Tester comments
* Program output
* Prerequisites
* Environment and other context
------------------------------
TESTER COMMENTS
------------------------------
Additional comments from tester:
none provided
------------------------------
PROGRAM OUTPUT
------------------------------
Output from '':
Building and testing Git-Wrapper-0.045
cp lib/Git/Wrapper/Status.pm blib/lib/Git/Wrapper/Status.pm
cp lib/Git/Wrapper/Statuses.pm blib/lib/Git/Wrapper/Statuses.pm
cp lib/Git/Wrapper.pm blib/lib/Git/Wrapper.pm
cp lib/Git/Wrapper/Log.pm blib/lib/Git/Wrapper/Log.pm
cp lib/Git/Wrapper/Exception.pm blib/lib/Git/Wrapper/Exception.pm
cp lib/Git/Wrapper/File/RawModification.pm blib/lib/Git/Wrapper/File/RawModification.pm
PERL_DL_NONLAZY=1 "/home/kent/perl5/perlbrew/perls/5.22.3-RC2-nossp-sdbm-nopmc/bin/perl" "-MExtUtils::Command::MM" "-MTest::Harness" "-e" "undef *Test::Harness::Switches; test_harness(0, 'blib/lib', 'blib/arch')" t/*.t
t/author-err.t .. skipped: these tests are for testing by the author
# Testing Git::Wrapper 0.045
t/00-load.t ..... ok
# Testing git version: 2.9.2
t/git_binary.t .. ok
t/parse_args.t .. ok
# Testing git version: 2.9.2
# Failed test 'message'
# at t/basic.t line 77.
# got: 'FIRST
#
# BODY
# '
# expected: 'FIRST
#
# BODY
# '
t/path_class.t .. ok
# Looks like you failed 1 test of 26.
t/basic.t .......
Dubious, test returned 1 (wstat 256, 0x100)
Failed 1/26 subtests
Test Summary Report
-------------------
t/basic.t (Wstat: 256 Tests: 26 Failed: 1)
Failed test: 9
Non-zero exit status: 1
Files=6, Tests=67, 1 wallclock secs ( 0.05 usr 0.01 sys + 0.54 cusr 0.34 csys = 0.94 CPU)
Result: FAIL
------------------------------
PREREQUISITES
------------------------------
Prerequisite modules loaded:
No requirements found
------------------------------
ENVIRONMENT AND OTHER CONTEXT
------------------------------
Environment variables:
HARNESS_OPTIONS = j10:c
HARNESS_SUBCLASS = TAP::Harness::Restricted
LANG = en_NZ.UTF8
LC_CTYPE = en_NZ.UTF8
LC_TIME = en_NZ.UTF8
PATH = /home/kent/perl5/perlbrew/bin:/home/kent/perl5/perlbrew/perls/5.22.3-RC2-nossp-sdbm-nopmc/bin:/home/kent/.perl6/2013.04/bin:/home/kent/.gem/ruby/1.8/bin/:/home/kent/.rvm/gems/ruby-2.1.2/bin:/home/kent/.rvm/gems/ruby-2.1.2@global/bin:/home/kent/.rvm/rubies/ruby-2.1.2/bin:/usr/local/bin:/usr/bin:/bin:/opt/bin:/usr/x86_64-pc-linux-gnu/gcc-bin/5.4.0:/usr/games/bin:/home/kent/.rvm/bin:/home/kent/.rvm/bin
PERLBREW_BASHRC_VERSION = 0.74
PERLBREW_HOME = /home/kent/.perlbrew
PERLBREW_MANPATH = /home/kent/perl5/perlbrew/perls/5.22.3-RC2-nossp-sdbm-nopmc/man
PERLBREW_PATH = /home/kent/perl5/perlbrew/bin:/home/kent/perl5/perlbrew/perls/5.22.3-RC2-nossp-sdbm-nopmc/bin
PERLBREW_PERL = 5.22.3-RC2-nossp-sdbm-nopmc
PERLBREW_ROOT = /home/kent/perl5/perlbrew
PERLBREW_VERSION = 0.74
PERL_CPANM_OPT = --prompt --interactive --verify --mirror http://cpan.metacpan.org/ --no-lwp
PERL_MM_OPT = INSTALLDIRS=site
SHELL = /bin/bash
TERM = rxvt-unicode-256color
Perl special variables (and OS-specific diagnostics, for MSWin32):
EGID = 1000 4 6 10 16 18 19 27 35 78 80 85 100 102 103 104 105 114 115 116 117 118 250 965 968 974 976 994 1000
EUID = 1000
EXECUTABLE_NAME = /home/kent/perl5/perlbrew/perls/5.22.3-RC2-nossp-sdbm-nopmc/bin/perl
GID = 1000 4 6 10 16 18 19 27 35 78 80 85 100 102 103 104 105 114 115 116 117 118 250 965 968 974 976 994 1000
UID = 1000
Perl module toolchain versions installed:
Module Have
------------------- ----------
CPAN 2.11_01
CPAN::Meta 2.150001
Cwd 3.56_02
ExtUtils::CBuilder 0.280221
ExtUtils::Command 1.20_01
ExtUtils::Install 2.04
ExtUtils::MakeMaker 7.04_02
ExtUtils::Manifest 1.70
ExtUtils::ParseXS 3.28
File::Spec 3.56_02
JSON 2.90
JSON::PP 2.27300_01
Module::Build 0.4218
Module::Signature 0.80
Parse::CPAN::Meta 1.4414
Test::Harness 3.35_01
Test::More 1.001014
YAML 1.18
YAML::Syck n/a
version 0.9909
--
Summary of my perl5 (revision 5 version 22 subversion 3) configuration:
Platform:
osname=linux, osvers=4.6.0-gentoo, archname=x86_64-linux
uname='linux katipo2 4.6.0-gentoo #37 smp preempt wed jun 1 15:52:28 nzst 2016 x86_64 intel(r) core(tm) i5-2410m cpu @ 2.30ghz genuineintel gnulinux '
config_args='-de -Dprefix=/home/kent/perl5/perlbrew/perls/5.22.3-RC2-nossp-sdbm-nopmc -Doptimize= -fstack-protector-strong -fno-stack-protector -O3 -march=native -mtune=native -Dman1dir=none -Dman3dir=none -Accflags= -fstack-protector-strong -fno-stack-protector -DPERL_HASH_FUNC_SDBM -DPERL_DISABLE_PMC -Aldflags= -fstack-protector-strong -fno-stack-protector -Aeval:scriptdir=/home/kent/perl5/perlbrew/perls/5.22.3-RC2-nossp-sdbm-nopmc/bin'
hint=recommended, useposix=true, d_sigaction=define
useithreads=undef, usemultiplicity=undef
use64bitint=define, use64bitall=define, uselongdouble=undef
usemymalloc=n, bincompat5005=undef
Compiler:
cc='cc', ccflags ='-fstack-protector-strong -fno-stack-protector -DPERL_HASH_FUNC_SDBM -DPERL_DISABLE_PMC -fwrapv -fno-strict-aliasing -pipe -D_LARGEFILE_SOURCE -D_FILE_OFFSET_BITS=64',
optimize=' -fstack-protector-strong -fno-stack-protector -O3 -march=native -mtune=native',
cppflags='-fstack-protector-strong -fno-stack-protector -DPERL_HASH_FUNC_SDBM -DPERL_DISABLE_PMC -fwrapv -fno-strict-aliasing -pipe'
ccversion='', gccversion='5.4.0', gccosandvers=''
intsize=4, longsize=8, ptrsize=8, doublesize=8, byteorder=12345678, doublekind=3
d_longlong=define, longlongsize=8, d_longdbl=define, longdblsize=16, longdblkind=3
ivtype='long', ivsize=8, nvtype='double', nvsize=8, Off_t='off_t', lseeksize=8
alignbytes=8, prototype=define
Linker and Libraries:
ld='cc', ldflags =' -fstack-protector-strong -fno-stack-protector -L/usr/local/lib'
libpth=/usr/lib/gcc/x86_64-pc-linux-gnu/5.4.0/include-fixed /usr/lib /usr/local/lib /lib/../lib64 /usr/lib/../lib64 /lib /lib64 /usr/lib64 /usr/local/lib64
libs=-lpthread -lnsl -lgdbm -ldb -ldl -lm -lcrypt -lutil -lc -lgdbm_compat
perllibs=-lpthread -lnsl -ldl -lm -lcrypt -lutil -lc
libc=libc-2.23.so, so=so, useshrplib=false, libperl=libperl.a
gnulibc_version='2.23'
Dynamic Linking:
dlsrc=dl_dlopen.xs, dlext=so, d_dlsymun=undef, ccdlflags='-Wl,-E'
cccdlflags='-fPIC', lddlflags='-shared -fstack-protector-strong -fno-stack-protector -O3 -march=native -mtune=native -L/usr/local/lib'
Characteristics of this binary (from libperl):
Compile-time options: HAS_TIMES PERLIO_LAYERS PERL_DISABLE_PMC
PERL_DONT_CREATE_GVSV PERL_HASH_FUNC_SDBM
PERL_MALLOC_WRAP PERL_NEW_COPY_ON_WRITE
PERL_PRESERVE_IVUV USE_64_BIT_ALL USE_64_BIT_INT
USE_LARGE_FILES USE_LOCALE USE_LOCALE_COLLATE
USE_LOCALE_CTYPE USE_LOCALE_NUMERIC USE_LOCALE_TIME
USE_PERLIO USE_PERL_ATOF
Locally applied patches:
RC2
Built under linux
Compiled at Jul 29 2016 11:58:58
%ENV:
PERLBREW_BASHRC_VERSION="0.74"
PERLBREW_HOME="/home/kent/.perlbrew"
PERLBREW_MANPATH="/home/kent/perl5/perlbrew/perls/5.22.3-RC2-nossp-sdbm-nopmc/man"
PERLBREW_PATH="/home/kent/perl5/perlbrew/bin:/home/kent/perl5/perlbrew/perls/5.22.3-RC2-nossp-sdbm-nopmc/bin"
PERLBREW_PERL="5.22.3-RC2-nossp-sdbm-nopmc"
PERLBREW_ROOT="/home/kent/perl5/perlbrew"
PERLBREW_VERSION="0.74"
PERL_CPANM_OPT=" --prompt --interactive --verify --mirror http://cpan.metacpan.org/ --no-lwp"
PERL_MM_OPT=" INSTALLDIRS=site"
@INC:
/home/kent/perl5/perlbrew/perls/5.22.3-RC2-nossp-sdbm-nopmc/lib/site_perl/5.22.3/x86_64-linux
/home/kent/perl5/perlbrew/perls/5.22.3-RC2-nossp-sdbm-nopmc/lib/site_perl/5.22.3
/home/kent/perl5/perlbrew/perls/5.22.3-RC2-nossp-sdbm-nopmc/lib/5.22.3/x86_64-linux
/home/kent/perl5/perlbrew/perls/5.22.3-RC2-nossp-sdbm-nopmc/lib/5.22.3
.