Test-AutoBuild v1.2.4 Perl 5 v5.28.2 RC1 amd64-freebsd
- Status
- Fail
- From
- Slaven Rezić (SREZIC)
- Dist
-
Test-AutoBuild v1.2.4
- Platform
- Perl 5 v5.28.2 RC1 amd64-freebsd
- Date
- 2019-04-19 11:57:48
- ID
- 5a245918-629a-11e9-be3e-d16b1f24ea8f
This distribution has been tested as part of the CPAN Testers
project, supporting the Perl programming language. See
http://wiki.cpantesters.org/ for more information or email
questions to cpan-testers-discuss@perl.org
--
Dear Daniel P. Berrange,
This is a computer-generated report for Test-AutoBuild-1.2.4
on perl 5.28.2, created by CPAN-Reporter-1.2018.
Thank you for uploading your work to CPAN. However, there was a problem
testing your distribution.
If you think this report is invalid, please consult the CPAN Testers Wiki
for suggestions on how to avoid getting FAIL reports for missing library
or binary dependencies, unsupported operating systems, and so on:
http://wiki.cpantesters.org/wiki/CPANAuthorNotes
Sections of this report:
* Tester comments
* Program output
* Prerequisites
* Environment and other context
------------------------------
TESTER COMMENTS
------------------------------
Additional comments from tester:
none provided
------------------------------
PROGRAM OUTPUT
------------------------------
Output from '/usr/bin/make test':
if [ -d "/usr/share/selinux/devel" -a "0" = "1" ] ; then make -C conf/selinux ; fi
PERL_DL_NONLAZY=1 "/usr/perl5.28.2-RC1p/bin/perl5.28.2" "-MExtUtils::Command::MM" "-MTest::Harness" "-e" "undef *Test::Harness::Switches; test_harness(0, 'blib/lib', 'blib/arch')" t/*.t
# Failed test 'POD test for blib/script/auto-build'
# at /usr/perl5.28.2-RC1p/lib/site_perl/5.28.2/Test/Pod.pm line 184.
# blib/script/auto-build (283): Expected text after =item, not a number
# blib/script/auto-build (288): Expected text after =item, not a number
# blib/script/auto-build (293): Expected text after =item, not a number
# blib/script/auto-build (297): Expected text after =item, not a number
# Looks like you failed 1 test of 70.
t/005-pod.t ....................
Dubious, test returned 1 (wstat 256, 0x100)
Failed 1/70 subtests
t/008-meta.t ................... ok
t/010-pod-coverage.t ........... skipped: Disable coverage testing until POD is more complete
t/030-Platform.t ............... ok
t/040-Monitor.t ................ ok
t/050-Runtime.t ................ ok
t/060-Result.t ................. ok
t/061-Archive.t ................ ok
t/062-ArchiveManager.t ......... ok
t/063-Archive-File.t ........... ok
t/064-ArchiveManager-File.t .... ok
t/070-Lib.t .................... ok
t/080-PackageType.t ............ ok
t/090-Package.t ................ ok
t/100-Module.t ................. ok
t/105-Module-Archiving.t ....... ok
# Failed test 'status is success'
# at t/107-Module-Build.t line 293.
# got: 'failed'
# expected: 'success'
# Looks like you failed 1 test of 42.
t/107-Module-Build.t ...........
Dubious, test returned 1 (wstat 256, 0x100)
Failed 1/42 subtests
t/110-Repository-Bzr.t ......... ok
t/110-Repository-CVS.t ......... ok
t/110-Repository-Darcs.t ....... ok
t/110-Repository-Disk.t ........ ok
t/110-Repository-Git.t ......... ok
t/110-Repository-GNUArch.t ..... ok
t/110-Repository-Mercurial.t ... ok
t/110-Repository-Monotone.t .... ok
t/110-Repository-Perforce.t .... ok
cannot extract revision metadata from log output 'r2 | dan | 2005-03-03 10:06:40 +0000 (Do., 03. März 2005) | 1 Zeile' at /usr/home/cpansand/.cpan/build/2019041910/Test-AutoBuild-1.2.4-0/blib/lib/Test/AutoBuild/Repository/Subversion.pm line 221.
# Looks like your test exited with 29 just after 8.
t/110-Repository-SVN.t .........
Dubious, test returned 29 (wstat 7424, 0x1d00)
Failed 40/48 subtests
t/110-Repository.t ............. ok
t/120-Monitor-Command.t ........ ok
t/120-Monitor-Log4perl.t ....... ok
t/120-Monitor-Pipe.t ........... ok
t/130-Publisher.t .............. ok
t/131-Publisher-Copy.t ......... ok
t/140-Lock.t ................... ok
t/145-Stage.t .................. ok
t/150-Stage-Apt.t .............. ok
t/150-Stage-ArtifactCopier.t ... ok
t/150-Stage-Build.t ............ ok
t/150-Stage-CleanBuildRoots.t .. ok
t/150-Stage-CleanPackages.t .... ok
# Test zero
# Global one
# Global two
# Global three
# Global four
# Global five
# Global six
# Global seven
# Module one
# Module two
# Module three
# Module four
# Module five
# Module six
# Module seven
t/150-Stage-EmailAlert.t ....... ok
t/150-Stage-GetSource.t ........ ok
t/150-Stage-Group.t ............ ok
t/150-Stage-HTMLStatus.t ....... ok
t/150-Stage-ISOBuilder.t ....... ok
t/150-Stage-Iterator.t ......... ok
t/150-Stage-LogCopier.t ........ ok
t/150-Stage-PackageCopier.t .... ok
t/150-Stage-SetNice.t .......... ok
t/150-Stage-Test.t ............. ok
t/200-AutoBuild.t .............. ok
Test Summary Report
-------------------
t/005-pod.t (Wstat: 256 Tests: 70 Failed: 1)
Failed test: 1
Non-zero exit status: 1
t/107-Module-Build.t (Wstat: 256 Tests: 42 Failed: 1)
Failed test: 38
Non-zero exit status: 1
t/110-Repository-SVN.t (Wstat: 7424 Tests: 8 Failed: 0)
Non-zero exit status: 29
Parse errors: Bad plan. You planned 48 tests but ran 8.
Files=51, Tests=916, 37 wallclock secs ( 0.25 usr 0.16 sys + 10.70 cusr 5.45 csys = 16.55 CPU)
Result: FAIL
Failed 3/51 test programs. 2/916 subtests failed.
*** Error code 255
Stop.
make: stopped in /usr/home/cpansand/.cpan/build/2019041910/Test-AutoBuild-1.2.4-0
------------------------------
PREREQUISITES
------------------------------
Prerequisite modules loaded:
requires:
Module Need Have
------------------- ------ --------
BSD::Resource 1.10 1.2911
Carp 0 1.50
Class::MethodMaker 0 2.24
Config 0 5.028002
Config::Record v1.1.0 1.1.2
Cwd 0 3.74
Data::Dumper 0 2.170
Date::Manip 0 6.76
Digest::MD5 0 2.55
Fcntl 0 1.13
File::Copy 0 2.33
File::Find 0 1.34
File::Glob 0 1.31
File::Path 0 2.15
File::ReadBackwards 0 1.05
File::Spec 0 3.74
File::stat 0 1.08
IO::File 0 1.39
IO::Scalar 0 2.111
List::Util 0 1.50
Log::Log4perl 0 1.49
Net::SMTP 2.15 3.11
POSIX 0 1.84
Storable 0 3.08_01
Symbol 0 1.08
Sys::Hostname 0 1.22
Template 0 2.28
Test::More 0 1.302162
XML::Simple 0 2.25
build_requires:
Module Need Have
------------------- ------ --------
ExtUtils::MakeMaker 0 7.34
------------------------------
ENVIRONMENT AND OTHER CONTEXT
------------------------------
Environment variables:
LC_ALL = de_DE.UTF-8
PATH = /usr/local/bin:/usr/bin:/bin:/usr/local/sbin:/usr/sbin:/sbin:/home/cpansand/bin/freebsd12.0:/home/cpansand/bin/sh:/home/cpansand/bin:/usr/games:/home/cpansand/devel:/usr/home/eserte/src/srezic-misc/scripts
PERL5LIB = /home/cpansand/.cpan/build/2019041910/File-ReadBackwards-1.05-0/blib/arch:/home/cpansand/.cpan/build/2019041910/File-ReadBackwards-1.05-0/blib/lib:/home/cpansand/.cpan/build/2019041910/Config-Record-1.1.2-0/blib/arch:/home/cpansand/.cpan/build/2019041910/Config-Record-1.1.2-0/blib/lib:/home/cpansand/.cpan/build/2019041910/Net-LDAP-Gateway-0.03-0/blib/arch:/home/cpansand/.cpan/build/2019041910/Net-LDAP-Gateway-0.03-0/blib/lib:/home/cpansand/.cpan/build/2019041910/HTML-Selector-XPath-0.25-0/blib/arch:/home/cpansand/.cpan/build/2019041910/HTML-Selector-XPath-0.25-0/blib/lib:/home/cpansand/.cpan/build/2019041910/Catalyst-View-XML-Hash-LX-0.04-0/blib/arch:/home/cpansand/.cpan/build/2019041910/Catalyst-View-XML-Hash-LX-0.04-0/blib/lib
PERL5OPT =
PERL5_CPANPLUS_IS_RUNNING = 60010
PERL5_CPAN_IS_RUNNING = 60010
PERL5_CPAN_IS_RUNNING_IN_RECURSION = 55785,60010
PERLDOC = -MPod::Perldoc::ToTextOverstrike
PERL_BATCH = yes
PERL_CANARY_STABILITY_NOPROMPT = 1
PERL_CPAN_REPORTER_CONFIG = /var/tmp/cpansmoker-1023/2019041717/cpanreporter_000_config.ini
PERL_EXTUTILS_AUTOINSTALL = --defaultdeps
PERL_PARALLEL_SMOKER = yes
PERL_USE_UNSAFE_INC = 1
SHELL = /usr/local/bin/zsh
TERM = screen
TMPDIR = /var/tmp/cpansmoker-1023/2019041717
Perl special variables (and OS-specific diagnostics, for MSWin32):
$^X = /usr/perl5.28.2-RC1p/bin/perl5.28.2
$UID/$EUID = 1023 / 1023
$GID = 1023 1023
$EGID = 1023 1023
Perl module toolchain versions installed:
Module Have
------------------- --------
CPAN 2.20
CPAN::Meta 2.150010
Cwd 3.74
ExtUtils::CBuilder 0.280231
ExtUtils::Command 7.34
ExtUtils::Install 2.14
ExtUtils::MakeMaker 7.34
ExtUtils::Manifest 1.70
ExtUtils::ParseXS 3.39
File::Spec 3.74
JSON 4.02
JSON::PP 2.97001
Module::Build 0.4229
Module::Signature 0.83
Parse::CPAN::Meta 2.150010
Test::Harness 3.42
Test::More 1.302162
YAML 1.27
YAML::Syck 1.31
version 0.9923
--
Summary of my perl5 (revision 5 version 28 subversion 2) configuration:
Platform:
osname=freebsd
osvers=12.0-stable
archname=amd64-freebsd
uname='freebsd cloud1.bbbike.org 12.0-stable freebsd 12.0-stable 09c6161fb01(stable12) generic amd64 '
config_args='-ds -e -Dprefix=/usr/perl5.28.2-RC1p -Dcf_email=srezic@cpan.org -Dnoextensions=GDBM_File -Doptimize=-O2 -pipe'
hint=recommended
useposix=true
d_sigaction=define
useithreads=undef
usemultiplicity=undef
use64bitint=define
use64bitall=define
uselongdouble=undef
usemymalloc=n
default_inc_excludes_dot=define
bincompat5005=undef
Compiler:
cc='cc'
ccflags ='-DHAS_FPSETMASK -DHAS_FLOATINGPOINT_H -fno-strict-aliasing -pipe -fstack-protector-strong -I/usr/local/include -D_FORTIFY_SOURCE=2'
optimize='-O2 -pipe'
cppflags='-DHAS_FPSETMASK -DHAS_FLOATINGPOINT_H -fno-strict-aliasing -pipe -fstack-protector-strong -I/usr/local/include'
ccversion=''
gccversion='4.2.1 Compatible FreeBSD Clang 7.0.1 (tags/RELEASE_701/final 349250)'
gccosandvers=''
intsize=4
longsize=8
ptrsize=8
doublesize=8
byteorder=12345678
doublekind=3
d_longlong=define
longlongsize=8
d_longdbl=define
longdblsize=16
longdblkind=3
ivtype='long'
ivsize=8
nvtype='double'
nvsize=8
Off_t='off_t'
lseeksize=8
alignbytes=8
prototype=define
Linker and Libraries:
ld='cc'
ldflags ='-pthread -Wl,-E -fstack-protector-strong -L/usr/local/lib'
libpth=/usr/lib /usr/local/lib /usr/lib/clang/7.0.1/lib /usr/lib
libs=-lpthread -lgdbm -ldl -lm -lcrypt -lutil -lc
perllibs=-lpthread -ldl -lm -lcrypt -lutil -lc
libc=
so=so
useshrplib=false
libperl=libperl.a
gnulibc_version=''
Dynamic Linking:
dlsrc=dl_dlopen.xs
dlext=so
d_dlsymun=undef
ccdlflags=' '
cccdlflags='-DPIC -fPIC'
lddlflags='-shared -L/usr/local/lib -fstack-protector-strong'
Characteristics of this binary (from libperl):
Compile-time options:
HAS_TIMES
PERLIO_LAYERS
PERL_COPY_ON_WRITE
PERL_DONT_CREATE_GVSV
PERL_MALLOC_WRAP
PERL_OP_PARENT
PERL_PRESERVE_IVUV
USE_64_BIT_ALL
USE_64_BIT_INT
USE_LARGE_FILES
USE_LOCALE
USE_LOCALE_COLLATE
USE_LOCALE_CTYPE
USE_LOCALE_NUMERIC
USE_LOCALE_TIME
USE_PERLIO
USE_PERL_ATOF
Locally applied patches:
RC1
Built under freebsd
Compiled at Apr 6 2019 06:44:18
%ENV:
PERL5LIB="/home/cpansand/.cpan/build/2019041910/File-ReadBackwards-1.05-0/blib/arch:/home/cpansand/.cpan/build/2019041910/File-ReadBackwards-1.05-0/blib/lib:/home/cpansand/.cpan/build/2019041910/Config-Record-1.1.2-0/blib/arch:/home/cpansand/.cpan/build/2019041910/Config-Record-1.1.2-0/blib/lib:/home/cpansand/.cpan/build/2019041910/Net-LDAP-Gateway-0.03-0/blib/arch:/home/cpansand/.cpan/build/2019041910/Net-LDAP-Gateway-0.03-0/blib/lib:/home/cpansand/.cpan/build/2019041910/HTML-Selector-XPath-0.25-0/blib/arch:/home/cpansand/.cpan/build/2019041910/HTML-Selector-XPath-0.25-0/blib/lib:/home/cpansand/.cpan/build/2019041910/Catalyst-View-XML-Hash-LX-0.04-0/blib/arch:/home/cpansand/.cpan/build/2019041910/Catalyst-View-XML-Hash-LX-0.04-0/blib/lib"
PERL5OPT=""
PERL5_CPANPLUS_IS_RUNNING="60010"
PERL5_CPAN_IS_RUNNING="60010"
PERL5_CPAN_IS_RUNNING_IN_RECURSION="55785,60010"
PERLDOC="-MPod::Perldoc::ToTextOverstrike"
PERL_BATCH="yes"
PERL_CANARY_STABILITY_NOPROMPT="1"
PERL_CPAN_REPORTER_CONFIG="/var/tmp/cpansmoker-1023/2019041717/cpanreporter_000_config.ini"
PERL_EXTUTILS_AUTOINSTALL="--defaultdeps"
PERL_PARALLEL_SMOKER="yes"
PERL_USE_UNSAFE_INC="1"
@INC:
/home/cpansand/.cpan/build/2019041910/File-ReadBackwards-1.05-0/blib/arch
/home/cpansand/.cpan/build/2019041910/File-ReadBackwards-1.05-0/blib/lib
/home/cpansand/.cpan/build/2019041910/Config-Record-1.1.2-0/blib/arch
/home/cpansand/.cpan/build/2019041910/Config-Record-1.1.2-0/blib/lib
/home/cpansand/.cpan/build/2019041910/Net-LDAP-Gateway-0.03-0/blib/arch
/home/cpansand/.cpan/build/2019041910/Net-LDAP-Gateway-0.03-0/blib/lib
/home/cpansand/.cpan/build/2019041910/HTML-Selector-XPath-0.25-0/blib/arch
/home/cpansand/.cpan/build/2019041910/HTML-Selector-XPath-0.25-0/blib/lib
/home/cpansand/.cpan/build/2019041910/Catalyst-View-XML-Hash-LX-0.04-0/blib/arch
/home/cpansand/.cpan/build/2019041910/Catalyst-View-XML-Hash-LX-0.04-0/blib/lib
/usr/perl5.28.2-RC1p/lib/site_perl/5.28.2/amd64-freebsd
/usr/perl5.28.2-RC1p/lib/site_perl/5.28.2
/usr/perl5.28.2-RC1p/lib/5.28.2/amd64-freebsd
/usr/perl5.28.2-RC1p/lib/5.28.2
.