Linux-GetPidstat v0.10 Perl 5 v5.32.1 amd64-freebsd-ld
- Status
- Fail
- From
- Slaven Rezić
- Dist
-
Linux-GetPidstat v0.10
- Platform
- Perl 5 v5.32.1 amd64-freebsd-ld
- Date
- 2022-02-18 07:28:22
- ID
- 5a46a19e-908c-11ec-9a4f-d2681f24ea8f
This distribution has been tested as part of the CPAN Testers
project, supporting the Perl programming language. See
http://wiki.cpantesters.org/ for more information or email
questions to cpan-testers-discuss@perl.org
--
Dear Yohei Yoshimuta,
This is a computer-generated report for Linux-GetPidstat-0.10
on perl 5.32.1, created by CPAN-Reporter-1.2018.
Thank you for uploading your work to CPAN. However, there was a problem
testing your distribution.
If you think this report is invalid, please consult the CPAN Testers Wiki
for suggestions on how to avoid getting FAIL reports for missing library
or binary dependencies, unsupported operating systems, and so on:
http://wiki.cpantesters.org/wiki/CPANAuthorNotes
Sections of this report:
* Tester comments
* Program output
* Prerequisites
* Environment and other context
------------------------------
TESTER COMMENTS
------------------------------
Additional comments from tester:
none provided
------------------------------
PROGRAM OUTPUT
------------------------------
Output from './Build test':
t/00_compile.t ........... ok
t/01_new.t ............... ok
invalid pid: one at /usr/home/cpansand/.cpan/build/2022021722/Linux-GetPidstat-0.10-0/blib/lib/Linux/GetPidstat.pm line 37.
invalid pid: dummy at /usr/home/cpansand/.cpan/build/2022021722/Linux-GetPidstat-0.10-0/blib/lib/Linux/GetPidstat.pm line 37.
Empty metric: name=cpu, lines=Linux 3.13.0-83-generic (ip-10-0-1-51) 04/02/2016 _x86_64_ (4 CPU),,# Time UID PID %usr %system %guest %CPU CPU minflt/s majflt/s VSZ RSS %MEM StkSize StkRef kB_rd/s kB_wr/s kB_ccwr/s cswch/s nvcswch/s Command
Failed getting pidstat: pid=31908, target_pids=2,18352,18353,18360,18366,28264, program_name=target_script2
Empty metric: name=cpu, lines=Linux 3.13.0-83-generic (ip-10-0-1-51) 04/02/2016 _x86_64_ (4 CPU),,# Time UID PID %usr %system %guest %CPU CPU minflt/s majflt/s VSZ RSS %MEM StkSize StkRef kB_rd/s kB_wr/s kB_ccwr/s cswch/s nvcswch/s Command
Failed getting pidstat: pid=31909, target_pids=1, program_name=target_script
# Failed test at t/02_basic.t line 146.
# Structures begin differing at:
# $got->[1] = '2016-06-10T00:00:00,1465484400,target_script,cswch_per_sec,19.9'
# $expected->[1] = '2016-06-10T00:00:00,1465484400,target_script,cswch_per_sec,19.87'
# 2016-06-10T00:00:00,1465484400,target_script2,nvcswch_per_sec,182.4
# 2016-06-10T00:00:00,1465484400,target_script2,stk_ref,153000
# 2016-06-10T00:00:00,1465484400,target_script2,cswch_per_sec,119.4
# 2016-06-10T00:00:00,1465484400,target_script2,stk_size,768000
# 2016-06-10T00:00:00,1465484400,target_script2,memory_percent,207.6
# 2016-06-10T00:00:00,1465484400,target_script2,disk_write_per_sec,0
# 2016-06-10T00:00:00,1465484400,target_script2,disk_read_per_sec,0
# 2016-06-10T00:00:00,1465484400,target_script2,memory_rss,65400000000
# 2016-06-10T00:00:00,1465484400,target_script2,cpu,127.2
# 2016-06-10T00:00:00,1465484400,target_script,cswch_per_sec,19.9
# 2016-06-10T00:00:00,1465484400,target_script,stk_size,128000
# 2016-06-10T00:00:00,1465484400,target_script,nvcswch_per_sec,30.4
# 2016-06-10T00:00:00,1465484400,target_script,stk_ref,25500
# 2016-06-10T00:00:00,1465484400,target_script,cpu,21.2
# 2016-06-10T00:00:00,1465484400,target_script,memory_rss,10900000000
# 2016-06-10T00:00:00,1465484400,target_script,memory_percent,34.6
# 2016-06-10T00:00:00,1465484400,target_script,disk_write_per_sec,0
# 2016-06-10T00:00:00,1465484400,target_script,disk_read_per_sec,0
# Looks like you failed 1 test of 2.
# Failed test 'output to a file'
# at t/02_basic.t line 153.
# Failed test at t/02_basic.t line 189.
# Structures begin differing at:
# $got->[1] = '2016-06-10T00:00:00,1465484400,target_script,cswch_per_sec,19.9'
# $expected->[1] = '2016-06-10T00:00:00,1465484400,target_script,cswch_per_sec,19.87'
# 2016-06-10T00:00:00,1465484400,target_script2,cpu,127.2
# 2016-06-10T00:00:00,1465484400,target_script2,memory_rss,65400000000
# 2016-06-10T00:00:00,1465484400,target_script2,disk_read_per_sec,0
# 2016-06-10T00:00:00,1465484400,target_script2,memory_percent,207.6
# 2016-06-10T00:00:00,1465484400,target_script2,disk_write_per_sec,0
# 2016-06-10T00:00:00,1465484400,target_script2,cswch_per_sec,119.4
# 2016-06-10T00:00:00,1465484400,target_script2,stk_size,768000
# 2016-06-10T00:00:00,1465484400,target_script2,stk_ref,153000
# 2016-06-10T00:00:00,1465484400,target_script2,nvcswch_per_sec,182.4
# 2016-06-10T00:00:00,1465484400,target_script,nvcswch_per_sec,30.4
# 2016-06-10T00:00:00,1465484400,target_script,stk_ref,25500
# 2016-06-10T00:00:00,1465484400,target_script,stk_size,128000
# 2016-06-10T00:00:00,1465484400,target_script,cswch_per_sec,19.9
# 2016-06-10T00:00:00,1465484400,target_script,memory_rss,10900000000
# 2016-06-10T00:00:00,1465484400,target_script,memory_percent,34.6
# 2016-06-10T00:00:00,1465484400,target_script,disk_write_per_sec,0
# 2016-06-10T00:00:00,1465484400,target_script,disk_read_per_sec,0
# 2016-06-10T00:00:00,1465484400,target_script,cpu,21.2
# Failed test at t/02_basic.t line 193.
# Structures begin differing at:
# $got->[2] = 'mackerel post: name=custom.batch_cswch_per_sec.target_script, time=1465484400, metric=19.9'
# $expected->[2] = 'mackerel post: name=custom.batch_cswch_per_sec.target_script, time=1465484400, metric=19.87'
# mackerel post: name=custom.batch_cpu.target_script2, time=1465484400, metric=127.2
# mackerel post: name=custom.batch_memory_rss.target_script2, time=1465484400, metric=65400000000
# mackerel post: name=custom.batch_disk_read_per_sec.target_script2, time=1465484400, metric=0
# mackerel post: name=custom.batch_memory_percent.target_script2, time=1465484400, metric=207.6
# mackerel post: name=custom.batch_disk_write_per_sec.target_script2, time=1465484400, metric=0
# mackerel post: name=custom.batch_cswch_per_sec.target_script2, time=1465484400, metric=119.4
# mackerel post: name=custom.batch_stk_size.target_script2, time=1465484400, metric=768000
# mackerel post: name=custom.batch_stk_ref.target_script2, time=1465484400, metric=153000
# mackerel post: name=custom.batch_nvcswch_per_sec.target_script2, time=1465484400, metric=182.4
# mackerel post: name=custom.batch_nvcswch_per_sec.target_script, time=1465484400, metric=30.4
# mackerel post: name=custom.batch_stk_ref.target_script, time=1465484400, metric=25500
# mackerel post: name=custom.batch_stk_size.target_script, time=1465484400, metric=128000
# mackerel post: name=custom.batch_cswch_per_sec.target_script, time=1465484400, metric=19.9
# mackerel post: name=custom.batch_memory_rss.target_script, time=1465484400, metric=10900000000
# mackerel post: name=custom.batch_memory_percent.target_script, time=1465484400, metric=34.6
# mackerel post: name=custom.batch_disk_write_per_sec.target_script, time=1465484400, metric=0
# mackerel post: name=custom.batch_disk_read_per_sec.target_script, time=1465484400, metric=0
# mackerel post: name=custom.batch_cpu.target_script, time=1465484400, metric=21.2
# Looks like you failed 2 tests of 2.
# Failed test 'output to a file and mackerel'
# at t/02_basic.t line 198.
# Looks like you failed 2 tests of 7.
t/02_basic.t .............
Dubious, test returned 2 (wstat 512, 0x200)
Failed 2/7 subtests
t/03_reader.t ............ ok
t/04_writer.t ............ ok
# Failed test at t/05_collector.t line 35.
# Structures begin differing at:
# $got->{backup_mysql}{memory_percent} = '34.6'
# $expected->{backup_mysql}{memory_percent} = '34.64'
# {
# 'backup_mysql' => {
# 'cpu' => '21.2',
# 'cswch_per_sec' => '19.9',
# 'disk_read_per_sec' => 0,
# 'disk_write_per_sec' => 0,
# 'memory_percent' => '34.6',
# 'memory_rss' => '10900000000',
# 'nvcswch_per_sec' => '30.4',
# 'stk_ref' => 25500,
# 'stk_size' => 128000
# },
# 'summarize_log' => {
# 'cpu' => '21.2',
# 'cswch_per_sec' => '19.9',
# 'disk_read_per_sec' => 0,
# 'disk_write_per_sec' => 0,
# 'memory_percent' => '34.6',
# 'memory_rss' => '10900000000',
# 'nvcswch_per_sec' => '30.4',
# 'stk_ref' => 25500,
# 'stk_size' => 128000
# }
# }
# Failed test at t/05_collector.t line 66.
# Structures begin differing at:
# $got->{summarize_log}{nvcswch_per_sec} = '91.2'
# $expected->{summarize_log}{nvcswch_per_sec} = '91.32'
# {
# 'backup_mysql' => {
# 'cpu' => '21.2',
# 'cswch_per_sec' => '19.9',
# 'disk_read_per_sec' => 0,
# 'disk_write_per_sec' => 0,
# 'memory_percent' => '34.6',
# 'memory_rss' => '10900000000',
# 'nvcswch_per_sec' => '30.4',
# 'stk_ref' => 25500,
# 'stk_size' => 128000
# },
# 'summarize_log' => {
# 'cpu' => '63.6',
# 'cswch_per_sec' => '59.7',
# 'disk_read_per_sec' => 0,
# 'disk_write_per_sec' => 0,
# 'memory_percent' => '103.8',
# 'memory_rss' => '32700000000',
# 'nvcswch_per_sec' => '91.2',
# 'stk_ref' => 76500,
# 'stk_size' => 384000
# }
# }
# Looks like you failed 2 tests of 14.
t/05_collector.t .........
Dubious, test returned 2 (wstat 512, 0x200)
Failed 2/14 subtests
t/06_writer_mackerel.t ... ok
t/07_writer_file.t ....... ok
# Failed test at t/08_collector_parser.t line 13.
# Structures begin differing at:
# $got->{memory_rss} = '10900000000'
# $expected->{memory_rss} = '10876916000'
# {
# 'cpu' => '2.78',
# 'cswch_per_sec' => '6.48',
# 'disk_read_per_sec' => 0,
# 'disk_write_per_sec' => -1000,
# 'memory_percent' => '34.6',
# 'memory_rss' => '10900000000',
# 'nvcswch_per_sec' => '2.78',
# 'stk_ref' => 28000,
# 'stk_size' => 116000
# }
# Failed test at t/08_collector_parser.t line 30.
# Structures begin differing at:
# $got->{cswch_per_sec} = '19.9'
# $expected->{cswch_per_sec} = '19.87'
# {
# 'cpu' => '21.2',
# 'cswch_per_sec' => '19.9',
# 'disk_read_per_sec' => 0,
# 'disk_write_per_sec' => -250,
# 'memory_percent' => '34.6',
# 'memory_rss' => '10900000000',
# 'nvcswch_per_sec' => '30.4',
# 'stk_ref' => 25500,
# 'stk_size' => 128000
# }
# Failed test at t/08_collector_parser.t line 47.
# Structures begin differing at:
# $got->{cswch_per_sec} = '33.6'
# $expected->{cswch_per_sec} = '33.54'
# {
# 'cpu' => '42.5',
# 'cswch_per_sec' => '33.6',
# 'disk_read_per_sec' => 500,
# 'disk_write_per_sec' => -500,
# 'memory_percent' => '42.12',
# 'memory_rss' => '13550000000',
# 'nvcswch_per_sec' => '44',
# 'stk_ref' => 39500,
# 'stk_size' => 189500
# }
# Looks like you failed 3 tests of 5.
t/08_collector_parser.t ..
Dubious, test returned 3 (wstat 768, 0x300)
Failed 3/5 subtests
Test Summary Report
-------------------
t/02_basic.t (Wstat: 512 Tests: 7 Failed: 2)
Failed tests: 4, 6
Non-zero exit status: 2
t/05_collector.t (Wstat: 512 Tests: 14 Failed: 2)
Failed tests: 2-3
Non-zero exit status: 2
t/08_collector_parser.t (Wstat: 768 Tests: 5 Failed: 3)
Failed tests: 1-3
Non-zero exit status: 3
Files=9, Tests=54, 11 wallclock secs ( 0.05 usr 0.02 sys + 1.15 cusr 0.36 csys = 1.57 CPU)
Result: FAIL
------------------------------
PREREQUISITES
------------------------------
Prerequisite modules loaded:
requires:
Module Need Have
--------------------- -------- --------
Capture::Tiny == 0.40 0.48
IO::Socket::SSL == 2.024 2.074
JSON::XS == 3.01 4.03
Parallel::ForkManager == 1.17 2.02
Path::Tiny == 0.094 0.122
perl 5.008001 5.032001
Time::Piece::MySQL == 0.06 0.06
WebService::Mackerel == 0.03 0.05
build_requires:
Module Need Have
--------------------- -------- --------
Data::Section::Simple == 0.07 0.07
Test::Fatal 0.014 0.016
Test::Mock::Guard 0.10 0.10
Test::More 0.98 1.302188
configure_requires:
Module Need Have
--------------------- -------- --------
Module::Build::Tiny 0.035 0.039
------------------------------
ENVIRONMENT AND OTHER CONTEXT
------------------------------
Environment variables:
PATH = /usr/local/bin:/usr/bin:/bin:/usr/local/sbin:/usr/sbin:/sbin:/home/cpansand/bin/freebsd13.0:/home/cpansand/bin/sh:/home/cpansand/bin:/usr/games:/home/cpansand/devel:/usr/home/eserte/src/srezic-misc/scripts
PERL5LIB = /home/cpansand/.cpan/build/2022021722/WebService-Mackerel-0.05-0/blib/arch:/home/cpansand/.cpan/build/2022021722/WebService-Mackerel-0.05-0/blib/lib:/home/cpansand/.cpan/build/2022021722/Test-Double-0.05-0/blib/arch:/home/cpansand/.cpan/build/2022021722/Test-Double-0.05-0/blib/lib:/home/cpansand/.cpan/build/2022021722/Class-Monadic-0.04-0/blib/arch:/home/cpansand/.cpan/build/2022021722/Class-Monadic-0.04-0/blib/lib:/home/cpansand/.cpan/build/2022021722/Class-Method-Modifiers-Fast-0.041-0/blib/arch:/home/cpansand/.cpan/build/2022021722/Class-Method-Modifiers-Fast-0.041-0/blib/lib:/home/cpansand/.cpan/build/2022021722/Time-Piece-MySQL-0.06-0/blib/arch:/home/cpansand/.cpan/build/2022021722/Time-Piece-MySQL-0.06-0/blib/lib:/home/cpansand/.cpan/build/2022021722/Path-Tiny-0.122-0/blib/arch:/home/cpansand/.cpan/build/2022021722/Path-Tiny-0.122-0/blib/lib:/home/cpansand/.cpan/build/2022021722/IO-Socket-SSL-2.074-0/blib/arch:/home/cpansand/.cpan/build/2022021722/IO-Socket-SSL-2.074-0/blib/lib
PERL5OPT =
PERL5_CPANPLUS_IS_RUNNING = 30808
PERL5_CPAN_IS_RUNNING = 30808
PERL5_CPAN_IS_RUNNING_IN_RECURSION = 29365,30808
PERLDOC = -MPod::Perldoc::ToTextOverstrike
PERL_BATCH = yes
PERL_CANARY_STABILITY_NOPROMPT = 1
PERL_CPAN_REPORTER_CONFIG = /var/tmp/cpansmoker-1023/2022021721/cpanreporter_001_config.ini
PERL_EXTUTILS_AUTOINSTALL = --defaultdeps
PERL_USE_UNSAFE_INC = 1
SHELL = /usr/local/bin/zsh
TERM = screen
TMPDIR = /var/tmp/cpansmoker-1023/2022021721
Perl special variables (and OS-specific diagnostics, for MSWin32):
$^X = /usr/perl5.32.1Dp/bin/perl
$UID/$EUID = 1023 / 1023
$GID = 1023 1023
$EGID = 1023 1023
Perl module toolchain versions installed:
Module Have
------------------- --------
CPAN 2.27
CPAN::Meta 2.150010
Cwd 3.78
ExtUtils::CBuilder 0.280234
ExtUtils::Command 7.64
ExtUtils::Install 2.20
ExtUtils::MakeMaker 7.64
ExtUtils::Manifest 1.72
ExtUtils::ParseXS 3.40
File::Spec 3.78
JSON 4.03
JSON::PP 4.07
Module::Build 0.4231
Module::Signature 0.87
Parse::CPAN::Meta 2.150010
Test::Harness 3.42
Test::More 1.302188
YAML 1.30
YAML::Syck 1.34
version 0.9924
--
Summary of my perl5 (revision 5 version 32 subversion 1) configuration:
Platform:
osname=freebsd
osvers=13.0-stable
archname=amd64-freebsd-ld
uname='freebsd cloud10.bbbike.org 13.0-stable freebsd 13.0-stable #0 stable13-n245623-e2872019983d: thu may 13 16:04:27 utc 2021 root@cloud10.bbbike.org:usrobjusrhomeprojectsfreebsdamd64.amd64sysgeneric amd64 '
config_args='-ds -e -Dprefix=/usr/perl5.32.1Dp -Duselongdouble -Dcf_email=srezic@cpan.org -Doptimize=-O2 -pipe'
hint=recommended
useposix=true
d_sigaction=define
useithreads=undef
usemultiplicity=undef
use64bitint=define
use64bitall=define
uselongdouble=define
usemymalloc=n
default_inc_excludes_dot=define
bincompat5005=undef
Compiler:
cc='cc'
ccflags ='-DHAS_FPSETMASK -DHAS_FLOATINGPOINT_H -fno-strict-aliasing -pipe -fstack-protector-strong -I/usr/local/include'
optimize='-O2 -pipe'
cppflags='-DHAS_FPSETMASK -DHAS_FLOATINGPOINT_H -fno-strict-aliasing -pipe -fstack-protector-strong -I/usr/local/include'
ccversion=''
gccversion='FreeBSD Clang 11.0.1 (git@github.com:llvm/llvm-project.git llvmorg-11.0.1-0-g43ff75f2c3fe)'
gccosandvers=''
intsize=4
longsize=8
ptrsize=8
doublesize=8
byteorder=12345678
doublekind=3
d_longlong=define
longlongsize=8
d_longdbl=define
longdblsize=16
longdblkind=3
ivtype='long'
ivsize=8
nvtype='long double'
nvsize=16
Off_t='off_t'
lseeksize=8
alignbytes=16
prototype=define
Linker and Libraries:
ld='cc'
ldflags ='-pthread -Wl,-E -fstack-protector-strong -L/usr/local/lib'
libpth=/usr/lib /usr/local/lib /usr/lib/clang/11.0.1/lib /usr/lib
libs=-lpthread -lgdbm -ldl -lm -lcrypt -lutil -lc
perllibs=-lpthread -ldl -lm -lcrypt -lutil -lc
libc=
so=so
useshrplib=false
libperl=libperl.a
gnulibc_version=''
Dynamic Linking:
dlsrc=dl_dlopen.xs
dlext=so
d_dlsymun=undef
ccdlflags=' '
cccdlflags='-DPIC -fPIC'
lddlflags='-shared -L/usr/local/lib -fstack-protector-strong'
Characteristics of this binary (from libperl):
Compile-time options:
HAS_TIMES
PERLIO_LAYERS
PERL_COPY_ON_WRITE
PERL_DONT_CREATE_GVSV
PERL_MALLOC_WRAP
PERL_OP_PARENT
PERL_PRESERVE_IVUV
USE_64_BIT_ALL
USE_64_BIT_INT
USE_LARGE_FILES
USE_LOCALE
USE_LOCALE_COLLATE
USE_LOCALE_CTYPE
USE_LOCALE_NUMERIC
USE_LOCALE_TIME
USE_LONG_DOUBLE
USE_PERLIO
USE_PERL_ATOF
Built under freebsd
Compiled at May 16 2021 16:11:18
%ENV:
PERL5LIB="/home/cpansand/.cpan/build/2022021722/WebService-Mackerel-0.05-0/blib/arch:/home/cpansand/.cpan/build/2022021722/WebService-Mackerel-0.05-0/blib/lib:/home/cpansand/.cpan/build/2022021722/Test-Double-0.05-0/blib/arch:/home/cpansand/.cpan/build/2022021722/Test-Double-0.05-0/blib/lib:/home/cpansand/.cpan/build/2022021722/Class-Monadic-0.04-0/blib/arch:/home/cpansand/.cpan/build/2022021722/Class-Monadic-0.04-0/blib/lib:/home/cpansand/.cpan/build/2022021722/Class-Method-Modifiers-Fast-0.041-0/blib/arch:/home/cpansand/.cpan/build/2022021722/Class-Method-Modifiers-Fast-0.041-0/blib/lib:/home/cpansand/.cpan/build/2022021722/Time-Piece-MySQL-0.06-0/blib/arch:/home/cpansand/.cpan/build/2022021722/Time-Piece-MySQL-0.06-0/blib/lib:/home/cpansand/.cpan/build/2022021722/Path-Tiny-0.122-0/blib/arch:/home/cpansand/.cpan/build/2022021722/Path-Tiny-0.122-0/blib/lib:/home/cpansand/.cpan/build/2022021722/IO-Socket-SSL-2.074-0/blib/arch:/home/cpansand/.cpan/build/2022021722/IO-Socket-SSL-2.074-0/blib/lib"
PERL5OPT=""
PERL5_CPANPLUS_IS_RUNNING="30808"
PERL5_CPAN_IS_RUNNING="30808"
PERL5_CPAN_IS_RUNNING_IN_RECURSION="29365,30808"
PERLDOC="-MPod::Perldoc::ToTextOverstrike"
PERL_BATCH="yes"
PERL_CANARY_STABILITY_NOPROMPT="1"
PERL_CPAN_REPORTER_CONFIG="/var/tmp/cpansmoker-1023/2022021721/cpanreporter_001_config.ini"
PERL_EXTUTILS_AUTOINSTALL="--defaultdeps"
PERL_USE_UNSAFE_INC="1"
@INC:
/home/cpansand/.cpan/build/2022021722/WebService-Mackerel-0.05-0/blib/arch
/home/cpansand/.cpan/build/2022021722/WebService-Mackerel-0.05-0/blib/lib
/home/cpansand/.cpan/build/2022021722/Test-Double-0.05-0/blib/arch
/home/cpansand/.cpan/build/2022021722/Test-Double-0.05-0/blib/lib
/home/cpansand/.cpan/build/2022021722/Class-Monadic-0.04-0/blib/arch
/home/cpansand/.cpan/build/2022021722/Class-Monadic-0.04-0/blib/lib
/home/cpansand/.cpan/build/2022021722/Class-Method-Modifiers-Fast-0.041-0/blib/arch
/home/cpansand/.cpan/build/2022021722/Class-Method-Modifiers-Fast-0.041-0/blib/lib
/home/cpansand/.cpan/build/2022021722/Time-Piece-MySQL-0.06-0/blib/arch
/home/cpansand/.cpan/build/2022021722/Time-Piece-MySQL-0.06-0/blib/lib
/home/cpansand/.cpan/build/2022021722/Path-Tiny-0.122-0/blib/arch
/home/cpansand/.cpan/build/2022021722/Path-Tiny-0.122-0/blib/lib
/home/cpansand/.cpan/build/2022021722/IO-Socket-SSL-2.074-0/blib/arch
/home/cpansand/.cpan/build/2022021722/IO-Socket-SSL-2.074-0/blib/lib
/usr/perl5.32.1Dp/lib/site_perl/5.32.1/amd64-freebsd-ld
/usr/perl5.32.1Dp/lib/site_perl/5.32.1
/usr/perl5.32.1Dp/lib/5.32.1/amd64-freebsd-ld
/usr/perl5.32.1Dp/lib/5.32.1
.