DBIx-Class-EncodedColumn v0.00018 Perl 5 v5.8.6 x86_64-linux
- Status
- Fail
- From
- Andreas J. König (ANDK)
- Dist
-
DBIx-Class-EncodedColumn v0.00018
- Platform
- Perl 5 v5.8.6 x86_64-linux
- Date
- 2019-09-16 18:25:26
- ID
- 5a9fd3a0-d8af-11e9-9fd5-5700dcff8710
This distribution has been tested as part of the CPAN Testers
project, supporting the Perl programming language. See
http://wiki.cpantesters.org/ for more information or email
questions to cpan-testers-discuss@perl.org
--
Dear Wallace Reis,
This is a computer-generated report for DBIx-Class-EncodedColumn-0.00018
on perl 5.8.6, created by CPAN-Reporter-1.2018.
Thank you for uploading your work to CPAN. However, there was a problem
testing your distribution.
If you think this report is invalid, please consult the CPAN Testers Wiki
for suggestions on how to avoid getting FAIL reports for missing library
or binary dependencies, unsupported operating systems, and so on:
http://wiki.cpantesters.org/wiki/CPANAuthorNotes
Sections of this report:
* Tester comments
* Program output
* Prerequisites
* Environment and other context
------------------------------
TESTER COMMENTS
------------------------------
Additional comments from tester:
this report is from an automated smoke testing program
and was not reviewed by a human for accuracy
------------------------------
PROGRAM OUTPUT
------------------------------
Output from './Build test':
t/author-pod-syntax.t ....... skipped: these tests are for testing by the author
{UNKNOWN}: {UNKNOWN}: Can't locate DBIx/Class/TimeStamp.pm in @INC (@INC contains: /tmp/loop_over_bdir-14091-VAibSY/DBIx-Class-EncodedColumn-0.00018-0/t/author/../lib /tmp/loop_over_bdir-14091-VAibSY/DBIx-Class-EncodedColumn-0.00018-0/blib/arch /tmp/loop_over_bdir-14091-VAibSY/DBIx-Class-EncodedColumn-0.00018-0/blib/lib /home/sand/src/perl/repoperls/installed-perls/host/k93msid/perl-5.8.6/6fdb/lib/5.8.6/x86_64-linux /home/sand/src/perl/repoperls/installed-perls/host/k93msid/perl-5.8.6/6fdb/lib/5.8.6 /home/sand/src/perl/repoperls/installed-perls/host/k93msid/perl-5.8.6/6fdb/lib/site_perl/5.8.6/x86_64-linux /home/sand/src/perl/repoperls/installed-perls/host/k93msid/perl-5.8.6/6fdb/lib/site_perl/5.8.6 /home/sand/src/perl/repoperls/installed-perls/host/k93msid/perl-5.8.6/6fdb/lib/site_perl .) at /home/sand/src/perl/repoperls/installed-perls/host/k93msid/perl-5.8.6/6fdb/lib/site_perl/5.8.6/Class/C3/Componentised.pm line 146. at /home/sand/src/perl/repoperls/installed-perls/host/k93msid/perl-5.8.6/6fdb/lib/site_perl/5.8.6/Class/C3/Componentised.pm line 151
Compilation failed in require at /home/sand/src/perl/repoperls/installed-perls/host/k93msid/perl-5.8.6/6fdb/lib/site_perl/5.8.6/Class/C3/Componentised.pm line 146. at /home/sand/src/perl/repoperls/installed-perls/host/k93msid/perl-5.8.6/6fdb/lib/site_perl/5.8.6/Class/C3/Componentised.pm line 151
# Looks like your test exited with 255 just after 1.
t/author/timestamp.t ........
Dubious, test returned 255 (wstat 65280, 0xff00)
Failed 7/8 subtests
{UNKNOWN}: Can't locate DBIx/Class/TimeStamp.pm in @INC (@INC contains: /tmp/loop_over_bdir-14091-VAibSY/DBIx-Class-EncodedColumn-0.00018-0/t/author/../lib /tmp/loop_over_bdir-14091-VAibSY/DBIx-Class-EncodedColumn-0.00018-0/blib/arch /tmp/loop_over_bdir-14091-VAibSY/DBIx-Class-EncodedColumn-0.00018-0/blib/lib /home/sand/src/perl/repoperls/installed-perls/host/k93msid/perl-5.8.6/6fdb/lib/5.8.6/x86_64-linux /home/sand/src/perl/repoperls/installed-perls/host/k93msid/perl-5.8.6/6fdb/lib/5.8.6 /home/sand/src/perl/repoperls/installed-perls/host/k93msid/perl-5.8.6/6fdb/lib/site_perl/5.8.6/x86_64-linux /home/sand/src/perl/repoperls/installed-perls/host/k93msid/perl-5.8.6/6fdb/lib/site_perl/5.8.6 /home/sand/src/perl/repoperls/installed-perls/host/k93msid/perl-5.8.6/6fdb/lib/site_perl .) at /home/sand/src/perl/repoperls/installed-perls/host/k93msid/perl-5.8.6/6fdb/lib/site_perl/5.8.6/Class/C3/Componentised.pm line 146.
at /home/sand/src/perl/repoperls/installed-perls/host/k93msid/perl-5.8.6/6fdb/lib/5.8.6/base.pm line 100.
Compilation failed in require at /home/sand/src/perl/repoperls/installed-perls/host/k93msid/perl-5.8.6/6fdb/lib/5.8.6/base.pm line 100.
...propagated at /home/sand/src/perl/repoperls/installed-perls/host/k93msid/perl-5.8.6/6fdb/lib/5.8.6/base.pm line 109.
BEGIN failed--compilation aborted at /tmp/loop_over_bdir-14091-VAibSY/DBIx-Class-EncodedColumn-0.00018-0/t/author/../lib/DigestTest/Schema/WithTimeStampChild.pm line 6.
Compilation failed in require at /home/sand/src/perl/repoperls/installed-perls/host/k93msid/perl-5.8.6/6fdb/lib/site_perl/5.8.6/Class/C3/Componentised.pm line 146. at /home/sand/src/perl/repoperls/installed-perls/host/k93msid/perl-5.8.6/6fdb/lib/site_perl/5.8.6/Class/C3/Componentised.pm line 151
t/author/timestamp_order.t ..
Dubious, test returned 255 (wstat 65280, 0xff00)
No subtests run
t/bcrypt.t .................. ok
t/class_level_encoders.t .... ok
t/crypt.t ................... ok
t/digest_sha.t .............. ok
t/open_pgp.t ................ ok
t/whirlpool.t ............... skipped: Digest::Whirlpool not available
Test Summary Report
-------------------
t/author/timestamp.t (Wstat: 65280 Tests: 1 Failed: 0)
Non-zero exit status: 255
Parse errors: Bad plan. You planned 8 tests but ran 1.
t/author/timestamp_order.t (Wstat: 65280 Tests: 0 Failed: 0)
Non-zero exit status: 255
Parse errors: No plan found in TAP output
Files=9, Tests=64, 7 wallclock secs ( 0.04 usr 0.08 sys + 2.15 cusr 0.38 csys = 2.65 CPU)
Result: FAIL
------------------------------
PREREQUISITES
------------------------------
Prerequisite modules loaded:
requires:
Module Need Have
------------------- ------- --------
DBIx::Class 0.06002 0.082841
Encode 0 3.01
Sub::Name 0.04 0.21
build_requires:
Module Need Have
------------------- ------- --------
DBD::SQLite 0 1.64
Dir::Self 0 0.11
File::Spec 0 3.75
File::Temp 0 0.2309
Test::Exception 0 0.43
Test::More 0 1.302165
configure_requires:
Module Need Have
------------------- ------- --------
Module::Build::Tiny 0.034 0.039
opt_requires:
Module Need Have
------------------- ------- --------
Crypt::OpenPGP 0 1.12
Digest 0 1.08
Digest::SHA 0 6.02
Math::Pari 0 2.030514
------------------------------
ENVIRONMENT AND OTHER CONTEXT
------------------------------
Environment variables:
AUTOMATED_TESTING = 1
LANG = en_US.UTF-8
PATH = /home/sand/bin:/usr/local/bin:/usr/bin:/bin:/usr/games:/usr/local/perl/bin:/usr/X11/bin:/sbin:/usr/sbin
PERL5LIB =
PERL5OPT =
PERL5_CPANPLUS_IS_RUNNING = 14096
PERL5_CPAN_IS_RUNNING = 14096
PERL_CANARY_STABILITY_NOPROMPT = 1
PERL_MM_USE_DEFAULT = 1
PERL_USE_UNSAFE_INC = 1
SHELL = /usr/bin/zsh
TERM = screen
Perl special variables (and OS-specific diagnostics, for MSWin32):
$^X = /home/sand/src/perl/repoperls/installed-perls/host/k93msid/perl-5.8.6/6fdb/bin/perl
$UID/$EUID = 1005 / 1005
$GID = 1005 1005
$EGID = 1005 1005
Perl module toolchain versions installed:
Module Have
------------------- --------
CPAN 2.27
CPAN::Meta 2.150010
Cwd 3.75
ExtUtils::CBuilder 0.280231
ExtUtils::Command 7.34
ExtUtils::Install 2.06
ExtUtils::MakeMaker 7.34
ExtUtils::Manifest 1.70
ExtUtils::ParseXS 3.35
File::Spec 3.75
JSON 4.02
JSON::PP 4.04
Module::Build 0.42_30
Module::Signature 0.83
Parse::CPAN::Meta 2.150010
Test::Harness 3.42
Test::More 1.302165
YAML n/a
YAML::Syck 1.31
version 0.9924
--
Summary of my perl5 (revision 5 version 8 subversion 6) configuration:
Platform:
osname=linux, osvers=4.18.0-2-amd64, archname=x86_64-linux
uname='linux k93msid 4.18.0-2-amd64 #1 smp debian 4.18.10-2 (2018-10-07) x86_64 gnulinux '
config_args='-Dprefix=/home/sand/src/perl/repoperls/installed-perls/host/k93msid/perl-5.8.6/6fdb -Dmyhostname=k93msid -Dinstallusrbinperl=n -Uversiononly -Dusedevel -des -Ui_db -Dlibswanted=cl pthread socket inet nsl gdbm dbm malloc dl ld sun m crypt sec util c cposix posix ucb BSD gdbm_compat -Uuseithreads -Uuselongdouble -Doptimize=-g'
hint=recommended, useposix=true, d_sigaction=define
usethreads=undef use5005threads=undef useithreads=undef usemultiplicity=undef
useperlio=define d_sfio=undef uselargefiles=define usesocks=undef
use64bitint=define use64bitall=define uselongdouble=undef
usemymalloc=n, bincompat5005=undef
Compiler:
cc='cc', ccflags ='-DDEBUGGING -fno-strict-aliasing -pipe -I/usr/local/include -D_LARGEFILE_SOURCE -D_FILE_OFFSET_BITS=64',
optimize='-g',
cppflags='-DDEBUGGING -fno-strict-aliasing -pipe -I/usr/local/include'
ccversion='', gccversion='8.2.0', gccosandvers=''
intsize=4, longsize=8, ptrsize=8, doublesize=8, byteorder=12345678
d_longlong=define, longlongsize=8, d_longdbl=define, longdblsize=16
ivtype='long', ivsize=8, nvtype='double', nvsize=8, Off_t='off_t', lseeksize=8
alignbytes=8, prototype=define
Linker and Libraries:
ld='cc', ldflags =' -L/usr/local/lib'
libpth=/usr/local/lib /lib/x86_64-linux-gnu /lib/../lib /usr/lib/x86_64-linux-gnu /usr/lib/../lib /lib /usr/lib
libs=-lpthread -lnsl -ldl -lm -lcrypt -lutil -lc
perllibs=-lpthread -lnsl -ldl -lm -lcrypt -lutil -lc
libc=libc-2.27.so, so=so, useshrplib=false, libperl=libperl.a
gnulibc_version='2.27'
Dynamic Linking:
dlsrc=dl_dlopen.xs, dlext=so, d_dlsymun=undef, ccdlflags='-Wl,-E'
cccdlflags='-fpic', lddlflags='-shared -L/usr/local/lib'
Characteristics of this binary (from libperl):
Compile-time options: DEBUGGING USE_64_BIT_INT USE_64_BIT_ALL USE_LARGE_FILES
Locally applied patches:
MAINT23539
Built under linux
Compiled at Dec 8 2018 17:08:57
%ENV:
PERL5LIB=""
PERL5OPT=""
PERL5_CPANPLUS_IS_RUNNING="14096"
PERL5_CPAN_IS_RUNNING="14096"
PERL_CANARY_STABILITY_NOPROMPT="1"
PERL_MM_USE_DEFAULT="1"
PERL_USE_UNSAFE_INC="1"
@INC:
/home/sand/src/perl/repoperls/installed-perls/host/k93msid/perl-5.8.6/6fdb/lib/5.8.6/x86_64-linux
/home/sand/src/perl/repoperls/installed-perls/host/k93msid/perl-5.8.6/6fdb/lib/5.8.6
/home/sand/src/perl/repoperls/installed-perls/host/k93msid/perl-5.8.6/6fdb/lib/site_perl/5.8.6/x86_64-linux
/home/sand/src/perl/repoperls/installed-perls/host/k93msid/perl-5.8.6/6fdb/lib/site_perl/5.8.6
/home/sand/src/perl/repoperls/installed-perls/host/k93msid/perl-5.8.6/6fdb/lib/site_perl
.