ETL-Yertl v0.044 Perl 5 v5.39.6 x86_64-linux
- Status
- Fail
- From
- Andreas J. König (ANDK)
- Dist
-
ETL-Yertl v0.044
- Platform
- Perl 5 v5.39.6 x86_64-linux
- Date
- 2024-01-15 12:55:26
- ID
- 5acd5f48-b3a5-11ee-8347-fdba660483f3
This distribution has been tested as part of the CPAN Testers
project, supporting the Perl programming language. See
http://wiki.cpantesters.org/ for more information or email
questions to cpan-testers-discuss@perl.org
--
Dear Doug Bell,
This is a computer-generated report for ETL-Yertl-0.044
on perl 5.39.6, created by CPAN-Reporter-1.2019.
Thank you for uploading your work to CPAN. However, there was a problem
testing your distribution.
If you think this report is invalid, please consult the CPAN Testers Wiki
for suggestions on how to avoid getting FAIL reports for missing library
or binary dependencies, unsupported operating systems, and so on:
http://wiki.cpantesters.org/wiki/CPANAuthorNotes
Sections of this report:
* Tester comments
* Program output
* Prerequisites
* Environment and other context
------------------------------
TESTER COMMENTS
------------------------------
Additional comments from tester:
this report is from an automated smoke testing program
and was not reviewed by a human for accuracy
------------------------------
PROGRAM OUTPUT
------------------------------
Output from '/usr/bin/make test':
PERL_DL_NONLAZY=1 "/tmp/basesmoker-reloperl-6rND/bin/perl" "-MExtUtils::Command::MM" "-MTest::Harness" "-e" "undef *Test::Harness::Switches; test_harness(0, 'blib/lib', 'blib/arch')" t/*.t t/adapter/*.t t/bin/*.t t/command/ygrok/*.t t/command/ygrok/pattern/*.t t/command/yq/*.t t/format/*.t t/integration/*.t
Attempt to call undefined import method with arguments ("load_module") via package "ETL::Yertl::Util" (Perhaps you forgot to load the package?) at /tmp/loop_over_bdir-3006-wlzTpj/ETL-Yertl-0.044-0/blib/lib/ETL/Yertl/Format.pm line 25.
t/00-compile.t ........................... ok
#
# Versions for all modules listed in MYMETA.json (including optional ones):
#
# === Configure Requires ===
#
# Module Want Have
# ------------------- ---- ----
# ExtUtils::MakeMaker any 7.70
#
# === Build Requires ===
#
# Module Want Have
# ------------------- ---- ----
# ExtUtils::MakeMaker any 7.70
#
# === Test Requires ===
#
# Module Want Have
# ------------------- -------- --------
# Capture::Tiny any 0.48
# Dir::Self any 0.11
# ExtUtils::MakeMaker any 7.70
# File::Spec any 3.90
# Future any 0.50
# IO::Handle any 1.55
# IPC::Open3 any 1.22
# JSON::PP any 4.16
# Mock::MonkeyPatch any 1.02
# Test::Deep any 1.204
# Test::Differences any 0.71
# Test::Exception any 0.43
# Test::Lib any 0.003
# Test::More 1.001005 1.302198
#
# === Test Recommends ===
#
# Module Want Have
# ---------- -------- --------
# CPAN::Meta 2.120900 2.150010
#
# === Runtime Requires ===
#
# Module Want Have
# ------------------- ---------- ----------
# File::HomeDir any 1.006
# File::Spec any 3.90
# Getopt::Long 2.36 2.57
# Hash::Merge::Simple any 0.051
# IO::Async 0.77 0.802
# IO::Interactive any 1.025
# Import::Base 0.010 1.004
# JSON::MaybeXS any 1.004005
# List::Util any 1.63
# Module::Runtime any 0.016
# Net::Async::HTTP any 0.49
# Path::Tiny 0.072 0.144
# Pod::Usage::Return any 0.003
# Regexp::Common 2013031301 2017060201
# SQL::Abstract any 2.000001
# Time::Local any 1.35
# Time::Piece any 1.3401_01
# URI any 5.21
# YAML::Tiny any 1.74
# boolean any 0.46
#
# === Runtime Recommends ===
#
# Module Want Have
# ------------ ---- -----
# DBD::SQLite any 1.74
# DBI any 1.643
# JSON::PP any 4.16
# JSON::XS any 4.03
# Text::CSV any 2.04
# Text::CSV_XS any 1.53
# YAML::Syck any 1.34
# YAML::XS any 0.88
#
t/00-report-prereqs.t .................... ok
t/adapter/graphite.t ..................... ok
t/adapter/influxdb.t ..................... ok
t/bin/yfrom.t ............................ ok
t/bin/ygrok.t ............................ ok
t/bin/yq.t ............................... ok
# Failed test at t/bin/ysql.t line 516.
# Comparing $data as a Bag
# Missing: 1 reference
# Looks like you failed 1 test of 3.
# Failed test '--where'
# at t/bin/ysql.t line 524.
# Looks like you failed 1 test of 5.
# Failed test '--select'
# at t/bin/ysql.t line 575.
# Failed test at t/bin/ysql.t line 600.
# Comparing $data as a Bag
# Missing: 1 reference
# Extra: 1 reference
# Looks like you failed 1 test of 3.
# Failed test '--where'
# at t/bin/ysql.t line 605.
# Looks like you failed 1 test of 4.
# Failed test '--count'
# at t/bin/ysql.t line 606.
# Failed test at t/bin/ysql.t line 667.
# Comparing $data as a Bag
# Extra: 1 reference
# Looks like you failed 1 test of 4.
# Failed test '--where'
# at t/bin/ysql.t line 672.
# Looks like you failed 1 test of 5.
# Failed test '--delete'
# at t/bin/ysql.t line 674.
# Looks like you failed 3 tests of 4.
# Failed test 'sql helper options'
# at t/bin/ysql.t line 675.
# Looks like you failed 1 test of 6.
# Failed test 'query'
# at t/bin/ysql.t line 928.
# Looks like you failed 1 test of 4.
t/bin/ysql.t .............................
Dubious, test returned 1 (wstat 256, 0x100)
Failed 1/4 subtests
t/bin/yto.t .............................. ok
t/bin/yts.t .............................. ok
t/command/ygrok/edit_patterns.t .......... ok
t/command/ygrok/pattern/http_combined.t .. ok
t/command/ygrok/pattern/http_common.t .... ok
t/command/ygrok/pattern/linux_proc.t ..... ok
t/command/ygrok/pattern/ls-l.t ........... ok
t/command/ygrok/pattern/ps-u.t ........... ok
t/command/ygrok/pattern/ps-x.t ........... ok
t/command/ygrok/pattern/ps.t ............. ok
t/command/ygrok/pattern/syslog.t ......... ok
t/command/yq/combinator.t ................ ok
t/command/yq/comparison.t ................ ok
t/command/yq/conditional.t ............... ok
t/command/yq/filter.t .................... ok
t/command/yq/functions.t ................. ok
t/command/yq/regression.t ................ ok
t/command/yq/values.t .................... ok
t/format.t ............................... ok
t/format/csv.t ........................... ok
Prototype mismatch: sub main::decode_json ($) vs none at /home/sand/src/perl/repoperls/installed-perls/host/k93jammy/v5.39.6/6567/lib/5.39.6/Exporter.pm line 63.
at (eval 33) line 1.
t/format/json.t .......................... ok
t/format/yaml.t .......................... ok
t/format_stream.t ........................ ok
t/helpers.t .............................. ok
t/input_series.t ......................... ok
t/integration/parse_apache_log.t ......... ok
t/transform.t ............................ ok
Test Summary Report
-------------------
t/bin/ysql.t (Wstat: 256 (exited 1) Tests: 4 Failed: 1)
Failed test: 4
Non-zero exit status: 1
Files=35, Tests=124, 11 wallclock secs ( 0.17 usr 0.07 sys + 8.59 cusr 1.66 csys = 10.49 CPU)
Result: FAIL
Failed 1/35 test programs. 1/124 subtests failed.
make: *** [Makefile:1051: test_dynamic] Error 255
------------------------------
PREREQUISITES
------------------------------
Prerequisite modules loaded:
requires:
Module Need Have
------------------- ---------- ----------
boolean 0 0.46
File::HomeDir 0 1.006
File::Spec 0 3.90
Getopt::Long 2.36 2.57
Hash::Merge::Simple 0 0.051
Import::Base 0.010 1.004
IO::Async 0.77 0.802
IO::Interactive 0 1.025
JSON::MaybeXS 0 1.004005
List::Util 0 1.63
Module::Runtime 0 0.016
Net::Async::HTTP 0 0.49
Path::Tiny 0.072 0.144
perl 5.010 5.039006
Pod::Usage::Return 0 0.003
Regexp::Common 2013031301 2017060201
SQL::Abstract 0 2.000001
Time::Local 0 1.35
Time::Piece 0 1.3401_01
URI 0 5.21
YAML::Tiny 0 1.74
build_requires:
Module Need Have
------------------- ---------- ----------
Capture::Tiny 0 0.48
Dir::Self 0 0.11
ExtUtils::MakeMaker 0 7.70
File::Spec 0 3.90
Future 0 0.50
IO::Handle 0 1.55
IPC::Open3 0 1.22
JSON::PP 0 4.16
Mock::MonkeyPatch 0 1.02
Test::Deep 0 1.204
Test::Differences 0 0.71
Test::Exception 0 0.43
Test::Lib 0 0.003
Test::More 1.001005 1.302198
configure_requires:
Module Need Have
------------------- ---------- ----------
ExtUtils::MakeMaker 0 7.70
opt_requires:
Module Need Have
------------------- ---------- ----------
DBD::SQLite 0 1.74
DBI 0 1.643
JSON::PP 0 4.16
JSON::XS 0 4.03
Text::CSV 0 2.04
Text::CSV_XS 0 1.53
YAML::Syck 0 1.34
YAML::XS 0 0.88
------------------------------
ENVIRONMENT AND OTHER CONTEXT
------------------------------
Environment variables:
AUTOMATED_TESTING = 1
LANG = en_US.UTF-8
LC_ADDRESS = de_DE.UTF-8
LC_IDENTIFICATION = de_DE.UTF-8
LC_MEASUREMENT = de_DE.UTF-8
LC_MONETARY = de_DE.UTF-8
LC_NAME = de_DE.UTF-8
LC_NUMERIC = de_DE.UTF-8
LC_PAPER = de_DE.UTF-8
LC_TELEPHONE = de_DE.UTF-8
LC_TIME = de_DE.UTF-8
PATH = /home/sand/bin:/usr/local/bin:/usr/local/sbin:/usr/sbin:/usr/bin:/sbin:/bin:/usr/games:/usr/local/games:/snap/bin:/usr/local/perl/bin:/usr/X11/bin
PERL5LIB = /tmp/loop_over_bdir-3006-wlzTpj/App-rmcd-0.280-0/blib/arch:/tmp/loop_over_bdir-3006-wlzTpj/App-rmcd-0.280-0/blib/lib:/tmp/loop_over_bdir-3006-wlzTpj/Business-Shipping-DataFiles-1.02-0/blib/arch:/tmp/loop_over_bdir-3006-wlzTpj/Business-Shipping-DataFiles-1.02-0/blib/lib:/tmp/loop_over_bdir-3006-wlzTpj/dta-tokwrap-0.98-0/blib/arch:/tmp/loop_over_bdir-3006-wlzTpj/dta-tokwrap-0.98-0/blib/lib:/tmp/loop_over_bdir-3006-wlzTpj/Linux-InitFS-0.2-0/blib/arch:/tmp/loop_over_bdir-3006-wlzTpj/Linux-InitFS-0.2-0/blib/lib:/tmp/loop_over_bdir-3006-wlzTpj/Devel-Required-0.16-0/blib/arch:/tmp/loop_over_bdir-3006-wlzTpj/Devel-Required-0.16-0/blib/lib:/tmp/loop_over_bdir-3006-wlzTpj/Lingua-YaTeA-0.626-0/blib/arch:/tmp/loop_over_bdir-3006-wlzTpj/Lingua-YaTeA-0.626-0/blib/lib
PERL5OPT =
PERL5_CPANPLUS_IS_RUNNING = 3019
PERL5_CPAN_IS_RUNNING = 3019
PERL_CANARY_STABILITY_NOPROMPT = 1
PERL_MM_USE_DEFAULT = 1
PERL_USE_UNSAFE_INC = 1
SHELL = /usr/bin/zsh
TERM = screen
Perl special variables (and OS-specific diagnostics, for MSWin32):
$^X = /tmp/basesmoker-reloperl-6rND/bin/perl
$UID/$EUID = 1005 / 1005
$GID = 1005 1005
$EGID = 1005 1005
Perl module toolchain versions installed:
Module Have
------------------- --------
CPAN 2.36
CPAN::Meta 2.150010
Cwd 3.90
ExtUtils::CBuilder 0.280240
ExtUtils::Command 7.70
ExtUtils::Install 2.22
ExtUtils::MakeMaker 7.70
ExtUtils::Manifest 1.75
ExtUtils::ParseXS 3.51
File::Spec 3.90
JSON 4.10
JSON::PP 4.16
Module::Build 0.4234
Module::Signature 0.88
Parse::CPAN::Meta 2.150010
Test2 1.302198
Test::Harness 3.48
Test::More 1.302198
YAML 1.31
YAML::Syck 1.34
version 0.9930
--
Summary of my perl5 (revision 5 version 39 subversion 6) configuration:
Commit id: 19d146d89647634621ee2291d0baa267addfef3d
Platform:
osname=linux
osvers=6.2.0-39-generic
archname=x86_64-linux
uname='linux k93jammy 6.2.0-39-generic #40~22.04.1-ubuntu smp preempt_dynamic thu nov 16 10:53:04 utc 2 x86_64 x86_64 x86_64 gnulinux '
config_args='-Dprefix=/home/sand/src/perl/repoperls/installed-perls/host/k93jammy/v5.39.6/6567 -Dmyhostname=k93jammy -Dinstallusrbinperl=n -Uversiononly -Dusedevel -des -Ui_db -Dlibswanted=cl pthread socket inet nsl gdbm dbm malloc dl ld sun m crypt sec util c cposix posix ucb BSD gdbm_compat -Uuseithreads -Uuselongdouble -DEBUGGING=-g'
hint=recommended
useposix=true
d_sigaction=define
useithreads=undef
usemultiplicity=undef
use64bitint=define
use64bitall=define
uselongdouble=undef
usemymalloc=n
default_inc_excludes_dot=define
Compiler:
cc='cc'
ccflags ='-fwrapv -fno-strict-aliasing -pipe -fstack-protector-strong -I/usr/local/include -D_LARGEFILE_SOURCE -D_FILE_OFFSET_BITS=64'
optimize='-O2 -g'
cppflags='-fwrapv -fno-strict-aliasing -pipe -fstack-protector-strong -I/usr/local/include'
ccversion=''
gccversion='11.4.0'
gccosandvers=''
intsize=4
longsize=8
ptrsize=8
doublesize=8
byteorder=12345678
doublekind=3
d_longlong=define
longlongsize=8
d_longdbl=define
longdblsize=16
longdblkind=3
ivtype='long'
ivsize=8
nvtype='double'
nvsize=8
Off_t='off_t'
lseeksize=8
alignbytes=8
prototype=define
Linker and Libraries:
ld='cc'
ldflags =' -fstack-protector-strong -L/usr/local/lib'
libpth=/usr/local/lib /usr/lib/x86_64-linux-gnu /usr/lib /usr/lib64
libs=-lpthread -lnsl -ldl -lm -lcrypt -lutil -lc
perllibs=-lpthread -lnsl -ldl -lm -lcrypt -lutil -lc
libc=/lib/x86_64-linux-gnu/libc.so.6
so=so
useshrplib=false
libperl=libperl.a
gnulibc_version='2.35'
Dynamic Linking:
dlsrc=dl_dlopen.xs
dlext=so
d_dlsymun=undef
ccdlflags='-Wl,-E'
cccdlflags='-fPIC'
lddlflags='-shared -O2 -g -L/usr/local/lib -fstack-protector-strong'
Characteristics of this binary (from libperl):
Compile-time options:
HAS_LONG_DOUBLE
HAS_STRTOLD
HAS_TIMES
PERLIO_LAYERS
PERL_COPY_ON_WRITE
PERL_DONT_CREATE_GVSV
PERL_HASH_FUNC_SIPHASH13
PERL_HASH_USE_SBOX32
PERL_MALLOC_WRAP
PERL_OP_PARENT
PERL_PRESERVE_IVUV
PERL_USE_DEVEL
PERL_USE_SAFE_PUTENV
USE_64_BIT_ALL
USE_64_BIT_INT
USE_LARGE_FILES
USE_LOCALE
USE_LOCALE_COLLATE
USE_LOCALE_CTYPE
USE_LOCALE_NUMERIC
USE_LOCALE_TIME
USE_PERLIO
USE_PERL_ATOF
Built under linux
Compiled at Dec 31 2023 09:56:34
%ENV:
PERL5LIB="/tmp/loop_over_bdir-3006-wlzTpj/App-rmcd-0.280-0/blib/arch:/tmp/loop_over_bdir-3006-wlzTpj/App-rmcd-0.280-0/blib/lib:/tmp/loop_over_bdir-3006-wlzTpj/Business-Shipping-DataFiles-1.02-0/blib/arch:/tmp/loop_over_bdir-3006-wlzTpj/Business-Shipping-DataFiles-1.02-0/blib/lib:/tmp/loop_over_bdir-3006-wlzTpj/dta-tokwrap-0.98-0/blib/arch:/tmp/loop_over_bdir-3006-wlzTpj/dta-tokwrap-0.98-0/blib/lib:/tmp/loop_over_bdir-3006-wlzTpj/Linux-InitFS-0.2-0/blib/arch:/tmp/loop_over_bdir-3006-wlzTpj/Linux-InitFS-0.2-0/blib/lib:/tmp/loop_over_bdir-3006-wlzTpj/Devel-Required-0.16-0/blib/arch:/tmp/loop_over_bdir-3006-wlzTpj/Devel-Required-0.16-0/blib/lib:/tmp/loop_over_bdir-3006-wlzTpj/Lingua-YaTeA-0.626-0/blib/arch:/tmp/loop_over_bdir-3006-wlzTpj/Lingua-YaTeA-0.626-0/blib/lib"
PERL5OPT=""
PERL5_CPANPLUS_IS_RUNNING="3019"
PERL5_CPAN_IS_RUNNING="3019"
PERL_CANARY_STABILITY_NOPROMPT="1"
PERL_MM_USE_DEFAULT="1"
PERL_USE_UNSAFE_INC="1"
@INC:
/tmp/loop_over_bdir-3006-wlzTpj/App-rmcd-0.280-0/blib/arch
/tmp/loop_over_bdir-3006-wlzTpj/App-rmcd-0.280-0/blib/lib
/tmp/loop_over_bdir-3006-wlzTpj/Business-Shipping-DataFiles-1.02-0/blib/arch
/tmp/loop_over_bdir-3006-wlzTpj/Business-Shipping-DataFiles-1.02-0/blib/lib
/tmp/loop_over_bdir-3006-wlzTpj/dta-tokwrap-0.98-0/blib/arch
/tmp/loop_over_bdir-3006-wlzTpj/dta-tokwrap-0.98-0/blib/lib
/tmp/loop_over_bdir-3006-wlzTpj/Linux-InitFS-0.2-0/blib/arch
/tmp/loop_over_bdir-3006-wlzTpj/Linux-InitFS-0.2-0/blib/lib
/tmp/loop_over_bdir-3006-wlzTpj/Devel-Required-0.16-0/blib/arch
/tmp/loop_over_bdir-3006-wlzTpj/Devel-Required-0.16-0/blib/lib
/tmp/loop_over_bdir-3006-wlzTpj/Lingua-YaTeA-0.626-0/blib/arch
/tmp/loop_over_bdir-3006-wlzTpj/Lingua-YaTeA-0.626-0/blib/lib
/home/sand/src/perl/repoperls/installed-perls/host/k93jammy/v5.39.6/6567/lib/site_perl/5.39.6/x86_64-linux
/home/sand/src/perl/repoperls/installed-perls/host/k93jammy/v5.39.6/6567/lib/site_perl/5.39.6
/home/sand/src/perl/repoperls/installed-perls/host/k93jammy/v5.39.6/6567/lib/5.39.6/x86_64-linux
/home/sand/src/perl/repoperls/installed-perls/host/k93jammy/v5.39.6/6567/lib/5.39.6
.