Promise-ES6 v0.28 Perl 5 v5.41.2 amd64-netbsd-thread-multi

Status
Fail
From
Carlos Guevara
Dist
Promise-ES6 v0.28
Platform
Perl 5 v5.41.2 amd64-netbsd-thread-multi
Date
2024-07-16 05:00:43
ID
5b053164-4330-11ef-bf08-8f59c5af38ea
This distribution has been tested as part of the CPAN Testers
project, supporting the Perl programming language.  See
http://wiki.cpantesters.org/ for more information or email
questions to cpan-testers-discuss@perl.org


--
Dear Felipe Gasper,

This is a computer-generated report for Promise-ES6-0.28
on perl 5.41.2, created by CPAN-Reporter-1.2019.

Thank you for uploading your work to CPAN.  However, there was a problem
testing your distribution.

If you think this report is invalid, please consult the CPAN Testers Wiki
for suggestions on how to avoid getting FAIL reports for missing library
or binary dependencies, unsupported operating systems, and so on:

http://wiki.cpantesters.org/wiki/CPANAuthorNotes

Sections of this report:

    * Tester comments
    * Program output
    * Prerequisites
    * Environment and other context

------------------------------
TESTER COMMENTS
------------------------------

Additional comments from tester:

this report is from an automated smoke testing program
and was not reviewed by a human for accuracy

------------------------------
PROGRAM OUTPUT
------------------------------

Output from '/usr/bin/make test':

PERL_DL_NONLAZY=1 "/home/cpan/bin/perl/bin/perl5.41.2" "-MExtUtils::Command::MM" "-MTest::Harness" "-e" "undef *Test::Harness::Switches; test_harness(0, 'blib/lib', 'blib/arch')" t/*.t
# Devel::GlobalDestruction is available and loaded.
t/all.t ........................... ok
# Devel::GlobalDestruction is available and loaded.
t/all_async.t ..................... ok
# Devel::GlobalDestruction is available and loaded.
t/allsettled.t .................... ok
t/anyevent.t ...................... ok
# Test::Future::AsyncAwait::Awaitable 0.66
t/async_await.t ................... ok
t/async_await_additional.t ........ skipped: No AnyEvent
t/async_await_sync.t .............. ok
# Devel::GlobalDestruction is available and loaded.
t/await.t ......................... ok
# Devel::GlobalDestruction is available and loaded.
# MASTER PID: 15850
t/await_then_with_async.t ......... ok
# Devel::GlobalDestruction is available and loaded.
t/await_with_async.t .............. ok
# Devel::GlobalDestruction is available and loaded.
t/catch.t ......................... ok
# Devel::GlobalDestruction is available and loaded.
t/catch_asyncreject.t ............. ok
# Devel::GlobalDestruction is available and loaded.
t/finally.t ....................... ok
t/future.t ........................ ok
Promise::ES6=ARRAY(0x72debda62ab0): Unhandled rejection: abc at -e line 1.
# [
#   ''
# ]
t/global_destruction.t ............ ok
t/ioasync.t ....................... ok
# Devel::GlobalDestruction is available and loaded.
t/memory_leaks.t .................. ok
t/mojo.t .......................... ok
# Devel::GlobalDestruction is available and loaded.
t/multi_then.t .................... ok
t/no_leak_stashed_ref.t ........... ok
# Devel::GlobalDestruction is available and loaded.
t/race.t .......................... ok
# Devel::GlobalDestruction is available and loaded.
XXX XXX XXX --- PID 28923: DESTROYing Promise::ES6=ARRAY(0x7e3c21559528) at DESTRUCT time!
$VAR1 = bless( [
                 28923,
                 [],
                 bless( do{\(my $o = undef)}, 'Promise::ES6::_PENDING' ),
                 undef,
                 sub { "DUMMY" },
                 sub { "DUMMY" },
                 undef
               ], 'Promise::ES6' );
XXX XXX XXX --- PID 28923: DESTROYing Promise::ES6=ARRAY(0x7e3c21901018) at DESTRUCT time!
$VAR1 = bless( [
                 28923,
                 [],
                 undef,
                 undef,
                 undef,
                 undef,
                 undef,
                 undef,
                 undef
               ], 'Promise::ES6' );
XXX XXX XXX --- PID 28923: DESTROYing Promise::ES6=ARRAY(0x7e3c23c40690) at DESTRUCT time!
$VAR1 = bless( [
                 28923,
                 [
                   undef
                 ],
                 bless( do{\(my $o = undef)}, 'Promise::ES6::_PENDING' ),
                 undef
               ], 'Promise::ES6' );
t/race_async.t .................... 
Dubious, test returned 1 (wstat 256, 0x100)
All 1 subtests passed 
# Devel::GlobalDestruction is available and loaded.
XXX XXX XXX --- PID 14988: DESTROYing Promise::ES6=ARRAY(0x754bbefd0450) at DESTRUCT time!
$VAR1 = bless( [
                 14988,
                 [],
                 bless( do{\(my $o = undef)}, 'Promise::ES6::_PENDING' ),
                 undef,
                 sub { "DUMMY" },
                 sub { "DUMMY" },
                 undef
               ], 'Promise::ES6' );
XXX XXX XXX --- PID 14988: DESTROYing Promise::ES6=ARRAY(0x754bbeff03d8) at DESTRUCT time!
$VAR1 = bless( [
                 14988,
                 [],
                 bless( do{\(my $o = {
                            'message' => 'fail'
                          })}, 'Promise::ES6::_REJECTION' ),
                 undef,
                 undef,
                 undef,
                 undef,
                 undef,
                 undef
               ], 'Promise::ES6' );
XXX XXX XXX --- PID 14988: DESTROYing Promise::ES6=ARRAY(0x754bc16f9678) at DESTRUCT time!
$VAR1 = bless( [
                 14988,
                 [
                   undef
                 ],
                 bless( do{\(my $o = undef)}, 'Promise::ES6::_PENDING' ),
                 undef
               ], 'Promise::ES6' );
t/race_fail.t ..................... 
Dubious, test returned 1 (wstat 256, 0x100)
All 1 subtests passed 
# Devel::GlobalDestruction is available and loaded.
XXX XXX XXX --- PID 7421: DESTROYing Promise::ES6=ARRAY(0x7af265df54b0) at DESTRUCT time!
$VAR1 = bless( [
                 7421,
                 [],
                 undef,
                 undef,
                 undef,
                 undef,
                 undef,
                 undef,
                 undef
               ], 'Promise::ES6' );
XXX XXX XXX --- PID 7421: DESTROYing Promise::ES6=ARRAY(0x7af2681356a8) at DESTRUCT time!
$VAR1 = bless( [
                 7421,
                 [],
                 bless( do{\(my $o = 1)}, 'Promise::ES6::_RESOLUTION' ),
                 undef,
                 undef,
                 undef,
                 undef,
                 undef,
                 undef
               ], 'Promise::ES6' );
t/race_success.t .................. 
Dubious, test returned 1 (wstat 256, 0x100)
All 1 subtests passed 
# Devel::GlobalDestruction is available and loaded.
t/reject.t ........................ ok
# Devel::GlobalDestruction is available and loaded.
t/resolve.t ....................... ok
# Devel::GlobalDestruction is available and loaded.
t/then.t .......................... ok
# Devel::GlobalDestruction is available and loaded.
t/then_catch.t .................... ok
# Devel::GlobalDestruction is available and loaded.
t/then_promise.t .................. ok
# Devel::GlobalDestruction is available and loaded.
t/then_success.t .................. ok
# Devel::GlobalDestruction is available and loaded.
t/then_success_with_no_handler.t .. ok
# Devel::GlobalDestruction is available and loaded.
t/unhandled_rejection.t ........... ok
t/use_event_anyevent.t ............ ok
t/use_event_ioasync.t ............. ok
t/use_event_mojolicious.t ......... ok

Test Summary Report
-------------------
t/race_async.t                  (Wstat: 256 (exited 1) Tests: 1 Failed: 0)
  Non-zero exit status: 1
t/race_fail.t                   (Wstat: 256 (exited 1) Tests: 1 Failed: 0)
  Non-zero exit status: 1
t/race_success.t                (Wstat: 256 (exited 1) Tests: 1 Failed: 0)
  Non-zero exit status: 1
Files=35, Tests=163,  6 wallclock secs ( 0.11 usr  0.05 sys +  2.85 cusr  1.00 csys =  4.01 CPU)
Result: FAIL
Failed 3/35 test programs. 0/163 subtests failed.
*** Error code 255

Stop.
make: stopped in /home/cpan/.cpan/build/Promise-ES6-0.28-0

------------------------------
PREREQUISITES
------------------------------

Prerequisite modules loaded:

build_requires:

    Module                        Need     Have    
    ----------------------------- -------- --------
    autodie                       0        2.37    
    ExtUtils::MakeMaker           0        7.70    
    FindBin                       0        1.54    
    Test::Class                   0        0.52    
    Test::Deep                    0        1.204   
    Test::FailWarnings            0        0.008   
    Test::Fatal                   0        0.017   
    Test::More                    1.302103 1.302199

configure_requires:

    Module                        Need     Have    
    ----------------------------- -------- --------
    ExtUtils::MakeMaker::CPANfile 0.09     0.09    


------------------------------
ENVIRONMENT AND OTHER CONTEXT
------------------------------

Environment variables:

    AUTOMATED_TESTING = 1
    DATE_MANIP_TEST_DM5 = 1
    LC_ALL = C
    NONINTERACTIVE_TESTING = 1
    NO_NETWORK_TESTING = 1
    PATH = /home/cpan/bin/perl/bin:/home/cpan/bin:/home/cpan/bin:/bin:/sbin:/usr/bin:/usr/sbin:/usr/X11R7/bin:/usr/pkg/bin:/usr/pkg/sbin:/usr/games:/usr/local/bin:/usr/local/sbin
    PERL5LIB = 
    PERL5OPT = 
    PERL5_CPANPLUS_IS_RUNNING = 16207
    PERL5_CPAN_IS_RUNNING = 16207
    PERL_MM_USE_DEFAULT = 1
    PERL_USE_UNSAFE_INC = 1
    SHELL = /usr/pkg/bin/bash
    TERM = screen
    TMPDIR = /home/cpan/tmp

Perl special variables (and OS-specific diagnostics, for MSWin32):

    $^X = /home/cpan/bin/perl/bin/perl5.41.2
    $UID/$EUID = 1001 / 1001
    $GID = 100 100
    $EGID = 100 100

Perl module toolchain versions installed:

    Module              Have    
    ------------------- --------
    CPAN                2.36    
    CPAN::Meta          2.150010
    Cwd                 3.91    
    ExtUtils::CBuilder  0.280240
    ExtUtils::Command   7.70    
    ExtUtils::Install   2.22    
    ExtUtils::MakeMaker 7.70    
    ExtUtils::Manifest  1.75    
    ExtUtils::ParseXS   3.52    
    File::Spec          3.91    
    JSON                4.10    
    JSON::PP            4.16    
    Module::Build       0.4234  
    Module::Signature   0.88    
    Parse::CPAN::Meta   2.150010
    Test2               1.302199
    Test::Harness       3.48    
    Test::More          1.302199
    YAML                1.31    
    YAML::Syck          1.34    
    version             0.9932  


--

Summary of my perl5 (revision 5 version 41 subversion 2) configuration:
  Commit id: 3c9d78c0eb151a4917a98f20de4b2bd603dbef05
  Platform:
    osname=netbsd
    osvers=10.0
    archname=amd64-netbsd-thread-multi
    uname='netbsd cjg-netbsd10 10.0 netbsd 10.0 (generic) #0: thu mar 28 08:33:33 utc 2024 mkrepro@mkrepro.netbsd.org:usrsrcsysarchamd64compilegeneric amd64 '
    config_args='-des -Dprefix=/home/cpan/bin/perl -Dscriptdir=/home/cpan/bin/perl/bin -Dusedevel -Duse64bitall -Duseithreads'
    hint=recommended
    useposix=true
    d_sigaction=define
    useithreads=define
    usemultiplicity=define
    use64bitint=define
    use64bitall=define
    uselongdouble=undef
    usemymalloc=n
    default_inc_excludes_dot=define
  Compiler:
    cc='cc'
    ccflags ='-fwrapv -fno-strict-aliasing -pipe -fstack-protector-strong -I/usr/pkg/include -D_FORTIFY_SOURCE=2'
    optimize='-O'
    cppflags='-fwrapv -fno-strict-aliasing -pipe -fstack-protector-strong -I/usr/pkg/include'
    ccversion=''
    gccversion='10.5.0'
    gccosandvers=''
    intsize=4
    longsize=8
    ptrsize=8
    doublesize=8
    byteorder=12345678
    doublekind=3
    d_longlong=define
    longlongsize=8
    d_longdbl=define
    longdblsize=16
    longdblkind=3
    ivtype='long'
    ivsize=8
    nvtype='double'
    nvsize=8
    Off_t='off_t'
    lseeksize=8
    alignbytes=8
    prototype=define
  Linker and Libraries:
    ld='cc'
    ldflags =' -Wl,-rpath,/usr/pkg/lib -Wl,-rpath,/usr/local/lib -fstack-protector-strong -L/usr/pkg/lib'
    libpth=/usr/lib /usr/pkg/lib /lib
    libs=-lpthread -lm -lcrypt -lutil -lc -lposix
    perllibs=-lpthread -lm -lcrypt -lutil -lc -lposix
    libc=/lib/libc.so
    so=so
    useshrplib=false
    libperl=libperl.a
    gnulibc_version=''
  Dynamic Linking:
    dlsrc=dl_dlopen.xs
    dlext=so
    d_dlsymun=undef
    ccdlflags='-Wl,-E '
    cccdlflags='-DPIC -fPIC '
    lddlflags='-shared  -L/usr/pkg/lib -fstack-protector-strong'


Characteristics of this binary (from libperl): 
  Compile-time options:
    HAS_LONG_DOUBLE
    HAS_STRTOLD
    HAS_TIMES
    MULTIPLICITY
    PERLIO_LAYERS
    PERL_COPY_ON_WRITE
    PERL_DONT_CREATE_GVSV
    PERL_HASH_FUNC_SIPHASH13
    PERL_HASH_USE_SBOX32
    PERL_MALLOC_WRAP
    PERL_OP_PARENT
    PERL_PRESERVE_IVUV
    PERL_USE_DEVEL
    PERL_USE_SAFE_PUTENV
    USE_64_BIT_ALL
    USE_64_BIT_INT
    USE_ITHREADS
    USE_LARGE_FILES
    USE_LOCALE
    USE_LOCALE_COLLATE
    USE_LOCALE_CTYPE
    USE_LOCALE_NUMERIC
    USE_LOCALE_TIME
    USE_PERLIO
    USE_PERL_ATOF
    USE_REENTRANT_API
  Built under netbsd
  Compiled at Jul 15 2024 13:48:36
  %ENV:
    PERL5LIB=""
    PERL5OPT=""
    PERL5_CPANPLUS_IS_RUNNING="16207"
    PERL5_CPAN_IS_RUNNING="16207"
    PERL_MM_USE_DEFAULT="1"
    PERL_USE_UNSAFE_INC="1"
  @INC:
    /home/cpan/bin/perl/lib/site_perl/5.41.2/amd64-netbsd-thread-multi
    /home/cpan/bin/perl/lib/site_perl/5.41.2
    /home/cpan/bin/perl/lib/5.41.2/amd64-netbsd-thread-multi
    /home/cpan/bin/perl/lib/5.41.2
    .