Report for FormValidator-Nested-0.07

Back
From: metabase:user:314402c4-2aae-11df-837a-5e0a49663a4f
Subject: FAIL FormValidator-Nested-0.07 v5.24.1 GNU/Linux
Date: 2017-02-01T23:37:12Z

This distribution has been tested as part of the CPAN Testers
project, supporting the Perl programming language.  See
http://wiki.cpantesters.org/ for more information or email
questions to cpan-testers-discuss@perl.org


--
Dear Masahiro Chiba,

This is a computer-generated report for FormValidator-Nested-0.07
on perl 5.24.1, created by CPAN-Reporter-1.2018.

Thank you for uploading your work to CPAN.  However, there was a problem
testing your distribution.

If you think this report is invalid, please consult the CPAN Testers Wiki
for suggestions on how to avoid getting FAIL reports for missing library
or binary dependencies, unsupported operating systems, and so on:

http://wiki.cpantesters.org/wiki/CPANAuthorNotes

Sections of this report:

    * Tester comments
    * Program output
    * Prerequisites
    * Environment and other context

------------------------------
TESTER COMMENTS
------------------------------

Additional comments from tester:

none provided

------------------------------
PROGRAM OUTPUT
------------------------------

Output from '/usr/bin/make test':

PERL_DL_NONLAZY=1 "/opt/perl-5.24.1/bin/perl5.24.1" "-MExtUtils::Command::MM" "-MTest::Harness" "-e" "undef *Test::Harness::Switches; test_harness(0, 'inc', 'blib/lib', 'blib/arch')" t/*.t t/*/*.t t/*/*/*.t t/*/*/*/*.t
Possible precedence issue with control flow operator at /home/cpansand/.cpan/build/2017020121/FormValidator-Nested-0.07-0/inc/Test/Builder.pm line 858.
Any::Moose is deprecated. Please use Moo instead at /home/cpansand/.cpan/build/2017020121/FormValidator-Nested-0.07-0/blib/lib/FormValidator/Nested.pm line 2.
Unescaped left brace in regex is deprecated, passed through in regex; marked by <-- HERE in m/\${ <-- HERE ([^}]*)}/ at /home/cpansand/.cpan/build/2017020121/FormValidator-Nested-0.07-0/blib/lib/FormValidator/Nested/Result/Param.pm line 50.
t/00_compile.t ....................................... ok
Possible precedence issue with control flow operator at /home/cpansand/.cpan/build/2017020121/FormValidator-Nested-0.07-0/inc/Test/Builder.pm line 858.
Any::Moose is deprecated. Please use Moo instead at /home/cpansand/.cpan/build/2017020121/FormValidator-Nested-0.07-0/blib/lib/FormValidator/Nested.pm line 2.
Unescaped left brace in regex is deprecated, passed through in regex; marked by <-- HERE in m/\${ <-- HERE ([^}]*)}/ at /home/cpansand/.cpan/build/2017020121/FormValidator-Nested-0.07-0/blib/lib/FormValidator/Nested/Result/Param.pm line 50.
t/01_01_basic.t ...................................... ok
Possible precedence issue with control flow operator at /home/cpansand/.cpan/build/2017020121/FormValidator-Nested-0.07-0/inc/Test/Builder.pm line 858.
Any::Moose is deprecated. Please use Moo instead at /home/cpansand/.cpan/build/2017020121/FormValidator-Nested-0.07-0/blib/lib/FormValidator/Nested.pm line 2.
Unescaped left brace in regex is deprecated, passed through in regex; marked by <-- HERE in m/\${ <-- HERE ([^}]*)}/ at /home/cpansand/.cpan/build/2017020121/FormValidator-Nested-0.07-0/blib/lib/FormValidator/Nested/Result/Param.pm line 50.
t/01_02_result.t ..................................... ok
Possible precedence issue with control flow operator at /home/cpansand/.cpan/build/2017020121/FormValidator-Nested-0.07-0/inc/Test/Builder.pm line 858.
Any::Moose is deprecated. Please use Moo instead at /home/cpansand/.cpan/build/2017020121/FormValidator-Nested-0.07-0/blib/lib/FormValidator/Nested/Filter.pm line 2.
Unescaped left brace in regex is deprecated, passed through in regex; marked by <-- HERE in m/\${ <-- HERE ([^}]*)}/ at /home/cpansand/.cpan/build/2017020121/FormValidator-Nested-0.07-0/blib/lib/FormValidator/Nested/Result/Param.pm line 50.
t/01_03_filter.t ..................................... ok
Possible precedence issue with control flow operator at /home/cpansand/.cpan/build/2017020121/FormValidator-Nested-0.07-0/inc/Test/Builder.pm line 858.
Any::Moose is deprecated. Please use Moo instead at /home/cpansand/.cpan/build/2017020121/FormValidator-Nested-0.07-0/blib/lib/FormValidator/Nested/ProfileProvider/YAML.pm line 2.
Unescaped left brace in regex is deprecated, passed through in regex; marked by <-- HERE in m/\${ <-- HERE ([^}]*)}/ at /home/cpansand/.cpan/build/2017020121/FormValidator-Nested-0.07-0/blib/lib/FormValidator/Nested/Result/Param.pm line 50.
t/02_FormValidator-Nested-ProfileProvider-YAML.t ..... ok
Possible precedence issue with control flow operator at /home/cpansand/.cpan/build/2017020121/FormValidator-Nested-0.07-0/inc/Test/Builder.pm line 858.
Any::Moose is deprecated. Please use Moo instead at /home/cpansand/.cpan/build/2017020121/FormValidator-Nested-0.07-0/blib/lib/FormValidator/Nested.pm line 2.
Unescaped left brace in regex is deprecated, passed through in regex; marked by <-- HERE in m/\${ <-- HERE ([^}]*)}/ at /home/cpansand/.cpan/build/2017020121/FormValidator-Nested-0.07-0/blib/lib/FormValidator/Nested/Result/Param.pm line 50.
t/03_FormValidator-Nested-Profile-Param-Validator.t .. ok
Possible precedence issue with control flow operator at /home/cpansand/.cpan/build/2017020121/FormValidator-Nested-0.07-0/inc/Test/Builder.pm line 858.
Any::Moose is deprecated. Please use Moo instead at /home/cpansand/.cpan/build/2017020121/FormValidator-Nested-0.07-0/blib/lib/FormValidator/Nested.pm line 2.
Unescaped left brace in regex is deprecated, passed through in regex; marked by <-- HERE in m/\${ <-- HERE ([^}]*)}/ at /home/cpansand/.cpan/build/2017020121/FormValidator-Nested-0.07-0/blib/lib/FormValidator/Nested/Result/Param.pm line 50.
t/04_01_FormValidator-Nested-Validator-Email.t ....... ok
Possible precedence issue with control flow operator at /home/cpansand/.cpan/build/2017020121/FormValidator-Nested-0.07-0/inc/Test/Builder.pm line 858.
Any::Moose is deprecated. Please use Moo instead at /home/cpansand/.cpan/build/2017020121/FormValidator-Nested-0.07-0/blib/lib/FormValidator/Nested.pm line 2.
Unescaped left brace in regex is deprecated, passed through in regex; marked by <-- HERE in m/\${ <-- HERE ([^}]*)}/ at /home/cpansand/.cpan/build/2017020121/FormValidator-Nested-0.07-0/blib/lib/FormValidator/Nested/Result/Param.pm line 50.
t/04_02_FormValidator-Nested-Validator-Blank.t ....... ok
Possible precedence issue with control flow operator at /home/cpansand/.cpan/build/2017020121/FormValidator-Nested-0.07-0/inc/Test/Builder.pm line 858.
Any::Moose is deprecated. Please use Moo instead at /home/cpansand/.cpan/build/2017020121/FormValidator-Nested-0.07-0/blib/lib/FormValidator/Nested.pm line 2.
Unescaped left brace in regex is deprecated, passed through in regex; marked by <-- HERE in m/\${ <-- HERE ([^}]*)}/ at /home/cpansand/.cpan/build/2017020121/FormValidator-Nested-0.07-0/blib/lib/FormValidator/Nested/Result/Param.pm line 50.
t/04_03_FormValidator-Nested-Validator-String.t ...... ok
Possible precedence issue with control flow operator at /home/cpansand/.cpan/build/2017020121/FormValidator-Nested-0.07-0/inc/Test/Builder.pm line 858.
Any::Moose is deprecated. Please use Moo instead at /home/cpansand/.cpan/build/2017020121/FormValidator-Nested-0.07-0/blib/lib/FormValidator/Nested.pm line 2.
Unescaped left brace in regex is deprecated, passed through in regex; marked by <-- HERE in m/\${ <-- HERE ([^}]*)}/ at /home/cpansand/.cpan/build/2017020121/FormValidator-Nested-0.07-0/blib/lib/FormValidator/Nested/Result/Param.pm line 50.
failed to require My::Schema: {UNKNOWN}: Bareword "DBIx::Class::_ENV_::HELP_URL" not allowed while "strict subs" in use at /opt/perl-5.24.1/lib/site_perl/5.24.1/DBIx/Class/ResultSet.pm line 951.
Type of arg 1 to List::Util::first must be block or sub {} (not reference constructor) at /opt/perl-5.24.1/lib/site_perl/5.24.1/DBIx/Class/ResultSet.pm line 1909, near "};"
Type of arg 1 to List::Util::first must be block or sub {} (not reference constructor) at /opt/perl-5.24.1/lib/site_perl/5.24.1/DBIx/Class/ResultSet.pm line 3527, near "qw/columns cols select as/;"
Type of arg 1 to List::Util::first must be block or sub {} (not reference constructor) at /opt/perl-5.24.1/lib/site_perl/5.24.1/DBIx/Class/ResultSet.pm line 3716, near "@fromlist
        ) "
Type of arg 1 to List::Util::first must be block or sub {} (not reference constructor) at /opt/perl-5.24.1/lib/site_perl/5.24.1/DBIx/Class/ResultSet.pm line 3914, near "};"
Type of arg 1 to List::Util::first must be block or sub {} (not reference constructor) at /opt/perl-5.24.1/lib/site_perl/5.24.1/DBIx/Class/ResultSet.pm line 3927, near "};"
Type of arg 1 to List::Util::first must be block or sub {} (not reference constructor) at /opt/perl-5.24.1/lib/site_perl/5.24.1/DBIx/Class/ResultSet.pm line 3940, near "};"
Type of arg 1 to List::Util::first must be block or sub {} (not reference constructor) at /opt/perl-5.24.1/lib/site_perl/5.24.1/DBIx/Class/ResultSet.pm line 3955, near "};"
Compilation failed in require at /opt/perl-5.24.1/lib/site_perl/5.24.1/DBIx/Class/ResultSource/Table.pm line 6.
BEGIN failed--compilation aborted at /opt/perl-5.24.1/lib/site_perl/5.24.1/DBIx/Class/ResultSource/Table.pm line 6.
Compilation failed in require at /opt/perl-5.24.1/lib/site_perl/5.24.1/DBIx/Class/ResultSourceProxy/Table.pm line 8.
BEGIN failed--compilation aborted at /opt/perl-5.24.1/lib/site_perl/5.24.1/DBIx/Class/ResultSourceProxy/Table.pm line 8.
Compilation failed in require at /opt/perl-5.24.1/lib/site_perl/5.24.1/Class/C3/Componentised.pm line 150.
 at (eval 214) line 2.
Compilation failed in require at /opt/perl-5.24.1/lib/site_perl/5.24.1/Class/C3/Componentised.pm line 150.
 at (eval 214) line 2.
Compilation failed in require at /opt/perl-5.24.1/lib/site_perl/5.24.1/Class/C3/Componentised.pm line 150. at /opt/perl-5.24.1/lib/site_perl/5.24.1/Class/C3/Componentised.pm line 155
Compilation failed in require at (eval 214) line 2.
t/04_04_FormValidator-Nested-Validator-DBIC.t ........ 
Dubious, test returned 255 (wstat 65280, 0xff00)
No subtests run 
Possible precedence issue with control flow operator at /home/cpansand/.cpan/build/2017020121/FormValidator-Nested-0.07-0/inc/Test/Builder.pm line 858.
Any::Moose is deprecated. Please use Moo instead at /home/cpansand/.cpan/build/2017020121/FormValidator-Nested-0.07-0/blib/lib/FormValidator/Nested.pm line 2.
Unescaped left brace in regex is deprecated, passed through in regex; marked by <-- HERE in m/\${ <-- HERE ([^}]*)}/ at /home/cpansand/.cpan/build/2017020121/FormValidator-Nested-0.07-0/blib/lib/FormValidator/Nested/Result/Param.pm line 50.
t/04_05_FormValidator-Nested-Validator-Bool.t ........ ok
Possible precedence issue with control flow operator at /home/cpansand/.cpan/build/2017020121/FormValidator-Nested-0.07-0/inc/Test/Builder.pm line 858.
Any::Moose is deprecated. Please use Moo instead at /home/cpansand/.cpan/build/2017020121/FormValidator-Nested-0.07-0/blib/lib/FormValidator/Nested.pm line 2.
Unescaped left brace in regex is deprecated, passed through in regex; marked by <-- HERE in m/\${ <-- HERE ([^}]*)}/ at /home/cpansand/.cpan/build/2017020121/FormValidator-Nested-0.07-0/blib/lib/FormValidator/Nested/Result/Param.pm line 50.
t/04_06_FormValidator-Nested-Validator-Number.t ...... ok
Possible precedence issue with control flow operator at /home/cpansand/.cpan/build/2017020121/FormValidator-Nested-0.07-0/inc/Test/Builder.pm line 858.
Any::Moose is deprecated. Please use Moo instead at /home/cpansand/.cpan/build/2017020121/FormValidator-Nested-0.07-0/blib/lib/FormValidator/Nested.pm line 2.
Unescaped left brace in regex is deprecated, passed through in regex; marked by <-- HERE in m/\${ <-- HERE ([^}]*)}/ at /home/cpansand/.cpan/build/2017020121/FormValidator-Nested-0.07-0/blib/lib/FormValidator/Nested/Result/Param.pm line 50.
t/04_07_FormValidator-Nested-Validator-DateTime.t .... ok
Possible precedence issue with control flow operator at /home/cpansand/.cpan/build/2017020121/FormValidator-Nested-0.07-0/inc/Test/Builder.pm line 858.
Any::Moose is deprecated. Please use Moo instead at /home/cpansand/.cpan/build/2017020121/FormValidator-Nested-0.07-0/blib/lib/FormValidator/Nested.pm line 2.
Unescaped left brace in regex is deprecated, passed through in regex; marked by <-- HERE in m/\${ <-- HERE ([^}]*)}/ at /home/cpansand/.cpan/build/2017020121/FormValidator-Nested-0.07-0/blib/lib/FormValidator/Nested/Result/Param.pm line 50.
CGI::param called in list context from /home/cpansand/.cpan/build/2017020121/FormValidator-Nested-0.07-0/blib/lib/FormValidator/Nested/Profile/Param.pm line 180, this can lead to vulnerabilities. See the warning in "Fetching the value or values of a single named parameter" at /opt/perl-5.24.1/lib/site_perl/5.24.1/CGI.pm line 412.
t/04_08_FormValidator-Nested-Validator-File.t ........ ok
Possible precedence issue with control flow operator at /home/cpansand/.cpan/build/2017020121/FormValidator-Nested-0.07-0/inc/Test/Builder.pm line 858.
Any::Moose is deprecated. Please use Moo instead at /home/cpansand/.cpan/build/2017020121/FormValidator-Nested-0.07-0/blib/lib/FormValidator/Nested.pm line 2.
Unescaped left brace in regex is deprecated, passed through in regex; marked by <-- HERE in m/\${ <-- HERE ([^}]*)}/ at /home/cpansand/.cpan/build/2017020121/FormValidator-Nested-0.07-0/blib/lib/FormValidator/Nested/Result/Param.pm line 50.
t/04_09_FormValidator-Nested-Validator-Japanese.t .... ok
Possible precedence issue with control flow operator at /home/cpansand/.cpan/build/2017020121/FormValidator-Nested-0.07-0/inc/Test/Builder.pm line 858.
Any::Moose is deprecated. Please use Moo instead at /home/cpansand/.cpan/build/2017020121/FormValidator-Nested-0.07-0/blib/lib/FormValidator/Nested.pm line 2.
Unescaped left brace in regex is deprecated, passed through in regex; marked by <-- HERE in m/\${ <-- HERE ([^}]*)}/ at /home/cpansand/.cpan/build/2017020121/FormValidator-Nested-0.07-0/blib/lib/FormValidator/Nested/Result/Param.pm line 50.
t/05_CustomValidator.t ............................... ok
Possible precedence issue with control flow operator at /home/cpansand/.cpan/build/2017020121/FormValidator-Nested-0.07-0/inc/Test/Builder.pm line 858.
Any::Moose is deprecated. Please use Moo instead at /home/cpansand/.cpan/build/2017020121/FormValidator-Nested-0.07-0/blib/lib/FormValidator/Nested.pm line 2.
Unescaped left brace in regex is deprecated, passed through in regex; marked by <-- HERE in m/\${ <-- HERE ([^}]*)}/ at /home/cpansand/.cpan/build/2017020121/FormValidator-Nested-0.07-0/blib/lib/FormValidator/Nested/Result/Param.pm line 50.
t/06_nested.t ........................................ ok
Possible precedence issue with control flow operator at /home/cpansand/.cpan/build/2017020121/FormValidator-Nested-0.07-0/inc/Test/Builder.pm line 858.
Any::Moose is deprecated. Please use Moo instead at /home/cpansand/.cpan/build/2017020121/FormValidator-Nested-0.07-0/blib/lib/FormValidator/Nested.pm line 2.
Unescaped left brace in regex is deprecated, passed through in regex; marked by <-- HERE in m/\${ <-- HERE ([^}]*)}/ at /home/cpansand/.cpan/build/2017020121/FormValidator-Nested-0.07-0/blib/lib/FormValidator/Nested/Result/Param.pm line 50.
t/07_if.t ............................................ ok

Test Summary Report
-------------------
t/04_04_FormValidator-Nested-Validator-DBIC.t      (Wstat: 65280 Tests: 0 Failed: 0)
  Non-zero exit status: 255
  Parse errors: No plan found in TAP output
Files=18, Tests=256,  7 wallclock secs ( 0.12 usr  0.04 sys +  6.05 cusr  0.89 csys =  7.10 CPU)
Result: FAIL
Failed 1/18 test programs. 0/256 subtests failed.
make: *** [test_dynamic] Fehler 255

------------------------------
PREREQUISITES
------------------------------

Prerequisite modules loaded:

requires:

    Module                       Need    Have    
    ---------------------------- ------- --------
    Any::Moose                   0       0.27    
    Class::Param                 0       0.1     
    Data::Visitor::Callback      0       0.30    
    DateTime                     0       1.42    
    DateTime::TimeZone           0       2.09    
    DBICx::TestDatabase          0       0.05    
    DBIx::Class                  0       0.082840
    DBIx::Class::Schema          0       0       
    ExtUtils::MakeMaker          6.42    7.24    
    Filter::Util::Call           0       1.57    
    Hash::Merge                  0       0.200   
    Lingua::JA::Regular::Unicode 0       0.13    
    List::MoreUtils              0       0.416   
    MouseX::AttributeHelpers     0       0.07    
    MouseX::Types::Path::Class   0       0.07    
    namespace::clean             0       0.27    
    Path::Class                  0       0.37    
    SQL::Translator              0.11002 0.11021 
    Test::Exception              0       0.43    
    Test::Fixture::DBIC::Schema  0       0.04    
    Test::LoadAllModules         0       0.022   
    Test::More                   0       1.302075
    UNIVERSAL::require           0       0.18    
    YAML::Syck                   0       1.29    

build_requires:

    Module                       Need    Have    
    ---------------------------- ------- --------
    ExtUtils::MakeMaker          0       7.24    

configure_requires:

    Module                       Need    Have    
    ---------------------------- ------- --------
    ExtUtils::MakeMaker          6.42    7.24    


------------------------------
ENVIRONMENT AND OTHER CONTEXT
------------------------------

Environment variables:

    LANG = de_DE.utf8
    LANGUAGE = de_DE.utf8
    LC_ALL = de_DE.utf8
    PATH = /usr/local/bin:/usr/bin:/bin:/usr/local/sbin:/usr/sbin:/sbin:/home/cpansand/bin/linux-gnu:/home/cpansand/bin/sh:/home/cpansand/bin:/usr/games:/home/cpansand/devel:/home/eserte/src/srezic-misc/scripts
    PERL5LIB = 
    PERL5OPT = 
    PERL5_CPANPLUS_IS_RUNNING = 14930
    PERL5_CPAN_IS_RUNNING = 14930
    PERL5_CPAN_IS_RUNNING_IN_RECURSION = 14760,14930
    PERLDOC = -MPod::Perldoc::ToTextOverstrike
    PERL_BATCH = yes
    PERL_CANARY_STABILITY_NOPROMPT = 1
    PERL_CPAN_REPORTER_CONFIG = /var/tmp/cpansmoker-1001/2017020115/cpanreporter_000_config.ini
    PERL_EXTUTILS_AUTOINSTALL = --defaultdeps
    SHELL = /bin/zsh
    TERM = screen
    TMPDIR = /var/tmp/cpansmoker-1001/2017020115

Perl special variables (and OS-specific diagnostics, for MSWin32):

    $^X = /opt/perl-5.24.1/bin/perl5.24.1
    $UID/$EUID = 1001 / 1001
    $GID = 1001 1001
    $EGID = 1001 1001

Perl module toolchain versions installed:

    Module              Have    
    ------------------- --------
    CPAN                2.14    
    CPAN::Meta          2.150010
    Cwd                 3.62    
    ExtUtils::CBuilder  0.280224
    ExtUtils::Command   7.24    
    ExtUtils::Install   2.04    
    ExtUtils::MakeMaker 7.24    
    ExtUtils::Manifest  1.70    
    ExtUtils::ParseXS   3.30    
    File::Spec          3.62    
    JSON                2.90    
    JSON::PP            2.27400 
    Module::Build       0.4220  
    Module::Signature   0.81    
    Parse::CPAN::Meta   2.150010
    Test::Harness       3.36    
    Test::More          1.302075
    YAML                1.21    
    YAML::Syck          1.29    
    version             0.9917  


--

Summary of my perl5 (revision 5 version 24 subversion 1) configuration:
   
  Platform:
    osname=linux, osvers=3.10.0-042stab120.6, archname=x86_64-linux
    uname='linux h1980015.stratoserver.net 3.10.0-042stab120.6 #1 smp thu oct 27 16:59:03 msk 2016 x86_64 x86_64 x86_64 gnulinux '
    config_args='-ds -e -Dprefix=/opt/perl-5.24.1 -Dcf_email=srezic@cpan.org'
    hint=previous, useposix=true, d_sigaction=define
    useithreads=undef, usemultiplicity=undef
    use64bitint=define, use64bitall=define, uselongdouble=undef
    usemymalloc=n, bincompat5005=undef
  Compiler:
    cc='cc', ccflags ='-fwrapv -fno-strict-aliasing -pipe -fstack-protector-strong -I/usr/local/include -D_LARGEFILE_SOURCE -D_FILE_OFFSET_BITS=64 -D_FORTIFY_SOURCE=2',
    optimize='-O2',
    cppflags='-fwrapv -fno-strict-aliasing -pipe -fstack-protector-strong -I/usr/local/include'
    ccversion='', gccversion='4.8.5 20150623 (Red Hat 4.8.5-11)', gccosandvers=''
    intsize=4, longsize=8, ptrsize=8, doublesize=8, byteorder=12345678, doublekind=3
    d_longlong=define, longlongsize=8, d_longdbl=define, longdblsize=16, longdblkind=3
    ivtype='long', ivsize=8, nvtype='double', nvsize=8, Off_t='off_t', lseeksize=8
    alignbytes=8, prototype=define
  Linker and Libraries:
    ld='cc', ldflags =' -fstack-protector-strong -L/usr/local/lib'
    libpth=/usr/local/lib /usr/lib /lib/../lib64 /usr/lib/../lib64 /lib /lib64 /usr/lib64 /usr/local/lib64 /usr/local/lib /usr/lib
    libs=-lpthread -lnsl -lgdbm -ldb -ldl -lm -lcrypt -lutil -lc -lgdbm_compat
    perllibs=-lpthread -lnsl -ldl -lm -lcrypt -lutil -lc
    libc=libc-2.17.so, so=so, useshrplib=false, libperl=libperl.a
    gnulibc_version='2.17'
  Dynamic Linking:
    dlsrc=dl_dlopen.xs, dlext=so, d_dlsymun=undef, ccdlflags='-Wl,-E'
    cccdlflags='-fPIC', lddlflags='-shared -O2 -L/usr/local/lib -fstack-protector-strong'


Characteristics of this binary (from libperl): 
  Compile-time options: HAS_TIMES PERLIO_LAYERS PERL_COPY_ON_WRITE
                        PERL_DONT_CREATE_GVSV
                        PERL_HASH_FUNC_ONE_AT_A_TIME_HARD PERL_MALLOC_WRAP
                        PERL_PRESERVE_IVUV USE_64_BIT_ALL USE_64_BIT_INT
                        USE_LARGE_FILES USE_LOCALE USE_LOCALE_COLLATE
                        USE_LOCALE_CTYPE USE_LOCALE_NUMERIC USE_LOCALE_TIME
                        USE_PERLIO USE_PERL_ATOF
  Built under linux
  Compiled at Jan 21 2017 20:32:30
  %ENV:
    PERL5LIB=""
    PERL5OPT=""
    PERL5_CPANPLUS_IS_RUNNING="14930"
    PERL5_CPAN_IS_RUNNING="14930"
    PERL5_CPAN_IS_RUNNING_IN_RECURSION="14760,14930"
    PERLDOC="-MPod::Perldoc::ToTextOverstrike"
    PERL_BATCH="yes"
    PERL_CANARY_STABILITY_NOPROMPT="1"
    PERL_CPAN_REPORTER_CONFIG="/var/tmp/cpansmoker-1001/2017020115/cpanreporter_000_config.ini"
    PERL_EXTUTILS_AUTOINSTALL="--defaultdeps"
  @INC:
    /opt/perl-5.24.1/lib/site_perl/5.24.1/x86_64-linux
    /opt/perl-5.24.1/lib/site_perl/5.24.1
    /opt/perl-5.24.1/lib/5.24.1/x86_64-linux
    /opt/perl-5.24.1/lib/5.24.1
    .