Report for DateTime-Util-Astro-0.12000

Back
From: metabase:user:d3bc49c6-e9ce-11e6-95e8-c5cd2189b6c4
Subject: FAIL DateTime-Util-Astro-0.12000 v5.25.9 GNU/Linux
Date: 2017-02-04T04:56:57Z

This distribution has been tested as part of the CPAN Testers
project, supporting the Perl programming language.  See
http://wiki.cpantesters.org/ for more information or email
questions to cpan-testers-discuss@perl.org


--
Dear Daisuke Maki,

This is a computer-generated report for DateTime-Util-Astro-0.12000
on perl 5.25.9, created by CPAN-Reporter-1.2018.

Thank you for uploading your work to CPAN.  However, there was a problem
testing your distribution.

If you think this report is invalid, please consult the CPAN Testers Wiki
for suggestions on how to avoid getting FAIL reports for missing library
or binary dependencies, unsupported operating systems, and so on:

http://wiki.cpantesters.org/wiki/CPANAuthorNotes

Sections of this report:

    * Tester comments
    * Program output
    * Prerequisites
    * Environment and other context

------------------------------
TESTER COMMENTS
------------------------------

Additional comments from tester:

this report is from an automated smoke testing program
and was not reviewed by a human for accuracy

NOTE: This perl was built without . in @INC. This will be a new feature in 5.26 and for security reasons,
it is good that your module support this feature. You can try this for yourself by executing:

perl -M-lib=. Makefile.PL (or Build.PL)

If your this fails, then you may need to correct distro to support this. No documentation exists yet but you can try this link for more help:

https://github.com/toddr/perl/issues/15 


------------------------------
PROGRAM OUTPUT
------------------------------

Output from '/usr/bin/make test':

"/perl/5.25.9/bin/perl5.25.9" "-Iinc" Makefile.PL --config= --installdeps=DateTime::Util::Calc,0.13
Cannot determine perl version info from lib/DateTime/Util/Astro.pm
PERL_DL_NONLAZY=1 "/perl/5.25.9/bin/perl5.25.9" "-MExtUtils::Command::MM" "-MTest::Harness" "-e" "undef *Test::Harness::Switches; test_harness(0, 'inc', 'blib/lib', 'blib/arch')" t/01-sanity.t t/02-new_moon.t t/03-solar_longitude.t t/99-pod-coverage.t t/99-pod.t t/rt31157.t

#   Failed test 'use DateTime::Util::Astro::Common;'
#   at t/01-sanity.t line 6.
#     Tried to use 'DateTime::Util::Astro::Common'.
#     Error:  syntax error at /home/smoker/.cpan/build/DateTime-Util-Astro-0.12000-0/blib/lib/DateTime/Util/Astro/Common.pm line 322, near "$f qw(longitude latitude elevation zone)"
# Global symbol "$f" requires explicit package name (did you forget to declare "my $f"?) at /home/smoker/.cpan/build/DateTime-Util-Astro-0.12000-0/blib/lib/DateTime/Util/Astro/Common.pm line 323, <DATA> line 1.
# Global symbol "$f" requires explicit package name (did you forget to declare "my $f"?) at /home/smoker/.cpan/build/DateTime-Util-Astro-0.12000-0/blib/lib/DateTime/Util/Astro/Common.pm line 323, <DATA> line 1.
# Global symbol "$f" requires explicit package name (did you forget to declare "my $f"?) at /home/smoker/.cpan/build/DateTime-Util-Astro-0.12000-0/blib/lib/DateTime/Util/Astro/Common.pm line 323, <DATA> line 1.
# BEGIN not safe after errors--compilation aborted at /home/smoker/.cpan/build/DateTime-Util-Astro-0.12000-0/blib/lib/DateTime/Util/Astro/Common.pm line 336, <DATA> line 1.
# Compilation failed in require at t/01-sanity.t line 6, <DATA> line 1.
# BEGIN failed--compilation aborted at t/01-sanity.t line 6, <DATA> line 1.

#   Failed test 'use DateTime::Util::Astro::Moon;'
#   at t/01-sanity.t line 7.
#     Tried to use 'DateTime::Util::Astro::Moon'.
#     Error:  Attempt to reload DateTime/Util/Astro/Common.pm aborted.
# Compilation failed in require at /home/smoker/.cpan/build/DateTime-Util-Astro-0.12000-0/blib/lib/DateTime/Util/Astro/Moon.pm line 28, <DATA> line 1.
# BEGIN failed--compilation aborted at /home/smoker/.cpan/build/DateTime-Util-Astro-0.12000-0/blib/lib/DateTime/Util/Astro/Moon.pm line 28, <DATA> line 1.
# Compilation failed in require at t/01-sanity.t line 7, <DATA> line 1.
# BEGIN failed--compilation aborted at t/01-sanity.t line 7, <DATA> line 1.

#   Failed test 'use DateTime::Util::Astro::Sun;'
#   at t/01-sanity.t line 8.
#     Tried to use 'DateTime::Util::Astro::Sun'.
#     Error:  Attempt to reload DateTime/Util/Astro/Common.pm aborted.
# Compilation failed in require at /home/smoker/.cpan/build/DateTime-Util-Astro-0.12000-0/blib/lib/DateTime/Util/Astro/Sun.pm line 28, <DATA> line 1.
# BEGIN failed--compilation aborted at /home/smoker/.cpan/build/DateTime-Util-Astro-0.12000-0/blib/lib/DateTime/Util/Astro/Sun.pm line 28, <DATA> line 1.
# Compilation failed in require at t/01-sanity.t line 8, <DATA> line 1.
# BEGIN failed--compilation aborted at t/01-sanity.t line 8, <DATA> line 1.
# Looks like you failed 3 tests of 3.
t/01-sanity.t ........... 
Dubious, test returned 3 (wstat 768, 0x300)
Failed 3/3 subtests 

#   Failed test 'use DateTime::Util::Astro::Moon;'
#   at t/02-new_moon.t line 7.
#     Tried to use 'DateTime::Util::Astro::Moon'.
#     Error:  syntax error at /home/smoker/.cpan/build/DateTime-Util-Astro-0.12000-0/blib/lib/DateTime/Util/Astro/Common.pm line 322, near "$f qw(longitude latitude elevation zone)"
# Global symbol "$f" requires explicit package name (did you forget to declare "my $f"?) at /home/smoker/.cpan/build/DateTime-Util-Astro-0.12000-0/blib/lib/DateTime/Util/Astro/Common.pm line 323, <DATA> line 1.
# Global symbol "$f" requires explicit package name (did you forget to declare "my $f"?) at /home/smoker/.cpan/build/DateTime-Util-Astro-0.12000-0/blib/lib/DateTime/Util/Astro/Common.pm line 323, <DATA> line 1.
# Global symbol "$f" requires explicit package name (did you forget to declare "my $f"?) at /home/smoker/.cpan/build/DateTime-Util-Astro-0.12000-0/blib/lib/DateTime/Util/Astro/Common.pm line 323, <DATA> line 1.
# BEGIN not safe after errors--compilation aborted at /home/smoker/.cpan/build/DateTime-Util-Astro-0.12000-0/blib/lib/DateTime/Util/Astro/Common.pm line 336, <DATA> line 1.
# Compilation failed in require at /home/smoker/.cpan/build/DateTime-Util-Astro-0.12000-0/blib/lib/DateTime/Util/Astro/Moon.pm line 28, <DATA> line 1.
# BEGIN failed--compilation aborted at /home/smoker/.cpan/build/DateTime-Util-Astro-0.12000-0/blib/lib/DateTime/Util/Astro/Moon.pm line 28, <DATA> line 1.
# Compilation failed in require at t/02-new_moon.t line 7, <DATA> line 1.
# BEGIN failed--compilation aborted at t/02-new_moon.t line 7, <DATA> line 1.

#   Failed test 'use DateTime::Util::Astro::Sun;'
#   at t/02-new_moon.t line 8.
#     Tried to use 'DateTime::Util::Astro::Sun'.
#     Error:  Attempt to reload DateTime/Util/Astro/Common.pm aborted.
# Compilation failed in require at /home/smoker/.cpan/build/DateTime-Util-Astro-0.12000-0/blib/lib/DateTime/Util/Astro/Sun.pm line 28, <DATA> line 1.
# BEGIN failed--compilation aborted at /home/smoker/.cpan/build/DateTime-Util-Astro-0.12000-0/blib/lib/DateTime/Util/Astro/Sun.pm line 28, <DATA> line 1.
# Compilation failed in require at t/02-new_moon.t line 8, <DATA> line 1.
# BEGIN failed--compilation aborted at t/02-new_moon.t line 8, <DATA> line 1.
Undefined subroutine &main::nth_new_moon called at t/02-new_moon.t line 41, <DATA> line 1.
# Looks like your test exited with 255 just after 2.
t/02-new_moon.t ......... 
Dubious, test returned 255 (wstat 65280, 0xff00)
Failed 41/41 subtests 

#   Failed test 'use DateTime::Util::Astro::Sun;'
#   at t/03-solar_longitude.t line 9.
#     Tried to use 'DateTime::Util::Astro::Sun'.
#     Error:  syntax error at /home/smoker/.cpan/build/DateTime-Util-Astro-0.12000-0/blib/lib/DateTime/Util/Astro/Common.pm line 322, near "$f qw(longitude latitude elevation zone)"
# Global symbol "$f" requires explicit package name (did you forget to declare "my $f"?) at /home/smoker/.cpan/build/DateTime-Util-Astro-0.12000-0/blib/lib/DateTime/Util/Astro/Common.pm line 323, <DATA> line 1.
# Global symbol "$f" requires explicit package name (did you forget to declare "my $f"?) at /home/smoker/.cpan/build/DateTime-Util-Astro-0.12000-0/blib/lib/DateTime/Util/Astro/Common.pm line 323, <DATA> line 1.
# Global symbol "$f" requires explicit package name (did you forget to declare "my $f"?) at /home/smoker/.cpan/build/DateTime-Util-Astro-0.12000-0/blib/lib/DateTime/Util/Astro/Common.pm line 323, <DATA> line 1.
# BEGIN not safe after errors--compilation aborted at /home/smoker/.cpan/build/DateTime-Util-Astro-0.12000-0/blib/lib/DateTime/Util/Astro/Common.pm line 336, <DATA> line 1.
# Compilation failed in require at /home/smoker/.cpan/build/DateTime-Util-Astro-0.12000-0/blib/lib/DateTime/Util/Astro/Sun.pm line 28, <DATA> line 1.
# BEGIN failed--compilation aborted at /home/smoker/.cpan/build/DateTime-Util-Astro-0.12000-0/blib/lib/DateTime/Util/Astro/Sun.pm line 28, <DATA> line 1.
# Compilation failed in require at t/03-solar_longitude.t line 9, <DATA> line 1.
# BEGIN failed--compilation aborted at t/03-solar_longitude.t line 9, <DATA> line 1.
Undefined subroutine &main::solar_longitude called at t/03-solar_longitude.t line 37, <DATA> line 1.
# Looks like your test exited with 255 just after 1.
t/03-solar_longitude.t .. 
Dubious, test returned 255 (wstat 65280, 0xff00)
Failed 25/25 subtests 
t/99-pod-coverage.t ..... skipped: Enable TEST_POD environment variable to test POD
t/99-pod.t .............. skipped: Enable TEST_POD environment variable to test POD

#   Failed test 'use DateTime::Util::Astro::Moon;'
#   at t/rt31157.t line 6.
#     Tried to use 'DateTime::Util::Astro::Moon'.
#     Error:  syntax error at /home/smoker/.cpan/build/DateTime-Util-Astro-0.12000-0/blib/lib/DateTime/Util/Astro/Common.pm line 322, near "$f qw(longitude latitude elevation zone)"
# Global symbol "$f" requires explicit package name (did you forget to declare "my $f"?) at /home/smoker/.cpan/build/DateTime-Util-Astro-0.12000-0/blib/lib/DateTime/Util/Astro/Common.pm line 323, <DATA> line 1.
# Global symbol "$f" requires explicit package name (did you forget to declare "my $f"?) at /home/smoker/.cpan/build/DateTime-Util-Astro-0.12000-0/blib/lib/DateTime/Util/Astro/Common.pm line 323, <DATA> line 1.
# Global symbol "$f" requires explicit package name (did you forget to declare "my $f"?) at /home/smoker/.cpan/build/DateTime-Util-Astro-0.12000-0/blib/lib/DateTime/Util/Astro/Common.pm line 323, <DATA> line 1.
# BEGIN not safe after errors--compilation aborted at /home/smoker/.cpan/build/DateTime-Util-Astro-0.12000-0/blib/lib/DateTime/Util/Astro/Common.pm line 336, <DATA> line 1.
# Compilation failed in require at /home/smoker/.cpan/build/DateTime-Util-Astro-0.12000-0/blib/lib/DateTime/Util/Astro/Moon.pm line 28, <DATA> line 1.
# BEGIN failed--compilation aborted at /home/smoker/.cpan/build/DateTime-Util-Astro-0.12000-0/blib/lib/DateTime/Util/Astro/Moon.pm line 28, <DATA> line 1.
# Compilation failed in require at t/rt31157.t line 6, <DATA> line 1.
# BEGIN failed--compilation aborted at t/rt31157.t line 6, <DATA> line 1.
Undefined subroutine &main::nth_new_moon called at t/rt31157.t line 31, <DATA> line 1.
# Looks like your test exited with 255 just after 1.
t/rt31157.t ............. 
Dubious, test returned 255 (wstat 65280, 0xff00)
Failed 12/12 subtests 

Test Summary Report
-------------------
t/01-sanity.t         (Wstat: 768 Tests: 3 Failed: 3)
  Failed tests:  1-3
  Non-zero exit status: 3
t/02-new_moon.t       (Wstat: 65280 Tests: 2 Failed: 2)
  Failed tests:  1-2
  Non-zero exit status: 255
  Parse errors: Bad plan.  You planned 41 tests but ran 2.
t/03-solar_longitude.t (Wstat: 65280 Tests: 1 Failed: 1)
  Failed test:  1
  Non-zero exit status: 255
  Parse errors: Bad plan.  You planned 25 tests but ran 1.
t/rt31157.t           (Wstat: 65280 Tests: 1 Failed: 1)
  Failed test:  1
  Non-zero exit status: 255
  Parse errors: Bad plan.  You planned 12 tests but ran 1.
Files=6, Tests=7,  2 wallclock secs ( 0.04 usr  0.01 sys +  1.67 cusr  0.18 csys =  1.90 CPU)
Result: FAIL
Failed 4/6 test programs. 7/7 subtests failed.
make: *** [test_dynamic] Error 255

------------------------------
PREREQUISITES
------------------------------

Prerequisite modules loaded:

requires:

    Module                   Need Have    
    ------------------------ ---- --------
    Class::Data::Inheritable 0    0.08    
    DateTime                 0    1.42    
    DateTime::Util::Calc     0.13 0.13003 
    Math::BigInt             0    1.999808
    Math::Trig               0    1.23    
    POSIX                    0    1.76    
    Test::More               0    1.302075

build_requires:

    Module                   Need Have    
    ------------------------ ---- --------
    ExtUtils::MakeMaker      0    7.24    

opt_requires:

    Module                   Need Have    
    ------------------------ ---- --------
    Cache::MemoryCache       0    0       


------------------------------
ENVIRONMENT AND OTHER CONTEXT
------------------------------

Environment variables:

    AUTOMATED_TESTING = 1
    CPANEL_SLOW_TESTS = 1
    LANG = en_US.UTF-8
    PATH = /home/smoker/perl5/bin:/perl/5.25.9/bin:/usr/bin:/bin:/usr/sbin:/sbin:/usr/local/bin
    PERL5LIB = /home/smoker/perl5/lib/perl5
    PERL5OPT = 
    PERL5_CPANPLUS_IS_RUNNING = 8525
    PERL5_CPAN_IS_RUNNING = 8525
    PERL_EXTUTILS_AUTOINSTALL = 1
    PERL_LOCAL_LIB_ROOT = /home/smoker/perl5
    PERL_MB_OPT = --install_base "/home/smoker/perl5"
    PERL_MM_OPT = INSTALL_BASE=/home/smoker/perl5
    PERL_MM_USE_DEFAULT = 1
    SHELL = /usr/bin/zsh
    TERM = xterm-color

Perl special variables (and OS-specific diagnostics, for MSWin32):

    $^X = /perl/5.25.9/bin/perl5.25.9
    $UID/$EUID = 1011 / 1011
    $GID = 1012 1012
    $EGID = 1012 1012

Perl module toolchain versions installed:

    Module              Have      
    ------------------- ----------
    CPAN                2.16      
    CPAN::Meta          2.150010  
    Cwd                 3.66      
    ExtUtils::CBuilder  0.280225  
    ExtUtils::Command   7.24      
    ExtUtils::Install   2.04      
    ExtUtils::MakeMaker 7.24      
    ExtUtils::Manifest  1.70      
    ExtUtils::ParseXS   3.33      
    File::Spec          3.66      
    JSON                2.90      
    JSON::PP            2.27400_02
    Module::Build       0.4220    
    Module::Signature   0.81      
    Parse::CPAN::Meta   2.150010  
    Test::Harness       3.37_01   
    Test::More          1.302075  
    YAML                1.21      
    YAML::Syck          1.29      
    version             0.9917    


--

Summary of my perl5 (revision 5 version 25 subversion 9) configuration:
   
  Platform:
    osname=linux
    osvers=3.10.0-514.6.1.el7.x86_64
    archname=x86_64-linux
    uname='linux cpansmoker.dev.cpanel.net 3.10.0-514.6.1.el7.x86_64 #1 smp wed jan 18 13:06:36 utc 2017 x86_64 x86_64 x86_64 gnulinux '
    config_args='-des -Dusedevel -Ddefault_inc_excludes_dot -Dusemymalloc=n -DDEBUGGING=none -Doptimize=-Os -Accflags=-m64 -Duseshrplib -Duselargefiles=yes -Duseposix=true -Dhint=recommended -Duseperlio=yes -Dprefix=/perl/5.25.9 -Dscriptdir=/perl/5.25.9/bin -Dscriptdirexp=/perl/5.25.9/bin -Dman1dir=none -Dman3dir=none -Dsiteman1dir=none -Dsiteman3dir=none -Dinstallman1dir=none -Dversiononly=yes -Dinstallusrbinperl=no -Dcf_by=toddr_dot_inc -Dmyhostname=localhost -Dperladmin=root@localhost -Dcf_email=toddr@cpan.org -Ud_dosuid -Uuserelocatableinc -Umad -Uusethreads -Uusemultiplicity -Uusesocks -Uuselongdouble -Duse64bitint -Uuse64bitall'
    hint=recommended
    useposix=true
    d_sigaction=define
    useithreads=undef
    usemultiplicity=undef
    use64bitint=define
    use64bitall=undef
    uselongdouble=undef
    usemymalloc=n
    bincompat5005=undef
  Compiler:
    cc='cc'
    ccflags ='-m64 -fwrapv -fno-strict-aliasing -pipe -fstack-protector-strong -I/usr/local/include -D_LARGEFILE_SOURCE -D_FILE_OFFSET_BITS=64 -D_FORTIFY_SOURCE=2'
    optimize='-Os'
    cppflags='-m64 -fwrapv -fno-strict-aliasing -pipe -fstack-protector-strong -I/usr/local/include'
    ccversion=''
    gccversion='4.8.5 20150623 (Red Hat 4.8.5-11)'
    gccosandvers=''
    intsize=4
    longsize=8
    ptrsize=8
    doublesize=8
    byteorder=12345678
    doublekind=3
    d_longlong=define
    longlongsize=8
    d_longdbl=define
    longdblsize=16
    longdblkind=3
    ivtype='long'
    ivsize=8
    nvtype='double'
    nvsize=8
    Off_t='off_t'
    lseeksize=8
    alignbytes=8
    prototype=define
  Linker and Libraries:
    ld='cc'
    ldflags =' -fstack-protector-strong -L/usr/local/lib'
    libpth=/usr/local/lib /usr/lib /lib/../lib64 /usr/lib/../lib64 /lib /lib64 /usr/lib64 /usr/local/lib64
    libs=-lpthread -lnsl -lgdbm -ldb -ldl -lm -lcrypt -lutil -lc -lgdbm_compat
    perllibs=-lpthread -lnsl -ldl -lm -lcrypt -lutil -lc
    libc=libc-2.17.so
    so=so
    useshrplib=true
    libperl=libperl.so
    gnulibc_version='2.17'
  Dynamic Linking:
    dlsrc=dl_dlopen.xs
    dlext=so
    d_dlsymun=undef
    ccdlflags='-Wl,-E -Wl,-rpath,/perl/5.25.9/lib/5.25.9/x86_64-linux/CORE'
    cccdlflags='-fPIC'
    lddlflags='-shared -Os -L/usr/local/lib -fstack-protector-strong'


Characteristics of this binary (from libperl): 
  Compile-time options:
    HAS_TIMES
    PERLIO_LAYERS
    PERL_COPY_ON_WRITE
    PERL_DONT_CREATE_GVSV
    PERL_MALLOC_WRAP
    PERL_OP_PARENT
    PERL_PRESERVE_IVUV
    PERL_USE_DEVEL
    USE_64_BIT_INT
    USE_LARGE_FILES
    USE_LOCALE
    USE_LOCALE_COLLATE
    USE_LOCALE_CTYPE
    USE_LOCALE_NUMERIC
    USE_LOCALE_TIME
    USE_PERLIO
    USE_PERL_ATOF
  Built under linux
  Compiled at Feb  2 2017 16:49:26
  %ENV:
    PERL5LIB="/home/smoker/perl5/lib/perl5"
    PERL5OPT=""
    PERL5_CPANPLUS_IS_RUNNING="8525"
    PERL5_CPAN_IS_RUNNING="8525"
    PERL_EXTUTILS_AUTOINSTALL="1"
    PERL_LOCAL_LIB_ROOT="/home/smoker/perl5"
    PERL_MB_OPT="--install_base "/home/smoker/perl5""
    PERL_MM_OPT="INSTALL_BASE=/home/smoker/perl5"
    PERL_MM_USE_DEFAULT="1"
  @INC:
    /home/smoker/perl5/lib/perl5/5.25.9/x86_64-linux
    /home/smoker/perl5/lib/perl5/5.25.9
    /home/smoker/perl5/lib/perl5/x86_64-linux
    /home/smoker/perl5/lib/perl5
    /perl/5.25.9/lib/site_perl/5.25.9/x86_64-linux
    /perl/5.25.9/lib/site_perl/5.25.9
    /perl/5.25.9/lib/5.25.9/x86_64-linux
    /perl/5.25.9/lib/5.25.9