DBD-SQLcipher v0.03_0010 Perl 5 v5.26.0 x86_64-linux

Status
Fail
From
Chris Williams (BINGOS)
Dist
DBD-SQLcipher v0.03_0010
Platform
Perl 5 v5.26.0 x86_64-linux
Date
2017-10-18 01:12:06
ID
5b6fe7f0-b3a1-11e7-a0db-fe8001fe4d54
This distribution has been tested as part of the CPAN Testers
project, supporting the Perl programming language.  See
http://wiki.cpantesters.org/ for more information or email
questions to cpan-testers-discuss@perl.org


--

Dear SIMCOP,

This is a computer-generated error report created automatically by
CPANPLUS, version 0.9172. Testers personal comments may appear
at the end of this report.


Thank you for uploading your work to CPAN.  However, it appears that
there were some problems testing your distribution.

TEST RESULTS:

Below is the error stack from stage 'make test':

"/home/cpan/pit/bare/perl-5.26.0/bin/perl" -MExtUtils::Command::MM -e 'cp_nonempty' -- SQLcipher.bs blib/arch/auto/DBD/SQLcipher/SQLcipher.bs 644
PERL_DL_NONLAZY=1 "/home/cpan/pit/bare/perl-5.26.0/bin/perl" "-MExtUtils::Command::MM" "-MTest::Harness" "-e" "undef *Test::Harness::Switches; test_harness(0, 'blib/lib', 'blib/arch')" t/*.t t/**/*.t

#   Failed test 'use DBD::SQLcipher;'
#   at t/01_compile.t line 17.
#     Tried to use 'DBD::SQLcipher'.
#     Error:  Can't load '/home/cpan/pit/bare/conf/perl-5.26.0/.cpanplus/5.26.0/build/YgR6V8EmCG/DBD-SQLcipher-0.03_0010/blib/arch/auto/DBD/SQLcipher/SQLcipher.so' for module DBD::SQLcipher: /home/cpan/pit/bare/conf/perl-5.26.0/.cpanplus/5.26.0/build/YgR6V8EmCG/DBD-SQLcipher-0.03_0010/blib/arch/auto/DBD/SQLcipher/SQLcipher.so: undefined symbol: CRYPTO_free at /home/cpan/pit/bare/perl-5.26.0/lib/5.26.0/x86_64-linux/DynaLoader.pm line 193.
#  at t/01_compile.t line 17.
# Compilation failed in require at t/01_compile.t line 17.
# BEGIN failed--compilation aborted at t/01_compile.t line 17.

#   Failed test 'use SQLiteTest;'
#   at t/01_compile.t line 18.
#     Tried to use 'SQLiteTest'.
#     Error:  Attempt to reload DBD/SQLcipher.pm aborted.
# Compilation failed in require at t/lib/SQLiteTest.pm line 162.
# BEGIN failed--compilation aborted at t/lib/SQLiteTest.pm line 162.
# Compilation failed in require at t/01_compile.t line 18.
# BEGIN failed--compilation aborted at t/01_compile.t line 18.
# $DBI::VERSION=1.637
Undefined subroutine &DBD::SQLcipher::compile_options called at t/01_compile.t line 22.
# Looks like your test exited with 255 just after 3.
t/01_compile.t ........................................ 
Dubious, test returned 255 (wstat 65280, 0xff00)
Failed 2/3 subtests 
Can't load '/home/cpan/pit/bare/conf/perl-5.26.0/.cpanplus/5.26.0/build/YgR6V8EmCG/DBD-SQLcipher-0.03_0010/blib/arch/auto/DBD/SQLcipher/SQLcipher.so' for module DBD::SQLcipher: /home/cpan/pit/bare/conf/perl-5.26.0/.cpanplus/5.26.0/build/YgR6V8EmCG/DBD-SQLcipher-0.03_0010/blib/arch/auto/DBD/SQLcipher/SQLcipher.so: undefined symbol: CRYPTO_free at /home/cpan/pit/bare/perl-5.26.0/lib/5.26.0/x86_64-linux/DynaLoader.pm line 193.
 at t/lib/SQLiteTest.pm line 162.
Compilation failed in require at t/lib/SQLiteTest.pm line 162.
BEGIN failed--compilation aborted at t/lib/SQLiteTest.pm line 162.
Compilation failed in require at t/02_logon.t line 12.
BEGIN failed--compilation aborted at t/02_logon.t line 12.
t/02_logon.t .......................................... 
Dubious, test returned 2 (wstat 512, 0x200)
No subtests run 
Can't load '/home/cpan/pit/bare/conf/perl-5.26.0/.cpanplus/5.26.0/build/YgR6V8EmCG/DBD-SQLcipher-0.03_0010/blib/arch/auto/DBD/SQLcipher/SQLcipher.so' for module DBD::SQLcipher: /home/cpan/pit/bare/conf/perl-5.26.0/.cpanplus/5.26.0/build/YgR6V8EmCG/DBD-SQLcipher-0.03_0010/blib/arch/auto/DBD/SQLcipher/SQLcipher.so: undefined symbol: CRYPTO_free at /home/cpan/pit/bare/perl-5.26.0/lib/5.26.0/x86_64-linux/DynaLoader.pm line 193.
 at t/lib/SQLiteTest.pm line 162.
Compilation failed in require at t/lib/SQLiteTest.pm line 162.
BEGIN failed--compilation aborted at t/lib/SQLiteTest.pm line 162.
Compilation failed in require at t/03_create_table.t line 12.
BEGIN failed--compilation aborted at t/03_create_table.t line 12.
t/03_create_table.t ................................... 
Dubious, test returned 2 (wstat 512, 0x200)
No subtests run 
Can't load '/home/cpan/pit/bare/conf/perl-5.26.0/.cpanplus/5.26.0/build/YgR6V8EmCG/DBD-SQLcipher-0.03_0010/blib/arch/auto/DBD/SQLcipher/SQLcipher.so' for module DBD::SQLcipher: /home/cpan/pit/bare/conf/perl-5.26.0/.cpanplus/5.26.0/build/YgR6V8EmCG/DBD-SQLcipher-0.03_0010/blib/arch/auto/DBD/SQLcipher/SQLcipher.so: undefined symbol: CRYPTO_free at /home/cpan/pit/bare/perl-5.26.0/lib/5.26.0/x86_64-linux/DynaLoader.pm line 193.
 at t/lib/SQLiteTest.pm line 162.
Compilation failed in require at t/lib/SQLiteTest.pm line 162.
BEGIN failed--compilation aborted at t/lib/SQLiteTest.pm line 162.
Compilation failed in require at t/04_insert.t line 10.
BEGIN failed--compilation aborted at t/04_insert.t line 10.
t/04_insert.t ......................................... 
Dubious, test returned 2 (wstat 512, 0x200)
No subtests run 
Can't load '/home/cpan/pit/bare/conf/perl-5.26.0/.cpanplus/5.26.0/build/YgR6V8EmCG/DBD-SQLcipher-0.03_0010/blib/arch/auto/DBD/SQLcipher/SQLcipher.so' for module DBD::SQLcipher: /home/cpan/pit/bare/conf/perl-5.26.0/.cpanplus/5.26.0/build/YgR6V8EmCG/DBD-SQLcipher-0.03_0010/blib/arch/auto/DBD/SQLcipher/SQLcipher.so: undefined symbol: CRYPTO_free at /home/cpan/pit/bare/perl-5.26.0/lib/5.26.0/x86_64-linux/DynaLoader.pm line 193.
 at t/lib/SQLiteTest.pm line 162.
Compilation failed in require at t/lib/SQLiteTest.pm line 162.
BEGIN failed--compilation aborted at t/lib/SQLiteTest.pm line 162.
Compilation failed in require at t/05_select.t line 10.
BEGIN failed--compilation aborted at t/05_select.t line 10.
t/05_select.t ......................................... 
Dubious, test returned 2 (wstat 512, 0x200)
No subtests run 
Can't load '/home/cpan/pit/bare/conf/perl-5.26.0/.cpanplus/5.26.0/build/YgR6V8EmCG/DBD-SQLcipher-0.03_0010/blib/arch/auto/DBD/SQLcipher/SQLcipher.so' for module DBD::SQLcipher: /home/cpan/pit/bare/conf/perl-5.26.0/.cpanplus/5.26.0/build/YgR6V8EmCG/DBD-SQLcipher-0.03_0010/blib/arch/auto/DBD/SQLcipher/SQLcipher.so: undefined symbol: CRYPTO_free at /home/cpan/pit/bare/perl-5.26.0/lib/5.26.0/x86_64-linux/DynaLoader.pm line 193.
 at t/lib/SQLiteTest.pm line 162.
Compilation failed in require at t/lib/SQLiteTest.pm line 162.
BEGIN failed--compilation aborted at t/lib/SQLiteTest.pm line 162.
Compilation failed in require at t/06_tran.t line 10.
BEGIN failed--compilation aborted at t/06_tran.t line 10.
t/06_tran.t ........................................... 
Dubious, test returned 2 (wstat 512, 0x200)
No subtests run 
Can't load '/home/cpan/pit/bare/conf/perl-5.26.0/.cpanplus/5.26.0/build/YgR6V8EmCG/DBD-SQLcipher-0.03_0010/blib/arch/auto/DBD/SQLcipher/SQLcipher.so' for module DBD::SQLcipher: /home/cpan/pit/bare/conf/perl-5.26.0/.cpanplus/5.26.0/build/YgR6V8EmCG/DBD-SQLcipher-0.03_0010/blib/arch/auto/DBD/SQLcipher/SQLcipher.so: undefined symbol: CRYPTO_free at /home/cpan/pit/bare/perl-5.26.0/lib/5.26.0/x86_64-linux/DynaLoader.pm line 193.
 at t/lib/SQLiteTest.pm line 162.
Compilation failed in require at t/lib/SQLiteTest.pm line 162.
BEGIN failed--compilation aborted at t/lib/SQLiteTest.pm line 162.
Compilation failed in require at t/07_error.t line 10.
BEGIN failed--compilation aborted at t/07_error.t line 10.
t/07_error.t .......................................... 
Dubious, test returned 2 (wstat 512, 0x200)
No subtests run 
Can't load '/home/cpan/pit/bare/conf/perl-5.26.0/.cpanplus/5.26.0/build/YgR6V8EmCG/DBD-SQLcipher-0.03_0010/blib/arch/auto/DBD/SQLcipher/SQLcipher.so' for module DBD::SQLcipher: /home/cpan/pit/bare/conf/perl-5.26.0/.cpanplus/5.26.0/build/YgR6V8EmCG/DBD-SQLcipher-0.03_0010/blib/arch/auto/DBD/SQLcipher/SQLcipher.so: undefined symbol: CRYPTO_free at /home/cpan/pit/bare/perl-5.26.0/lib/5.26.0/x86_64-linux/DynaLoader.pm line 193.
 at t/lib/SQLiteTest.pm line 162.
Compilation failed in require at t/lib/SQLiteTest.pm line 162.
BEGIN failed--compilation aborted at t/lib/SQLiteTest.pm line 162.
Compilation failed in require at t/08_busy.t line 12.
BEGIN failed--compilation aborted at t/08_busy.t line 12.
t/08_busy.t ........................................... 
Dubious, test returned 2 (wstat 512, 0x200)
No subtests run 
Can't load '/home/cpan/pit/bare/conf/perl-5.26.0/.cpanplus/5.26.0/build/YgR6V8EmCG/DBD-SQLcipher-0.03_0010/blib/arch/auto/DBD/SQLcipher/SQLcipher.so' for module DBD::SQLcipher: /home/cpan/pit/bare/conf/perl-5.26.0/.cpanplus/5.26.0/build/YgR6V8EmCG/DBD-SQLcipher-0.03_0010/blib/arch/auto/DBD/SQLcipher/SQLcipher.so: undefined symbol: CRYPTO_free at /home/cpan/pit/bare/perl-5.26.0/lib/5.26.0/x86_64-linux/DynaLoader.pm line 193.
 at t/lib/SQLiteTest.pm line 162.
Compilation failed in require at t/lib/SQLiteTest.pm line 162.
BEGIN failed--compilation aborted at t/lib/SQLiteTest.pm line 162.
Compilation failed in require at t/09_create_function.t line 11.
BEGIN failed--compilation aborted at t/09_create_function.t line 11.
t/09_create_function.t ................................ 
Dubious, test returned 2 (wstat 512, 0x200)
No subtests run 
Can't load '/home/cpan/pit/bare/conf/perl-5.26.0/.cpanplus/5.26.0/build/YgR6V8EmCG/DBD-SQLcipher-0.03_0010/blib/arch/auto/DBD/SQLcipher/SQLcipher.so' for module DBD::SQLcipher: /home/cpan/pit/bare/conf/perl-5.26.0/.cpanplus/5.26.0/build/YgR6V8EmCG/DBD-SQLcipher-0.03_0010/blib/arch/auto/DBD/SQLcipher/SQLcipher.so: undefined symbol: CRYPTO_free at /home/cpan/pit/bare/perl-5.26.0/lib/5.26.0/x86_64-linux/DynaLoader.pm line 193.
 at t/lib/SQLiteTest.pm line 162.
Compilation failed in require at t/lib/SQLiteTest.pm line 162.
BEGIN failed--compilation aborted at t/lib/SQLiteTest.pm line 162.
Compilation failed in require at t/10_create_aggregate.t line 10.
BEGIN failed--compilation aborted at t/10_create_aggregate.t line 10.
t/10_create_aggregate.t ............................... 
Dubious, test returned 2 (wstat 512, 0x200)
No subtests run 
Can't load '/home/cpan/pit/bare/conf/perl-5.26.0/.cpanplus/5.26.0/build/YgR6V8EmCG/DBD-SQLcipher-0.03_0010/blib/arch/auto/DBD/SQLcipher/SQLcipher.so' for module DBD::SQLcipher: /home/cpan/pit/bare/conf/perl-5.26.0/.cpanplus/5.26.0/build/YgR6V8EmCG/DBD-SQLcipher-0.03_0010/blib/arch/auto/DBD/SQLcipher/SQLcipher.so: undefined symbol: CRYPTO_free at /home/cpan/pit/bare/perl-5.26.0/lib/5.26.0/x86_64-linux/DynaLoader.pm line 193.
 at t/lib/SQLiteTest.pm line 162.
Compilation failed in require at t/lib/SQLiteTest.pm line 162.
BEGIN failed--compilation aborted at t/lib/SQLiteTest.pm line 162.
Compilation failed in require at t/12_unicode.t line 13.
BEGIN failed--compilation aborted at t/12_unicode.t line 13.
t/12_unicode.t ........................................ 
Dubious, test returned 2 (wstat 512, 0x200)
No subtests run 
Can't load '/home/cpan/pit/bare/conf/perl-5.26.0/.cpanplus/5.26.0/build/YgR6V8EmCG/DBD-SQLcipher-0.03_0010/blib/arch/auto/DBD/SQLcipher/SQLcipher.so' for module DBD::SQLcipher: /home/cpan/pit/bare/conf/perl-5.26.0/.cpanplus/5.26.0/build/YgR6V8EmCG/DBD-SQLcipher-0.03_0010/blib/arch/auto/DBD/SQLcipher/SQLcipher.so: undefined symbol: CRYPTO_free at /home/cpan/pit/bare/perl-5.26.0/lib/5.26.0/x86_64-linux/DynaLoader.pm line 193.
 at t/lib/SQLiteTest.pm line 162.
Compilation failed in require at t/lib/SQLiteTest.pm line 162.
BEGIN failed--compilation aborted at t/lib/SQLiteTest.pm line 162.
Compilation failed in require at t/13_create_collation.t line 10.
BEGIN failed--compilation aborted at t/13_create_collation.t line 10.
t/13_create_collation.t ............................... 
Dubious, test returned 2 (wstat 512, 0x200)
No subtests run 
Can't load '/home/cpan/pit/bare/conf/perl-5.26.0/.cpanplus/5.26.0/build/YgR6V8EmCG/DBD-SQLcipher-0.03_0010/blib/arch/auto/DBD/SQLcipher/SQLcipher.so' for module DBD::SQLcipher: /home/cpan/pit/bare/conf/perl-5.26.0/.cpanplus/5.26.0/build/YgR6V8EmCG/DBD-SQLcipher-0.03_0010/blib/arch/auto/DBD/SQLcipher/SQLcipher.so: undefined symbol: CRYPTO_free at /home/cpan/pit/bare/perl-5.26.0/lib/5.26.0/x86_64-linux/DynaLoader.pm line 193.
 at t/lib/SQLiteTest.pm line 162.
Compilation failed in require at t/lib/SQLiteTest.pm line 162.
BEGIN failed--compilation aborted at t/lib/SQLiteTest.pm line 162.
Compilation failed in require at t/14_progress_handler.t line 10.
BEGIN failed--compilation aborted at t/14_progress_handler.t line 10.
t/14_progress_handler.t ............................... 
Dubious, test returned 2 (wstat 512, 0x200)
No subtests run 
Can't load '/home/cpan/pit/bare/conf/perl-5.26.0/.cpanplus/5.26.0/build/YgR6V8EmCG/DBD-SQLcipher-0.03_0010/blib/arch/auto/DBD/SQLcipher/SQLcipher.so' for module DBD::SQLcipher: /home/cpan/pit/bare/conf/perl-5.26.0/.cpanplus/5.26.0/build/YgR6V8EmCG/DBD-SQLcipher-0.03_0010/blib/arch/auto/DBD/SQLcipher/SQLcipher.so: undefined symbol: CRYPTO_free at /home/cpan/pit/bare/perl-5.26.0/lib/5.26.0/x86_64-linux/DynaLoader.pm line 193.
 at t/lib/SQLiteTest.pm line 162.
Compilation failed in require at t/lib/SQLiteTest.pm line 162.
BEGIN failed--compilation aborted at t/lib/SQLiteTest.pm line 162.
Compilation failed in require at t/15_ak_dbd.t line 10.
BEGIN failed--compilation aborted at t/15_ak_dbd.t line 10.
t/15_ak_dbd.t ......................................... 
Dubious, test returned 2 (wstat 512, 0x200)
No subtests run 
Can't load '/home/cpan/pit/bare/conf/perl-5.26.0/.cpanplus/5.26.0/build/YgR6V8EmCG/DBD-SQLcipher-0.03_0010/blib/arch/auto/DBD/SQLcipher/SQLcipher.so' for module DBD::SQLcipher: /home/cpan/pit/bare/conf/perl-5.26.0/.cpanplus/5.26.0/build/YgR6V8EmCG/DBD-SQLcipher-0.03_0010/blib/arch/auto/DBD/SQLcipher/SQLcipher.so: undefined symbol: CRYPTO_free at /home/cpan/pit/bare/perl-5.26.0/lib/5.26.0/x86_64-linux/DynaLoader.pm line 193.
 at t/lib/SQLiteTest.pm line 162.
Compilation failed in require at t/lib/SQLiteTest.pm line 162.
BEGIN failed--compilation aborted at t/lib/SQLiteTest.pm line 162.
Compilation failed in require at t/16_column_info.t line 10.
BEGIN failed--compilation aborted at t/16_column_info.t line 10.
t/16_column_info.t .................................... 
Dubious, test returned 2 (wstat 512, 0x200)
No subtests run 
Can't load '/home/cpan/pit/bare/conf/perl-5.26.0/.cpanplus/5.26.0/build/YgR6V8EmCG/DBD-SQLcipher-0.03_0010/blib/arch/auto/DBD/SQLcipher/SQLcipher.so' for module DBD::SQLcipher: /home/cpan/pit/bare/conf/perl-5.26.0/.cpanplus/5.26.0/build/YgR6V8EmCG/DBD-SQLcipher-0.03_0010/blib/arch/auto/DBD/SQLcipher/SQLcipher.so: undefined symbol: CRYPTO_free at /home/cpan/pit/bare/perl-5.26.0/lib/5.26.0/x86_64-linux/DynaLoader.pm line 193.
 at t/lib/SQLiteTest.pm line 162.
Compilation failed in require at t/lib/SQLiteTest.pm line 162.
BEGIN failed--compilation aborted at t/lib/SQLiteTest.pm line 162.
Compilation failed in require at t/17_createdrop.t line 13.
BEGIN failed--compilation aborted at t/17_createdrop.t line 13.
t/17_createdrop.t ..................................... 
Dubious, test returned 2 (wstat 512, 0x200)
No subtests run 
Can't load '/home/cpan/pit/bare/conf/perl-5.26.0/.cpanplus/5.26.0/build/YgR6V8EmCG/DBD-SQLcipher-0.03_0010/blib/arch/auto/DBD/SQLcipher/SQLcipher.so' for module DBD::SQLcipher: /home/cpan/pit/bare/conf/perl-5.26.0/.cpanplus/5.26.0/build/YgR6V8EmCG/DBD-SQLcipher-0.03_0010/blib/arch/auto/DBD/SQLcipher/SQLcipher.so: undefined symbol: CRYPTO_free at /home/cpan/pit/bare/perl-5.26.0/lib/5.26.0/x86_64-linux/DynaLoader.pm line 193.
 at t/lib/SQLiteTest.pm line 162.
Compilation failed in require at t/lib/SQLiteTest.pm line 162.
BEGIN failed--compilation aborted at t/lib/SQLiteTest.pm line 162.
Compilation failed in require at t/18_insertfetch.t line 12.
BEGIN failed--compilation aborted at t/18_insertfetch.t line 12.
t/18_insertfetch.t .................................... 
Dubious, test returned 2 (wstat 512, 0x200)
No subtests run 
Can't load '/home/cpan/pit/bare/conf/perl-5.26.0/.cpanplus/5.26.0/build/YgR6V8EmCG/DBD-SQLcipher-0.03_0010/blib/arch/auto/DBD/SQLcipher/SQLcipher.so' for module DBD::SQLcipher: /home/cpan/pit/bare/conf/perl-5.26.0/.cpanplus/5.26.0/build/YgR6V8EmCG/DBD-SQLcipher-0.03_0010/blib/arch/auto/DBD/SQLcipher/SQLcipher.so: undefined symbol: CRYPTO_free at /home/cpan/pit/bare/perl-5.26.0/lib/5.26.0/x86_64-linux/DynaLoader.pm line 193.
 at t/lib/SQLiteTest.pm line 162.
Compilation failed in require at t/lib/SQLiteTest.pm line 162.
BEGIN failed--compilation aborted at t/lib/SQLiteTest.pm line 162.
Compilation failed in require at t/19_bindparam.t line 10.
BEGIN failed--compilation aborted at t/19_bindparam.t line 10.
t/19_bindparam.t ...................................... 
Dubious, test returned 2 (wstat 512, 0x200)
No subtests run 
Can't load '/home/cpan/pit/bare/conf/perl-5.26.0/.cpanplus/5.26.0/build/YgR6V8EmCG/DBD-SQLcipher-0.03_0010/blib/arch/auto/DBD/SQLcipher/SQLcipher.so' for module DBD::SQLcipher: /home/cpan/pit/bare/conf/perl-5.26.0/.cpanplus/5.26.0/build/YgR6V8EmCG/DBD-SQLcipher-0.03_0010/blib/arch/auto/DBD/SQLcipher/SQLcipher.so: undefined symbol: CRYPTO_free at /home/cpan/pit/bare/perl-5.26.0/lib/5.26.0/x86_64-linux/DynaLoader.pm line 193.
 at t/lib/SQLiteTest.pm line 162.
Compilation failed in require at t/lib/SQLiteTest.pm line 162.
BEGIN failed--compilation aborted at t/lib/SQLiteTest.pm line 162.
Compilation failed in require at t/20_blobs.t line 13.
BEGIN failed--compilation aborted at t/20_blobs.t line 13.
t/20_blobs.t .......................................... 
Dubious, test returned 2 (wstat 512, 0x200)
No subtests run 
Can't load '/home/cpan/pit/bare/conf/perl-5.26.0/.cpanplus/5.26.0/build/YgR6V8EmCG/DBD-SQLcipher-0.03_0010/blib/arch/auto/DBD/SQLcipher/SQLcipher.so' for module DBD::SQLcipher: /home/cpan/pit/bare/conf/perl-5.26.0/.cpanplus/5.26.0/build/YgR6V8EmCG/DBD-SQLcipher-0.03_0010/blib/arch/auto/DBD/SQLcipher/SQLcipher.so: undefined symbol: CRYPTO_free at /home/cpan/pit/bare/perl-5.26.0/lib/5.26.0/x86_64-linux/DynaLoader.pm line 193.
 at t/lib/SQLiteTest.pm line 162.
Compilation failed in require at t/lib/SQLiteTest.pm line 162.
BEGIN failed--compilation aborted at t/lib/SQLiteTest.pm line 162.
Compilation failed in require at t/21_blobtext.t line 10.
BEGIN failed--compilation aborted at t/21_blobtext.t line 10.
t/21_blobtext.t ....................................... 
Dubious, test returned 2 (wstat 512, 0x200)
No subtests run 
Can't load '/home/cpan/pit/bare/conf/perl-5.26.0/.cpanplus/5.26.0/build/YgR6V8EmCG/DBD-SQLcipher-0.03_0010/blib/arch/auto/DBD/SQLcipher/SQLcipher.so' for module DBD::SQLcipher: /home/cpan/pit/bare/conf/perl-5.26.0/.cpanplus/5.26.0/build/YgR6V8EmCG/DBD-SQLcipher-0.03_0010/blib/arch/auto/DBD/SQLcipher/SQLcipher.so: undefined symbol: CRYPTO_free at /home/cpan/pit/bare/perl-5.26.0/lib/5.26.0/x86_64-linux/DynaLoader.pm line 193.
 at t/lib/SQLiteTest.pm line 162.
Compilation failed in require at t/lib/SQLiteTest.pm line 162.
BEGIN failed--compilation aborted at t/lib/SQLiteTest.pm line 162.
Compilation failed in require at t/22_listfields.t line 12.
BEGIN failed--compilation aborted at t/22_listfields.t line 12.
t/22_listfields.t ..................................... 
Dubious, test returned 2 (wstat 512, 0x200)
No subtests run 
Can't load '/home/cpan/pit/bare/conf/perl-5.26.0/.cpanplus/5.26.0/build/YgR6V8EmCG/DBD-SQLcipher-0.03_0010/blib/arch/auto/DBD/SQLcipher/SQLcipher.so' for module DBD::SQLcipher: /home/cpan/pit/bare/conf/perl-5.26.0/.cpanplus/5.26.0/build/YgR6V8EmCG/DBD-SQLcipher-0.03_0010/blib/arch/auto/DBD/SQLcipher/SQLcipher.so: undefined symbol: CRYPTO_free at /home/cpan/pit/bare/perl-5.26.0/lib/5.26.0/x86_64-linux/DynaLoader.pm line 193.
 at t/lib/SQLiteTest.pm line 162.
Compilation failed in require at t/lib/SQLiteTest.pm line 162.
BEGIN failed--compilation aborted at t/lib/SQLiteTest.pm line 162.
Compilation failed in require at t/23_nulls.t line 12.
BEGIN failed--compilation aborted at t/23_nulls.t line 12.
t/23_nulls.t .......................................... 
Dubious, test returned 2 (wstat 512, 0x200)
No subtests run 
Can't load '/home/cpan/pit/bare/conf/perl-5.26.0/.cpanplus/5.26.0/build/YgR6V8EmCG/DBD-SQLcipher-0.03_0010/blib/arch/auto/DBD/SQLcipher/SQLcipher.so' for module DBD::SQLcipher: /home/cpan/pit/bare/conf/perl-5.26.0/.cpanplus/5.26.0/build/YgR6V8EmCG/DBD-SQLcipher-0.03_0010/blib/arch/auto/DBD/SQLcipher/SQLcipher.so: undefined symbol: CRYPTO_free at /home/cpan/pit/bare/perl-5.26.0/lib/5.26.0/x86_64-linux/DynaLoader.pm line 193.
 at t/lib/SQLiteTest.pm line 162.
Compilation failed in require at t/lib/SQLiteTest.pm line 162.
BEGIN failed--compilation aborted at t/lib/SQLiteTest.pm line 162.
Compilation failed in require at t/24_numrows.t line 12.
BEGIN failed--compilation aborted at t/24_numrows.t line 12.
t/24_numrows.t ........................................ 
Dubious, test returned 2 (wstat 512, 0x200)
No subtests run 
Can't load '/home/cpan/pit/bare/conf/perl-5.26.0/.cpanplus/5.26.0/build/YgR6V8EmCG/DBD-SQLcipher-0.03_0010/blib/arch/auto/DBD/SQLcipher/SQLcipher.so' for module DBD::SQLcipher: /home/cpan/pit/bare/conf/perl-5.26.0/.cpanplus/5.26.0/build/YgR6V8EmCG/DBD-SQLcipher-0.03_0010/blib/arch/auto/DBD/SQLcipher/SQLcipher.so: undefined symbol: CRYPTO_free at /home/cpan/pit/bare/perl-5.26.0/lib/5.26.0/x86_64-linux/DynaLoader.pm line 193.
 at t/lib/SQLiteTest.pm line 162.
Compilation failed in require at t/lib/SQLiteTest.pm line 162.
BEGIN failed--compilation aborted at t/lib/SQLiteTest.pm line 162.
Compilation failed in require at t/25_chopblanks.t line 12.
BEGIN failed--compilation aborted at t/25_chopblanks.t line 12.
t/25_chopblanks.t ..................................... 
Dubious, test returned 2 (wstat 512, 0x200)
No subtests run 
Can't load '/home/cpan/pit/bare/conf/perl-5.26.0/.cpanplus/5.26.0/build/YgR6V8EmCG/DBD-SQLcipher-0.03_0010/blib/arch/auto/DBD/SQLcipher/SQLcipher.so' for module DBD::SQLcipher: /home/cpan/pit/bare/conf/perl-5.26.0/.cpanplus/5.26.0/build/YgR6V8EmCG/DBD-SQLcipher-0.03_0010/blib/arch/auto/DBD/SQLcipher/SQLcipher.so: undefined symbol: CRYPTO_free at /home/cpan/pit/bare/perl-5.26.0/lib/5.26.0/x86_64-linux/DynaLoader.pm line 193.
 at t/lib/SQLiteTest.pm line 162.
Compilation failed in require at t/lib/SQLiteTest.pm line 162.
BEGIN failed--compilation aborted at t/lib/SQLiteTest.pm line 162.
Compilation failed in require at t/26_commit.t line 12.
BEGIN failed--compilation aborted at t/26_commit.t line 12.
t/26_commit.t ......................................... 
Dubious, test returned 2 (wstat 512, 0x200)
No subtests run 
Can't load '/home/cpan/pit/bare/conf/perl-5.26.0/.cpanplus/5.26.0/build/YgR6V8EmCG/DBD-SQLcipher-0.03_0010/blib/arch/auto/DBD/SQLcipher/SQLcipher.so' for module DBD::SQLcipher: /home/cpan/pit/bare/conf/perl-5.26.0/.cpanplus/5.26.0/build/YgR6V8EmCG/DBD-SQLcipher-0.03_0010/blib/arch/auto/DBD/SQLcipher/SQLcipher.so: undefined symbol: CRYPTO_free at /home/cpan/pit/bare/perl-5.26.0/lib/5.26.0/x86_64-linux/DynaLoader.pm line 193.
 at t/lib/SQLiteTest.pm line 162.
Compilation failed in require at t/lib/SQLiteTest.pm line 162.
BEGIN failed--compilation aborted at t/lib/SQLiteTest.pm line 162.
Compilation failed in require at t/27_metadata.t line 11.
BEGIN failed--compilation aborted at t/27_metadata.t line 11.
# Looks like your test exited with 2 before it could output anything.
t/27_metadata.t ....................................... 
Dubious, test returned 2 (wstat 512, 0x200)
Failed 21/21 subtests 
Can't load '/home/cpan/pit/bare/conf/perl-5.26.0/.cpanplus/5.26.0/build/YgR6V8EmCG/DBD-SQLcipher-0.03_0010/blib/arch/auto/DBD/SQLcipher/SQLcipher.so' for module DBD::SQLcipher: /home/cpan/pit/bare/conf/perl-5.26.0/.cpanplus/5.26.0/build/YgR6V8EmCG/DBD-SQLcipher-0.03_0010/blib/arch/auto/DBD/SQLcipher/SQLcipher.so: undefined symbol: CRYPTO_free at /home/cpan/pit/bare/perl-5.26.0/lib/5.26.0/x86_64-linux/DynaLoader.pm line 193.
 at t/lib/SQLiteTest.pm line 162.
Compilation failed in require at t/lib/SQLiteTest.pm line 162.
BEGIN failed--compilation aborted at t/lib/SQLiteTest.pm line 162.
Compilation failed in require at t/28_schemachange.t line 14.
BEGIN failed--compilation aborted at t/28_schemachange.t line 14.
# Looks like your test exited with 2 before it could output anything.
t/28_schemachange.t ................................... 
Dubious, test returned 2 (wstat 512, 0x200)
Failed 9/9 subtests 
Can't load '/home/cpan/pit/bare/conf/perl-5.26.0/.cpanplus/5.26.0/build/YgR6V8EmCG/DBD-SQLcipher-0.03_0010/blib/arch/auto/DBD/SQLcipher/SQLcipher.so' for module DBD::SQLcipher: /home/cpan/pit/bare/conf/perl-5.26.0/.cpanplus/5.26.0/build/YgR6V8EmCG/DBD-SQLcipher-0.03_0010/blib/arch/auto/DBD/SQLcipher/SQLcipher.so: undefined symbol: CRYPTO_free at /home/cpan/pit/bare/perl-5.26.0/lib/5.26.0/x86_64-linux/DynaLoader.pm line 193.
 at t/lib/SQLiteTest.pm line 162.
Compilation failed in require at t/lib/SQLiteTest.pm line 162.
BEGIN failed--compilation aborted at t/lib/SQLiteTest.pm line 162.
Compilation failed in require at t/30_auto_rollback.t line 12.
BEGIN failed--compilation aborted at t/30_auto_rollback.t line 12.
t/30_auto_rollback.t .................................. 
Dubious, test returned 2 (wstat 512, 0x200)
No subtests run 
Can't load '/home/cpan/pit/bare/conf/perl-5.26.0/.cpanplus/5.26.0/build/YgR6V8EmCG/DBD-SQLcipher-0.03_0010/blib/arch/auto/DBD/SQLcipher/SQLcipher.so' for module DBD::SQLcipher: /home/cpan/pit/bare/conf/perl-5.26.0/.cpanplus/5.26.0/build/YgR6V8EmCG/DBD-SQLcipher-0.03_0010/blib/arch/auto/DBD/SQLcipher/SQLcipher.so: undefined symbol: CRYPTO_free at /home/cpan/pit/bare/perl-5.26.0/lib/5.26.0/x86_64-linux/DynaLoader.pm line 193.
 at t/lib/SQLiteTest.pm line 162.
Compilation failed in require at t/lib/SQLiteTest.pm line 162.
BEGIN failed--compilation aborted at t/lib/SQLiteTest.pm line 162.
Compilation failed in require at t/31_bind_weird_number_param.t line 14.
BEGIN failed--compilation aborted at t/31_bind_weird_number_param.t line 14.
# Looks like your test exited with 2 before it could output anything.
t/31_bind_weird_number_param.t ........................ 
Dubious, test returned 2 (wstat 512, 0x200)
Failed 3/3 subtests 
Can't load '/home/cpan/pit/bare/conf/perl-5.26.0/.cpanplus/5.26.0/build/YgR6V8EmCG/DBD-SQLcipher-0.03_0010/blib/arch/auto/DBD/SQLcipher/SQLcipher.so' for module DBD::SQLcipher: /home/cpan/pit/bare/conf/perl-5.26.0/.cpanplus/5.26.0/build/YgR6V8EmCG/DBD-SQLcipher-0.03_0010/blib/arch/auto/DBD/SQLcipher/SQLcipher.so: undefined symbol: CRYPTO_free at /home/cpan/pit/bare/perl-5.26.0/lib/5.26.0/x86_64-linux/DynaLoader.pm line 193.
 at t/lib/SQLiteTest.pm line 162.
Compilation failed in require at t/lib/SQLiteTest.pm line 162.
BEGIN failed--compilation aborted at t/lib/SQLiteTest.pm line 162.
Compilation failed in require at t/32_inactive_error.t line 11.
BEGIN failed--compilation aborted at t/32_inactive_error.t line 11.
# Looks like your test exited with 2 before it could output anything.
t/32_inactive_error.t ................................. 
Dubious, test returned 2 (wstat 512, 0x200)
Failed 4/4 subtests 
Can't load '/home/cpan/pit/bare/conf/perl-5.26.0/.cpanplus/5.26.0/build/YgR6V8EmCG/DBD-SQLcipher-0.03_0010/blib/arch/auto/DBD/SQLcipher/SQLcipher.so' for module DBD::SQLcipher: /home/cpan/pit/bare/conf/perl-5.26.0/.cpanplus/5.26.0/build/YgR6V8EmCG/DBD-SQLcipher-0.03_0010/blib/arch/auto/DBD/SQLcipher/SQLcipher.so: undefined symbol: CRYPTO_free at /home/cpan/pit/bare/perl-5.26.0/lib/5.26.0/x86_64-linux/DynaLoader.pm line 193.
 at t/lib/SQLiteTest.pm line 162.
Compilation failed in require at t/lib/SQLiteTest.pm line 162.
BEGIN failed--compilation aborted at t/lib/SQLiteTest.pm line 162.
Compilation failed in require at t/33_non_latin_path.t line 13.
BEGIN failed--compilation aborted at t/33_non_latin_path.t line 13.
t/33_non_latin_path.t ................................. 
Dubious, test returned 2 (wstat 512, 0x200)
No subtests run 
Can't load '/home/cpan/pit/bare/conf/perl-5.26.0/.cpanplus/5.26.0/build/YgR6V8EmCG/DBD-SQLcipher-0.03_0010/blib/arch/auto/DBD/SQLcipher/SQLcipher.so' for module DBD::SQLcipher: /home/cpan/pit/bare/conf/perl-5.26.0/.cpanplus/5.26.0/build/YgR6V8EmCG/DBD-SQLcipher-0.03_0010/blib/arch/auto/DBD/SQLcipher/SQLcipher.so: undefined symbol: CRYPTO_free at /home/cpan/pit/bare/perl-5.26.0/lib/5.26.0/x86_64-linux/DynaLoader.pm line 193.
 at t/lib/SQLiteTest.pm line 162.
Compilation failed in require at t/lib/SQLiteTest.pm line 162.
BEGIN failed--compilation aborted at t/lib/SQLiteTest.pm line 162.
Compilation failed in require at t/34_online_backup.t line 8.
BEGIN failed--compilation aborted at t/34_online_backup.t line 8.
t/34_online_backup.t .................................. 
Dubious, test returned 2 (wstat 512, 0x200)
No subtests run 
Can't load '/home/cpan/pit/bare/conf/perl-5.26.0/.cpanplus/5.26.0/build/YgR6V8EmCG/DBD-SQLcipher-0.03_0010/blib/arch/auto/DBD/SQLcipher/SQLcipher.so' for module DBD::SQLcipher: /home/cpan/pit/bare/conf/perl-5.26.0/.cpanplus/5.26.0/build/YgR6V8EmCG/DBD-SQLcipher-0.03_0010/blib/arch/auto/DBD/SQLcipher/SQLcipher.so: undefined symbol: CRYPTO_free at /home/cpan/pit/bare/perl-5.26.0/lib/5.26.0/x86_64-linux/DynaLoader.pm line 193.
 at t/lib/SQLiteTest.pm line 162.
Compilation failed in require at t/lib/SQLiteTest.pm line 162.
BEGIN failed--compilation aborted at t/lib/SQLiteTest.pm line 162.
Compilation failed in require at t/35_table_info.t line 10.
BEGIN failed--compilation aborted at t/35_table_info.t line 10.
t/35_table_info.t ..................................... 
Dubious, test returned 2 (wstat 512, 0x200)
No subtests run 
Can't load '/home/cpan/pit/bare/conf/perl-5.26.0/.cpanplus/5.26.0/build/YgR6V8EmCG/DBD-SQLcipher-0.03_0010/blib/arch/auto/DBD/SQLcipher/SQLcipher.so' for module DBD::SQLcipher: /home/cpan/pit/bare/conf/perl-5.26.0/.cpanplus/5.26.0/build/YgR6V8EmCG/DBD-SQLcipher-0.03_0010/blib/arch/auto/DBD/SQLcipher/SQLcipher.so: undefined symbol: CRYPTO_free at /home/cpan/pit/bare/perl-5.26.0/lib/5.26.0/x86_64-linux/DynaLoader.pm line 193.
 at t/lib/SQLiteTest.pm line 162.
Compilation failed in require at t/lib/SQLiteTest.pm line 162.
BEGIN failed--compilation aborted at t/lib/SQLiteTest.pm line 162.
Compilation failed in require at t/36_hooks.t line 10.
BEGIN failed--compilation aborted at t/36_hooks.t line 10.
t/36_hooks.t .......................................... 
Dubious, test returned 2 (wstat 512, 0x200)
No subtests run 
Can't load '/home/cpan/pit/bare/conf/perl-5.26.0/.cpanplus/5.26.0/build/YgR6V8EmCG/DBD-SQLcipher-0.03_0010/blib/arch/auto/DBD/SQLcipher/SQLcipher.so' for module DBD::SQLcipher: /home/cpan/pit/bare/conf/perl-5.26.0/.cpanplus/5.26.0/build/YgR6V8EmCG/DBD-SQLcipher-0.03_0010/blib/arch/auto/DBD/SQLcipher/SQLcipher.so: undefined symbol: CRYPTO_free at /home/cpan/pit/bare/perl-5.26.0/lib/5.26.0/x86_64-linux/DynaLoader.pm line 193.
 at t/lib/SQLiteTest.pm line 162.
Compilation failed in require at t/lib/SQLiteTest.pm line 162.
BEGIN failed--compilation aborted at t/lib/SQLiteTest.pm line 162.
Compilation failed in require at t/37_regexp.t line 10.
BEGIN failed--compilation aborted at t/37_regexp.t line 10.
t/37_regexp.t ......................................... 
Dubious, test returned 2 (wstat 512, 0x200)
No subtests run 
Can't load '/home/cpan/pit/bare/conf/perl-5.26.0/.cpanplus/5.26.0/build/YgR6V8EmCG/DBD-SQLcipher-0.03_0010/blib/arch/auto/DBD/SQLcipher/SQLcipher.so' for module DBD::SQLcipher: /home/cpan/pit/bare/conf/perl-5.26.0/.cpanplus/5.26.0/build/YgR6V8EmCG/DBD-SQLcipher-0.03_0010/blib/arch/auto/DBD/SQLcipher/SQLcipher.so: undefined symbol: CRYPTO_free at /home/cpan/pit/bare/perl-5.26.0/lib/5.26.0/x86_64-linux/DynaLoader.pm line 193.
 at t/lib/SQLiteTest.pm line 162.
Compilation failed in require at t/lib/SQLiteTest.pm line 162.
BEGIN failed--compilation aborted at t/lib/SQLiteTest.pm line 162.
Compilation failed in require at t/38_empty_statement.t line 10.
BEGIN failed--compilation aborted at t/38_empty_statement.t line 10.
t/38_empty_statement.t ................................ 
Dubious, test returned 2 (wstat 512, 0x200)
No subtests run 
Can't load '/home/cpan/pit/bare/conf/perl-5.26.0/.cpanplus/5.26.0/build/YgR6V8EmCG/DBD-SQLcipher-0.03_0010/blib/arch/auto/DBD/SQLcipher/SQLcipher.so' for module DBD::SQLcipher: /home/cpan/pit/bare/conf/perl-5.26.0/.cpanplus/5.26.0/build/YgR6V8EmCG/DBD-SQLcipher-0.03_0010/blib/arch/auto/DBD/SQLcipher/SQLcipher.so: undefined symbol: CRYPTO_free at /home/cpan/pit/bare/perl-5.26.0/lib/5.26.0/x86_64-linux/DynaLoader.pm line 193.
 at t/lib/SQLiteTest.pm line 162.
Compilation failed in require at t/lib/SQLiteTest.pm line 162.
BEGIN failed--compilation aborted at t/lib/SQLiteTest.pm line 162.
Compilation failed in require at t/39_foreign_keys.t line 10.
BEGIN failed--compilation aborted at t/39_foreign_keys.t line 10.
t/39_foreign_keys.t ................................... 
Dubious, test returned 2 (wstat 512, 0x200)
No subtests run 
Can't load '/home/cpan/pit/bare/conf/perl-5.26.0/.cpanplus/5.26.0/build/YgR6V8EmCG/DBD-SQLcipher-0.03_0010/blib/arch/auto/DBD/SQLcipher/SQLcipher.so' for module DBD::SQLcipher: /home/cpan/pit/bare/conf/perl-5.26.0/.cpanplus/5.26.0/build/YgR6V8EmCG/DBD-SQLcipher-0.03_0010/blib/arch/auto/DBD/SQLcipher/SQLcipher.so: undefined symbol: CRYPTO_free at /home/cpan/pit/bare/perl-5.26.0/lib/5.26.0/x86_64-linux/DynaLoader.pm line 193.
 at t/lib/SQLiteTest.pm line 162.
Compilation failed in require at t/lib/SQLiteTest.pm line 162.
BEGIN failed--compilation aborted at t/lib/SQLiteTest.pm line 162.
Compilation failed in require at t/40_multiple_statements.t line 10.
BEGIN failed--compilation aborted at t/40_multiple_statements.t line 10.
t/40_multiple_statements.t ............................ 
Dubious, test returned 2 (wstat 512, 0x200)
No subtests run 
Can't load '/home/cpan/pit/bare/conf/perl-5.26.0/.cpanplus/5.26.0/build/YgR6V8EmCG/DBD-SQLcipher-0.03_0010/blib/arch/auto/DBD/SQLcipher/SQLcipher.so' for module DBD::SQLcipher: /home/cpan/pit/bare/conf/perl-5.26.0/.cpanplus/5.26.0/build/YgR6V8EmCG/DBD-SQLcipher-0.03_0010/blib/arch/auto/DBD/SQLcipher/SQLcipher.so: undefined symbol: CRYPTO_free at /home/cpan/pit/bare/perl-5.26.0/lib/5.26.0/x86_64-linux/DynaLoader.pm line 193.
 at t/lib/SQLiteTest.pm line 162.
Compilation failed in require at t/lib/SQLiteTest.pm line 162.
BEGIN failed--compilation aborted at t/lib/SQLiteTest.pm line 162.
Compilation failed in require at t/41_placeholders.t line 10.
BEGIN failed--compilation aborted at t/41_placeholders.t line 10.
t/41_placeholders.t ................................... 
Dubious, test returned 2 (wstat 512, 0x200)
No subtests run 
Can't load '/home/cpan/pit/bare/conf/perl-5.26.0/.cpanplus/5.26.0/build/YgR6V8EmCG/DBD-SQLcipher-0.03_0010/blib/arch/auto/DBD/SQLcipher/SQLcipher.so' for module DBD::SQLcipher: /home/cpan/pit/bare/conf/perl-5.26.0/.cpanplus/5.26.0/build/YgR6V8EmCG/DBD-SQLcipher-0.03_0010/blib/arch/auto/DBD/SQLcipher/SQLcipher.so: undefined symbol: CRYPTO_free at /home/cpan/pit/bare/perl-5.26.0/lib/5.26.0/x86_64-linux/DynaLoader.pm line 193.
 at t/lib/SQLiteTest.pm line 162.
Compilation failed in require at t/lib/SQLiteTest.pm line 162.
BEGIN failed--compilation aborted at t/lib/SQLiteTest.pm line 162.
Compilation failed in require at t/42_primary_key_info.t line 10.
BEGIN failed--compilation aborted at t/42_primary_key_info.t line 10.
t/42_primary_key_info.t ............................... 
Dubious, test returned 2 (wstat 512, 0x200)
No subtests run 
Can't load '/home/cpan/pit/bare/conf/perl-5.26.0/.cpanplus/5.26.0/build/YgR6V8EmCG/DBD-SQLcipher-0.03_0010/blib/arch/auto/DBD/SQLcipher/SQLcipher.so' for module DBD::SQLcipher: /home/cpan/pit/bare/conf/perl-5.26.0/.cpanplus/5.26.0/build/YgR6V8EmCG/DBD-SQLcipher-0.03_0010/blib/arch/auto/DBD/SQLcipher/SQLcipher.so: undefined symbol: CRYPTO_free at /home/cpan/pit/bare/perl-5.26.0/lib/5.26.0/x86_64-linux/DynaLoader.pm line 193.
 at t/lib/SQLiteTest.pm line 162.
Compilation failed in require at t/lib/SQLiteTest.pm line 162.
BEGIN failed--compilation aborted at t/lib/SQLiteTest.pm line 162.
Compilation failed in require at t/43_fts3.t line 9.
BEGIN failed--compilation aborted at t/43_fts3.t line 9.
t/43_fts3.t ........................................... 
Dubious, test returned 2 (wstat 512, 0x200)
No subtests run 
Can't load '/home/cpan/pit/bare/conf/perl-5.26.0/.cpanplus/5.26.0/build/YgR6V8EmCG/DBD-SQLcipher-0.03_0010/blib/arch/auto/DBD/SQLcipher/SQLcipher.so' for module DBD::SQLcipher: /home/cpan/pit/bare/conf/perl-5.26.0/.cpanplus/5.26.0/build/YgR6V8EmCG/DBD-SQLcipher-0.03_0010/blib/arch/auto/DBD/SQLcipher/SQLcipher.so: undefined symbol: CRYPTO_free at /home/cpan/pit/bare/perl-5.26.0/lib/5.26.0/x86_64-linux/DynaLoader.pm line 193.
 at t/lib/SQLiteTest.pm line 162.
Compilation failed in require at t/lib/SQLiteTest.pm line 162.
BEGIN failed--compilation aborted at t/lib/SQLiteTest.pm line 162.
Compilation failed in require at t/44_rtree.t line 10.
BEGIN failed--compilation aborted at t/44_rtree.t line 10.
t/44_rtree.t .......................................... 
Dubious, test returned 2 (wstat 512, 0x200)
No subtests run 
Can't load '/home/cpan/pit/bare/conf/perl-5.26.0/.cpanplus/5.26.0/build/YgR6V8EmCG/DBD-SQLcipher-0.03_0010/blib/arch/auto/DBD/SQLcipher/SQLcipher.so' for module DBD::SQLcipher: /home/cpan/pit/bare/conf/perl-5.26.0/.cpanplus/5.26.0/build/YgR6V8EmCG/DBD-SQLcipher-0.03_0010/blib/arch/auto/DBD/SQLcipher/SQLcipher.so: undefined symbol: CRYPTO_free at /home/cpan/pit/bare/perl-5.26.0/lib/5.26.0/x86_64-linux/DynaLoader.pm line 193.
 at t/lib/SQLiteTest.pm line 162.
Compilation failed in require at t/lib/SQLiteTest.pm line 162.
BEGIN failed--compilation aborted at t/lib/SQLiteTest.pm line 162.
Compilation failed in require at t/45_savepoints.t line 10.
BEGIN failed--compilation aborted at t/45_savepoints.t line 10.
t/45_savepoints.t ..................................... 
Dubious, test returned 2 (wstat 512, 0x200)
No subtests run 
Can't load '/home/cpan/pit/bare/conf/perl-5.26.0/.cpanplus/5.26.0/build/YgR6V8EmCG/DBD-SQLcipher-0.03_0010/blib/arch/auto/DBD/SQLcipher/SQLcipher.so' for module DBD::SQLcipher: /home/cpan/pit/bare/conf/perl-5.26.0/.cpanplus/5.26.0/build/YgR6V8EmCG/DBD-SQLcipher-0.03_0010/blib/arch/auto/DBD/SQLcipher/SQLcipher.so: undefined symbol: CRYPTO_free at /home/cpan/pit/bare/perl-5.26.0/lib/5.26.0/x86_64-linux/DynaLoader.pm line 193.
 at t/lib/SQLiteTest.pm line 162.
Compilation failed in require at t/lib/SQLiteTest.pm line 162.
BEGIN failed--compilation aborted at t/lib/SQLiteTest.pm line 162.
Compilation failed in require at t/46_mod_perl.t line 10.
BEGIN failed--compilation aborted at t/46_mod_perl.t line 10.
t/46_mod_perl.t ....................................... 
Dubious, test returned 2 (wstat 512, 0x200)
No subtests run 
Can't load '/home/cpan/pit/bare/conf/perl-5.26.0/.cpanplus/5.26.0/build/YgR6V8EmCG/DBD-SQLcipher-0.03_0010/blib/arch/auto/DBD/SQLcipher/SQLcipher.so' for module DBD::SQLcipher: /home/cpan/pit/bare/conf/perl-5.26.0/.cpanplus/5.26.0/build/YgR6V8EmCG/DBD-SQLcipher-0.03_0010/blib/arch/auto/DBD/SQLcipher/SQLcipher.so: undefined symbol: CRYPTO_free at /home/cpan/pit/bare/perl-5.26.0/lib/5.26.0/x86_64-linux/DynaLoader.pm line 193.
 at t/lib/SQLiteTest.pm line 162.
Compilation failed in require at t/lib/SQLiteTest.pm line 162.
BEGIN failed--compilation aborted at t/lib/SQLiteTest.pm line 162.
Compilation failed in require at t/47_execute.t line 12.
BEGIN failed--compilation aborted at t/47_execute.t line 12.
t/47_execute.t ........................................ 
Dubious, test returned 2 (wstat 512, 0x200)
No subtests run 
Can't load '/home/cpan/pit/bare/conf/perl-5.26.0/.cpanplus/5.26.0/build/YgR6V8EmCG/DBD-SQLcipher-0.03_0010/blib/arch/auto/DBD/SQLcipher/SQLcipher.so' for module DBD::SQLcipher: /home/cpan/pit/bare/conf/perl-5.26.0/.cpanplus/5.26.0/build/YgR6V8EmCG/DBD-SQLcipher-0.03_0010/blib/arch/auto/DBD/SQLcipher/SQLcipher.so: undefined symbol: CRYPTO_free at /home/cpan/pit/bare/perl-5.26.0/lib/5.26.0/x86_64-linux/DynaLoader.pm line 193.
 at t/lib/SQLiteTest.pm line 162.
Compilation failed in require at t/lib/SQLiteTest.pm line 162.
BEGIN failed--compilation aborted at t/lib/SQLiteTest.pm line 162.
Compilation failed in require at t/48_bind_param_is_sticky.t line 12.
BEGIN failed--compilation aborted at t/48_bind_param_is_sticky.t line 12.
t/48_bind_param_is_sticky.t ........................... 
Dubious, test returned 2 (wstat 512, 0x200)
No subtests run 
Can't load '/home/cpan/pit/bare/conf/perl-5.26.0/.cpanplus/5.26.0/build/YgR6V8EmCG/DBD-SQLcipher-0.03_0010/blib/arch/auto/DBD/SQLcipher/SQLcipher.so' for module DBD::SQLcipher: /home/cpan/pit/bare/conf/perl-5.26.0/.cpanplus/5.26.0/build/YgR6V8EmCG/DBD-SQLcipher-0.03_0010/blib/arch/auto/DBD/SQLcipher/SQLcipher.so: undefined symbol: CRYPTO_free at /home/cpan/pit/bare/perl-5.26.0/lib/5.26.0/x86_64-linux/DynaLoader.pm line 193.
 at t/lib/SQLiteTest.pm line 162.
Compilation failed in require at t/lib/SQLiteTest.pm line 162.
BEGIN failed--compilation aborted at t/lib/SQLiteTest.pm line 162.
Compilation failed in require at t/49_trace_and_profile.t line 10.
BEGIN failed--compilation aborted at t/49_trace_and_profile.t line 10.
t/49_trace_and_profile.t .............................. 
Dubious, test returned 2 (wstat 512, 0x200)
No subtests run 
Can't load '/home/cpan/pit/bare/conf/perl-5.26.0/.cpanplus/5.26.0/build/YgR6V8EmCG/DBD-SQLcipher-0.03_0010/blib/arch/auto/DBD/SQLcipher/SQLcipher.so' for module DBD::SQLcipher: /home/cpan/pit/bare/conf/perl-5.26.0/.cpanplus/5.26.0/build/YgR6V8EmCG/DBD-SQLcipher-0.03_0010/blib/arch/auto/DBD/SQLcipher/SQLcipher.so: undefined symbol: CRYPTO_free at /home/cpan/pit/bare/perl-5.26.0/lib/5.26.0/x86_64-linux/DynaLoader.pm line 193.
 at t/lib/SQLiteTest.pm line 162.
Compilation failed in require at t/lib/SQLiteTest.pm line 162.
BEGIN failed--compilation aborted at t/lib/SQLiteTest.pm line 162.
Compilation failed in require at t/50_foreign_key_info.t line 10.
BEGIN failed--compilation aborted at t/50_foreign_key_info.t line 10.
t/50_foreign_key_info.t ............................... 
Dubious, test returned 2 (wstat 512, 0x200)
No subtests run 
Can't load '/home/cpan/pit/bare/conf/perl-5.26.0/.cpanplus/5.26.0/build/YgR6V8EmCG/DBD-SQLcipher-0.03_0010/blib/arch/auto/DBD/SQLcipher/SQLcipher.so' for module DBD::SQLcipher: /home/cpan/pit/bare/conf/perl-5.26.0/.cpanplus/5.26.0/build/YgR6V8EmCG/DBD-SQLcipher-0.03_0010/blib/arch/auto/DBD/SQLcipher/SQLcipher.so: undefined symbol: CRYPTO_free at /home/cpan/pit/bare/perl-5.26.0/lib/5.26.0/x86_64-linux/DynaLoader.pm line 193.
 at t/51_table_column_metadata.t line 9.
Compilation failed in require at t/51_table_column_metadata.t line 9.
BEGIN failed--compilation aborted at t/51_table_column_metadata.t line 9.
t/51_table_column_metadata.t .......................... 
Dubious, test returned 2 (wstat 512, 0x200)
No subtests run 
Can't load '/home/cpan/pit/bare/conf/perl-5.26.0/.cpanplus/5.26.0/build/YgR6V8EmCG/DBD-SQLcipher-0.03_0010/blib/arch/auto/DBD/SQLcipher/SQLcipher.so' for module DBD::SQLcipher: /home/cpan/pit/bare/conf/perl-5.26.0/.cpanplus/5.26.0/build/YgR6V8EmCG/DBD-SQLcipher-0.03_0010/blib/arch/auto/DBD/SQLcipher/SQLcipher.so: undefined symbol: CRYPTO_free at /home/cpan/pit/bare/perl-5.26.0/lib/5.26.0/x86_64-linux/DynaLoader.pm line 193.
 at t/lib/SQLiteTest.pm line 162.
Compilation failed in require at t/lib/SQLiteTest.pm line 162.
BEGIN failed--compilation aborted at t/lib/SQLiteTest.pm line 162.
Compilation failed in require at t/52_db_filename.t line 10.
BEGIN failed--compilation aborted at t/52_db_filename.t line 10.
t/52_db_filename.t .................................... 
Dubious, test returned 2 (wstat 512, 0x200)
No subtests run 
Can't load '/home/cpan/pit/bare/conf/perl-5.26.0/.cpanplus/5.26.0/build/YgR6V8EmCG/DBD-SQLcipher-0.03_0010/blib/arch/auto/DBD/SQLcipher/SQLcipher.so' for module DBD::SQLcipher: /home/cpan/pit/bare/conf/perl-5.26.0/.cpanplus/5.26.0/build/YgR6V8EmCG/DBD-SQLcipher-0.03_0010/blib/arch/auto/DBD/SQLcipher/SQLcipher.so: undefined symbol: CRYPTO_free at /home/cpan/pit/bare/perl-5.26.0/lib/5.26.0/x86_64-linux/DynaLoader.pm line 193.
 at t/lib/SQLiteTest.pm line 162.
Compilation failed in require at t/lib/SQLiteTest.pm line 162.
BEGIN failed--compilation aborted at t/lib/SQLiteTest.pm line 162.
Compilation failed in require at t/53_status.t line 10.
BEGIN failed--compilation aborted at t/53_status.t line 10.
t/53_status.t ......................................... 
Dubious, test returned 2 (wstat 512, 0x200)
No subtests run 
Can't load '/home/cpan/pit/bare/conf/perl-5.26.0/.cpanplus/5.26.0/build/YgR6V8EmCG/DBD-SQLcipher-0.03_0010/blib/arch/auto/DBD/SQLcipher/SQLcipher.so' for module DBD::SQLcipher: /home/cpan/pit/bare/conf/perl-5.26.0/.cpanplus/5.26.0/build/YgR6V8EmCG/DBD-SQLcipher-0.03_0010/blib/arch/auto/DBD/SQLcipher/SQLcipher.so: undefined symbol: CRYPTO_free at /home/cpan/pit/bare/perl-5.26.0/lib/5.26.0/x86_64-linux/DynaLoader.pm line 193.
 at t/lib/SQLiteTest.pm line 162.
Compilation failed in require at t/lib/SQLiteTest.pm line 162.
BEGIN failed--compilation aborted at t/lib/SQLiteTest.pm line 162.
Compilation failed in require at t/54_literal_txn.t line 10.
BEGIN failed--compilation aborted at t/54_literal_txn.t line 10.
t/54_literal_txn.t .................................... 
Dubious, test returned 2 (wstat 512, 0x200)
No subtests run 
Can't load '/home/cpan/pit/bare/conf/perl-5.26.0/.cpanplus/5.26.0/build/YgR6V8EmCG/DBD-SQLcipher-0.03_0010/blib/arch/auto/DBD/SQLcipher/SQLcipher.so' for module DBD::SQLcipher: /home/cpan/pit/bare/conf/perl-5.26.0/.cpanplus/5.26.0/build/YgR6V8EmCG/DBD-SQLcipher-0.03_0010/blib/arch/auto/DBD/SQLcipher/SQLcipher.so: undefined symbol: CRYPTO_free at /home/cpan/pit/bare/perl-5.26.0/lib/5.26.0/x86_64-linux/DynaLoader.pm line 193.
 at t/lib/SQLiteTest.pm line 162.
Compilation failed in require at t/lib/SQLiteTest.pm line 162.
BEGIN failed--compilation aborted at t/lib/SQLiteTest.pm line 162.
Compilation failed in require at t/55_statistics_info.t line 10.
BEGIN failed--compilation aborted at t/55_statistics_info.t line 10.
t/55_statistics_info.t ................................ 
Dubious, test returned 2 (wstat 512, 0x200)
No subtests run 
Can't load '/home/cpan/pit/bare/conf/perl-5.26.0/.cpanplus/5.26.0/build/YgR6V8EmCG/DBD-SQLcipher-0.03_0010/blib/arch/auto/DBD/SQLcipher/SQLcipher.so' for module DBD::SQLcipher: /home/cpan/pit/bare/conf/perl-5.26.0/.cpanplus/5.26.0/build/YgR6V8EmCG/DBD-SQLcipher-0.03_0010/blib/arch/auto/DBD/SQLcipher/SQLcipher.so: undefined symbol: CRYPTO_free at /home/cpan/pit/bare/perl-5.26.0/lib/5.26.0/x86_64-linux/DynaLoader.pm line 193.
 at t/lib/SQLiteTest.pm line 162.
Compilation failed in require at t/lib/SQLiteTest.pm line 162.
BEGIN failed--compilation aborted at t/lib/SQLiteTest.pm line 162.
Compilation failed in require at t/56_open_flags.t line 10.
BEGIN failed--compilation aborted at t/56_open_flags.t line 10.
t/56_open_flags.t ..................................... 
Dubious, test returned 2 (wstat 512, 0x200)
No subtests run 
Can't load '/home/cpan/pit/bare/conf/perl-5.26.0/.cpanplus/5.26.0/build/YgR6V8EmCG/DBD-SQLcipher-0.03_0010/blib/arch/auto/DBD/SQLcipher/SQLcipher.so' for module DBD::SQLcipher: /home/cpan/pit/bare/conf/perl-5.26.0/.cpanplus/5.26.0/build/YgR6V8EmCG/DBD-SQLcipher-0.03_0010/blib/arch/auto/DBD/SQLcipher/SQLcipher.so: undefined symbol: CRYPTO_free at /home/cpan/pit/bare/perl-5.26.0/lib/5.26.0/x86_64-linux/DynaLoader.pm line 193.
 at t/lib/SQLiteTest.pm line 162.
Compilation failed in require at t/lib/SQLiteTest.pm line 162.
BEGIN failed--compilation aborted at t/lib/SQLiteTest.pm line 162.
Compilation failed in require at t/57_uri_filename.t line 10.
BEGIN failed--compilation aborted at t/57_uri_filename.t line 10.
t/57_uri_filename.t ................................... 
Dubious, test returned 2 (wstat 512, 0x200)
No subtests run 
Can't load '/home/cpan/pit/bare/conf/perl-5.26.0/.cpanplus/5.26.0/build/YgR6V8EmCG/DBD-SQLcipher-0.03_0010/blib/arch/auto/DBD/SQLcipher/SQLcipher.so' for module DBD::SQLcipher: /home/cpan/pit/bare/conf/perl-5.26.0/.cpanplus/5.26.0/build/YgR6V8EmCG/DBD-SQLcipher-0.03_0010/blib/arch/auto/DBD/SQLcipher/SQLcipher.so: undefined symbol: CRYPTO_free at /home/cpan/pit/bare/perl-5.26.0/lib/5.26.0/x86_64-linux/DynaLoader.pm line 193.
 at t/lib/SQLiteTest.pm line 162.
Compilation failed in require at t/lib/SQLiteTest.pm line 162.
BEGIN failed--compilation aborted at t/lib/SQLiteTest.pm line 162.
Compilation failed in require at t/58_see_if_its_a_number_and_explicit_binding.t line 10.
BEGIN failed--compilation aborted at t/58_see_if_its_a_number_and_explicit_binding.t line 10.
t/58_see_if_its_a_number_and_explicit_binding.t ....... 
Dubious, test returned 2 (wstat 512, 0x200)
No subtests run 
Can't load '/home/cpan/pit/bare/conf/perl-5.26.0/.cpanplus/5.26.0/build/YgR6V8EmCG/DBD-SQLcipher-0.03_0010/blib/arch/auto/DBD/SQLcipher/SQLcipher.so' for module DBD::SQLcipher: /home/cpan/pit/bare/conf/perl-5.26.0/.cpanplus/5.26.0/build/YgR6V8EmCG/DBD-SQLcipher-0.03_0010/blib/arch/auto/DBD/SQLcipher/SQLcipher.so: undefined symbol: CRYPTO_free at /home/cpan/pit/bare/perl-5.26.0/lib/5.26.0/x86_64-linux/DynaLoader.pm line 193.
 at t/lib/SQLiteTest.pm line 162.
Compilation failed in require at t/lib/SQLiteTest.pm line 162.
BEGIN failed--compilation aborted at t/lib/SQLiteTest.pm line 162.
Compilation failed in require at t/59_extended_result_codes.t line 10.
BEGIN failed--compilation aborted at t/59_extended_result_codes.t line 10.
t/59_extended_result_codes.t .......................... 
Dubious, test returned 2 (wstat 512, 0x200)
No subtests run 
Can't load '/home/cpan/pit/bare/conf/perl-5.26.0/.cpanplus/5.26.0/build/YgR6V8EmCG/DBD-SQLcipher-0.03_0010/blib/arch/auto/DBD/SQLcipher/SQLcipher.so' for module DBD::SQLcipher: /home/cpan/pit/bare/conf/perl-5.26.0/.cpanplus/5.26.0/build/YgR6V8EmCG/DBD-SQLcipher-0.03_0010/blib/arch/auto/DBD/SQLcipher/SQLcipher.so: undefined symbol: CRYPTO_free at /home/cpan/pit/bare/perl-5.26.0/lib/5.26.0/x86_64-linux/DynaLoader.pm line 193.
 at t/lib/SQLiteTest.pm line 162.
Compilation failed in require at t/lib/SQLiteTest.pm line 162.
BEGIN failed--compilation aborted at t/lib/SQLiteTest.pm line 162.
Compilation failed in require at t/60_readonly.t line 10.
BEGIN failed--compilation aborted at t/60_readonly.t line 10.
t/60_readonly.t ....................................... 
Dubious, test returned 2 (wstat 512, 0x200)
No subtests run 
Can't load '/home/cpan/pit/bare/conf/perl-5.26.0/.cpanplus/5.26.0/build/YgR6V8EmCG/DBD-SQLcipher-0.03_0010/blib/arch/auto/DBD/SQLcipher/SQLcipher.so' for module DBD::SQLcipher: /home/cpan/pit/bare/conf/perl-5.26.0/.cpanplus/5.26.0/build/YgR6V8EmCG/DBD-SQLcipher-0.03_0010/blib/arch/auto/DBD/SQLcipher/SQLcipher.so: undefined symbol: CRYPTO_free at /home/cpan/pit/bare/perl-5.26.0/lib/5.26.0/x86_64-linux/DynaLoader.pm line 193.
 at t/lib/SQLiteTest.pm line 162.
Compilation failed in require at t/lib/SQLiteTest.pm line 162.
BEGIN failed--compilation aborted at t/lib/SQLiteTest.pm line 162.
Compilation failed in require at t/61_strlike.t line 10.
BEGIN failed--compilation aborted at t/61_strlike.t line 10.
t/61_strlike.t ........................................ 
Dubious, test returned 2 (wstat 512, 0x200)
No subtests run 
Can't load '/home/cpan/pit/bare/conf/perl-5.26.0/.cpanplus/5.26.0/build/YgR6V8EmCG/DBD-SQLcipher-0.03_0010/blib/arch/auto/DBD/SQLcipher/SQLcipher.so' for module DBD::SQLcipher: /home/cpan/pit/bare/conf/perl-5.26.0/.cpanplus/5.26.0/build/YgR6V8EmCG/DBD-SQLcipher-0.03_0010/blib/arch/auto/DBD/SQLcipher/SQLcipher.so: undefined symbol: CRYPTO_free at /home/cpan/pit/bare/perl-5.26.0/lib/5.26.0/x86_64-linux/DynaLoader.pm line 193.
 at t/lib/SQLiteTest.pm line 162.
Compilation failed in require at t/lib/SQLiteTest.pm line 162.
BEGIN failed--compilation aborted at t/lib/SQLiteTest.pm line 162.
Compilation failed in require at t/62_regexp_multibyte_char_class.t line 10.
BEGIN failed--compilation aborted at t/62_regexp_multibyte_char_class.t line 10.
t/62_regexp_multibyte_char_class.t .................... 
Dubious, test returned 2 (wstat 512, 0x200)
No subtests run 
Can't load '/home/cpan/pit/bare/conf/perl-5.26.0/.cpanplus/5.26.0/build/YgR6V8EmCG/DBD-SQLcipher-0.03_0010/blib/arch/auto/DBD/SQLcipher/SQLcipher.so' for module DBD::SQLcipher: /home/cpan/pit/bare/conf/perl-5.26.0/.cpanplus/5.26.0/build/YgR6V8EmCG/DBD-SQLcipher-0.03_0010/blib/arch/auto/DBD/SQLcipher/SQLcipher.so: undefined symbol: CRYPTO_free at /home/cpan/pit/bare/perl-5.26.0/lib/5.26.0/x86_64-linux/DynaLoader.pm line 193.
 at t/lib/SQLiteTest.pm line 162.
Compilation failed in require at t/lib/SQLiteTest.pm line 162.
BEGIN failed--compilation aborted at t/lib/SQLiteTest.pm line 162.
Compilation failed in require at t/cookbook_variance.t line 10.
BEGIN failed--compilation aborted at t/cookbook_variance.t line 10.
t/cookbook_variance.t ................................. 
Dubious, test returned 2 (wstat 512, 0x200)
No subtests run 
Can't load '/home/cpan/pit/bare/conf/perl-5.26.0/.cpanplus/5.26.0/build/YgR6V8EmCG/DBD-SQLcipher-0.03_0010/blib/arch/auto/DBD/SQLcipher/SQLcipher.so' for module DBD::SQLcipher: /home/cpan/pit/bare/conf/perl-5.26.0/.cpanplus/5.26.0/build/YgR6V8EmCG/DBD-SQLcipher-0.03_0010/blib/arch/auto/DBD/SQLcipher/SQLcipher.so: undefined symbol: CRYPTO_free at /home/cpan/pit/bare/perl-5.26.0/lib/5.26.0/x86_64-linux/DynaLoader.pm line 193.
 at t/lib/SQLiteTest.pm line 162.
Compilation failed in require at t/lib/SQLiteTest.pm line 162.
BEGIN failed--compilation aborted at t/lib/SQLiteTest.pm line 162.
Compilation failed in require at t/rt_106151_outermost_savepoint.t line 10.
BEGIN failed--compilation aborted at t/rt_106151_outermost_savepoint.t line 10.
t/rt_106151_outermost_savepoint.t ..................... 
Dubious, test returned 2 (wstat 512, 0x200)
No subtests run 
Can't load '/home/cpan/pit/bare/conf/perl-5.26.0/.cpanplus/5.26.0/build/YgR6V8EmCG/DBD-SQLcipher-0.03_0010/blib/arch/auto/DBD/SQLcipher/SQLcipher.so' for module DBD::SQLcipher: /home/cpan/pit/bare/conf/perl-5.26.0/.cpanplus/5.26.0/build/YgR6V8EmCG/DBD-SQLcipher-0.03_0010/blib/arch/auto/DBD/SQLcipher/SQLcipher.so: undefined symbol: CRYPTO_free at /home/cpan/pit/bare/perl-5.26.0/lib/5.26.0/x86_64-linux/DynaLoader.pm line 193.
 at t/lib/SQLiteTest.pm line 162.
Compilation failed in require at t/lib/SQLiteTest.pm line 162.
BEGIN failed--compilation aborted at t/lib/SQLiteTest.pm line 162.
Compilation failed in require at t/rt_106950_extra_warnings_with_savepoints.t line 10.
BEGIN failed--compilation aborted at t/rt_106950_extra_warnings_with_savepoints.t line 10.
t/rt_106950_extra_warnings_with_savepoints.t .......... 
Dubious, test returned 2 (wstat 512, 0x200)
No subtests run 
Can't load '/home/cpan/pit/bare/conf/perl-5.26.0/.cpanplus/5.26.0/build/YgR6V8EmCG/DBD-SQLcipher-0.03_0010/blib/arch/auto/DBD/SQLcipher/SQLcipher.so' for module DBD::SQLcipher: /home/cpan/pit/bare/conf/perl-5.26.0/.cpanplus/5.26.0/build/YgR6V8EmCG/DBD-SQLcipher-0.03_0010/blib/arch/auto/DBD/SQLcipher/SQLcipher.so: undefined symbol: CRYPTO_free at /home/cpan/pit/bare/perl-5.26.0/lib/5.26.0/x86_64-linux/DynaLoader.pm line 193.
 at t/lib/SQLiteTest.pm line 162.
Compilation failed in require at t/lib/SQLiteTest.pm line 162.
BEGIN failed--compilation aborted at t/lib/SQLiteTest.pm line 162.
Compilation failed in require at t/rt_115465_column_info_with_spaces.t line 10.
BEGIN failed--compilation aborted at t/rt_115465_column_info_with_spaces.t line 10.
t/rt_115465_column_info_with_spaces.t ................. 
Dubious, test returned 2 (wstat 512, 0x200)
No subtests run 
Can't load '/home/cpan/pit/bare/conf/perl-5.26.0/.cpanplus/5.26.0/build/YgR6V8EmCG/DBD-SQLcipher-0.03_0010/blib/arch/auto/DBD/SQLcipher/SQLcipher.so' for module DBD::SQLcipher: /home/cpan/pit/bare/conf/perl-5.26.0/.cpanplus/5.26.0/build/YgR6V8EmCG/DBD-SQLcipher-0.03_0010/blib/arch/auto/DBD/SQLcipher/SQLcipher.so: undefined symbol: CRYPTO_free at /home/cpan/pit/bare/perl-5.26.0/lib/5.26.0/x86_64-linux/DynaLoader.pm line 193.
 at t/lib/SQLiteTest.pm line 162.
Compilation failed in require at t/lib/SQLiteTest.pm line 162.
BEGIN failed--compilation aborted at t/lib/SQLiteTest.pm line 162.
Compilation failed in require at t/rt_15186_prepcached.t line 14.
BEGIN failed--compilation aborted at t/rt_15186_prepcached.t line 14.
t/rt_15186_prepcached.t ............................... 
Dubious, test returned 2 (wstat 512, 0x200)
No subtests run 
Can't load '/home/cpan/pit/bare/conf/perl-5.26.0/.cpanplus/5.26.0/build/YgR6V8EmCG/DBD-SQLcipher-0.03_0010/blib/arch/auto/DBD/SQLcipher/SQLcipher.so' for module DBD::SQLcipher: /home/cpan/pit/bare/conf/perl-5.26.0/.cpanplus/5.26.0/build/YgR6V8EmCG/DBD-SQLcipher-0.03_0010/blib/arch/auto/DBD/SQLcipher/SQLcipher.so: undefined symbol: CRYPTO_free at /home/cpan/pit/bare/perl-5.26.0/lib/5.26.0/x86_64-linux/DynaLoader.pm line 193.
 at t/lib/SQLiteTest.pm line 162.
Compilation failed in require at t/lib/SQLiteTest.pm line 162.
BEGIN failed--compilation aborted at t/lib/SQLiteTest.pm line 162.
Compilation failed in require at t/rt_21406_auto_finish.t line 10.
BEGIN failed--compilation aborted at t/rt_21406_auto_finish.t line 10.
t/rt_21406_auto_finish.t .............................. 
Dubious, test returned 2 (wstat 512, 0x200)
No subtests run 
Can't load '/home/cpan/pit/bare/conf/perl-5.26.0/.cpanplus/5.26.0/build/YgR6V8EmCG/DBD-SQLcipher-0.03_0010/blib/arch/auto/DBD/SQLcipher/SQLcipher.so' for module DBD::SQLcipher: /home/cpan/pit/bare/conf/perl-5.26.0/.cpanplus/5.26.0/build/YgR6V8EmCG/DBD-SQLcipher-0.03_0010/blib/arch/auto/DBD/SQLcipher/SQLcipher.so: undefined symbol: CRYPTO_free at /home/cpan/pit/bare/perl-5.26.0/lib/5.26.0/x86_64-linux/DynaLoader.pm line 193.
 at t/lib/SQLiteTest.pm line 162.
Compilation failed in require at t/lib/SQLiteTest.pm line 162.
BEGIN failed--compilation aborted at t/lib/SQLiteTest.pm line 162.
Compilation failed in require at t/rt_25371_asymmetric_unicode.t line 10.
BEGIN failed--compilation aborted at t/rt_25371_asymmetric_unicode.t line 10.
t/rt_25371_asymmetric_unicode.t ....................... 
Dubious, test returned 2 (wstat 512, 0x200)
No subtests run 
Can't load '/home/cpan/pit/bare/conf/perl-5.26.0/.cpanplus/5.26.0/build/YgR6V8EmCG/DBD-SQLcipher-0.03_0010/blib/arch/auto/DBD/SQLcipher/SQLcipher.so' for module DBD::SQLcipher: /home/cpan/pit/bare/conf/perl-5.26.0/.cpanplus/5.26.0/build/YgR6V8EmCG/DBD-SQLcipher-0.03_0010/blib/arch/auto/DBD/SQLcipher/SQLcipher.so: undefined symbol: CRYPTO_free at /home/cpan/pit/bare/perl-5.26.0/lib/5.26.0/x86_64-linux/DynaLoader.pm line 193.
 at t/lib/SQLiteTest.pm line 162.
Compilation failed in require at t/lib/SQLiteTest.pm line 162.
BEGIN failed--compilation aborted at t/lib/SQLiteTest.pm line 162.
Compilation failed in require at t/rt_25460_numeric_aggregate.t line 10.
BEGIN failed--compilation aborted at t/rt_25460_numeric_aggregate.t line 10.
t/rt_25460_numeric_aggregate.t ........................ 
Dubious, test returned 2 (wstat 512, 0x200)
No subtests run 
Can't load '/home/cpan/pit/bare/conf/perl-5.26.0/.cpanplus/5.26.0/build/YgR6V8EmCG/DBD-SQLcipher-0.03_0010/blib/arch/auto/DBD/SQLcipher/SQLcipher.so' for module DBD::SQLcipher: /home/cpan/pit/bare/conf/perl-5.26.0/.cpanplus/5.26.0/build/YgR6V8EmCG/DBD-SQLcipher-0.03_0010/blib/arch/auto/DBD/SQLcipher/SQLcipher.so: undefined symbol: CRYPTO_free at /home/cpan/pit/bare/perl-5.26.0/lib/5.26.0/x86_64-linux/DynaLoader.pm line 193.
 at t/lib/SQLiteTest.pm line 162.
Compilation failed in require at t/lib/SQLiteTest.pm line 162.
BEGIN failed--compilation aborted at t/lib/SQLiteTest.pm line 162.
Compilation failed in require at t/rt_25924_user_defined_func_unicode.t line 10.
BEGIN failed--compilation aborted at t/rt_25924_user_defined_func_unicode.t line 10.
t/rt_25924_user_defined_func_unicode.t ................ 
Dubious, test returned 2 (wstat 512, 0x200)
No subtests run 
Can't load '/home/cpan/pit/bare/conf/perl-5.26.0/.cpanplus/5.26.0/build/YgR6V8EmCG/DBD-SQLcipher-0.03_0010/blib/arch/auto/DBD/SQLcipher/SQLcipher.so' for module DBD::SQLcipher: /home/cpan/pit/bare/conf/perl-5.26.0/.cpanplus/5.26.0/build/YgR6V8EmCG/DBD-SQLcipher-0.03_0010/blib/arch/auto/DBD/SQLcipher/SQLcipher.so: undefined symbol: CRYPTO_free at /home/cpan/pit/bare/perl-5.26.0/lib/5.26.0/x86_64-linux/DynaLoader.pm line 193.
 at t/lib/SQLiteTest.pm line 162.
Compilation failed in require at t/lib/SQLiteTest.pm line 162.
BEGIN failed--compilation aborted at t/lib/SQLiteTest.pm line 162.
Compilation failed in require at t/rt_26775_distinct.t line 7.
BEGIN failed--compilation aborted at t/rt_26775_distinct.t line 7.
t/rt_26775_distinct.t ................................. 
Dubious, test returned 2 (wstat 512, 0x200)
No subtests run 
Can't load '/home/cpan/pit/bare/conf/perl-5.26.0/.cpanplus/5.26.0/build/YgR6V8EmCG/DBD-SQLcipher-0.03_0010/blib/arch/auto/DBD/SQLcipher/SQLcipher.so' for module DBD::SQLcipher: /home/cpan/pit/bare/conf/perl-5.26.0/.cpanplus/5.26.0/build/YgR6V8EmCG/DBD-SQLcipher-0.03_0010/blib/arch/auto/DBD/SQLcipher/SQLcipher.so: undefined symbol: CRYPTO_free at /home/cpan/pit/bare/perl-5.26.0/lib/5.26.0/x86_64-linux/DynaLoader.pm line 193.
 at t/lib/SQLiteTest.pm line 162.
Compilation failed in require at t/lib/SQLiteTest.pm line 162.
BEGIN failed--compilation aborted at t/lib/SQLiteTest.pm line 162.
Compilation failed in require at t/rt_27553_prepared_cache_and_analyze.t line 9.
BEGIN failed--compilation aborted at t/rt_27553_prepared_cache_and_analyze.t line 9.
t/rt_27553_prepared_cache_and_analyze.t ............... 
Dubious, test returned 2 (wstat 512, 0x200)
No subtests run 
Can't load '/home/cpan/pit/bare/conf/perl-5.26.0/.cpanplus/5.26.0/build/YgR6V8EmCG/DBD-SQLcipher-0.03_0010/blib/arch/auto/DBD/SQLcipher/SQLcipher.so' for module DBD::SQLcipher: /home/cpan/pit/bare/conf/perl-5.26.0/.cpanplus/5.26.0/build/YgR6V8EmCG/DBD-SQLcipher-0.03_0010/blib/arch/auto/DBD/SQLcipher/SQLcipher.so: undefined symbol: CRYPTO_free at /home/cpan/pit/bare/perl-5.26.0/lib/5.26.0/x86_64-linux/DynaLoader.pm line 193.
 at t/lib/SQLiteTest.pm line 162.
Compilation failed in require at t/lib/SQLiteTest.pm line 162.
BEGIN failed--compilation aborted at t/lib/SQLiteTest.pm line 162.
Compilation failed in require at t/rt_29058_group_by.t line 9.
BEGIN failed--compilation aborted at t/rt_29058_group_by.t line 9.
t/rt_29058_group_by.t ................................. 
Dubious, test returned 2 (wstat 512, 0x200)
No subtests run 
Can't load '/home/cpan/pit/bare/conf/perl-5.26.0/.cpanplus/5.26.0/build/YgR6V8EmCG/DBD-SQLcipher-0.03_0010/blib/arch/auto/DBD/SQLcipher/SQLcipher.so' for module DBD::SQLcipher: /home/cpan/pit/bare/conf/perl-5.26.0/.cpanplus/5.26.0/build/YgR6V8EmCG/DBD-SQLcipher-0.03_0010/blib/arch/auto/DBD/SQLcipher/SQLcipher.so: undefined symbol: CRYPTO_free at /home/cpan/pit/bare/perl-5.26.0/lib/5.26.0/x86_64-linux/DynaLoader.pm line 193.
 at t/lib/SQLiteTest.pm line 162.
Compilation failed in require at t/lib/SQLiteTest.pm line 162.
BEGIN failed--compilation aborted at t/lib/SQLiteTest.pm line 162.
Compilation failed in require at t/rt_29629_sqlite_where_length.t line 10.
BEGIN failed--compilation aborted at t/rt_29629_sqlite_where_length.t line 10.
t/rt_29629_sqlite_where_length.t ...................... 
Dubious, test returned 2 (wstat 512, 0x200)
No subtests run 
Can't load '/home/cpan/pit/bare/conf/perl-5.26.0/.cpanplus/5.26.0/build/YgR6V8EmCG/DBD-SQLcipher-0.03_0010/blib/arch/auto/DBD/SQLcipher/SQLcipher.so' for module DBD::SQLcipher: /home/cpan/pit/bare/conf/perl-5.26.0/.cpanplus/5.26.0/build/YgR6V8EmCG/DBD-SQLcipher-0.03_0010/blib/arch/auto/DBD/SQLcipher/SQLcipher.so: undefined symbol: CRYPTO_free at /home/cpan/pit/bare/perl-5.26.0/lib/5.26.0/x86_64-linux/DynaLoader.pm line 193.
 at t/lib/SQLiteTest.pm line 162.
Compilation failed in require at t/lib/SQLiteTest.pm line 162.
BEGIN failed--compilation aborted at t/lib/SQLiteTest.pm line 162.
Compilation failed in require at t/rt_31324_full_names.t line 10.
BEGIN failed--compilation aborted at t/rt_31324_full_names.t line 10.
t/rt_31324_full_names.t ............................... 
Dubious, test returned 2 (wstat 512, 0x200)
No subtests run 
Can't load '/home/cpan/pit/bare/conf/perl-5.26.0/.cpanplus/5.26.0/build/YgR6V8EmCG/DBD-SQLcipher-0.03_0010/blib/arch/auto/DBD/SQLcipher/SQLcipher.so' for module DBD::SQLcipher: /home/cpan/pit/bare/conf/perl-5.26.0/.cpanplus/5.26.0/build/YgR6V8EmCG/DBD-SQLcipher-0.03_0010/blib/arch/auto/DBD/SQLcipher/SQLcipher.so: undefined symbol: CRYPTO_free at /home/cpan/pit/bare/perl-5.26.0/lib/5.26.0/x86_64-linux/DynaLoader.pm line 193.
 at t/lib/SQLiteTest.pm line 162.
Compilation failed in require at t/lib/SQLiteTest.pm line 162.
BEGIN failed--compilation aborted at t/lib/SQLiteTest.pm line 162.
Compilation failed in require at t/rt_32889_prepare_cached_reexecute.t line 14.
BEGIN failed--compilation aborted at t/rt_32889_prepare_cached_reexecute.t line 14.
t/rt_32889_prepare_cached_reexecute.t ................. 
Dubious, test returned 2 (wstat 512, 0x200)
No subtests run 
Can't load '/home/cpan/pit/bare/conf/perl-5.26.0/.cpanplus/5.26.0/build/YgR6V8EmCG/DBD-SQLcipher-0.03_0010/blib/arch/auto/DBD/SQLcipher/SQLcipher.so' for module DBD::SQLcipher: /home/cpan/pit/bare/conf/perl-5.26.0/.cpanplus/5.26.0/build/YgR6V8EmCG/DBD-SQLcipher-0.03_0010/blib/arch/auto/DBD/SQLcipher/SQLcipher.so: undefined symbol: CRYPTO_free at /home/cpan/pit/bare/perl-5.26.0/lib/5.26.0/x86_64-linux/DynaLoader.pm line 193.
 at t/lib/SQLiteTest.pm line 162.
Compilation failed in require at t/lib/SQLiteTest.pm line 162.
BEGIN failed--compilation aborted at t/lib/SQLiteTest.pm line 162.
Compilation failed in require at t/rt_36836_duplicate_key.t line 12.
BEGIN failed--compilation aborted at t/rt_36836_duplicate_key.t line 12.
t/rt_36836_duplicate_key.t ............................ 
Dubious, test returned 2 (wstat 512, 0x200)
No subtests run 
Can't load '/home/cpan/pit/bare/conf/perl-5.26.0/.cpanplus/5.26.0/build/YgR6V8EmCG/DBD-SQLcipher-0.03_0010/blib/arch/auto/DBD/SQLcipher/SQLcipher.so' for module DBD::SQLcipher: /home/cpan/pit/bare/conf/perl-5.26.0/.cpanplus/5.26.0/build/YgR6V8EmCG/DBD-SQLcipher-0.03_0010/blib/arch/auto/DBD/SQLcipher/SQLcipher.so: undefined symbol: CRYPTO_free at /home/cpan/pit/bare/perl-5.26.0/lib/5.26.0/x86_64-linux/DynaLoader.pm line 193.
 at t/lib/SQLiteTest.pm line 162.
Compilation failed in require at t/lib/SQLiteTest.pm line 162.
BEGIN failed--compilation aborted at t/lib/SQLiteTest.pm line 162.
Compilation failed in require at t/rt_36838_unique_and_bus_error.t line 10.
BEGIN failed--compilation aborted at t/rt_36838_unique_and_bus_error.t line 10.
t/rt_36838_unique_and_bus_error.t ..................... 
Dubious, test returned 2 (wstat 512, 0x200)
No subtests run 
Can't load '/home/cpan/pit/bare/conf/perl-5.26.0/.cpanplus/5.26.0/build/YgR6V8EmCG/DBD-SQLcipher-0.03_0010/blib/arch/auto/DBD/SQLcipher/SQLcipher.so' for module DBD::SQLcipher: /home/cpan/pit/bare/conf/perl-5.26.0/.cpanplus/5.26.0/build/YgR6V8EmCG/DBD-SQLcipher-0.03_0010/blib/arch/auto/DBD/SQLcipher/SQLcipher.so: undefined symbol: CRYPTO_free at /home/cpan/pit/bare/perl-5.26.0/lib/5.26.0/x86_64-linux/DynaLoader.pm line 193.
 at t/lib/SQLiteTest.pm line 162.
Compilation failed in require at t/lib/SQLiteTest.pm line 162.
BEGIN failed--compilation aborted at t/lib/SQLiteTest.pm line 162.
Compilation failed in require at t/rt_40594_nullable.t line 11.
BEGIN failed--compilation aborted at t/rt_40594_nullable.t line 11.
t/rt_40594_nullable.t ................................. 
Dubious, test returned 2 (wstat 512, 0x200)
No subtests run 
Can't load '/home/cpan/pit/bare/conf/perl-5.26.0/.cpanplus/5.26.0/build/YgR6V8EmCG/DBD-SQLcipher-0.03_0010/blib/arch/auto/DBD/SQLcipher/SQLcipher.so' for module DBD::SQLcipher: /home/cpan/pit/bare/conf/perl-5.26.0/.cpanplus/5.26.0/build/YgR6V8EmCG/DBD-SQLcipher-0.03_0010/blib/arch/auto/DBD/SQLcipher/SQLcipher.so: undefined symbol: CRYPTO_free at /home/cpan/pit/bare/perl-5.26.0/lib/5.26.0/x86_64-linux/DynaLoader.pm line 193.
 at t/lib/SQLiteTest.pm line 162.
Compilation failed in require at t/lib/SQLiteTest.pm line 162.
BEGIN failed--compilation aborted at t/lib/SQLiteTest.pm line 162.
Compilation failed in require at t/rt_48393_debug_panic_with_commit.t line 10.
BEGIN failed--compilation aborted at t/rt_48393_debug_panic_with_commit.t line 10.
t/rt_48393_debug_panic_with_commit.t .................. 
Dubious, test returned 2 (wstat 512, 0x200)
No subtests run 
Can't load '/home/cpan/pit/bare/conf/perl-5.26.0/.cpanplus/5.26.0/build/YgR6V8EmCG/DBD-SQLcipher-0.03_0010/blib/arch/auto/DBD/SQLcipher/SQLcipher.so' for module DBD::SQLcipher: /home/cpan/pit/bare/conf/perl-5.26.0/.cpanplus/5.26.0/build/YgR6V8EmCG/DBD-SQLcipher-0.03_0010/blib/arch/auto/DBD/SQLcipher/SQLcipher.so: undefined symbol: CRYPTO_free at /home/cpan/pit/bare/perl-5.26.0/lib/5.26.0/x86_64-linux/DynaLoader.pm line 193.
 at t/lib/SQLiteTest.pm line 162.
Compilation failed in require at t/lib/SQLiteTest.pm line 162.
BEGIN failed--compilation aborted at t/lib/SQLiteTest.pm line 162.
Compilation failed in require at t/rt_50503_fts3.t line 10.
BEGIN failed--compilation aborted at t/rt_50503_fts3.t line 10.
t/rt_50503_fts3.t ..................................... 
Dubious, test returned 2 (wstat 512, 0x200)
No subtests run 
Can't load '/home/cpan/pit/bare/conf/perl-5.26.0/.cpanplus/5.26.0/build/YgR6V8EmCG/DBD-SQLcipher-0.03_0010/blib/arch/auto/DBD/SQLcipher/SQLcipher.so' for module DBD::SQLcipher: /home/cpan/pit/bare/conf/perl-5.26.0/.cpanplus/5.26.0/build/YgR6V8EmCG/DBD-SQLcipher-0.03_0010/blib/arch/auto/DBD/SQLcipher/SQLcipher.so: undefined symbol: CRYPTO_free at /home/cpan/pit/bare/perl-5.26.0/lib/5.26.0/x86_64-linux/DynaLoader.pm line 193.
 at t/lib/SQLiteTest.pm line 162.
Compilation failed in require at t/lib/SQLiteTest.pm line 162.
BEGIN failed--compilation aborted at t/lib/SQLiteTest.pm line 162.
Compilation failed in require at t/rt_52573_manual_exclusive_lock.t line 10.
BEGIN failed--compilation aborted at t/rt_52573_manual_exclusive_lock.t line 10.
t/rt_52573_manual_exclusive_lock.t .................... 
Dubious, test returned 2 (wstat 512, 0x200)
No subtests run 
Can't load '/home/cpan/pit/bare/conf/perl-5.26.0/.cpanplus/5.26.0/build/YgR6V8EmCG/DBD-SQLcipher-0.03_0010/blib/arch/auto/DBD/SQLcipher/SQLcipher.so' for module DBD::SQLcipher: /home/cpan/pit/bare/conf/perl-5.26.0/.cpanplus/5.26.0/build/YgR6V8EmCG/DBD-SQLcipher-0.03_0010/blib/arch/auto/DBD/SQLcipher/SQLcipher.so: undefined symbol: CRYPTO_free at /home/cpan/pit/bare/perl-5.26.0/lib/5.26.0/x86_64-linux/DynaLoader.pm line 193.
 at t/lib/SQLiteTest.pm line 162.
Compilation failed in require at t/lib/SQLiteTest.pm line 162.
BEGIN failed--compilation aborted at t/lib/SQLiteTest.pm line 162.
Compilation failed in require at t/rt_53235_icu_compatibility.t line 10.
BEGIN failed--compilation aborted at t/rt_53235_icu_compatibility.t line 10.
t/rt_53235_icu_compatibility.t ........................ 
Dubious, test returned 2 (wstat 512, 0x200)
No subtests run 
Can't load '/home/cpan/pit/bare/conf/perl-5.26.0/.cpanplus/5.26.0/build/YgR6V8EmCG/DBD-SQLcipher-0.03_0010/blib/arch/auto/DBD/SQLcipher/SQLcipher.so' for module DBD::SQLcipher: /home/cpan/pit/bare/conf/perl-5.26.0/.cpanplus/5.26.0/build/YgR6V8EmCG/DBD-SQLcipher-0.03_0010/blib/arch/auto/DBD/SQLcipher/SQLcipher.so: undefined symbol: CRYPTO_free at /home/cpan/pit/bare/perl-5.26.0/lib/5.26.0/x86_64-linux/DynaLoader.pm line 193.
 at t/lib/SQLiteTest.pm line 162.
Compilation failed in require at t/lib/SQLiteTest.pm line 162.
BEGIN failed--compilation aborted at t/lib/SQLiteTest.pm line 162.
Compilation failed in require at t/rt_62370_diconnected_handles_operation.t line 10.
BEGIN failed--compilation aborted at t/rt_62370_diconnected_handles_operation.t line 10.
t/rt_62370_diconnected_handles_operation.t ............ 
Dubious, test returned 2 (wstat 512, 0x200)
No subtests run 
Can't load '/home/cpan/pit/bare/conf/perl-5.26.0/.cpanplus/5.26.0/build/YgR6V8EmCG/DBD-SQLcipher-0.03_0010/blib/arch/auto/DBD/SQLcipher/SQLcipher.so' for module DBD::SQLcipher: /home/cpan/pit/bare/conf/perl-5.26.0/.cpanplus/5.26.0/build/YgR6V8EmCG/DBD-SQLcipher-0.03_0010/blib/arch/auto/DBD/SQLcipher/SQLcipher.so: undefined symbol: CRYPTO_free at /home/cpan/pit/bare/perl-5.26.0/lib/5.26.0/x86_64-linux/DynaLoader.pm line 193.
 at t/lib/SQLiteTest.pm line 162.
Compilation failed in require at t/lib/SQLiteTest.pm line 162.
BEGIN failed--compilation aborted at t/lib/SQLiteTest.pm line 162.
Compilation failed in require at t/rt_64177_ping_wipes_out_the_errstr.t line 10.
BEGIN failed--compilation aborted at t/rt_64177_ping_wipes_out_the_errstr.t line 10.
t/rt_64177_ping_wipes_out_the_errstr.t ................ 
Dubious, test returned 2 (wstat 512, 0x200)
No subtests run 
Can't load '/home/cpan/pit/bare/conf/perl-5.26.0/.cpanplus/5.26.0/build/YgR6V8EmCG/DBD-SQLcipher-0.03_0010/blib/arch/auto/DBD/SQLcipher/SQLcipher.so' for module DBD::SQLcipher: /home/cpan/pit/bare/conf/perl-5.26.0/.cpanplus/5.26.0/build/YgR6V8EmCG/DBD-SQLcipher-0.03_0010/blib/arch/auto/DBD/SQLcipher/SQLcipher.so: undefined symbol: CRYPTO_free at /home/cpan/pit/bare/perl-5.26.0/lib/5.26.0/x86_64-linux/DynaLoader.pm line 193.
 at t/lib/SQLiteTest.pm line 162.
Compilation failed in require at t/lib/SQLiteTest.pm line 162.
BEGIN failed--compilation aborted at t/lib/SQLiteTest.pm line 162.
Compilation failed in require at t/rt_67581_bind_params_mismatch.t line 10.
BEGIN failed--compilation aborted at t/rt_67581_bind_params_mismatch.t line 10.
t/rt_67581_bind_params_mismatch.t ..................... 
Dubious, test returned 2 (wstat 512, 0x200)
No subtests run 
Can't load '/home/cpan/pit/bare/conf/perl-5.26.0/.cpanplus/5.26.0/build/YgR6V8EmCG/DBD-SQLcipher-0.03_0010/blib/arch/auto/DBD/SQLcipher/SQLcipher.so' for module DBD::SQLcipher: /home/cpan/pit/bare/conf/perl-5.26.0/.cpanplus/5.26.0/build/YgR6V8EmCG/DBD-SQLcipher-0.03_0010/blib/arch/auto/DBD/SQLcipher/SQLcipher.so: undefined symbol: CRYPTO_free at /home/cpan/pit/bare/perl-5.26.0/lib/5.26.0/x86_64-linux/DynaLoader.pm line 193.
 at t/lib/SQLiteTest.pm line 162.
Compilation failed in require at t/lib/SQLiteTest.pm line 162.
BEGIN failed--compilation aborted at t/lib/SQLiteTest.pm line 162.
Compilation failed in require at t/rt_71311_bind_col_and_unicode.t line 10.
BEGIN failed--compilation aborted at t/rt_71311_bind_col_and_unicode.t line 10.
t/rt_71311_bind_col_and_unicode.t ..................... 
Dubious, test returned 2 (wstat 512, 0x200)
No subtests run 
Can't load '/home/cpan/pit/bare/conf/perl-5.26.0/.cpanplus/5.26.0/build/YgR6V8EmCG/DBD-SQLcipher-0.03_0010/blib/arch/auto/DBD/SQLcipher/SQLcipher.so' for module DBD::SQLcipher: /home/cpan/pit/bare/conf/perl-5.26.0/.cpanplus/5.26.0/build/YgR6V8EmCG/DBD-SQLcipher-0.03_0010/blib/arch/auto/DBD/SQLcipher/SQLcipher.so: undefined symbol: CRYPTO_free at /home/cpan/pit/bare/perl-5.26.0/lib/5.26.0/x86_64-linux/DynaLoader.pm line 193.
 at t/lib/SQLiteTest.pm line 162.
Compilation failed in require at t/lib/SQLiteTest.pm line 162.
BEGIN failed--compilation aborted at t/lib/SQLiteTest.pm line 162.
Compilation failed in require at t/rt_73159_fts_tokenizer_segfault.t line 10.
BEGIN failed--compilation aborted at t/rt_73159_fts_tokenizer_segfault.t line 10.
t/rt_73159_fts_tokenizer_segfault.t ................... 
Dubious, test returned 2 (wstat 512, 0x200)
No subtests run 
Can't load '/home/cpan/pit/bare/conf/perl-5.26.0/.cpanplus/5.26.0/build/YgR6V8EmCG/DBD-SQLcipher-0.03_0010/blib/arch/auto/DBD/SQLcipher/SQLcipher.so' for module DBD::SQLcipher: /home/cpan/pit/bare/conf/perl-5.26.0/.cpanplus/5.26.0/build/YgR6V8EmCG/DBD-SQLcipher-0.03_0010/blib/arch/auto/DBD/SQLcipher/SQLcipher.so: undefined symbol: CRYPTO_free at /home/cpan/pit/bare/perl-5.26.0/lib/5.26.0/x86_64-linux/DynaLoader.pm line 193.
 at t/lib/SQLiteTest.pm line 162.
Compilation failed in require at t/lib/SQLiteTest.pm line 162.
BEGIN failed--compilation aborted at t/lib/SQLiteTest.pm line 162.
Compilation failed in require at t/rt_73787_exponential_buffer_overflow.t line 10.
BEGIN failed--compilation aborted at t/rt_73787_exponential_buffer_overflow.t line 10.
t/rt_73787_exponential_buffer_overflow.t .............. 
Dubious, test returned 2 (wstat 512, 0x200)
No subtests run 
Can't load '/home/cpan/pit/bare/conf/perl-5.26.0/.cpanplus/5.26.0/build/YgR6V8EmCG/DBD-SQLcipher-0.03_0010/blib/arch/auto/DBD/SQLcipher/SQLcipher.so' for module DBD::SQLcipher: /home/cpan/pit/bare/conf/perl-5.26.0/.cpanplus/5.26.0/build/YgR6V8EmCG/DBD-SQLcipher-0.03_0010/blib/arch/auto/DBD/SQLcipher/SQLcipher.so: undefined symbol: CRYPTO_free at /home/cpan/pit/bare/perl-5.26.0/lib/5.26.0/x86_64-linux/DynaLoader.pm line 193.
 at t/lib/SQLiteTest.pm line 162.
Compilation failed in require at t/lib/SQLiteTest.pm line 162.
BEGIN failed--compilation aborted at t/lib/SQLiteTest.pm line 162.
Compilation failed in require at t/rt_76395_int_overflow.t line 10.
BEGIN failed--compilation aborted at t/rt_76395_int_overflow.t line 10.
t/rt_76395_int_overflow.t ............................. 
Dubious, test returned 2 (wstat 512, 0x200)
No subtests run 
Can't load '/home/cpan/pit/bare/conf/perl-5.26.0/.cpanplus/5.26.0/build/YgR6V8EmCG/DBD-SQLcipher-0.03_0010/blib/arch/auto/DBD/SQLcipher/SQLcipher.so' for module DBD::SQLcipher: /home/cpan/pit/bare/conf/perl-5.26.0/.cpanplus/5.26.0/build/YgR6V8EmCG/DBD-SQLcipher-0.03_0010/blib/arch/auto/DBD/SQLcipher/SQLcipher.so: undefined symbol: CRYPTO_free at /home/cpan/pit/bare/perl-5.26.0/lib/5.26.0/x86_64-linux/DynaLoader.pm line 193.
 at t/lib/SQLiteTest.pm line 162.
Compilation failed in require at t/lib/SQLiteTest.pm line 162.
BEGIN failed--compilation aborted at t/lib/SQLiteTest.pm line 162.
Compilation failed in require at t/rt_77724_primary_key_with_a_whitespace.t line 10.
BEGIN failed--compilation aborted at t/rt_77724_primary_key_with_a_whitespace.t line 10.
t/rt_77724_primary_key_with_a_whitespace.t ............ 
Dubious, test returned 2 (wstat 512, 0x200)
No subtests run 
Can't load '/home/cpan/pit/bare/conf/perl-5.26.0/.cpanplus/5.26.0/build/YgR6V8EmCG/DBD-SQLcipher-0.03_0010/blib/arch/auto/DBD/SQLcipher/SQLcipher.so' for module DBD::SQLcipher: /home/cpan/pit/bare/conf/perl-5.26.0/.cpanplus/5.26.0/build/YgR6V8EmCG/DBD-SQLcipher-0.03_0010/blib/arch/auto/DBD/SQLcipher/SQLcipher.so: undefined symbol: CRYPTO_free at /home/cpan/pit/bare/perl-5.26.0/lib/5.26.0/x86_64-linux/DynaLoader.pm line 193.
 at t/lib/SQLiteTest.pm line 162.
Compilation failed in require at t/lib/SQLiteTest.pm line 162.
BEGIN failed--compilation aborted at t/lib/SQLiteTest.pm line 162.
Compilation failed in require at t/rt_78833_utf8_flag_for_column_names.t line 10.
BEGIN failed--compilation aborted at t/rt_78833_utf8_flag_for_column_names.t line 10.
t/rt_78833_utf8_flag_for_column_names.t ............... 
Dubious, test returned 2 (wstat 512, 0x200)
No subtests run 
Can't load '/home/cpan/pit/bare/conf/perl-5.26.0/.cpanplus/5.26.0/build/YgR6V8EmCG/DBD-SQLcipher-0.03_0010/blib/arch/auto/DBD/SQLcipher/SQLcipher.so' for module DBD::SQLcipher: /home/cpan/pit/bare/conf/perl-5.26.0/.cpanplus/5.26.0/build/YgR6V8EmCG/DBD-SQLcipher-0.03_0010/blib/arch/auto/DBD/SQLcipher/SQLcipher.so: undefined symbol: CRYPTO_free at /home/cpan/pit/bare/perl-5.26.0/lib/5.26.0/x86_64-linux/DynaLoader.pm line 193.
 at t/lib/SQLiteTest.pm line 162.
Compilation failed in require at t/lib/SQLiteTest.pm line 162.
BEGIN failed--compilation aborted at t/lib/SQLiteTest.pm line 162.
Compilation failed in require at t/rt_81536_multi_column_primary_key_info.t line 10.
BEGIN failed--compilation aborted at t/rt_81536_multi_column_primary_key_info.t line 10.
t/rt_81536_multi_column_primary_key_info.t ............ 
Dubious, test returned 2 (wstat 512, 0x200)
No subtests run 
Can't load '/home/cpan/pit/bare/conf/perl-5.26.0/.cpanplus/5.26.0/build/YgR6V8EmCG/DBD-SQLcipher-0.03_0010/blib/arch/auto/DBD/SQLcipher/SQLcipher.so' for module DBD::SQLcipher: /home/cpan/pit/bare/conf/perl-5.26.0/.cpanplus/5.26.0/build/YgR6V8EmCG/DBD-SQLcipher-0.03_0010/blib/arch/auto/DBD/SQLcipher/SQLcipher.so: undefined symbol: CRYPTO_free at /home/cpan/pit/bare/perl-5.26.0/lib/5.26.0/x86_64-linux/DynaLoader.pm line 193.
 at t/lib/SQLiteTest.pm line 162.
Compilation failed in require at t/lib/SQLiteTest.pm line 162.
BEGIN failed--compilation aborted at t/lib/SQLiteTest.pm line 162.
Compilation failed in require at t/rt_88228_sqlite_3_8_0_crash.t line 10.
BEGIN failed--compilation aborted at t/rt_88228_sqlite_3_8_0_crash.t line 10.
t/rt_88228_sqlite_3_8_0_crash.t ....................... 
Dubious, test returned 2 (wstat 512, 0x200)
No subtests run 
Can't load '/home/cpan/pit/bare/conf/perl-5.26.0/.cpanplus/5.26.0/build/YgR6V8EmCG/DBD-SQLcipher-0.03_0010/blib/arch/auto/DBD/SQLcipher/SQLcipher.so' for module DBD::SQLcipher: /home/cpan/pit/bare/conf/perl-5.26.0/.cpanplus/5.26.0/build/YgR6V8EmCG/DBD-SQLcipher-0.03_0010/blib/arch/auto/DBD/SQLcipher/SQLcipher.so: undefined symbol: CRYPTO_free at /home/cpan/pit/bare/perl-5.26.0/lib/5.26.0/x86_64-linux/DynaLoader.pm line 193.
 at t/lib/SQLiteTest.pm line 162.
Compilation failed in require at t/lib/SQLiteTest.pm line 162.
BEGIN failed--compilation aborted at t/lib/SQLiteTest.pm line 162.
Compilation failed in require at t/rt_96050_db_filename_for_a_closed_database.t line 10.
BEGIN failed--compilation aborted at t/rt_96050_db_filename_for_a_closed_database.t line 10.
t/rt_96050_db_filename_for_a_closed_database.t ........ 
Dubious, test returned 2 (wstat 512, 0x200)
No subtests run 
Can't load '/home/cpan/pit/bare/conf/perl-5.26.0/.cpanplus/5.26.0/build/YgR6V8EmCG/DBD-SQLcipher-0.03_0010/blib/arch/auto/DBD/SQLcipher/SQLcipher.so' for module DBD::SQLcipher: /home/cpan/pit/bare/conf/perl-5.26.0/.cpanplus/5.26.0/build/YgR6V8EmCG/DBD-SQLcipher-0.03_0010/blib/arch/auto/DBD/SQLcipher/SQLcipher.so: undefined symbol: CRYPTO_free at /home/cpan/pit/bare/perl-5.26.0/lib/5.26.0/x86_64-linux/DynaLoader.pm line 193.
 at t/lib/SQLiteTest.pm line 162.
Compilation failed in require at t/lib/SQLiteTest.pm line 162.
BEGIN failed--compilation aborted at t/lib/SQLiteTest.pm line 162.
Compilation failed in require at t/rt_96877_unicode_statements.t line 13.
BEGIN failed--compilation aborted at t/rt_96877_unicode_statements.t line 13.
t/rt_96877_unicode_statements.t ....................... 
Dubious, test returned 2 (wstat 512, 0x200)
No subtests run 
Can't load '/home/cpan/pit/bare/conf/perl-5.26.0/.cpanplus/5.26.0/build/YgR6V8EmCG/DBD-SQLcipher-0.03_0010/blib/arch/auto/DBD/SQLcipher/SQLcipher.so' for module DBD::SQLcipher: /home/cpan/pit/bare/conf/perl-5.26.0/.cpanplus/5.26.0/build/YgR6V8EmCG/DBD-SQLcipher-0.03_0010/blib/arch/auto/DBD/SQLcipher/SQLcipher.so: undefined symbol: CRYPTO_free at /home/cpan/pit/bare/perl-5.26.0/lib/5.26.0/x86_64-linux/DynaLoader.pm line 193.
 at t/lib/SQLiteTest.pm line 162.
Compilation failed in require at t/lib/SQLiteTest.pm line 162.
BEGIN failed--compilation aborted at t/lib/SQLiteTest.pm line 162.
Compilation failed in require at t/rt_96878_fts_contentless_table.t line 16.
BEGIN failed--compilation aborted at t/rt_96878_fts_contentless_table.t line 16.
t/rt_96878_fts_contentless_table.t .................... 
Dubious, test returned 2 (wstat 512, 0x200)
No subtests run 
Can't load '/home/cpan/pit/bare/conf/perl-5.26.0/.cpanplus/5.26.0/build/YgR6V8EmCG/DBD-SQLcipher-0.03_0010/blib/arch/auto/DBD/SQLcipher/SQLcipher.so' for module DBD::SQLcipher: /home/cpan/pit/bare/conf/perl-5.26.0/.cpanplus/5.26.0/build/YgR6V8EmCG/DBD-SQLcipher-0.03_0010/blib/arch/auto/DBD/SQLcipher/SQLcipher.so: undefined symbol: CRYPTO_free at /home/cpan/pit/bare/perl-5.26.0/lib/5.26.0/x86_64-linux/DynaLoader.pm line 193.
 at t/lib/SQLiteTest.pm line 162.
Compilation failed in require at t/lib/SQLiteTest.pm line 162.
BEGIN failed--compilation aborted at t/lib/SQLiteTest.pm line 162.
Compilation failed in require at t/rt_97598_crash_on_disconnect_with_virtual_tables.t line 10.
BEGIN failed--compilation aborted at t/rt_97598_crash_on_disconnect_with_virtual_tables.t line 10.
t/rt_97598_crash_on_disconnect_with_virtual_tables.t .. 
Dubious, test returned 2 (wstat 512, 0x200)
No subtests run 
Can't load '/home/cpan/pit/bare/conf/perl-5.26.0/.cpanplus/5.26.0/build/YgR6V8EmCG/DBD-SQLcipher-0.03_0010/blib/arch/auto/DBD/SQLcipher/SQLcipher.so' for module DBD::SQLcipher: /home/cpan/pit/bare/conf/perl-5.26.0/.cpanplus/5.26.0/build/YgR6V8EmCG/DBD-SQLcipher-0.03_0010/blib/arch/auto/DBD/SQLcipher/SQLcipher.so: undefined symbol: CRYPTO_free at /home/cpan/pit/bare/perl-5.26.0/lib/5.26.0/x86_64-linux/DynaLoader.pm line 193.
 at t/lib/SQLiteTest.pm line 162.
Compilation failed in require at t/lib/SQLiteTest.pm line 162.
BEGIN failed--compilation aborted at t/lib/SQLiteTest.pm line 162.
Compilation failed in require at t/virtual_table/00_base.t line 9.
BEGIN failed--compilation aborted at t/virtual_table/00_base.t line 9.
t/virtual_table/00_base.t ............................. 
Dubious, test returned 2 (wstat 512, 0x200)
No subtests run 
Can't load '/home/cpan/pit/bare/conf/perl-5.26.0/.cpanplus/5.26.0/build/YgR6V8EmCG/DBD-SQLcipher-0.03_0010/blib/arch/auto/DBD/SQLcipher/SQLcipher.so' for module DBD::SQLcipher: /home/cpan/pit/bare/conf/perl-5.26.0/.cpanplus/5.26.0/build/YgR6V8EmCG/DBD-SQLcipher-0.03_0010/blib/arch/auto/DBD/SQLcipher/SQLcipher.so: undefined symbol: CRYPTO_free at /home/cpan/pit/bare/perl-5.26.0/lib/5.26.0/x86_64-linux/DynaLoader.pm line 193.
 at t/lib/SQLiteTest.pm line 162.
Compilation failed in require at t/lib/SQLiteTest.pm line 162.
BEGIN failed--compilation aborted at t/lib/SQLiteTest.pm line 162.
Compilation failed in require at t/virtual_table/01_destroy.t line 9.
BEGIN failed--compilation aborted at t/virtual_table/01_destroy.t line 9.
t/virtual_table/01_destroy.t .......................... 
Dubious, test returned 2 (wstat 512, 0x200)
No subtests run 
Can't load '/home/cpan/pit/bare/conf/perl-5.26.0/.cpanplus/5.26.0/build/YgR6V8EmCG/DBD-SQLcipher-0.03_0010/blib/arch/auto/DBD/SQLcipher/SQLcipher.so' for module DBD::SQLcipher: /home/cpan/pit/bare/conf/perl-5.26.0/.cpanplus/5.26.0/build/YgR6V8EmCG/DBD-SQLcipher-0.03_0010/blib/arch/auto/DBD/SQLcipher/SQLcipher.so: undefined symbol: CRYPTO_free at /home/cpan/pit/bare/perl-5.26.0/lib/5.26.0/x86_64-linux/DynaLoader.pm line 193.
 at t/lib/SQLiteTest.pm line 162.
Compilation failed in require at t/lib/SQLiteTest.pm line 162.
BEGIN failed--compilation aborted at t/lib/SQLiteTest.pm line 162.
Compilation failed in require at t/virtual_table/02_find_function.t line 9.
BEGIN failed--compilation aborted at t/virtual_table/02_find_function.t line 9.
t/virtual_table/02_find_function.t .................... 
Dubious, test returned 2 (wstat 512, 0x200)
No subtests run 
Can't load '/home/cpan/pit/bare/conf/perl-5.26.0/.cpanplus/5.26.0/build/YgR6V8EmCG/DBD-SQLcipher-0.03_0010/blib/arch/auto/DBD/SQLcipher/SQLcipher.so' for module DBD::SQLcipher: /home/cpan/pit/bare/conf/perl-5.26.0/.cpanplus/5.26.0/build/YgR6V8EmCG/DBD-SQLcipher-0.03_0010/blib/arch/auto/DBD/SQLcipher/SQLcipher.so: undefined symbol: CRYPTO_free at /home/cpan/pit/bare/perl-5.26.0/lib/5.26.0/x86_64-linux/DynaLoader.pm line 193.
 at t/lib/SQLiteTest.pm line 162.
Compilation failed in require at t/lib/SQLiteTest.pm line 162.
BEGIN failed--compilation aborted at t/lib/SQLiteTest.pm line 162.
Compilation failed in require at t/virtual_table/10_filecontent.t line 10.
BEGIN failed--compilation aborted at t/virtual_table/10_filecontent.t line 10.
t/virtual_table/10_filecontent.t ...................... 
Dubious, test returned 2 (wstat 512, 0x200)
No subtests run 
Can't load '/home/cpan/pit/bare/conf/perl-5.26.0/.cpanplus/5.26.0/build/YgR6V8EmCG/DBD-SQLcipher-0.03_0010/blib/arch/auto/DBD/SQLcipher/SQLcipher.so' for module DBD::SQLcipher: /home/cpan/pit/bare/conf/perl-5.26.0/.cpanplus/5.26.0/build/YgR6V8EmCG/DBD-SQLcipher-0.03_0010/blib/arch/auto/DBD/SQLcipher/SQLcipher.so: undefined symbol: CRYPTO_free at /home/cpan/pit/bare/perl-5.26.0/lib/5.26.0/x86_64-linux/DynaLoader.pm line 193.
 at t/lib/SQLiteTest.pm line 162.
Compilation failed in require at t/lib/SQLiteTest.pm line 162.
BEGIN failed--compilation aborted at t/lib/SQLiteTest.pm line 162.
Compilation failed in require at t/virtual_table/11_filecontent_fulltext.t line 9.
BEGIN failed--compilation aborted at t/virtual_table/11_filecontent_fulltext.t line 9.
t/virtual_table/11_filecontent_fulltext.t ............. 
Dubious, test returned 2 (wstat 512, 0x200)
No subtests run 
Can't load '/home/cpan/pit/bare/conf/perl-5.26.0/.cpanplus/5.26.0/build/YgR6V8EmCG/DBD-SQLcipher-0.03_0010/blib/arch/auto/DBD/SQLcipher/SQLcipher.so' for module DBD::SQLcipher: /home/cpan/pit/bare/conf/perl-5.26.0/.cpanplus/5.26.0/build/YgR6V8EmCG/DBD-SQLcipher-0.03_0010/blib/arch/auto/DBD/SQLcipher/SQLcipher.so: undefined symbol: CRYPTO_free at /home/cpan/pit/bare/perl-5.26.0/lib/5.26.0/x86_64-linux/DynaLoader.pm line 193.
 at t/lib/SQLiteTest.pm line 162.
Compilation failed in require at t/lib/SQLiteTest.pm line 162.
BEGIN failed--compilation aborted at t/lib/SQLiteTest.pm line 162.
Compilation failed in require at t/virtual_table/20_perldata.t line 10.
BEGIN failed--compilation aborted at t/virtual_table/20_perldata.t line 10.
t/virtual_table/20_perldata.t ......................... 
Dubious, test returned 2 (wstat 512, 0x200)
No subtests run 
Can't load '/home/cpan/pit/bare/conf/perl-5.26.0/.cpanplus/5.26.0/build/YgR6V8EmCG/DBD-SQLcipher-0.03_0010/blib/arch/auto/DBD/SQLcipher/SQLcipher.so' for module DBD::SQLcipher: /home/cpan/pit/bare/conf/perl-5.26.0/.cpanplus/5.26.0/build/YgR6V8EmCG/DBD-SQLcipher-0.03_0010/blib/arch/auto/DBD/SQLcipher/SQLcipher.so: undefined symbol: CRYPTO_free at /home/cpan/pit/bare/perl-5.26.0/lib/5.26.0/x86_64-linux/DynaLoader.pm line 193.
 at t/lib/SQLiteTest.pm line 162.
Compilation failed in require at t/lib/SQLiteTest.pm line 162.
BEGIN failed--compilation aborted at t/lib/SQLiteTest.pm line 162.
Compilation failed in require at t/virtual_table/21_perldata_charinfo.t line 12.
BEGIN failed--compilation aborted at t/virtual_table/21_perldata_charinfo.t line 12.
t/virtual_table/21_perldata_charinfo.t ................ 
Dubious, test returned 2 (wstat 512, 0x200)
No subtests run 
Can't load '/home/cpan/pit/bare/conf/perl-5.26.0/.cpanplus/5.26.0/build/YgR6V8EmCG/DBD-SQLcipher-0.03_0010/blib/arch/auto/DBD/SQLcipher/SQLcipher.so' for module DBD::SQLcipher: /home/cpan/pit/bare/conf/perl-5.26.0/.cpanplus/5.26.0/build/YgR6V8EmCG/DBD-SQLcipher-0.03_0010/blib/arch/auto/DBD/SQLcipher/SQLcipher.so: undefined symbol: CRYPTO_free at /home/cpan/pit/bare/perl-5.26.0/lib/5.26.0/x86_64-linux/DynaLoader.pm line 193.
 at t/lib/SQLiteTest.pm line 162.
Compilation failed in require at t/lib/SQLiteTest.pm line 162.
BEGIN failed--compilation aborted at t/lib/SQLiteTest.pm line 162.
Compilation failed in require at t/virtual_table/rt_99748.t line 9.
BEGIN failed--compilation aborted at t/virtual_table/rt_99748.t line 9.
t/virtual_table/rt_99748.t ............................ 
Dubious, test returned 2 (wstat 512, 0x200)
No subtests run 

Test Summary Report
-------------------
t/01_compile.t                                      (Wstat: 65280 Tests: 3 Failed: 2)
  Failed tests:  2-3
  Non-zero exit status: 255
t/02_logon.t                                        (Wstat: 512 Tests: 0 Failed: 0)
  Non-zero exit status: 2
  Parse errors: No plan found in TAP output
t/03_create_table.t                                 (Wstat: 512 Tests: 0 Failed: 0)
  Non-zero exit status: 2
  Parse errors: No plan found in TAP output
t/04_insert.t                                       (Wstat: 512 Tests: 0 Failed: 0)
  Non-zero exit status: 2
  Parse errors: No plan found in TAP output
t/05_select.t                                       (Wstat: 512 Tests: 0 Failed: 0)
  Non-zero exit status: 2
  Parse errors: No plan found in TAP output
t/06_tran.t                                         (Wstat: 512 Tests: 0 Failed: 0)
  Non-zero exit status: 2
  Parse errors: No plan found in TAP output
t/07_error.t                                        (Wstat: 512 Tests: 0 Failed: 0)
  Non-zero exit status: 2
  Parse errors: No plan found in TAP output
t/08_busy.t                                         (Wstat: 512 Tests: 0 Failed: 0)
  Non-zero exit status: 2
  Parse errors: No plan found in TAP output
t/09_create_function.t                              (Wstat: 512 Tests: 0 Failed: 0)
  Non-zero exit status: 2
  Parse errors: No plan found in TAP output
t/10_create_aggregate.t                             (Wstat: 512 Tests: 0 Failed: 0)
  Non-zero exit status: 2
  Parse errors: No plan found in TAP output
t/12_unicode.t                                      (Wstat: 512 Tests: 0 Failed: 0)
  Non-zero exit status: 2
  Parse errors: No plan found in TAP output
t/13_create_collation.t                             (Wstat: 512 Tests: 0 Failed: 0)
  Non-zero exit status: 2
  Parse errors: No plan found in TAP output
t/14_progress_handler.t                             (Wstat: 512 Tests: 0 Failed: 0)
  Non-zero exit status: 2
  Parse errors: No plan found in TAP output
t/15_ak_dbd.t                                       (Wstat: 512 Tests: 0 Failed: 0)
  Non-zero exit status: 2
  Parse errors: No plan found in TAP output
t/16_column_info.t                                  (Wstat: 512 Tests: 0 Failed: 0)
  Non-zero exit status: 2
  Parse errors: No plan found in TAP output
t/17_createdrop.t                                   (Wstat: 512 Tests: 0 Failed: 0)
  Non-zero exit status: 2
  Parse errors: No plan found in TAP output
t/18_insertfetch.t                                  (Wstat: 512 Tests: 0 Failed: 0)
  Non-zero exit status: 2
  Parse errors: No plan found in TAP output
t/19_bindparam.t                                    (Wstat: 512 Tests: 0 Failed: 0)
  Non-zero exit status: 2
  Parse errors: No plan found in TAP output
t/20_blobs.t                                        (Wstat: 512 Tests: 0 Failed: 0)
  Non-zero exit status: 2
  Parse errors: No plan found in TAP output
t/21_blobtext.t                                     (Wstat: 512 Tests: 0 Failed: 0)
  Non-zero exit status: 2
  Parse errors: No plan found in TAP output
t/22_listfields.t                                   (Wstat: 512 Tests: 0 Failed: 0)
  Non-zero exit status: 2
  Parse errors: No plan found in TAP output
t/23_nulls.t                                        (Wstat: 512 Tests: 0 Failed: 0)
  Non-zero exit status: 2
  Parse errors: No plan found in TAP output
t/24_numrows.t                                      (Wstat: 512 Tests: 0 Failed: 0)
  Non-zero exit status: 2
  Parse errors: No plan found in TAP output
t/25_chopblanks.t                                   (Wstat: 512 Tests: 0 Failed: 0)
  Non-zero exit status: 2
  Parse errors: No plan found in TAP output
t/26_commit.t                                       (Wstat: 512 Tests: 0 Failed: 0)
  Non-zero exit status: 2
  Parse errors: No plan found in TAP output
t/27_metadata.t                                     (Wstat: 512 Tests: 0 Failed: 0)
  Non-zero exit status: 2
  Parse errors: Bad plan.  You planned 21 tests but ran 0.
t/28_schemachange.t                                 (WsFailed 105/105 test programs. 2/3 subtests failed.
tat: 512 Tests: 0 Failed: 0)
  Non-zero exit status: 2
  Parse errors: Bad plan.  You planned 9 tests but ran 0.
t/30_auto_rollback.t                                (Wstat: 512 Tests: 0 Failed: 0)
  Non-zero exit status: 2
  Parse errors: No plan found in TAP output
t/31_bind_weird_number_param.t                      (Wstat: 512 Tests: 0 Failed: 0)
  Non-zero exit status: 2
  Parse errors: Bad plan.  You planned 3 tests but ran 0.
t/32_inactive_error.t                               (Wstat: 512 Tests: 0 Failed: 0)
  Non-zero exit status: 2
  Parse errors: Bad plan.  You planned 4 tests but ran 0.
t/33_non_latin_path.t                               (Wstat: 512 Tests: 0 Failed: 0)
  Non-zero exit status: 2
  Parse errors: No plan found in TAP output
t/34_online_backup.t                                (Wstat: 512 Tests: 0 Failed: 0)
  Non-zero exit status: 2
  Parse errors: No plan found in TAP output
t/35_table_info.t                                   (Wstat: 512 Tests: 0 Failed: 0)
  Non-zero exit status: 2
  Parse errors: No plan found in TAP output
t/36_hooks.t                                        (Wstat: 512 Tests: 0 Failed: 0)
  Non-zero exit status: 2
  Parse errors: No plan found in TAP output
t/37_regexp.t                                       (Wstat: 512 Tests: 0 Failed: 0)
  Non-zero exit status: 2
  Parse errors: No plan found in TAP output
t/38_empty_statement.t                              (Wstat: 512 Tests: 0 Failed: 0)
  Non-zero exit status: 2
  Parse errors: No plan found in TAP output
t/39_foreign_keys.t                                 (Wstat: 512 Tests: 0 Failed: 0)
  Non-zero exit status: 2
  Parse errors: No plan found in TAP output
t/40_multiple_statements.t                          (Wstat: 512 Tests: 0 Failed: 0)
  Non-zero exit status: 2
  Parse errors: No plan found in TAP output
t/41_placeholders.t                                 (Wstat: 512 Tests: 0 Failed: 0)
  Non-zero exit status: 2
  Parse errors: No plan found in TAP output
t/42_primary_key_info.t                             (Wstat: 512 Tests: 0 Failed: 0)
  Non-zero exit status: 2
  Parse errors: No plan found in TAP output
t/43_fts3.t                                         (Wstat: 512 Tests: 0 Failed: 0)
  Non-zero exit status: 2
  Parse errors: No plan found in TAP output
t/44_rtree.t                                        (Wstat: 512 Tests: 0 Failed: 0)
  Non-zero exit status: 2
  Parse errors: No plan found in TAP output
t/45_savepoints.t                                   (Wstat: 512 Tests: 0 Failed: 0)
  Non-zero exit status: 2
  Parse errors: No plan found in TAP output
t/46_mod_perl.t                                     (Wstat: 512 Tests: 0 Failed: 0)
  Non-zero exit status: 2
  Parse errors: No plan found in TAP output
t/47_execute.t                                      (Wstat: 512 Tests: 0 Failed: 0)
  Non-zero exit status: 2
  Parse errors: No plan found in TAP output
t/48_bind_param_is_sticky.t                         (Wstat: 512 Tests: 0 Failed: 0)
  Non-zero exit status: 2
  Parse errors: No plan found in TAP output
t/49_trace_and_profile.t                            (Wstat: 512 Tests: 0 Failed: 0)
  Non-zero exit status: 2
  Parse errors: No plan found in TAP output
t/50_foreign_key_info.t                             (Wstat: 512 Tests: 0 Failed: 0)
  Non-zero exit status: 2
  Parse errors: No plan found in TAP output
t/51_table_column_metadata.t                        (Wstat: 512 Tests: 0 Failed: 0)
  Non-zero exit status: 2
  Parse errors: No plan found in TAP output
t/52_db_filename.t                                  (Wstat: 512 Tests: 0 Failed: 0)
  Non-zero exit status: 2
  Parse errors: No plan found in TAP output
t/53_status.t                                       (Wstat: 512 Tests: 0 Failed: 0)
  Non-zero exit status: 2
  Parse errors: No plan found in TAP output
t/54_literal_txn.t                                  (Wstat: 512 Tests: 0 Failed: 0)
  Non-zero exit status: 2
  Parse errors: No plan found in TAP output
t/55_statistics_info.t                              (Wstat: 512 Tests: 0 Failed: 0)
  Non-zero exit status: 2
  Parse errors: No plan found in TAP output
t/56_open_flags.t                                   (Wstat: 512 Tests: 0 Failed: 0)
  Non-zero exit status: 2
  Parse errors: No plan found in TAP output
t/57_uri_filename.t                                 (Wstat: 512 Tests: 0 Failed: 0)
  Non-zero exit status: 2
  Parse errors: No plan found in TAP output
t/58_see_if_its_a_number_and_explicit_binding.t     (Wstat: 512 Tests: 0 Failed: 0)
  Non-zero exit status: 2
  Parse errors: No plan found in TAP output
t/59_extended_result_codes.t                        (Wstat: 512 Tests: 0 Failed: 0)
  Non-zero exit status: 2
  Parse errors: No plan found in TAP output
t/60_readonly.t                                     (Wstat: 512 Tests: 0 Failed: 0)
  Non-zero exit status: 2
  Parse errors: No plan found in TAP output
t/61_strlike.t                                      (Wstat: 512 Tests: 0 Failed: 0)
  Non-zero exit status: 2
  Parse errors: No plan found in TAP output
t/62_regexp_multibyte_char_class.t                  (Wstat: 512 Tests: 0 Failed: 0)
  Non-zero exit status: 2
  Parse errors: No plan found in TAP output
t/cookbook_variance.t                               (Wstat: 512 Tests: 0 Failed: 0)
  Non-zero exit status: 2
  Parse errors: No plan found in TAP output
t/rt_106151_outermost_savepoint.t                   (Wstat: 512 Tests: 0 Failed: 0)
  Non-zero exit status: 2
  Parse errors: No plan found in TAP output
t/rt_106950_extra_warnings_with_savepoints.t        (Wstat: 512 Tests: 0 Failed: 0)
  Non-zero exit status: 2
  Parse errors: No plan found in TAP output
t/rt_115465_column_info_with_spaces.t               (Wstat: 512 Tests: 0 Failed: 0)
  Non-zero exit status: 2
  Parse errors: No plan found in TAP output
t/rt_15186_prepcached.t                             (Wstat: 512 Tests: 0 Failed: 0)
  Non-zero exit status: 2
  Parse errors: No plan found in TAP output
t/rt_21406_auto_finish.t                            (Wstat: 512 Tests: 0 Failed: 0)
  Non-zero exit status: 2
  Parse errors: No plan found in TAP output
t/rt_25371_asymmetric_unicode.t                     (Wstat: 512 Tests: 0 Failed: 0)
  Non-zero exit status: 2
  Parse errors: No plan found in TAP output
t/rt_25460_numeric_aggregate.t                      (Wstat: 512 Tests: 0 Failed: 0)
  Non-zero exit status: 2
  Parse errors: No plan found in TAP output
t/rt_25924_user_defined_func_unicode.t              (Wstat: 512 Tests: 0 Failed: 0)
  Non-zero exit status: 2
  Parse errors: No plan found in TAP output
t/rt_26775_distinct.t                               (Wstat: 512 Tests: 0 Failed: 0)
  Non-zero exit status: 2
  Parse errors: No plan found in TAP output
t/rt_27553_prepared_cache_and_analyze.t             (Wstat: 512 Tests: 0 Failed: 0)
  Non-zero exit status: 2
  Parse errors: No plan found in TAP output
t/rt_29058_group_by.t                               (Wstat: 512 Tests: 0 Failed: 0)
  Non-zero exit status: 2
  Parse errors: No plan found in TAP output
t/rt_29629_sqlite_where_length.t                    (Wstat: 512 Tests: 0 Failed: 0)
  Non-zero exit status: 2
  Parse errors: No plan found in TAP output
t/rt_31324_full_names.t                             (Wstat: 512 Tests: 0 Failed: 0)
  Non-zero exit status: 2
  Parse errors: No plan found in TAP output
t/rt_32889_prepare_cached_reexecute.t               (Wstat: 512 Tests: 0 Failed: 0)
  Non-zero exit status: 2
  Parse errors: No plan found in TAP output
t/rt_36836_duplicate_key.t                          (Wstat: 512 Tests: 0 Failed: 0)
  Non-zero exit status: 2
  Parse errors: No plan found in TAP output
t/rt_36838_unique_and_bus_error.t                   (Wstat: 512 Tests: 0 Failed: 0)
  Non-zero exit status: 2
  Parse errors: No plan found in TAP output
t/rt_40594_nullable.t                               (Wstat: 512 Tests: 0 Failed: 0)
  Non-zero exit status: 2
  Parse errors: No plan found in TAP output
t/rt_48393_debug_panic_with_commit.t                (Wstat: 512 Tests: 0 Failed: 0)
  Non-zero exit status: 2
  Parse errors: No plan found in TAP output
t/rt_50503_fts3.t                                   (Wstat: 512 Tests: 0 Failed: 0)
  Non-zero exit status: 2
  Parse errors: No plan found in TAP output
t/rt_52573_manual_exclusive_lock.t                  (Wstat: 512 Tests: 0 Failed: 0)
  Non-zero exit status: 2
  Parse errors: No plan found in TAP output
t/rt_53235_icu_compatibility.t                      (Wstat: 512 Tests: 0 Failed: 0)
  Non-zero exit status: 2
  Parse errors: No plan found in TAP output
t/rt_62370_diconnected_handles_operation.t          (Wstat: 512 Tests: 0 Failed: 0)
  Non-zero exit status: 2
  Parse errors: No plan found in TAP output
t/rt_64177_ping_wipes_out_the_errstr.t              (Wstat: 512 Tests: 0 Failed: 0)
  Non-zero exit status: 2
  Parse errors: No plan found in TAP output
t/rt_67581_bind_params_mismatch.t                   (Wstat: 512 Tests: 0 Failed: 0)
  Non-zero exit status: 2
  Parse errors: No plan found in TAP output
t/rt_71311_bind_col_and_unicode.t                   (Wstat: 512 Tests: 0 Failed: 0)
  Non-zero exit status: 2
  Parse errors: No plan found in TAP output
t/rt_73159_fts_tokenizer_segfault.t                 (Wstat: 512 Tests: 0 Failed: 0)
  Non-zero exit status: 2
  Parse errors: No plan found in TAP output
t/rt_73787_exponential_buffer_overflow.t            (Wstat: 512 Tests: 0 Failed: 0)
  Non-zero exit status: 2
  Parse errors: No plan found in TAP output
t/rt_76395_int_overflow.t                           (Wstat: 512 Tests: 0 Failed: 0)
  Non-zero exit status: 2
  Parse errors: No plan found in TAP output
t/rt_77724_primary_key_with_a_whitespace.t          (Wstat: 512 Tests: 0 Failed: 0)
  Non-zero exit status: 2
  Parse errors: No plan found in TAP output
t/rt_78833_utf8_flag_for_column_names.t             (Wstat: 512 Tests: 0 Failed: 0)
  Non-zero exit status: 2
  Parse errors: No plan found in TAP output
t/rt_81536_multi_column_primary_key_info.t          (Wstat: 512 Tests: 0 Failed: 0)
  Non-zero exit status: 2
  Parse errors: No plan found in TAP output
t/rt_88228_sqlite_3_8_0_crash.t                     (Wstat: 512 Tests: 0 Failed: 0)
  Non-zero exit status: 2
  Parse errors: No plan found in TAP output
t/rt_96050_db_filename_for_a_closed_database.t      (Wstat: 512 Tests: 0 Failed: 0)
  Non-zero exit status: 2
  Parse errors: No plan found in TAP output
t/rt_96877_unicode_statements.t                     (Wstat: 512 Tests: 0 Failed: 0)
  Non-zero exit status: 2
  Parse errors: No plan found in TAP output
t/rt_96878_fts_contentless_table.t                  (Wstat: 512 Tests: 0 Failed: 0)
  Non-zero exit status: 2
  Parse errors: No plan found in TAP output
t/rt_97598_crash_on_disconnect_with_virtual_tables.t (Wstat: 512 Tests: 0 Failed: 0)
  Non-zero exit status: 2
  Parse errors: No plan found in TAP output
t/virtual_table/00_base.t                           (Wstat: 512 Tests: 0 Failed: 0)
  Non-zero exit status: 2
  Parse errors: No plan found in TAP output
t/virtual_table/01_destroy.t                        (Wstat: 512 Tests: 0 Failed: 0)
  Non-zero exit status: 2
  Parse errors: No plan found in TAP output
t/virtual_table/02_find_function.t                  (Wstat: 512 Tests: 0 Failed: 0)
  Non-zero exit status: 2
  Parse errors: No plan found in TAP output
t/virtual_table/10_filecontent.t                    (Wstat: 512 Tests: 0 Failed: 0)
  Non-zero exit status: 2
  Parse errors: No plan found in TAP output
t/virtual_table/11_filecontent_fulltext.t           (Wstat: 512 Tests: 0 Failed: 0)
  Non-zero exit status: 2
  Parse errors: No plan found in TAP output
t/virtual_table/20_perldata.t                       (Wstat: 512 Tests: 0 Failed: 0)
  Non-zero exit status: 2
  Parse errors: No plan found in TAP output
t/virtual_table/21_perldata_charinfo.t              (Wstat: 512 Tests: 0 Failed: 0)
  Non-zero exit status: 2
  Parse errors: No plan found in TAP output
t/virtual_table/rt_99748.t                          (Wstat: 512 Tests: 0 Failed: 0)
  Non-zero exit status: 2
  Parse errors: No plan found in TAP output
Files=105, Tests=3,  6 wallclock secs ( 0.13 usr  0.06 sys +  4.65 cusr  0.38 csys =  5.22 CPU)
Result: FAIL
Makefile:1091: recipe formake: *** [test_dynamic] Error 2
 target 'test_dynamic' failed


PREREQUISITES:

Here is a list of prerequisites you specified and versions we
managed to load:

	  Module Name                        Have     Want
	  DBI                               1.637     1.57
	  ExtUtils::MakeMaker                7.30        0
	  File::Spec                         3.67     0.82
	  Test::Builder                  1.302098     0.86
	  Test::More                     1.302098     0.47
	  Tie::Hash                          1.05        0

Perl module toolchain versions installed:
	Module Name                        Have
	CPANPLUS                         0.9172
	CPANPLUS::Dist::Build              0.88
	Cwd                                3.67
	ExtUtils::CBuilder             0.280226
	ExtUtils::Command                  7.30
	ExtUtils::Install                  2.14
	ExtUtils::MakeMaker                7.30
	ExtUtils::Manifest                 1.70
	ExtUtils::ParseXS                  3.35
	File::Spec                         3.67
	Module::Build                    0.4224
	Pod::Parser                        1.63
	Pod::Simple                        3.35
	Test2                          1.302098
	Test::Harness                      3.39
	Test::More                     1.302098
	version                          0.9918

******************************** NOTE ********************************
The comments above are created mechanically, possibly without manual
checking by the sender.  As there are many people performing automatic
tests on each upload to CPAN, it is likely that you will receive
identical messages about the same problem.

If you believe that the message is mistaken, please reply to the first
one with correction and/or additional informations, and do not take
it personally.  We appreciate your patience. :)
**********************************************************************

Additional comments:


This report was machine-generated by CPANPLUS::Dist::YACSmoke 1.02.
Powered by minismokebox version 0.68

------------------------------
ENVIRONMENT AND OTHER CONTEXT
------------------------------

Environment variables:

    AUTOMATED_TESTING = 1
    LANG = en_GB.UTF-8
    LANGUAGE = en_GB:en
    NONINTERACTIVE_TESTING = 1
    PATH = /home/cpan/pit/bare/conf/perl-5.26.0/.cpanplus/5.26.0/build/CKjrpdXRqy/DBI-1.637/blib/script:/usr/local/sbin:/usr/local/bin:/usr/sbin:/usr/bin:/sbin:/bin:/usr/games:/usr/local/games:/snap/bin
    PERL5LIB = :/home/cpan/pit/bare/conf/perl-5.26.0/.cpanplus/5.26.0/build/CKjrpdXRqy/DBI-1.637/blib/lib:/home/cpan/pit/bare/conf/perl-5.26.0/.cpanplus/5.26.0/build/CKjrpdXRqy/DBI-1.637/blib/arch:/home/cpan/pit/bare/conf/perl-5.26.0/.cpanplus/5.26.0/build/YgR6V8EmCG/DBD-SQLcipher-0.03_0010/blib/lib:/home/cpan/pit/bare/conf/perl-5.26.0/.cpanplus/5.26.0/build/YgR6V8EmCG/DBD-SQLcipher-0.03_0010/blib/arch
    PERL5_CPANPLUS_IS_RUNNING = 14975
    PERL5_CPANPLUS_IS_VERSION = 0.9172
    PERL5_MINISMOKEBOX = 0.68
    PERL5_YACSMOKE_BASE = /home/cpan/pit/bare/conf/perl-5.26.0
    PERL_EXTUTILS_AUTOINSTALL = --defaultdeps
    PERL_MM_USE_DEFAULT = 1
    SHELL = /bin/bash
    TERM = screen

Perl special variables (and OS-specific diagnostics, for MSWin32):

    Perl: $^X = /home/cpan/pit/bare/perl-5.26.0/bin/perl
    UID:  $<  = 1001
    EUID: $>  = 1001
    GID:  $(  = 1001 1001
    EGID: $)  = 1001 1001


-------------------------------


--

Summary of my perl5 (revision 5 version 26 subversion 0) configuration:
   
  Platform:
    osname=linux
    osvers=4.4.0-72-generic
    archname=x86_64-linux
    uname='linux uchder 4.4.0-72-generic #93-ubuntu smp fri mar 31 14:07:41 utc 2017 x86_64 x86_64 x86_64 gnulinux '
    config_args='-des -Dprefix=/home/cpan/pit/bare/perl-5.26.0'
    hint=recommended
    useposix=true
    d_sigaction=define
    useithreads=undef
    usemultiplicity=undef
    use64bitint=define
    use64bitall=define
    uselongdouble=undef
    usemymalloc=n
    default_inc_excludes_dot=define
    bincompat5005=undef
  Compiler:
    cc='cc'
    ccflags ='-fwrapv -fno-strict-aliasing -pipe -fstack-protector-strong -I/usr/local/include -D_LARGEFILE_SOURCE -D_FILE_OFFSET_BITS=64'
    optimize='-O2'
    cppflags='-fwrapv -fno-strict-aliasing -pipe -fstack-protector-strong -I/usr/local/include'
    ccversion=''
    gccversion='5.4.0 20160609'
    gccosandvers=''
    intsize=4
    longsize=8
    ptrsize=8
    doublesize=8
    byteorder=12345678
    doublekind=3
    d_longlong=define
    longlongsize=8
    d_longdbl=define
    longdblsize=16
    longdblkind=3
    ivtype='long'
    ivsize=8
    nvtype='double'
    nvsize=8
    Off_t='off_t'
    lseeksize=8
    alignbytes=8
    prototype=define
  Linker and Libraries:
    ld='cc'
    ldflags =' -fstack-protector-strong -L/usr/local/lib'
    libpth=/usr/local/lib /usr/lib/gcc/x86_64-linux-gnu/5/include-fixed /usr/include/x86_64-linux-gnu /usr/lib /lib/x86_64-linux-gnu /lib/../lib /usr/lib/x86_64-linux-gnu /usr/lib/../lib /lib
    libs=-lpthread -lnsl -lgdbm -ldl -lm -lcrypt -lutil -lc -lgdbm_compat
    perllibs=-lpthread -lnsl -ldl -lm -lcrypt -lutil -lc
    libc=libc-2.23.so
    so=so
    useshrplib=false
    libperl=libperl.a
    gnulibc_version='2.23'
  Dynamic Linking:
    dlsrc=dl_dlopen.xs
    dlext=so
    d_dlsymun=undef
    ccdlflags='-Wl,-E'
    cccdlflags='-fPIC'
    lddlflags='-shared -O2 -L/usr/local/lib -fstack-protector-strong'


Characteristics of this binary (from libperl): 
  Compile-time options:
    HAS_TIMES
    PERLIO_LAYERS
    PERL_COPY_ON_WRITE
    PERL_DONT_CREATE_GVSV
    PERL_MALLOC_WRAP
    PERL_OP_PARENT
    PERL_PRESERVE_IVUV
    USE_64_BIT_ALL
    USE_64_BIT_INT
    USE_LARGE_FILES
    USE_LOCALE
    USE_LOCALE_COLLATE
    USE_LOCALE_CTYPE
    USE_LOCALE_NUMERIC
    USE_LOCALE_TIME
    USE_PERLIO
    USE_PERL_ATOF
  Locally applied patches:
    Devel::PatchPerl 1.48
  Built under linux
  Compiled at May 31 2017 11:08:22
  %ENV:
    PERL5LIB=":/home/cpan/pit/bare/conf/perl-5.26.0/.cpanplus/5.26.0/build/CKjrpdXRqy/DBI-1.637/blib/lib:/home/cpan/pit/bare/conf/perl-5.26.0/.cpanplus/5.26.0/build/CKjrpdXRqy/DBI-1.637/blib/arch:/home/cpan/pit/bare/conf/perl-5.26.0/.cpanplus/5.26.0/build/YgR6V8EmCG/DBD-SQLcipher-0.03_0010/blib/lib:/home/cpan/pit/bare/conf/perl-5.26.0/.cpanplus/5.26.0/build/YgR6V8EmCG/DBD-SQLcipher-0.03_0010/blib/arch"
    PERL5_CPANPLUS_IS_RUNNING="14975"
    PERL5_CPANPLUS_IS_VERSION="0.9172"
    PERL5_MINISMOKEBOX="0.68"
    PERL5_YACSMOKE_BASE="/home/cpan/pit/bare/conf/perl-5.26.0"
    PERL_EXTUTILS_AUTOINSTALL="--defaultdeps"
    PERL_MM_USE_DEFAULT="1"
  @INC:
    /home/cpan/pit/bare/conf/perl-5.26.0/.cpanplus/5.26.0/build/CKjrpdXRqy/DBI-1.637/blib/lib
    /home/cpan/pit/bare/conf/perl-5.26.0/.cpanplus/5.26.0/build/CKjrpdXRqy/DBI-1.637/blib/arch
    /home/cpan/pit/bare/conf/perl-5.26.0/.cpanplus/5.26.0/build/YgR6V8EmCG/DBD-SQLcipher-0.03_0010/blib/lib
    /home/cpan/pit/bare/conf/perl-5.26.0/.cpanplus/5.26.0/build/YgR6V8EmCG/DBD-SQLcipher-0.03_0010/blib/arch
    /home/cpan/pit/bare/perl-5.26.0/lib/site_perl/5.26.0/x86_64-linux
    /home/cpan/pit/bare/perl-5.26.0/lib/site_perl/5.26.0
    /home/cpan/pit/bare/perl-5.26.0/lib/5.26.0/x86_64-linux
    /home/cpan/pit/bare/perl-5.26.0/lib/5.26.0