Back
From: metabase:user:30f4dfbe-2aae-11df-837a-5e0a49663a4f
Subject: FAIL Win32-Tracert-0.002 v5.19.9 GNU/Linux
Date: 2014-03-29T14:49:40Z
This distribution has been tested as part of the CPAN Testers
project, supporting the Perl programming language. See
http://wiki.cpantesters.org/ for more information or email
questions to cpan-testers-discuss@perl.org
--
Dear Sebastien Deseille,
This is a computer-generated report for Win32-Tracert-0.002
on perl 5.19.9, created by CPAN-Reporter-1.2011.
Thank you for uploading your work to CPAN. However, there was a problem
testing your distribution.
If you think this report is invalid, please consult the CPAN Testers Wiki
for suggestions on how to avoid getting FAIL reports for missing library
or binary dependencies, unsupported operating systems, and so on:
http://wiki.cpantesters.org/wiki/CPANAuthorNotes
Sections of this report:
* Tester comments
* Program output
* Prerequisites
* Environment and other context
------------------------------
TESTER COMMENTS
------------------------------
Additional comments from tester:
this report is from an automated smoke testing program
and was not reviewed by a human for accuracy
------------------------------
PROGRAM OUTPUT
------------------------------
Output from '/usr/bin/make test':
PERL_DL_NONLAZY=1 /home/njh/perl5/perlbrew/perls/perl-5.19.9/bin/perl5.19.9 "-MExtUtils::Command::MM" "-MTest::Harness" "-e" "undef *Test::Harness::Switches; test_harness(0, 'blib/lib', 'blib/arch')" t/*.t
push on reference is experimental at /home/njh/.cpan/build/Win32-Tracert-0.002-rPJ7TQ/blib/lib/Win32/Tracert/Parser.pm line 77.
push on reference is experimental at /home/njh/.cpan/build/Win32-Tracert-0.002-rPJ7TQ/blib/lib/Win32/Tracert/Parser.pm line 94.
push on reference is experimental at /home/njh/.cpan/build/Win32-Tracert-0.002-rPJ7TQ/blib/lib/Win32/Tracert/Parser.pm line 126.
t/01_basic.t ........ ok
push on reference is experimental at /home/njh/.cpan/build/Win32-Tracert-0.002-rPJ7TQ/blib/lib/Win32/Tracert/Parser.pm line 77.
push on reference is experimental at /home/njh/.cpan/build/Win32-Tracert-0.002-rPJ7TQ/blib/lib/Win32/Tracert/Parser.pm line 94.
push on reference is experimental at /home/njh/.cpan/build/Win32-Tracert-0.002-rPJ7TQ/blib/lib/Win32/Tracert/Parser.pm line 126.
t/02_circuit.t ...... ok
push on reference is experimental at /home/njh/.cpan/build/Win32-Tracert-0.002-rPJ7TQ/blib/lib/Win32/Tracert/Parser.pm line 77.
push on reference is experimental at /home/njh/.cpan/build/Win32-Tracert-0.002-rPJ7TQ/blib/lib/Win32/Tracert/Parser.pm line 94.
push on reference is experimental at /home/njh/.cpan/build/Win32-Tracert-0.002-rPJ7TQ/blib/lib/Win32/Tracert/Parser.pm line 126.
Can't exec "tracert": No such file or directory at /home/njh/.cpan/build/Win32-Tracert-0.002-rPJ7TQ/blib/lib/Win32/Tracert.pm line 88.
No traceroute result for 127.0.0.1
# Looks like you planned 4 tests but ran 1.
# Looks like your test exited with 2 just after 1.
t/03_destination.t ..
Dubious, test returned 2 (wstat 512, 0x200)
Failed 3/4 subtests
Can't locate Data/Printer.pm in @INC (you may need to install the Data::Printer module) (@INC contains: /home/njh/.cpan/build/Win32-Tracert-0.002-rPJ7TQ/blib/lib /home/njh/.cpan/build/Win32-Tracert-0.002-rPJ7TQ/blib/arch /home/njh/.cpan/build/Object-Tiny-1.08-V31RtD/blib/arch /home/njh/.cpan/build/Object-Tiny-1.08-V31RtD/blib/lib /home/njh/.cpan/build/Object-Tiny-1.08-V31RtD/blib/arch /home/njh/.cpan/build/Object-Tiny-1.08-V31RtD/blib/lib /home/njh/perl5/perlbrew/perls/perl-5.19.9/lib/site_perl/5.19.9/x86_64-linux-thread-multi /home/njh/perl5/perlbrew/perls/perl-5.19.9/lib/site_perl/5.19.9 /home/njh/perl5/perlbrew/perls/perl-5.19.9/lib/5.19.9/x86_64-linux-thread-multi /home/njh/perl5/perlbrew/perls/perl-5.19.9/lib/5.19.9 .) at t/04_weird_use.t line 3.
BEGIN failed--compilation aborted at t/04_weird_use.t line 3.
t/04_weird_use.t ....
Dubious, test returned 2 (wstat 512, 0x200)
No subtests run
Test Summary Report
-------------------
t/03_destination.t (Wstat: 512 Tests: 1 Failed: 0)
Non-zero exit status: 2
Parse errors: Bad plan. You planned 4 tests but ran 1.
t/04_weird_use.t (Wstat: 512 Tests: 0 Failed: 0)
Non-zero exit status: 2
Parse errors: No plan found in TAP output
Files=4, Tests=13, 0 wallclock secs ( 0.02 usr 0.00 sys + 0.08 cusr 0.00 csys = 0.10 CPU)
Result: FAIL
Failed 2/4 test programs. 0/13 subtests failed.
make: *** [test_dynamic] Error 2
------------------------------
PREREQUISITES
------------------------------
Prerequisite modules loaded:
requires:
Module Need Have
------------------- ---- ----
Object::Tiny 1.08 1.08
configure_requires:
Module Need Have
------------------- ---- ----
ExtUtils::MakeMaker 6.30 6.94
------------------------------
ENVIRONMENT AND OTHER CONTEXT
------------------------------
Environment variables:
AUTOMATED_TESTING = 1
LANG = en_GB.UTF-8
LANGUAGE = en_GB:en
LD_LIBRARY_PATH = /usr/local/lib::
PATH = /home/njh/perl5/perlbrew/bin:/home/njh/perl5/perlbrew/perls/perl-5.19.9/bin:/home/njh/perl5/perlbrew/bin:/usr/local/bin:/usr/bin:/bin:/usr/local/games:/usr/games:/home/njh/bin:/sbin
PERL5LIB = /home/njh/.cpan/build/Object-Tiny-1.08-V31RtD/blib/arch:/home/njh/.cpan/build/Object-Tiny-1.08-V31RtD/blib/lib
PERL5OPT =
PERL5_CPANPLUS_IS_RUNNING = 4880
PERL5_CPAN_IS_RUNNING = 4880
PERL5_MINISMOKEBOX = 0.58
PERLBREW_BASHRC_VERSION = 0.58
PERLBREW_HOME = /home/njh/.perlbrew
PERLBREW_MANPATH = /home/njh/perl5/perlbrew/perls/perl-5.19.9/man
PERLBREW_PATH = /home/njh/perl5/perlbrew/bin:/home/njh/perl5/perlbrew/perls/perl-5.19.9/bin
PERLBREW_PERL = perl-5.19.9
PERLBREW_ROOT = /home/njh/perl5/perlbrew
PERLBREW_VERSION = 0.67
PERL_EXTUTILS_AUTOINSTALL = --defaultdeps
PERL_MM_USE_DEFAULT = 1
SHELL = /bin/bash
TERM = xterm
Perl special variables (and OS-specific diagnostics, for MSWin32):
$^X = /home/njh/perl5/perlbrew/perls/perl-5.19.9/bin/perl5.19.9
$UID/$EUID = 1000 / 1000
$GID = 1000 4 24 25 29 30 44 46 108 112 1000
$EGID = 1000 4 24 25 29 30 44 46 108 112 1000
Perl module toolchain versions installed:
Module Have
------------------- --------
CPAN 2.03
CPAN::Meta 2.133380
Cwd 3.47
ExtUtils::CBuilder 0.280216
ExtUtils::Command 1.18
ExtUtils::Install 1.63
ExtUtils::MakeMaker 6.94
ExtUtils::Manifest 1.63
ExtUtils::ParseXS 3.23
File::Spec 3.47
JSON 2.90
JSON::PP 2.27203
Module::Build 0.4205
Module::Signature 0.73
Parse::CPAN::Meta 1.4414
Test::Harness 3.30
Test::More 1.001003
YAML 0.90
YAML::Syck 1.27
version 0.9908
--
Summary of my perl5 (revision 5 version 19 subversion 9) configuration:
Platform:
osname=linux, osvers=3.10-2-amd64, archname=x86_64-linux-thread-multi
uname='linux nigelhorne.force9.co.uk 3.10-2-amd64 #1 smp debian 3.10.7-1 (2013-08-17) x86_64 gnulinux '
config_args='-de -Dprefix=/home/njh/perl5/perlbrew/perls/perl-5.19.9 -Duseithreads -Dusemultiplicity -Dusedevel -Accflags=-O2 -W -Wformat=2 -Wswitch -Wshadow -Wwrite-strings -Wuninitialized -Wall -pipe -mtune=native -march=native -fomit-frame-pointer -msse2 -msse -mmmx -mfpmath=sse -pedantic -D_FORTIFY_SOURCE=2 -Wpointer-arith -Wstrict-prototypes -fstack-protector -Wstack-protector -Wextra -Wbad-function-cast -Wcast-align -Wcast-qual -Wdisabled-optimization -Wendif-labels -Wfloat-equal -Wformat-nonliteral -Winline -Wmissing-declarations -Wmissing-prototypes -Wnested-externs -Wpointer-arith -Wundef -Wformat-security -ftree-vectorize -fassociative-math -ftree-vectorizer-verbose=1 -Aeval:scriptdir=/home/njh/perl5/perlbrew/perls/perl-5.19.9/bin'
hint=recommended, useposix=true, d_sigaction=define
useithreads=define, usemultiplicity=define
use64bitint=define, use64bitall=define, uselongdouble=undef
usemymalloc=n, bincompat5005=undef
Compiler:
cc='cc', ccflags ='-D_REENTRANT -D_GNU_SOURCE -O2 -W -Wformat=2 -Wswitch -Wshadow -Wwrite-strings -Wuninitialized -Wall -pipe -mtune=native -march=native -fomit-frame-pointer -msse2 -msse -mmmx -mfpmath=sse -pedantic -D_FORTIFY_SOURCE=2 -Wpointer-arith -Wstrict-prototypes -fstack-protector -Wstack-protector -Wextra -Wbad-function-cast -Wcast-align -Wcast-qual -Wdisabled-optimization -Wendif-labels -Wfloat-equal -Wformat-nonliteral -Winline -Wmissing-declarations -Wmissing-prototypes -Wnested-externs -Wpointer-arith -Wundef -Wformat-security -ftree-vectorize -fassociative-math -ftree-vectorizer-verbose=1 -fno-strict-aliasing -I/usr/local/include -D_LARGEFILE_SOURCE -D_FILE_OFFSET_BITS=64',
optimize='-O2',
cppflags='-D_REENTRANT -D_GNU_SOURCE -O2 -W -Wformat=2 -Wswitch -Wshadow -Wwrite-strings -Wuninitialized -Wall -pipe -mtune=native -march=native -fomit-frame-pointer -msse2 -msse -mmmx -mfpmath=sse -pedantic -D_FORTIFY_SOURCE=2 -Wpointer-arith -Wstrict-prototypes -fstack-protector -Wstack-protector -Wextra -Wbad-function-cast -Wcast-align -Wcast-qual -Wdisabled-optimization -Wendif-labels -Wfloat-equal -Wformat-nonliteral -Winline -Wmissing-declarations -Wmissing-prototypes -Wnested-externs -Wpointer-arith -Wundef -Wformat-security -ftree-vectorize -fassociative-math -ftree-vectorizer-verbose=1 -fno-strict-aliasing -I/usr/local/include'
ccversion='', gccversion='4.8.2', gccosandvers=''
intsize=4, longsize=8, ptrsize=8, doublesize=8, byteorder=12345678
d_longlong=define, longlongsize=8, d_longdbl=define, longdblsize=16
ivtype='long', ivsize=8, nvtype='double', nvsize=8, Off_t='off_t', lseeksize=8
alignbytes=8, prototype=define
Linker and Libraries:
ld='cc', ldflags =' -fstack-protector -L/usr/local/lib'
libpth=/usr/local/lib /usr/lib/gcc/x86_64-linux-gnu/4.8/include-fixed /usr/include/x86_64-linux-gnu /usr/lib /lib/x86_64-linux-gnu /lib/../lib /usr/lib/x86_64-linux-gnu /usr/lib/../lib /lib
libs=-lnsl -lgdbm -ldb -ldl -lm -lcrypt -lutil -lpthread -lc -lgdbm_compat
perllibs=-lnsl -ldl -lm -lcrypt -lutil -lpthread -lc
libc=, so=so, useshrplib=false, libperl=libperl.a
gnulibc_version='2.18'
Dynamic Linking:
dlsrc=dl_dlopen.xs, dlext=so, d_dlsymun=undef, ccdlflags='-Wl,-E'
cccdlflags='-fPIC', lddlflags='-shared -O2 -L/usr/local/lib -fstack-protector'
Characteristics of this binary (from libperl):
Compile-time options: HAS_TIMES MULTIPLICITY PERLIO_LAYERS
PERL_DONT_CREATE_GVSV
PERL_HASH_FUNC_ONE_AT_A_TIME_HARD
PERL_IMPLICIT_CONTEXT PERL_MALLOC_WRAP
PERL_NEW_COPY_ON_WRITE PERL_PRESERVE_IVUV
PERL_USE_DEVEL USE_64_BIT_ALL USE_64_BIT_INT
USE_ITHREADS USE_LARGE_FILES USE_LOCALE
USE_LOCALE_COLLATE USE_LOCALE_CTYPE
USE_LOCALE_NUMERIC USE_PERLIO USE_PERL_ATOF
USE_REENTRANT_API
Built under linux
Compiled at Mar 21 2014 13:06:09
%ENV:
PERL5LIB="/home/njh/.cpan/build/Object-Tiny-1.08-V31RtD/blib/arch:/home/njh/.cpan/build/Object-Tiny-1.08-V31RtD/blib/lib"
PERL5OPT=""
PERL5_CPANPLUS_IS_RUNNING="4880"
PERL5_CPAN_IS_RUNNING="4880"
PERL5_MINISMOKEBOX="0.58"
PERLBREW_BASHRC_VERSION="0.58"
PERLBREW_HOME="/home/njh/.perlbrew"
PERLBREW_MANPATH="/home/njh/perl5/perlbrew/perls/perl-5.19.9/man"
PERLBREW_PATH="/home/njh/perl5/perlbrew/bin:/home/njh/perl5/perlbrew/perls/perl-5.19.9/bin"
PERLBREW_PERL="perl-5.19.9"
PERLBREW_ROOT="/home/njh/perl5/perlbrew"
PERLBREW_VERSION="0.67"
PERL_EXTUTILS_AUTOINSTALL="--defaultdeps"
PERL_MM_USE_DEFAULT="1"
@INC:
/home/njh/.cpan/build/Object-Tiny-1.08-V31RtD/blib/arch
/home/njh/.cpan/build/Object-Tiny-1.08-V31RtD/blib/lib
/home/njh/perl5/perlbrew/perls/perl-5.19.9/lib/site_perl/5.19.9/x86_64-linux-thread-multi
/home/njh/perl5/perlbrew/perls/perl-5.19.9/lib/site_perl/5.19.9
/home/njh/perl5/perlbrew/perls/perl-5.19.9/lib/5.19.9/x86_64-linux-thread-multi
/home/njh/perl5/perlbrew/perls/perl-5.19.9/lib/5.19.9
.