Back
From: metabase:user:314402c4-2aae-11df-837a-5e0a49663a4f
Subject: FAIL HTTP-MobileAttribute-0.23 v5.22.0 FreeBSD
Date: 2017-01-06T07:54:33Z
This distribution has been tested as part of the CPAN Testers
project, supporting the Perl programming language. See
http://wiki.cpantesters.org/ for more information or email
questions to cpan-testers-discuss@perl.org
--
Dear Author,
This is a computer-generated report for HTTP-MobileAttribute-0.23
on perl 5.22.0, created by CPAN-Reporter-1.2017.
Thank you for uploading your work to CPAN. However, there was a problem
testing your distribution.
If you think this report is invalid, please consult the CPAN Testers Wiki
for suggestions on how to avoid getting FAIL reports for missing library
or binary dependencies, unsupported operating systems, and so on:
http://wiki.cpantesters.org/wiki/CPANAuthorNotes
Sections of this report:
* Tester comments
* Program output
* Prerequisites
* Environment and other context
------------------------------
TESTER COMMENTS
------------------------------
Additional comments from tester:
none provided
------------------------------
PROGRAM OUTPUT
------------------------------
Output from '/usr/bin/make test':
PERL_DL_NONLAZY=1 "/usr/perl5.22.0p/bin/perl5.22.0" "-MExtUtils::Command::MM" "-MTest::Harness" "-e" "undef *Test::Harness::Switches; test_harness(0, 'inc', 'blib/lib', 'blib/arch')" t/*.t t/Plugins/*.t t/*/*/*.t
Possible precedence issue with control flow operator at /home/cpansand/.cpan/build/2017010606/HTTP-MobileAttribute-0.23-U_E4wf/inc/Test/Builder.pm line 917.
t/00_compile.t .............................. ok
Possible precedence issue with control flow operator at /home/cpansand/.cpan/build/2017010606/HTTP-MobileAttribute-0.23-U_E4wf/inc/Test/Builder.pm line 917.
Redundant argument in sprintf at /home/cpansand/.cpan/build/2017010606/HTTP-MobileAttribute-0.23-U_E4wf/inc/Spiffy.pm line 225.
Redundant argument in sprintf at /home/cpansand/.cpan/build/2017010606/HTTP-MobileAttribute-0.23-U_E4wf/inc/Spiffy.pm line 225.
Redundant argument in sprintf at /home/cpansand/.cpan/build/2017010606/HTTP-MobileAttribute-0.23-U_E4wf/inc/Spiffy.pm line 225.
Redundant argument in sprintf at /home/cpansand/.cpan/build/2017010606/HTTP-MobileAttribute-0.23-U_E4wf/inc/Spiffy.pm line 225.
t/01_carrier_detect.t ....................... ok
Possible precedence issue with control flow operator at /home/cpansand/.cpan/build/2017010606/HTTP-MobileAttribute-0.23-U_E4wf/inc/Test/Builder.pm line 917.
t/01_request.t .............................. ok
Possible precedence issue with control flow operator at /home/cpansand/.cpan/build/2017010606/HTTP-MobileAttribute-0.23-U_E4wf/inc/Test/Builder.pm line 917.
t/02_docomo.t ............................... ok
Possible precedence issue with control flow operator at /home/cpansand/.cpan/build/2017010606/HTTP-MobileAttribute-0.23-U_E4wf/inc/Test/Builder.pm line 917.
t/03_j_phone.t .............................. ok
Possible precedence issue with control flow operator at /home/cpansand/.cpan/build/2017010606/HTTP-MobileAttribute-0.23-U_E4wf/inc/Test/Builder.pm line 917.
t/04_ezweb.t ................................ ok
Possible precedence issue with control flow operator at /home/cpansand/.cpan/build/2017010606/HTTP-MobileAttribute-0.23-U_E4wf/inc/Test/Builder.pm line 917.
t/06_nonmobile.t ............................ ok
Possible precedence issue with control flow operator at /home/cpansand/.cpan/build/2017010606/HTTP-MobileAttribute-0.23-U_E4wf/inc/Test/Builder.pm line 917.
t/07_airh.t ................................. ok
Possible precedence issue with control flow operator at /home/cpansand/.cpan/build/2017010606/HTTP-MobileAttribute-0.23-U_E4wf/inc/Test/Builder.pm line 917.
t/09_vodafone_3gc.t ......................... ok
Possible precedence issue with control flow operator at /home/cpansand/.cpan/build/2017010606/HTTP-MobileAttribute-0.23-U_E4wf/inc/Test/Builder.pm line 917.
t/10_softbank.t ............................. ok
Possible precedence issue with control flow operator at /home/cpansand/.cpan/build/2017010606/HTTP-MobileAttribute-0.23-U_E4wf/inc/Test/Builder.pm line 917.
Redundant argument in sprintf at /home/cpansand/.cpan/build/2017010606/HTTP-MobileAttribute-0.23-U_E4wf/inc/Spiffy.pm line 225.
Redundant argument in sprintf at /home/cpansand/.cpan/build/2017010606/HTTP-MobileAttribute-0.23-U_E4wf/inc/Spiffy.pm line 225.
Redundant argument in sprintf at /home/cpansand/.cpan/build/2017010606/HTTP-MobileAttribute-0.23-U_E4wf/inc/Spiffy.pm line 225.
Redundant argument in sprintf at /home/cpansand/.cpan/build/2017010606/HTTP-MobileAttribute-0.23-U_E4wf/inc/Spiffy.pm line 225.
t/11_softbank_base.t ........................ ok
Possible precedence issue with control flow operator at /home/cpansand/.cpan/build/2017010606/HTTP-MobileAttribute-0.23-U_E4wf/inc/Test/Builder.pm line 917.
t/12_no_match.t ............................. ok
Possible precedence issue with control flow operator at /home/cpansand/.cpan/build/2017010606/HTTP-MobileAttribute-0.23-U_E4wf/inc/Test/Builder.pm line 917.
Redundant argument in sprintf at /home/cpansand/.cpan/build/2017010606/HTTP-MobileAttribute-0.23-U_E4wf/inc/Spiffy.pm line 225.
Redundant argument in sprintf at /home/cpansand/.cpan/build/2017010606/HTTP-MobileAttribute-0.23-U_E4wf/inc/Spiffy.pm line 225.
Redundant argument in sprintf at /home/cpansand/.cpan/build/2017010606/HTTP-MobileAttribute-0.23-U_E4wf/inc/Spiffy.pm line 225.
Redundant argument in sprintf at /home/cpansand/.cpan/build/2017010606/HTTP-MobileAttribute-0.23-U_E4wf/inc/Spiffy.pm line 225.
t/Plugins/CIDR-base.t ....................... skipped: Net::CIDR::MobileJP is not installed.
Possible precedence issue with control flow operator at /home/cpansand/.cpan/build/2017010606/HTTP-MobileAttribute-0.23-U_E4wf/inc/Test/Builder.pm line 917.
Redundant argument in sprintf at /home/cpansand/.cpan/build/2017010606/HTTP-MobileAttribute-0.23-U_E4wf/inc/Spiffy.pm line 225.
Redundant argument in sprintf at /home/cpansand/.cpan/build/2017010606/HTTP-MobileAttribute-0.23-U_E4wf/inc/Spiffy.pm line 225.
Redundant argument in sprintf at /home/cpansand/.cpan/build/2017010606/HTTP-MobileAttribute-0.23-U_E4wf/inc/Spiffy.pm line 225.
Redundant argument in sprintf at /home/cpansand/.cpan/build/2017010606/HTTP-MobileAttribute-0.23-U_E4wf/inc/Spiffy.pm line 225.
t/Plugins/CIDR-setter.t ..................... skipped: Net::CIDR::MobileJP is not installed.
Possible precedence issue with control flow operator at /home/cpansand/.cpan/build/2017010606/HTTP-MobileAttribute-0.23-U_E4wf/inc/Test/Builder.pm line 917.
Redundant argument in sprintf at /home/cpansand/.cpan/build/2017010606/HTTP-MobileAttribute-0.23-U_E4wf/inc/Spiffy.pm line 225.
Redundant argument in sprintf at /home/cpansand/.cpan/build/2017010606/HTTP-MobileAttribute-0.23-U_E4wf/inc/Spiffy.pm line 225.
Redundant argument in sprintf at /home/cpansand/.cpan/build/2017010606/HTTP-MobileAttribute-0.23-U_E4wf/inc/Spiffy.pm line 225.
Redundant argument in sprintf at /home/cpansand/.cpan/build/2017010606/HTTP-MobileAttribute-0.23-U_E4wf/inc/Spiffy.pm line 225.
t/Plugins/CIDR-yaml.t ....................... skipped: Net::CIDR::MobileJP is not installed.
Possible precedence issue with control flow operator at /home/cpansand/.cpan/build/2017010606/HTTP-MobileAttribute-0.23-U_E4wf/inc/Test/Builder.pm line 917.
Redundant argument in sprintf at /home/cpansand/.cpan/build/2017010606/HTTP-MobileAttribute-0.23-U_E4wf/inc/Spiffy.pm line 225.
Redundant argument in sprintf at /home/cpansand/.cpan/build/2017010606/HTTP-MobileAttribute-0.23-U_E4wf/inc/Spiffy.pm line 225.
Redundant argument in sprintf at /home/cpansand/.cpan/build/2017010606/HTTP-MobileAttribute-0.23-U_E4wf/inc/Spiffy.pm line 225.
Redundant argument in sprintf at /home/cpansand/.cpan/build/2017010606/HTTP-MobileAttribute-0.23-U_E4wf/inc/Spiffy.pm line 225.
t/Plugins/Display.t ......................... ok
Possible precedence issue with control flow operator at /home/cpansand/.cpan/build/2017010606/HTTP-MobileAttribute-0.23-U_E4wf/inc/Test/Builder.pm line 917.
Redundant argument in sprintf at /home/cpansand/.cpan/build/2017010606/HTTP-MobileAttribute-0.23-U_E4wf/inc/Spiffy.pm line 225.
Redundant argument in sprintf at /home/cpansand/.cpan/build/2017010606/HTTP-MobileAttribute-0.23-U_E4wf/inc/Spiffy.pm line 225.
Redundant argument in sprintf at /home/cpansand/.cpan/build/2017010606/HTTP-MobileAttribute-0.23-U_E4wf/inc/Spiffy.pm line 225.
Redundant argument in sprintf at /home/cpansand/.cpan/build/2017010606/HTTP-MobileAttribute-0.23-U_E4wf/inc/Spiffy.pm line 225.
t/Plugins/DoCoMo/Browser.t .................. ok
Possible precedence issue with control flow operator at /home/cpansand/.cpan/build/2017010606/HTTP-MobileAttribute-0.23-U_E4wf/inc/Test/Builder.pm line 917.
Redundant argument in sprintf at /home/cpansand/.cpan/build/2017010606/HTTP-MobileAttribute-0.23-U_E4wf/inc/Spiffy.pm line 225.
Redundant argument in sprintf at /home/cpansand/.cpan/build/2017010606/HTTP-MobileAttribute-0.23-U_E4wf/inc/Spiffy.pm line 225.
Redundant argument in sprintf at /home/cpansand/.cpan/build/2017010606/HTTP-MobileAttribute-0.23-U_E4wf/inc/Spiffy.pm line 225.
Redundant argument in sprintf at /home/cpansand/.cpan/build/2017010606/HTTP-MobileAttribute-0.23-U_E4wf/inc/Spiffy.pm line 225.
t/Plugins/Encoding.t ........................ ok
Possible precedence issue with control flow operator at /home/cpansand/.cpan/build/2017010606/HTTP-MobileAttribute-0.23-U_E4wf/inc/Test/Builder.pm line 917.
Redundant argument in sprintf at /home/cpansand/.cpan/build/2017010606/HTTP-MobileAttribute-0.23-U_E4wf/inc/Spiffy.pm line 225.
Redundant argument in sprintf at /home/cpansand/.cpan/build/2017010606/HTTP-MobileAttribute-0.23-U_E4wf/inc/Spiffy.pm line 225.
Redundant argument in sprintf at /home/cpansand/.cpan/build/2017010606/HTTP-MobileAttribute-0.23-U_E4wf/inc/Spiffy.pm line 225.
Redundant argument in sprintf at /home/cpansand/.cpan/build/2017010606/HTTP-MobileAttribute-0.23-U_E4wf/inc/Spiffy.pm line 225.
t/Plugins/GPS-gps_compliant.t ............... ok
Possible precedence issue with control flow operator at /home/cpansand/.cpan/build/2017010606/HTTP-MobileAttribute-0.23-U_E4wf/inc/Test/Builder.pm line 917.
Redundant argument in sprintf at /home/cpansand/.cpan/build/2017010606/HTTP-MobileAttribute-0.23-U_E4wf/inc/Spiffy.pm line 225.
Redundant argument in sprintf at /home/cpansand/.cpan/build/2017010606/HTTP-MobileAttribute-0.23-U_E4wf/inc/Spiffy.pm line 225.
Redundant argument in sprintf at /home/cpansand/.cpan/build/2017010606/HTTP-MobileAttribute-0.23-U_E4wf/inc/Spiffy.pm line 225.
Redundant argument in sprintf at /home/cpansand/.cpan/build/2017010606/HTTP-MobileAttribute-0.23-U_E4wf/inc/Spiffy.pm line 225.
THIS METHOD IS OBSOLETE. DO NOT USE THIS. at /home/cpansand/.cpan/build/2017010606/HTTP-MobileAttribute-0.23-U_E4wf/blib/lib/HTTP/MobileAttribute/Plugin/GPS.pm line 13, <DATA> line 1.
THIS METHOD IS OBSOLETE. DO NOT USE THIS. at /home/cpansand/.cpan/build/2017010606/HTTP-MobileAttribute-0.23-U_E4wf/blib/lib/HTTP/MobileAttribute/Plugin/GPS.pm line 13, <DATA> line 1.
t/Plugins/GPS-is_gps.t ...................... ok
Possible precedence issue with control flow operator at /home/cpansand/.cpan/build/2017010606/HTTP-MobileAttribute-0.23-U_E4wf/inc/Test/Builder.pm line 917.
t/Plugins/Locator/00.load.t ................. ok
Possible precedence issue with control flow operator at /home/cpansand/.cpan/build/2017010606/HTTP-MobileAttribute-0.23-U_E4wf/inc/Test/Builder.pm line 917.
t/Plugins/Locator/01.get_location.t ......... skipped: this module requires Geo::Coordinates::Converter && Geo::Coordinates::Converter::iArea
Possible precedence issue with control flow operator at /home/cpansand/.cpan/build/2017010606/HTTP-MobileAttribute-0.23-U_E4wf/inc/Test/Builder.pm line 917.
t/Plugins/Locator/02.gps_comliant.t ......... skipped: this module requires Geo::Coordinates::Converter && Geo::Coordinates::Converter::iArea
Possible precedence issue with control flow operator at /home/cpansand/.cpan/build/2017010606/HTTP-MobileAttribute-0.23-U_E4wf/inc/Test/Builder.pm line 917.
t/Plugins/Locator/03.non_mobile.t ........... skipped: this module requires Geo::Coordinates::Converter && Geo::Coordinates::Converter::iArea
Possible precedence issue with control flow operator at /home/cpansand/.cpan/build/2017010606/HTTP-MobileAttribute-0.23-U_E4wf/inc/Test/Builder.pm line 917.
t/Plugins/Locator/04.apache_params.t ........ skipped: this module requires Geo::Coordinates::Converter && Geo::Coordinates::Converter::iArea
Possible precedence issue with control flow operator at /home/cpansand/.cpan/build/2017010606/HTTP-MobileAttribute-0.23-U_E4wf/inc/Test/Builder.pm line 917.
t/Plugins/Locator/05.cgi_params.t ........... skipped: this module requires Geo::Coordinates::Converter && Geo::Coordinates::Converter::iArea
Possible precedence issue with control flow operator at /home/cpansand/.cpan/build/2017010606/HTTP-MobileAttribute-0.23-U_E4wf/inc/Test/Builder.pm line 917.
t/Plugins/Locator/06.hashref_params.t ....... skipped: this module requires Geo::Coordinates::Converter && Geo::Coordinates::Converter::iArea
Possible precedence issue with control flow operator at /home/cpansand/.cpan/build/2017010606/HTTP-MobileAttribute-0.23-U_E4wf/inc/Test/Builder.pm line 917.
t/Plugins/Locator/07.gps_parameter.t ........ skipped: this module requires Geo::Coordinates::Converter && Geo::Coordinates::Converter::iArea
Possible precedence issue with control flow operator at /home/cpansand/.cpan/build/2017010606/HTTP-MobileAttribute-0.23-U_E4wf/inc/Test/Builder.pm line 917.
t/Plugins/Locator/08.regression-params.t .... skipped: this module requires Geo::Coordinates::Converter && Geo::Coordinates::Converter::iArea
Possible precedence issue with control flow operator at /home/cpansand/.cpan/build/2017010606/HTTP-MobileAttribute-0.23-U_E4wf/inc/Test/Builder.pm line 917.
t/Plugins/Locator/09.get_carrier_locator.t .. skipped: this module requires Geo::Coordinates::Converter && Geo::Coordinates::Converter::iArea
Possible precedence issue with control flow operator at /home/cpansand/.cpan/build/2017010606/HTTP-MobileAttribute-0.23-U_E4wf/inc/Test/Builder.pm line 917.
Redundant argument in sprintf at /home/cpansand/.cpan/build/2017010606/HTTP-MobileAttribute-0.23-U_E4wf/inc/Spiffy.pm line 225.
Redundant argument in sprintf at /home/cpansand/.cpan/build/2017010606/HTTP-MobileAttribute-0.23-U_E4wf/inc/Spiffy.pm line 225.
Redundant argument in sprintf at /home/cpansand/.cpan/build/2017010606/HTTP-MobileAttribute-0.23-U_E4wf/inc/Spiffy.pm line 225.
Redundant argument in sprintf at /home/cpansand/.cpan/build/2017010606/HTTP-MobileAttribute-0.23-U_E4wf/inc/Spiffy.pm line 225.
# Failed test at /home/cpansand/.cpan/build/2017010606/HTTP-MobileAttribute-0.23-U_E4wf/inc/Test/Base.pm line 337.
# Structures begin differing at:
# $got->{id} = ''
# $expected->{id} = undef
# Failed test at /home/cpansand/.cpan/build/2017010606/HTTP-MobileAttribute-0.23-U_E4wf/inc/Test/Base.pm line 337.
# Structures begin differing at:
# $got->{id} = ''
# $expected->{id} = undef
# Failed test at /home/cpansand/.cpan/build/2017010606/HTTP-MobileAttribute-0.23-U_E4wf/inc/Test/Base.pm line 337.
# Structures begin differing at:
# $got->{id} = ''
# $expected->{id} = undef
# Looks like you failed 3 tests of 9.
t/Plugins/UserID-base.t .....................
Dubious, test returned 3 (wstat 768, 0x300)
Failed 3/9 subtests
Possible precedence issue with control flow operator at /home/cpansand/.cpan/build/2017010606/HTTP-MobileAttribute-0.23-U_E4wf/inc/Test/Builder.pm line 917.
Redundant argument in sprintf at /home/cpansand/.cpan/build/2017010606/HTTP-MobileAttribute-0.23-U_E4wf/inc/Spiffy.pm line 225.
Redundant argument in sprintf at /home/cpansand/.cpan/build/2017010606/HTTP-MobileAttribute-0.23-U_E4wf/inc/Spiffy.pm line 225.
Redundant argument in sprintf at /home/cpansand/.cpan/build/2017010606/HTTP-MobileAttribute-0.23-U_E4wf/inc/Spiffy.pm line 225.
Redundant argument in sprintf at /home/cpansand/.cpan/build/2017010606/HTTP-MobileAttribute-0.23-U_E4wf/inc/Spiffy.pm line 225.
t/Plugins/UserID-fallback-card.t ............ ok
Possible precedence issue with control flow operator at /home/cpansand/.cpan/build/2017010606/HTTP-MobileAttribute-0.23-U_E4wf/inc/Test/Builder.pm line 917.
Redundant argument in sprintf at /home/cpansand/.cpan/build/2017010606/HTTP-MobileAttribute-0.23-U_E4wf/inc/Spiffy.pm line 225.
Redundant argument in sprintf at /home/cpansand/.cpan/build/2017010606/HTTP-MobileAttribute-0.23-U_E4wf/inc/Spiffy.pm line 225.
Redundant argument in sprintf at /home/cpansand/.cpan/build/2017010606/HTTP-MobileAttribute-0.23-U_E4wf/inc/Spiffy.pm line 225.
Redundant argument in sprintf at /home/cpansand/.cpan/build/2017010606/HTTP-MobileAttribute-0.23-U_E4wf/inc/Spiffy.pm line 225.
# Failed test at /home/cpansand/.cpan/build/2017010606/HTTP-MobileAttribute-0.23-U_E4wf/inc/Test/Base.pm line 337.
# Structures begin differing at:
# $got->{id} = ''
# $expected->{id} = undef
# Looks like you failed 1 test of 10.
t/Plugins/UserID-fallback.t .................
Dubious, test returned 1 (wstat 256, 0x100)
Failed 1/10 subtests
Possible precedence issue with control flow operator at /home/cpansand/.cpan/build/2017010606/HTTP-MobileAttribute-0.23-U_E4wf/inc/Test/Builder.pm line 917.
Redundant argument in sprintf at /home/cpansand/.cpan/build/2017010606/HTTP-MobileAttribute-0.23-U_E4wf/inc/Spiffy.pm line 225.
Redundant argument in sprintf at /home/cpansand/.cpan/build/2017010606/HTTP-MobileAttribute-0.23-U_E4wf/inc/Spiffy.pm line 225.
Redundant argument in sprintf at /home/cpansand/.cpan/build/2017010606/HTTP-MobileAttribute-0.23-U_E4wf/inc/Spiffy.pm line 225.
Redundant argument in sprintf at /home/cpansand/.cpan/build/2017010606/HTTP-MobileAttribute-0.23-U_E4wf/inc/Spiffy.pm line 225.
t/Plugins/UserID-supports_user_id.t ......... ok
Test Summary Report
-------------------
t/Plugins/UserID-base.t (Wstat: 768 Tests: 9 Failed: 3)
Failed tests: 5, 7, 9
Non-zero exit status: 3
t/Plugins/UserID-fallback.t (Wstat: 256 Tests: 10 Failed: 1)
Failed test: 8
Non-zero exit status: 1
Files=34, Tests=2753, 3 wallclock secs ( 0.09 usr 0.22 sys + 1.56 cusr 0.28 csys = 2.16 CPU)
Result: FAIL
Failed 2/34 test programs. 4/2753 subtests failed.
*** Error code 255
Stop.
make: stopped in /home/cpansand/.cpan/build/2017010606/HTTP-MobileAttribute-0.23-U_E4wf
------------------------------
PREREQUISITES
------------------------------
Prerequisite modules loaded:
requires:
Module Need Have
------------------- -------- --------
Class::Component 0.17 0.17
Filter::Util::Call 0 1.55
perl 5.008001 5.022000
UNIVERSAL::require 0.13 0.18
build_requires:
Module Need Have
------------------- -------- --------
ExtUtils::MakeMaker 6.42 7.24
YAML 0 1.21
configure_requires:
Module Need Have
------------------- -------- --------
ExtUtils::MakeMaker 6.42 7.24
------------------------------
ENVIRONMENT AND OTHER CONTEXT
------------------------------
Environment variables:
LC_ALL = de_DE.ISO8859-1
PATH = /usr/local/bin:/usr/bin:/bin:/usr/local/sbin:/usr/sbin:/sbin:/home/cpansand/bin/freebsd10.1:/home/cpansand/bin/sh:/home/cpansand/bin:/usr/games:/home/cpansand/devel:/home/eserte/src/srezic-misc/scripts
PERL5LIB = /home/cpansand/.cpan/build/2017010606/Class-Component-0.17-lssfEX/blib/arch:/home/cpansand/.cpan/build/2017010606/Class-Component-0.17-lssfEX/blib/lib:/home/cpansand/.cpan/build/2017010606/WWW-MobileCarrierJP-0.65-MO3NR9/blib/arch:/home/cpansand/.cpan/build/2017010606/WWW-MobileCarrierJP-0.65-MO3NR9/blib/lib
PERL5OPT =
PERL5_CPANPLUS_IS_RUNNING = 56876
PERL5_CPAN_IS_RUNNING = 56876
PERL5_CPAN_IS_RUNNING_IN_RECURSION = 50672,56876
PERLDOC = -MPod::Perldoc::ToTextOverstrike
PERL_BATCH = yes
PERL_CANARY_STABILITY_NOPROMPT = 1
PERL_CPAN_REPORTER_CONFIG = /var/tmp/cpansmoker-1023/2017010606/cpanreporter_001_config.ini
PERL_EXTUTILS_AUTOINSTALL = --defaultdeps
SHELL = /usr/local/bin/zsh
TERM = screen
TMPDIR = /var/tmp/cpansmoker-1023/2017010606
Perl special variables (and OS-specific diagnostics, for MSWin32):
$^X = /usr/perl5.22.0p/bin/perl5.22.0
$UID/$EUID = 1023 / 1023
$GID = 1023 1023
$EGID = 1023 1023
Perl module toolchain versions installed:
Module Have
------------------- --------
CPAN 2.11
CPAN::Meta 2.150010
Cwd 3.60
ExtUtils::CBuilder 0.280224
ExtUtils::Command 7.24
ExtUtils::Install 2.04
ExtUtils::MakeMaker 7.24
ExtUtils::Manifest 1.70
ExtUtils::ParseXS 3.28
File::Spec 3.60
JSON 2.90
JSON::PP 2.27400
Module::Build 0.4220
Module::Signature 0.79
Parse::CPAN::Meta 2.150010
Test::Harness 3.35
Test::More 1.302073
YAML 1.21
YAML::Syck 1.29
version 0.9917
--
Summary of my perl5 (revision 5 version 22 subversion 0) configuration:
Platform:
osname=freebsd, osvers=10.1-release, archname=amd64-freebsd
uname='freebsd cvrsnica-freebsd-101.herceg.de 10.1-release freebsd 10.1-release #0 r274401: tue nov 11 21:02:49 utc 2014 root@releng1.nyi.freebsd.org:usrobjusrsrcsysgeneric amd64 '
config_args='-ds -e -Dprefix=/usr/perl5.22.0p -Dcf_email=srezic@cpan.org'
hint=recommended, useposix=true, d_sigaction=define
useithreads=undef, usemultiplicity=undef
use64bitint=define, use64bitall=define, uselongdouble=undef
usemymalloc=n, bincompat5005=undef
Compiler:
cc='cc', ccflags ='-DHAS_FPSETMASK -DHAS_FLOATINGPOINT_H -fno-strict-aliasing -pipe -fstack-protector -I/usr/local/include -D_FORTIFY_SOURCE=2',
optimize='-O',
cppflags='-DHAS_FPSETMASK -DHAS_FLOATINGPOINT_H -fno-strict-aliasing -pipe -fstack-protector -I/usr/local/include'
ccversion='', gccversion='4.2.1 Compatible FreeBSD Clang 3.4.1 (tags/RELEASE_34/dot1-final 208032)', gccosandvers=''
intsize=4, longsize=8, ptrsize=8, doublesize=8, byteorder=12345678, doublekind=3
d_longlong=define, longlongsize=8, d_longdbl=define, longdblsize=16, longdblkind=3
ivtype='long', ivsize=8, nvtype='double', nvsize=8, Off_t='off_t', lseeksize=8
alignbytes=8, prototype=define
Linker and Libraries:
ld='cc', ldflags ='-pthread -Wl,-E -fstack-protector -L/usr/local/lib'
libpth=/usr/lib /usr/local/lib /usr/include/clang/3.4.1 /usr/lib
libs=-lpthread -lgdbm -lm -lcrypt -lutil -lc
perllibs=-lpthread -lm -lcrypt -lutil -lc
libc=, so=so, useshrplib=false, libperl=libperl.a
gnulibc_version=''
Dynamic Linking:
dlsrc=dl_dlopen.xs, dlext=so, d_dlsymun=undef, ccdlflags=' '
cccdlflags='-DPIC -fPIC', lddlflags='-shared -L/usr/local/lib -fstack-protector'
Characteristics of this binary (from libperl):
Compile-time options: HAS_TIMES PERLIO_LAYERS PERL_DONT_CREATE_GVSV
PERL_HASH_FUNC_ONE_AT_A_TIME_HARD PERL_MALLOC_WRAP
PERL_NEW_COPY_ON_WRITE PERL_PRESERVE_IVUV
USE_64_BIT_ALL USE_64_BIT_INT USE_LARGE_FILES
USE_LOCALE USE_LOCALE_COLLATE USE_LOCALE_CTYPE
USE_LOCALE_NUMERIC USE_LOCALE_TIME USE_PERLIO
USE_PERL_ATOF
Built under freebsd
Compiled at Jun 1 2015 20:19:01
%ENV:
PERL5LIB="/home/cpansand/.cpan/build/2017010606/Class-Component-0.17-lssfEX/blib/arch:/home/cpansand/.cpan/build/2017010606/Class-Component-0.17-lssfEX/blib/lib:/home/cpansand/.cpan/build/2017010606/WWW-MobileCarrierJP-0.65-MO3NR9/blib/arch:/home/cpansand/.cpan/build/2017010606/WWW-MobileCarrierJP-0.65-MO3NR9/blib/lib"
PERL5OPT=""
PERL5_CPANPLUS_IS_RUNNING="56876"
PERL5_CPAN_IS_RUNNING="56876"
PERL5_CPAN_IS_RUNNING_IN_RECURSION="50672,56876"
PERLDOC="-MPod::Perldoc::ToTextOverstrike"
PERL_BATCH="yes"
PERL_CANARY_STABILITY_NOPROMPT="1"
PERL_CPAN_REPORTER_CONFIG="/var/tmp/cpansmoker-1023/2017010606/cpanreporter_001_config.ini"
PERL_EXTUTILS_AUTOINSTALL="--defaultdeps"
@INC:
/home/cpansand/.cpan/build/2017010606/Class-Component-0.17-lssfEX/blib/arch
/home/cpansand/.cpan/build/2017010606/Class-Component-0.17-lssfEX/blib/lib
/home/cpansand/.cpan/build/2017010606/WWW-MobileCarrierJP-0.65-MO3NR9/blib/arch
/home/cpansand/.cpan/build/2017010606/WWW-MobileCarrierJP-0.65-MO3NR9/blib/lib
/usr/perl5.22.0p/lib/site_perl/5.22.0/amd64-freebsd
/usr/perl5.22.0p/lib/site_perl/5.22.0
/usr/perl5.22.0p/lib/5.22.0/amd64-freebsd
/usr/perl5.22.0p/lib/5.22.0
.