HTML-TableExtract v2.15 Perl 5 v5.12.5 x86_64-linux

Status
Fail
From
Andreas J. König (ANDK)
Dist
HTML-TableExtract v2.15
Platform
Perl 5 v5.12.5 x86_64-linux
Date
2017-09-13 23:22:08
ID
5ca96e0c-98da-11e7-b808-83c0d84abdcd
This distribution has been tested as part of the CPAN Testers
project, supporting the Perl programming language.  See
http://wiki.cpantesters.org/ for more information or email
questions to cpan-testers-discuss@perl.org


--
Dear Matt Sisk,

This is a computer-generated report for HTML-TableExtract-2.15
on perl 5.12.5, created by CPAN-Reporter-1.2018.

Thank you for uploading your work to CPAN.  However, there was a problem
testing your distribution.

If you think this report is invalid, please consult the CPAN Testers Wiki
for suggestions on how to avoid getting FAIL reports for missing library
or binary dependencies, unsupported operating systems, and so on:

http://wiki.cpantesters.org/wiki/CPANAuthorNotes

Sections of this report:

    * Tester comments
    * Program output
    * Prerequisites
    * Environment and other context

------------------------------
TESTER COMMENTS
------------------------------

Additional comments from tester:

this report is from an automated smoke testing program
and was not reviewed by a human for accuracy

------------------------------
PROGRAM OUTPUT
------------------------------

Output from '/usr/bin/make test':

PERL_DL_NONLAZY=1 "/home/sand/src/perl/repoperls/installed-perls/host/k93msid/v5.12.5/89ad/bin/perl" "-MExtUtils::Command::MM" "-MTest::Harness" "-e" "undef *Test::Harness::Switches; test_harness(0, 'blib/lib', 'blib/arch')" t/*.t
t/00_basic.t ......... ok
t/01_pod.t ........... skipped: (dev only)
t/02_pod_coverage.t .. skipped: (dev only)
t/10_bulk.t .......... ok
t/11_count.t ......... ok
t/12_depth.t ......... ok
t/13_attrib.t ........ ok
t/14_headers.t ....... ok
t/15_depth_count.t ... ok
t/16_subtable.t ...... ok
t/20_skew.t .......... ok
t/21_skew_map.t ...... ok
t/22_header_row.t .... ok
Use of uninitialized value $ptag in string eq at /home/sand/src/perl/repoperls/installed-perls/host/k93msid/v5.12.5/89ad/lib/site_perl/5.12.5/HTML/TreeBuilder.pm line 341.
Use of uninitialized value $ptag in string eq at /home/sand/src/perl/repoperls/installed-perls/host/k93msid/v5.12.5/89ad/lib/site_perl/5.12.5/HTML/TreeBuilder.pm line 349.
Use of uninitialized value in string eq at /home/sand/src/perl/repoperls/installed-perls/host/k93msid/v5.12.5/89ad/lib/site_perl/5.12.5/HTML/Element.pm line 1670.
Use of uninitialized value in string eq at /home/sand/src/perl/repoperls/installed-perls/host/k93msid/v5.12.5/89ad/lib/site_perl/5.12.5/HTML/Element.pm line 1670.
Use of uninitialized value in hash element at /home/sand/src/perl/repoperls/installed-perls/host/k93msid/v5.12.5/89ad/lib/site_perl/5.12.5/HTML/Element.pm line 1677.
Use of uninitialized value $ptag in string eq at /home/sand/src/perl/repoperls/installed-perls/host/k93msid/v5.12.5/89ad/lib/site_perl/5.12.5/HTML/TreeBuilder.pm line 1071.
Use of uninitialized value $ptag in string eq at /home/sand/src/perl/repoperls/installed-perls/host/k93msid/v5.12.5/89ad/lib/site_perl/5.12.5/HTML/TreeBuilder.pm line 341.
Use of uninitialized value $ptag in string eq at /home/sand/src/perl/repoperls/installed-perls/host/k93msid/v5.12.5/89ad/lib/site_perl/5.12.5/HTML/TreeBuilder.pm line 349.
Use of uninitialized value $ptag in string eq at /home/sand/src/perl/repoperls/installed-perls/host/k93msid/v5.12.5/89ad/lib/site_perl/5.12.5/HTML/TreeBuilder.pm line 341.
Use of uninitialized value $ptag in string eq at /home/sand/src/perl/repoperls/installed-perls/host/k93msid/v5.12.5/89ad/lib/site_perl/5.12.5/HTML/TreeBuilder.pm line 349.
Use of uninitialized value $ptag in string eq at /home/sand/src/perl/repoperls/installed-perls/host/k93msid/v5.12.5/89ad/lib/site_perl/5.12.5/HTML/TreeBuilder.pm line 464.
Use of uninitialized value $ptag in hash element at /home/sand/src/perl/repoperls/installed-perls/host/k93msid/v5.12.5/89ad/lib/site_perl/5.12.5/HTML/TreeBuilder.pm line 468.
Use of uninitialized value in string eq at /home/sand/src/perl/repoperls/installed-perls/host/k93msid/v5.12.5/89ad/lib/site_perl/5.12.5/HTML/Element.pm line 1670.
Use of uninitialized value in string eq at /home/sand/src/perl/repoperls/installed-perls/host/k93msid/v5.12.5/89ad/lib/site_perl/5.12.5/HTML/Element.pm line 1670.
Use of uninitialized value in hash element at /home/sand/src/perl/repoperls/installed-perls/host/k93msid/v5.12.5/89ad/lib/site_perl/5.12.5/HTML/Element.pm line 1677.
Use of uninitialized value in hash element at /home/sand/src/perl/repoperls/installed-perls/host/k93msid/v5.12.5/89ad/lib/site_perl/5.12.5/HTML/Element.pm line 1677.
Use of uninitialized value in hash element at /home/sand/src/perl/repoperls/installed-perls/host/k93msid/v5.12.5/89ad/lib/site_perl/5.12.5/HTML/Element.pm line 1677.
Use of uninitialized value in hash element at /home/sand/src/perl/repoperls/installed-perls/host/k93msid/v5.12.5/89ad/lib/site_perl/5.12.5/HTML/Element.pm line 1677.
Use of uninitialized value in hash element at /home/sand/src/perl/repoperls/installed-perls/host/k93msid/v5.12.5/89ad/lib/site_perl/5.12.5/HTML/Element.pm line 1677.
Use of uninitialized value in hash element at /home/sand/src/perl/repoperls/installed-perls/host/k93msid/v5.12.5/89ad/lib/site_perl/5.12.5/HTML/Element.pm line 1677.
Use of uninitialized value in hash element at /home/sand/src/perl/repoperls/installed-perls/host/k93msid/v5.12.5/89ad/lib/site_perl/5.12.5/HTML/Element.pm line 1677.
Use of uninitialized value in hash element at /home/sand/src/perl/repoperls/installed-perls/host/k93msid/v5.12.5/89ad/lib/site_perl/5.12.5/HTML/Element.pm line 1677.
Use of uninitialized value in hash element at /home/sand/src/perl/repoperls/installed-perls/host/k93msid/v5.12.5/89ad/lib/site_perl/5.12.5/HTML/Element.pm line 1677.
Use of uninitialized value in hash element at /home/sand/src/perl/repoperls/installed-perls/host/k93msid/v5.12.5/89ad/lib/site_perl/5.12.5/HTML/Element.pm line 1677.
Use of uninitialized value in hash element at /home/sand/src/perl/repoperls/installed-perls/host/k93msid/v5.12.5/89ad/lib/site_perl/5.12.5/HTML/Element.pm line 1677.
Use of uninitialized value in hash element at /home/sand/src/perl/repoperls/installed-perls/host/k93msid/v5.12.5/89ad/lib/site_perl/5.12.5/HTML/Element.pm line 1677.
Use of uninitialized value in hash element at /home/sand/src/perl/repoperls/installed-perls/host/k93msid/v5.12.5/89ad/lib/site_perl/5.12.5/HTML/Element.pm line 1677.
Use of uninitialized value in hash element at /home/sand/src/perl/repoperls/installed-perls/host/k93msid/v5.12.5/89ad/lib/site_perl/5.12.5/HTML/Element.pm line 1677.
Use of uninitialized value in hash element at /home/sand/src/perl/repoperls/installed-perls/host/k93msid/v5.12.5/89ad/lib/site_perl/5.12.5/HTML/Element.pm line 1677.
Use of uninitialized value in hash element at /home/sand/src/perl/repoperls/installed-perls/host/k93msid/v5.12.5/89ad/lib/site_perl/5.12.5/HTML/Element.pm line 1677.
Use of uninitialized value in hash element at /home/sand/src/perl/repoperls/installed-perls/host/k93msid/v5.12.5/89ad/lib/site_perl/5.12.5/HTML/Element.pm line 1677.
Use of uninitialized value $ptag in string eq at /home/sand/src/perl/repoperls/installed-perls/host/k93msid/v5.12.5/89ad/lib/site_perl/5.12.5/HTML/TreeBuilder.pm line 1071.
Use of uninitialized value $ptag in string eq at /home/sand/src/perl/repoperls/installed-perls/host/k93msid/v5.12.5/89ad/lib/site_perl/5.12.5/HTML/TreeBuilder.pm line 1071.
Use of uninitialized value in hash element at /home/sand/src/perl/repoperls/installed-perls/host/k93msid/v5.12.5/89ad/lib/site_perl/5.12.5/HTML/TreeBuilder.pm line 1177.
Use of uninitialized value $ptag in hash element at /home/sand/src/perl/repoperls/installed-perls/host/k93msid/v5.12.5/89ad/lib/site_perl/5.12.5/HTML/TreeBuilder.pm line 1206.
Use of uninitialized value in hash element at /home/sand/src/perl/repoperls/installed-perls/host/k93msid/v5.12.5/89ad/lib/site_perl/5.12.5/HTML/Element.pm line 1677.
Use of uninitialized value in concatenation (.) or string at /home/sand/src/perl/repoperls/installed-perls/host/k93msid/v5.12.5/89ad/lib/site_perl/5.12.5/HTML/TreeBuilder.pm line 1316.
Use of uninitialized value $ptag in string eq at /home/sand/src/perl/repoperls/installed-perls/host/k93msid/v5.12.5/89ad/lib/site_perl/5.12.5/HTML/TreeBuilder.pm line 1071.

#   Failed test 'mass html comp'
#   at t/30_tree.t line 53.
#          got: '<html></html>'
#     expected: '<html><head><title>gnarly table</title></head><body><table border=1><tr><td colspan=4 rowspan=1>(0,0) [1,4]</td><td colspan=4 rowspan=2>(0,1) [2,4]</td></tr><tr><td colspan=1 rowspan=2>(1,0) [2,1]</td><td colspan=1 rowspan=1>(1,1) [1,1]</td><td colspan=2 rowspan=1>(1,2) [1,2]</td></tr><tr><td colspan=4 rowspan=2>(2,0) [2,4]</td><td colspan=2 rowspan=2>(2,1) [2,2]</td><td colspan=1 rowspan=1>(2,2) [1,1]</td></tr><tr><td colspan=1 rowspan=1>(3,0) [1,1]</td><td colspan=1 rowspan=1>(3,1) [1,1]</td></tr><tr><td colspan=2 rowspan=3>(4,0) [3,2]</td><td colspan=1 rowspan=1>(4,1) [1,1]</td><td colspan=1 rowspan=3>(4,2) [3,1]</td><td colspan=4 rowspan=4>(4,3) [4,4]</td></tr><tr><td colspan=1 rowspan=1>(5,0) [1,1]</td></tr><tr><td colspan=1 rowspan=1>(6,0) [1,1]</td></tr><tr><td colspan=4 rowspan=1>(7,0) [1,4]</td></tr></table></body></html>'
Use of uninitialized value $ptag in string eq at /home/sand/src/perl/repoperls/installed-perls/host/k93msid/v5.12.5/89ad/lib/site_perl/5.12.5/HTML/TreeBuilder.pm line 341.
Use of uninitialized value $ptag in string eq at /home/sand/src/perl/repoperls/installed-perls/host/k93msid/v5.12.5/89ad/lib/site_perl/5.12.5/HTML/TreeBuilder.pm line 349.
Use of uninitialized value in string eq at /home/sand/src/perl/repoperls/installed-perls/host/k93msid/v5.12.5/89ad/lib/site_perl/5.12.5/HTML/Element.pm line 1670.
Use of uninitialized value in string eq at /home/sand/src/perl/repoperls/installed-perls/host/k93msid/v5.12.5/89ad/lib/site_perl/5.12.5/HTML/Element.pm line 1670.
Use of uninitialized value in hash element at /home/sand/src/perl/repoperls/installed-perls/host/k93msid/v5.12.5/89ad/lib/site_perl/5.12.5/HTML/Element.pm line 1677.
Use of uninitialized value $ptag in string eq at /home/sand/src/perl/repoperls/installed-perls/host/k93msid/v5.12.5/89ad/lib/site_perl/5.12.5/HTML/TreeBuilder.pm line 1071.
Use of uninitialized value $ptag in string eq at /home/sand/src/perl/repoperls/installed-perls/host/k93msid/v5.12.5/89ad/lib/site_perl/5.12.5/HTML/TreeBuilder.pm line 341.
Use of uninitialized value $ptag in string eq at /home/sand/src/perl/repoperls/installed-perls/host/k93msid/v5.12.5/89ad/lib/site_perl/5.12.5/HTML/TreeBuilder.pm line 349.
Use of uninitialized value $ptag in string eq at /home/sand/src/perl/repoperls/installed-perls/host/k93msid/v5.12.5/89ad/lib/site_perl/5.12.5/HTML/TreeBuilder.pm line 341.
Use of uninitialized value $ptag in string eq at /home/sand/src/perl/repoperls/installed-perls/host/k93msid/v5.12.5/89ad/lib/site_perl/5.12.5/HTML/TreeBuilder.pm line 349.
Use of uninitialized value $ptag in string eq at /home/sand/src/perl/repoperls/installed-perls/host/k93msid/v5.12.5/89ad/lib/site_perl/5.12.5/HTML/TreeBuilder.pm line 464.
Use of uninitialized value $ptag in hash element at /home/sand/src/perl/repoperls/installed-perls/host/k93msid/v5.12.5/89ad/lib/site_perl/5.12.5/HTML/TreeBuilder.pm line 468.
Use of uninitialized value in string eq at /home/sand/src/perl/repoperls/installed-perls/host/k93msid/v5.12.5/89ad/lib/site_perl/5.12.5/HTML/Element.pm line 1670.
Use of uninitialized value in string eq at /home/sand/src/perl/repoperls/installed-perls/host/k93msid/v5.12.5/89ad/lib/site_perl/5.12.5/HTML/Element.pm line 1670.
Use of uninitialized value in hash element at /home/sand/src/perl/repoperls/installed-perls/host/k93msid/v5.12.5/89ad/lib/site_perl/5.12.5/HTML/Element.pm line 1677.
Use of uninitialized value in hash element at /home/sand/src/perl/repoperls/installed-perls/host/k93msid/v5.12.5/89ad/lib/site_perl/5.12.5/HTML/Element.pm line 1677.
Use of uninitialized value in hash element at /home/sand/src/perl/repoperls/installed-perls/host/k93msid/v5.12.5/89ad/lib/site_perl/5.12.5/HTML/Element.pm line 1677.
Use of uninitialized value in hash element at /home/sand/src/perl/repoperls/installed-perls/host/k93msid/v5.12.5/89ad/lib/site_perl/5.12.5/HTML/Element.pm line 1677.
Use of uninitialized value in hash element at /home/sand/src/perl/repoperls/installed-perls/host/k93msid/v5.12.5/89ad/lib/site_perl/5.12.5/HTML/Element.pm line 1677.
Use of uninitialized value in hash element at /home/sand/src/perl/repoperls/installed-perls/host/k93msid/v5.12.5/89ad/lib/site_perl/5.12.5/HTML/Element.pm line 1677.
Use of uninitialized value in hash element at /home/sand/src/perl/repoperls/installed-perls/host/k93msid/v5.12.5/89ad/lib/site_perl/5.12.5/HTML/Element.pm line 1677.
Use of uninitialized value in hash element at /home/sand/src/perl/repoperls/installed-perls/host/k93msid/v5.12.5/89ad/lib/site_perl/5.12.5/HTML/Element.pm line 1677.
Use of uninitialized value in hash element at /home/sand/src/perl/repoperls/installed-perls/host/k93msid/v5.12.5/89ad/lib/site_perl/5.12.5/HTML/Element.pm line 1677.
Use of uninitialized value in hash element at /home/sand/src/perl/repoperls/installed-perls/host/k93msid/v5.12.5/89ad/lib/site_perl/5.12.5/HTML/Element.pm line 1677.
Use of uninitialized value in hash element at /home/sand/src/perl/repoperls/installed-perls/host/k93msid/v5.12.5/89ad/lib/site_perl/5.12.5/HTML/Element.pm line 1677.
Use of uninitialized value in hash element at /home/sand/src/perl/repoperls/installed-perls/host/k93msid/v5.12.5/89ad/lib/site_perl/5.12.5/HTML/Element.pm line 1677.
Use of uninitialized value in hash element at /home/sand/src/perl/repoperls/installed-perls/host/k93msid/v5.12.5/89ad/lib/site_perl/5.12.5/HTML/Element.pm line 1677.
Use of uninitialized value in hash element at /home/sand/src/perl/repoperls/installed-perls/host/k93msid/v5.12.5/89ad/lib/site_perl/5.12.5/HTML/Element.pm line 1677.
Use of uninitialized value in hash element at /home/sand/src/perl/repoperls/installed-perls/host/k93msid/v5.12.5/89ad/lib/site_perl/5.12.5/HTML/Element.pm line 1677.
Use of uninitialized value in hash element at /home/sand/src/perl/repoperls/installed-perls/host/k93msid/v5.12.5/89ad/lib/site_perl/5.12.5/HTML/Element.pm line 1677.
Use of uninitialized value in hash element at /home/sand/src/perl/repoperls/installed-perls/host/k93msid/v5.12.5/89ad/lib/site_perl/5.12.5/HTML/Element.pm line 1677.
Use of uninitialized value $ptag in string eq at /home/sand/src/perl/repoperls/installed-perls/host/k93msid/v5.12.5/89ad/lib/site_perl/5.12.5/HTML/TreeBuilder.pm line 1071.
Use of uninitialized value $ptag in string eq at /home/sand/src/perl/repoperls/installed-perls/host/k93msid/v5.12.5/89ad/lib/site_perl/5.12.5/HTML/TreeBuilder.pm line 1071.
Use of uninitialized value in hash element at /home/sand/src/perl/repoperls/installed-perls/host/k93msid/v5.12.5/89ad/lib/site_perl/5.12.5/HTML/TreeBuilder.pm line 1177.
Use of uninitialized value $ptag in hash element at /home/sand/src/perl/repoperls/installed-perls/host/k93msid/v5.12.5/89ad/lib/site_perl/5.12.5/HTML/TreeBuilder.pm line 1206.
Use of uninitialized value in hash element at /home/sand/src/perl/repoperls/installed-perls/host/k93msid/v5.12.5/89ad/lib/site_perl/5.12.5/HTML/Element.pm line 1677.
Use of uninitialized value in concatenation (.) or string at /home/sand/src/perl/repoperls/installed-perls/host/k93msid/v5.12.5/89ad/lib/site_perl/5.12.5/HTML/TreeBuilder.pm line 1316.
Use of uninitialized value $ptag in string eq at /home/sand/src/perl/repoperls/installed-perls/host/k93msid/v5.12.5/89ad/lib/site_perl/5.12.5/HTML/TreeBuilder.pm line 1071.
# Looks like you failed 1 test of 126.
t/30_tree.t .......... 
Dubious, test returned 1 (wstat 256, 0x100)
Failed 1/126 subtests 

Test Summary Report
-------------------
t/30_tree.t        (Wstat: 256 Tests: 126 Failed: 1)
  Failed test:  65
  Non-zero exit status: 1
Files=14, Tests=2613,  5 wallclock secs ( 0.14 usr  0.12 sys +  1.42 cusr  0.23 csys =  1.91 CPU)
Result: FAIL
Failed 1/14 test programs. 1/2613 subtests failed.
Makefile:840: recipe for target 'test_dynamic' failed
make: *** [test_dynamic] Error 1

------------------------------
PREREQUISITES
------------------------------

Prerequisite modules loaded:

requires:

    Module              Need Have
    ------------------- ---- ----
    HTML::ElementTable  1.16 1.18
    HTML::Parser        0    3.72

build_requires:

    Module              Need Have
    ------------------- ---- ----
    ExtUtils::MakeMaker 0    7.30

configure_requires:

    Module              Need Have
    ------------------- ---- ----
    ExtUtils::MakeMaker 0    7.30


------------------------------
ENVIRONMENT AND OTHER CONTEXT
------------------------------

Environment variables:

    AUTOMATED_TESTING = 1
    LANG = en_US.UTF-8
    PATH = /home/sand/bin:/usr/local/bin:/usr/bin:/bin:/usr/games:/usr/local/perl/bin:/usr/X11/bin:/sbin:/usr/sbin
    PERL5LIB = /tmp/loop_over_bdir-3011-_OQgrM/HTML-Element-Extended-1.18-0/blib/arch:/tmp/loop_over_bdir-3011-_OQgrM/HTML-Element-Extended-1.18-0/blib/lib
    PERL5OPT = 
    PERL5_CPANPLUS_IS_RUNNING = 3139
    PERL5_CPAN_IS_RUNNING = 3139
    PERL5_CPAN_IS_RUNNING_IN_RECURSION = 26373,3139
    PERL_CANARY_STABILITY_NOPROMPT = 1
    PERL_MM_USE_DEFAULT = 1
    PERL_USE_UNSAFE_INC = 1
    SHELL = /usr/bin/zsh
    TERM = screen

Perl special variables (and OS-specific diagnostics, for MSWin32):

    $^X = /home/sand/src/perl/repoperls/installed-perls/host/k93msid/v5.12.5/89ad/bin/perl
    $UID/$EUID = 1005 / 1005
    $GID = 1005 1005
    $EGID = 1005 1005

Perl module toolchain versions installed:

    Module              Have    
    ------------------- --------
    CPAN                2.18    
    CPAN::Meta          2.150010
    Cwd                 3.62    
    ExtUtils::CBuilder  0.280226
    ExtUtils::Command   7.30    
    ExtUtils::Install   2.06    
    ExtUtils::MakeMaker 7.30    
    ExtUtils::Manifest  1.70    
    ExtUtils::ParseXS   3.35    
    File::Spec          3.62    
    JSON                2.94    
    JSON::PP            2.94    
    Module::Build       0.4224  
    Module::Signature   0.81    
    Parse::CPAN::Meta   2.150010
    Test::Harness       3.39    
    Test::More          1.302096
    YAML                1.23    
    YAML::Syck          1.30    
    version             0.9918  


--

Summary of my perl5 (revision 5 version 12 subversion 5) configuration:
  Derived from: 9a9cbd715960a905dcbc9166349a73a64a007e4e
  Platform:
    osname=linux, osvers=4.9.0-2-amd64, archname=x86_64-linux
    uname='linux k93msid 4.9.0-2-amd64 #1 smp debian 4.9.18-1 (2017-03-30) x86_64 gnulinux '
    config_args='-Dprefix=/home/sand/src/perl/repoperls/installed-perls/host/k93msid/v5.12.5/89ad -Dmyhostname=k93msid -Dinstallusrbinperl=n -Uversiononly -Dusedevel -des -Ui_db -Dlibswanted=cl pthread socket inet nsl gdbm dbm malloc dl ld sun m crypt sec util c cposix posix ucb BSD gdbm_compat -Uuseithreads -Uuselongdouble -DDEBUGGING=-g'
    hint=recommended, useposix=true, d_sigaction=define
    useithreads=undef, usemultiplicity=undef
    useperlio=define, d_sfio=undef, uselargefiles=define, usesocks=undef
    use64bitint=define, use64bitall=define, uselongdouble=undef
    usemymalloc=n, bincompat5005=undef
  Compiler:
    cc='cc', ccflags ='-fno-strict-aliasing -pipe -fstack-protector -I/usr/local/include -D_LARGEFILE_SOURCE -D_FILE_OFFSET_BITS=64',
    optimize='-O2 -g',
    cppflags='-fno-strict-aliasing -pipe -fstack-protector -I/usr/local/include'
    ccversion='', gccversion='6.3.0 20170406', gccosandvers=''
    intsize=4, longsize=8, ptrsize=8, doublesize=8, byteorder=12345678
    d_longlong=define, longlongsize=8, d_longdbl=define, longdblsize=16
    ivtype='long', ivsize=8, nvtype='double', nvsize=8, Off_t='off_t', lseeksize=8
    alignbytes=8, prototype=define
  Linker and Libraries:
    ld='cc', ldflags =' -fstack-protector -L/usr/local/lib'
    libpth=/usr/local/lib /lib/x86_64-linux-gnu /lib/../lib /usr/lib/x86_64-linux-gnu /usr/lib/../lib /lib /usr/lib
    libs=-lpthread -lnsl -ldl -lm -lcrypt -lutil -lc
    perllibs=-lpthread -lnsl -ldl -lm -lcrypt -lutil -lc
    libc=libc-2.24.so, so=so, useshrplib=false, libperl=libperl.a
    gnulibc_version='2.24'
  Dynamic Linking:
    dlsrc=dl_dlopen.xs, dlext=so, d_dlsymun=undef, ccdlflags='-Wl,-E'
    cccdlflags='-fPIC', lddlflags='-shared -O2 -g -L/usr/local/lib -fstack-protector'


Characteristics of this binary (from libperl): 
  Compile-time options: PERL_DONT_CREATE_GVSV PERL_MALLOC_WRAP PERL_USE_DEVEL
                        USE_64_BIT_ALL USE_64_BIT_INT USE_LARGE_FILES
                        USE_PERLIO USE_PERL_ATOF
  Locally applied patches:
	uncommitted-changes
  Built under linux
  Compiled at Aug 25 2017 23:33:48
  %ENV:
    PERL5LIB="/tmp/loop_over_bdir-3011-_OQgrM/HTML-Element-Extended-1.18-0/blib/arch:/tmp/loop_over_bdir-3011-_OQgrM/HTML-Element-Extended-1.18-0/blib/lib"
    PERL5OPT=""
    PERL5_CPANPLUS_IS_RUNNING="3139"
    PERL5_CPAN_IS_RUNNING="3139"
    PERL5_CPAN_IS_RUNNING_IN_RECURSION="26373,3139"
    PERL_CANARY_STABILITY_NOPROMPT="1"
    PERL_MM_USE_DEFAULT="1"
    PERL_USE_UNSAFE_INC="1"
  @INC:
    /tmp/loop_over_bdir-3011-_OQgrM/HTML-Element-Extended-1.18-0/blib/arch
    /tmp/loop_over_bdir-3011-_OQgrM/HTML-Element-Extended-1.18-0/blib/lib
    /home/sand/src/perl/repoperls/installed-perls/host/k93msid/v5.12.5/89ad/lib/site_perl/5.12.5/x86_64-linux
    /home/sand/src/perl/repoperls/installed-perls/host/k93msid/v5.12.5/89ad/lib/site_perl/5.12.5
    /home/sand/src/perl/repoperls/installed-perls/host/k93msid/v5.12.5/89ad/lib/5.12.5/x86_64-linux
    /home/sand/src/perl/repoperls/installed-perls/host/k93msid/v5.12.5/89ad/lib/5.12.5
    .