Back
From: metabase:user:30f4dfbe-2aae-11df-837a-5e0a49663a4f
Subject: FAIL XSLoader-0.24 v5.8.2 GNU/Linux
Date: 2017-06-26T10:44:00Z
This distribution has been tested as part of the CPAN Testers
project, supporting the Perl programming language. See
http://wiki.cpantesters.org/ for more information or email
questions to cpan-testers-discuss@perl.org
--
Dear Sebastien Aperghis-Tramoni,
This is a computer-generated report for XSLoader-0.24
on perl 5.8.2, created by CPAN-Reporter-1.2018.
Thank you for uploading your work to CPAN. However, there was a problem
testing your distribution.
If you think this report is invalid, please consult the CPAN Testers Wiki
for suggestions on how to avoid getting FAIL reports for missing library
or binary dependencies, unsupported operating systems, and so on:
http://wiki.cpantesters.org/wiki/CPANAuthorNotes
Sections of this report:
* Tester comments
* Program output
* Prerequisites
* Environment and other context
------------------------------
TESTER COMMENTS
------------------------------
Additional comments from tester:
this report is from an automated smoke testing program
and was not reviewed by a human for accuracy
------------------------------
PROGRAM OUTPUT
------------------------------
Output from '/usr/bin/make test':
PERL_DL_NONLAZY=1 "/home/njh/perl5/perlbrew/perls/perl-5.8.2/bin/perl" "-MExtUtils::Command::MM" "-MTest::Harness" "-e" "undef *Test::Harness::Switches; test_harness(0, 'blib/lib', 'blib/arch')" t/*.t
# testing XSLoader v0.24 under Perl 5.008002
t/00-load.t ... ok
t/distchk.t ... skipped: Test::Distribution required for checking distribution
t/01-api.t .... ok
t/pod.t ....... skipped: Test::Pod 1.14 required for testing POD
t/podcover.t .. skipped: Test::Pod::Coverage 1.04 required for testing POD coverage
t/portfs.t .... skipped: Test::Portability::Files required for testing filenames portability
# Failed test 'calling XSLoader::load() with a XS module and an incorrect version'
# at t/XSLoader.t line 82.
# 'Can't load '/home/njh/perl5/perlbrew/perls/perl-5.8.2/lib/5.8.2/aarch64-linux-thread-multi/auto/Cwd/Cwd.so' for module Cwd: /home/njh/perl5/perlbrew/perls/perl-5.8.2/lib/5.8.2/aarch64-linux-thread-multi/auto/Cwd/Cwd.so: undefined symbol: croak_xs_usage at /home/njh/perl5/perlbrew/perls/perl-5.8.2/lib/5.8.2/aarch64-linux-thread-multi/DynaLoader.pm line 229.
# at t/XSLoader.t line 81.
# '
# doesn't match '/^Cwd object version \S+ does not match bootstrap parameter 12345678/'
# Failed test 'XSLoader::load(Cwd)'
# at t/XSLoader.t line 86.
# got: 'Can't load '/home/njh/perl5/perlbrew/perls/perl-5.8.2/lib/5.8.2/aarch64-linux-thread-multi/auto/Cwd/Cwd.so' for module Cwd: /home/njh/perl5/perlbrew/perls/perl-5.8.2/lib/5.8.2/aarch64-linux-thread-multi/auto/Cwd/Cwd.so: undefined symbol: croak_xs_usage at /home/njh/perl5/perlbrew/perls/perl-5.8.2/lib/5.8.2/aarch64-linux-thread-multi/DynaLoader.pm line 229.
# at t/XSLoader.t line 85.
# '
# expected: ''
# Failed test 'Cwd->can('fastcwd')'
# at (eval 15) line 1.
# Cwd->can('fastcwd') failed
# Looks like you failed 3 tests of 25.
t/XSLoader.t ..
Dubious, test returned 3 (wstat 768, 0x300)
Failed 3/25 subtests
(less 1 skipped subtest: 21 okay)
Test Summary Report
-------------------
t/XSLoader.t (Wstat: 768 Tests: 25 Failed: 3)
Failed tests: 8-10
Non-zero exit status: 3
Files=7, Tests=28, 1 wallclock secs ( 0.16 usr 0.07 sys + 1.28 cusr 0.25 csys = 1.76 CPU)
Result: FAIL
Failed 1/7 test programs. 3/28 subtests failed.
Makefile:881: recipe for target 'test_dynamic' failed
make: *** [test_dynamic] Error 3
------------------------------
PREREQUISITES
------------------------------
Prerequisite modules loaded:
requires:
Module Need Have
------------------- ---- --------
Test::More 0.47 1.302086
build_requires:
Module Need Have
------------------- ---- --------
ExtUtils::MakeMaker 0 7.30
configure_requires:
Module Need Have
------------------- ---- --------
ExtUtils::MakeMaker 0 7.30
------------------------------
ENVIRONMENT AND OTHER CONTEXT
------------------------------
Environment variables:
AUTOMATED_TESTING = 1
HARNESS_OPTIONS = j4
LANG = en_US.UTF-8
LANGUAGE = en_US.UTF-8
LC_ALL = en_US.UTF-8
PATH = /home/njh/perl5/perlbrew/bin:/home/njh/perl5/perlbrew/perls/perl-5.8.2/bin:/home/njh/perl5/perlbrew/bin:/home/njh/src/njh/smoker/bin:/usr/bin:/bin
PERL5LIB = /home/njh/.cpan/build/Time-Piece-1.3201-3/blib/arch:/home/njh/.cpan/build/Time-Piece-1.3201-3/blib/lib:/home/njh/.cpan/build/Data-Dumper-2.161-0/blib/arch:/home/njh/.cpan/build/Data-Dumper-2.161-0/blib/lib:/home/njh/.cpan/build/Config-AutoConf-0.314-2/blib/arch:/home/njh/.cpan/build/Config-AutoConf-0.314-2/blib/lib
PERL5OPT =
PERL5_CPANPLUS_IS_RUNNING = 3088
PERL5_CPAN_IS_RUNNING = 3088
PERLBREW_BASHRC_VERSION = 0.78
PERLBREW_LIB =
PERLBREW_MANPATH = /home/njh/perl5/perlbrew/perls/perl-5.8.2/man
PERLBREW_PATH = /home/njh/perl5/perlbrew/bin:/home/njh/perl5/perlbrew/perls/perl-5.8.2/bin
PERLBREW_PERL = perl-5.8.2
PERLBREW_ROOT = /home/njh/perl5/perlbrew
PERLBREW_VERSION = 0.78
PERL_LOCAL_LIB_ROOT =
SHELL = /bin/sh
Perl special variables (and OS-specific diagnostics, for MSWin32):
$^X = /home/njh/perl5/perlbrew/perls/perl-5.8.2/bin/perl
$UID/$EUID = 1000 / 1000
$GID = 1000 1000
$EGID = 1000 1000
Perl module toolchain versions installed:
Module Have
------------------- --------
CPAN 2.16
CPAN::Meta 2.143240
Cwd 3.62
ExtUtils::CBuilder 0.280224
ExtUtils::Command 7.30
ExtUtils::Install 2.06
ExtUtils::MakeMaker 7.30
ExtUtils::Manifest 1.70
ExtUtils::ParseXS 3.30
File::Spec 3.62
JSON n/a
JSON::PP 2.94
Module::Build 0.4224
Module::Signature n/a
Parse::CPAN::Meta 1.4414
Test::Harness 3.39
Test::More 1.302086
YAML 1.23
YAML::Syck 1.30
version 0.9918
--
Summary of my perl5 (revision 5.0 version 8 subversion 2) configuration:
Platform:
osname=linux, osvers=4.9.23-std-1, archname=aarch64-linux-thread-multi
uname='linux scaleway 4.9.23-std-1 #1 smp mon apr 24 13:18:14 utc 2017 aarch64 gnulinux '
config_args='-de -Dprefix=/home/njh/perl5/perlbrew/perls/perl-5.8.2 -Duseithreads -Dusemultiplicity -Dusedevel -Accflags=-O2 -W -Wformat=2 -Wswitch -Wshadow -Wwrite-strings -Wuninitialized -Wall -pipe -fomit-frame-pointer -D_FORTIFY_SOURCE=2 -Wpointer-arith -Wstrict-prototypes -fstack-protector -Wstack-protector -Wextra -Wbad-function-cast -Wcast-align -Wcast-qual -Wdisabled-optimization -Wendif-labels -Wfloat-equal -Wformat-nonliteral -Winline -Wmissing-declarations -Wmissing-prototypes -Wnested-externs -Wpointer-arith -Wundef -Wformat-security -Aeval:scriptdir=/home/njh/perl5/perlbrew/perls/perl-5.8.2/bin'
hint=recommended, useposix=true, d_sigaction=define
usethreads=define use5005threads=undef useithreads=define usemultiplicity=define
useperlio=define d_sfio=undef uselargefiles=define usesocks=undef
use64bitint=define use64bitall=define uselongdouble=undef
usemymalloc=n, bincompat5005=undef
Compiler:
cc='cc', ccflags ='-D_REENTRANT -D_GNU_SOURCE -O2 -W -Wformat=2 -Wswitch -Wshadow -Wwrite-strings -Wuninitialized -Wall -pipe -fomit-frame-pointer -D_FORTIFY_SOURCE=2 -Wpointer-arith -Wstrict-prototypes -fstack-protector -Wstack-protector -Wextra -Wbad-function-cast -Wcast-align -Wcast-qual -Wdisabled-optimization -Wendif-labels -Wfloat-equal -Wformat-nonliteral -Winline -Wmissing-declarations -Wmissing-prototypes -Wnested-externs -Wpointer-arith -Wundef -Wformat-security -fno-strict-aliasing -I/usr/local/include -D_LARGEFILE_SOURCE -D_FILE_OFFSET_BITS=64',
optimize='-O2',
cppflags='-D_REENTRANT -D_GNU_SOURCE -O2 -W -Wformat=2 -Wswitch -Wshadow -Wwrite-strings -Wuninitialized -Wall -pipe -fomit-frame-pointer -D_FORTIFY_SOURCE=2 -Wpointer-arith -Wstrict-prototypes -fstack-protector -Wstack-protector -Wextra -Wbad-function-cast -Wcast-align -Wcast-qual -Wdisabled-optimization -Wendif-labels -Wfloat-equal -Wformat-nonliteral -Winline -Wmissing-declarations -Wmissing-prototypes -Wnested-externs -Wpointer-arith -Wundef -Wformat-security -fno-strict-aliasing -I/usr/local/include'
ccversion='', gccversion='4.9.2', gccosandvers=''
intsize=4, longsize=8, ptrsize=8, doublesize=8, byteorder=12345678
d_longlong=define, longlongsize=8, d_longdbl=define, longdblsize=16
ivtype='long', ivsize=8, nvtype='double', nvsize=8, Off_t='off_t', lseeksize=8
alignbytes=8, prototype=define
Linker and Libraries:
ld='cc', ldflags =' -L/usr/local/lib'
libpth=/usr/local/lib /lib/aarch64-linux-gnu /lib/../lib /usr/lib/aarch64-linux-gnu /usr/lib/../lib /lib /usr/lib
libs=-lnsl -ldl -lm -lcrypt -lutil -lpthread -lc
perllibs=-lnsl -ldl -lm -lcrypt -lutil -lpthread -lc
libc=libc-2.19.so, so=so, useshrplib=false, libperl=libperl.a
gnulibc_version='2.19'
Dynamic Linking:
dlsrc=dl_dlopen.xs, dlext=so, d_dlsymun=undef, ccdlflags='-rdynamic'
cccdlflags='-fpic', lddlflags='-shared -L/usr/local/lib'
Characteristics of this binary (from libperl):
Compile-time options: MULTIPLICITY USE_ITHREADS USE_64_BIT_INT USE_64_BIT_ALL USE_LARGE_FILES PERL_IMPLICIT_CONTEXT
Locally applied patches:
Devel::PatchPerl 1.48
Built under linux
Compiled at Jun 22 2017 23:48:42
%ENV:
PERL5LIB="/home/njh/.cpan/build/Time-Piece-1.3201-3/blib/arch:/home/njh/.cpan/build/Time-Piece-1.3201-3/blib/lib:/home/njh/.cpan/build/Data-Dumper-2.161-0/blib/arch:/home/njh/.cpan/build/Data-Dumper-2.161-0/blib/lib:/home/njh/.cpan/build/Config-AutoConf-0.314-2/blib/arch:/home/njh/.cpan/build/Config-AutoConf-0.314-2/blib/lib"
PERL5OPT=""
PERL5_CPANPLUS_IS_RUNNING="3088"
PERL5_CPAN_IS_RUNNING="3088"
PERLBREW_BASHRC_VERSION="0.78"
PERLBREW_LIB=""
PERLBREW_MANPATH="/home/njh/perl5/perlbrew/perls/perl-5.8.2/man"
PERLBREW_PATH="/home/njh/perl5/perlbrew/bin:/home/njh/perl5/perlbrew/perls/perl-5.8.2/bin"
PERLBREW_PERL="perl-5.8.2"
PERLBREW_ROOT="/home/njh/perl5/perlbrew"
PERLBREW_VERSION="0.78"
PERL_LOCAL_LIB_ROOT=""
@INC:
/home/njh/.cpan/build/Time-Piece-1.3201-3/blib/arch
/home/njh/.cpan/build/Time-Piece-1.3201-3/blib/lib
/home/njh/.cpan/build/Data-Dumper-2.161-0/blib/arch
/home/njh/.cpan/build/Data-Dumper-2.161-0/blib/lib
/home/njh/.cpan/build/Config-AutoConf-0.314-2/blib/arch
/home/njh/.cpan/build/Config-AutoConf-0.314-2/blib/lib
/home/njh/perl5/perlbrew/perls/perl-5.8.2/lib/5.8.2/aarch64-linux-thread-multi
/home/njh/perl5/perlbrew/perls/perl-5.8.2/lib/5.8.2
/home/njh/perl5/perlbrew/perls/perl-5.8.2/lib/site_perl/5.8.2/aarch64-linux-thread-multi
/home/njh/perl5/perlbrew/perls/perl-5.8.2/lib/site_perl/5.8.2
/home/njh/perl5/perlbrew/perls/perl-5.8.2/lib/site_perl
.