Report for POE-Component-ResourcePool-0.04

Back
From: metabase:user:9c36dc84-a30f-11e0-a9fc-0a18abbd4f2f
Subject: FAIL POE-Component-ResourcePool-0.04 v5.22.1 OpenBSD
Date: 2016-04-30T17:52:54Z

This distribution has been tested as part of the CPAN Testers
project, supporting the Perl programming language.  See
http://wiki.cpantesters.org/ for more information or email
questions to cpan-testers-discuss@perl.org


--
Dear Yuval Kogman,

This is a computer-generated report for POE-Component-ResourcePool-0.04
on perl 5.22.1, created by CPAN-Reporter-1.2017.

Thank you for uploading your work to CPAN.  However, there was a problem
testing your distribution.

If you think this report is invalid, please consult the CPAN Testers Wiki
for suggestions on how to avoid getting FAIL reports for missing library
or binary dependencies, unsupported operating systems, and so on:

http://wiki.cpantesters.org/wiki/CPANAuthorNotes

Sections of this report:

    * Tester comments
    * Program output
    * Prerequisites
    * Environment and other context

------------------------------
TESTER COMMENTS
------------------------------

Additional comments from tester:

this report is from an automated smoke testing program
and was not reviewed by a human for accuracy

------------------------------
PROGRAM OUTPUT
------------------------------

Output from '/usr/bin/make test':

PERL_DL_NONLAZY=1 "/home/arfreitas/perl5/perlbrew/perls/perl-5.22.0/bin/perl" "-MExtUtils::Command::MM" "-MTest::Harness" "-e" "undef *Test::Harness::Switches; test_harness(0, 'blib/lib', 'blib/arch')" t/*.t
t/00_use.t ...... ok
Can't locate object method "BUILD" via package "MooseX::POE::Aliased" at /tmp/cpan/build/POE-Component-ResourcePool-0.04-Gd6Ib_/blib/lib/POE/Component/ResourcePool.pm line 53.
# Looks like your test exited with 22 just after 3.
t/basic.t ....... 
Dubious, test returned 22 (wstat 5632, 0x1600)
Failed 35/38 subtests 
t/collection.t .. ok
Can't locate object method "BUILD" via package "MooseX::POE::Aliased" at /tmp/cpan/build/POE-Component-ResourcePool-0.04-Gd6Ib_/blib/lib/POE/Component/ResourcePool.pm line 53.
# Looks like your test exited with 255 just after 12.
=== 30956 === Sessions were started, but POE::Kernel's run() method was never
=== 30956 === called to execute them.  This usually happens because an error
=== 30956 === occurred before POE::Kernel->run() could be called.  Please fix
=== 30956 === any errors above this notice, and be sure that POE::Kernel->run()
=== 30956 === is called.  See documentation for POE::Kernel's run() method for
=== 30956 === another way to disable this warning.
t/fallback.t .... 
Dubious, test returned 255 (wstat 65280, 0xff00)
All 12 subtests passed 

Test Summary Report
-------------------
t/basic.t     (Wstat: 5632 Tests: 3 Failed: 0)
  Non-zero exit status: 22
  Parse errors: Bad plan.  You planned 38 tests but ran 3.
t/fallback.t  (Wstat: 65280 Tests: 12 Failed: 0)
  Non-zero exit status: 255
Files=4, Tests=26,  4 wallclock secs ( 0.01 usr  0.34 sys +  1.16 cusr  1.02 csys =  2.53 CPU)
Result: FAIL
Failed 2/4 test programs. 0/26 subtests failed.
*** Error 255 in /tmp/cpan/build/POE-Component-ResourcePool-0.04-Gd6Ib_ (Makefile:858 'test_dynamic')

------------------------------
PREREQUISITES
------------------------------

Prerequisite modules loaded:

requires:

    Module              Need  Have        
    ------------------- ----- ------------
    Carp::Clan          0     6.04        
    Moose               0.37  2.1705      
    MooseX::POE         0.205 0.215       
    POE                 0     1.367       
    Set::Object         1.20  1.35        
    Test::use::ok       0     1.302014_009
    Tie::RefHash        0     1.39        
    Tie::RefHash::Weak  0.08  0.09        

build_requires:

    Module              Need  Have        
    ------------------- ----- ------------
    ExtUtils::MakeMaker 0     7.15_02     

configure_requires:

    Module              Need  Have        
    ------------------- ----- ------------
    ExtUtils::MakeMaker 0     7.15_02     


------------------------------
ENVIRONMENT AND OTHER CONTEXT
------------------------------

Environment variables:

    AUTOMATED_TESTING = 1
    NONINTERACTIVE_TESTING = 1
    PATH = /home/arfreitas/perl5/perlbrew/bin:/home/arfreitas/perl5/perlbrew/perls/perl-5.22.0/bin:/usr/bin:/bin:/usr/sbin:/sbin:/usr/X11R6/bin:/usr/local/bin:/usr/local/sbin
    PERL5LIB = 
    PERL5OPT = 
    PERL5_CPANPLUS_IS_RUNNING = 23873
    PERL5_CPAN_IS_RUNNING = 23873
    PERL5_CPAN_IS_RUNNING_IN_RECURSION = 7643,23873
    PERLBREW_BASHRC_VERSION = 0.73
    PERLBREW_HOME = /home/arfreitas/.perlbrew
    PERLBREW_MANPATH = /home/arfreitas/perl5/perlbrew/perls/perl-5.22.0/man
    PERLBREW_PATH = /home/arfreitas/perl5/perlbrew/bin:/home/arfreitas/perl5/perlbrew/perls/perl-5.22.0/bin
    PERLBREW_PERL = perl-5.22.0
    PERLBREW_ROOT = /home/arfreitas/perl5/perlbrew
    PERLBREW_VERSION = 0.73
    PERL_CR_SMOKER_CURRENT = Task-POE-All-1.102
    PERL_CR_SMOKER_RUNONCE = 1
    PERL_EXTUTILS_AUTOINSTALL = --defaultdeps
    PERL_MM_USE_DEFAULT = 1
    SHELL = /usr/local/bin/bash
    TERM = vt220

Perl special variables (and OS-specific diagnostics, for MSWin32):

    $^X = /home/arfreitas/perl5/perlbrew/perls/perl-5.22.0/bin/perl
    $UID/$EUID = 1000 / 1000
    $GID = 1000 1000 0
    $EGID = 1000 1000 0

Perl module toolchain versions installed:

    Module              Have        
    ------------------- ------------
    CPAN                2.10        
    CPAN::Meta          2.150005    
    Cwd                 3.62        
    ExtUtils::CBuilder  0.280224    
    ExtUtils::Command   7.15_02     
    ExtUtils::Install   2.04        
    ExtUtils::MakeMaker 7.15_02     
    ExtUtils::Manifest  1.70        
    ExtUtils::ParseXS   3.30        
    File::Spec          3.62        
    JSON                2.90        
    JSON::PP            2.27400     
    Module::Build       0.4218      
    Module::Signature   0.79        
    Parse::CPAN::Meta   1.4418      
    Test::Harness       3.35        
    Test::More          1.302014_009
    YAML                1.15        
    YAML::Syck          1.29        
    version             0.9916      


--

Summary of my perl5 (revision 5 version 22 subversion 1) configuration:
   
  Platform:
    osname=openbsd, osvers=5.7, archname=OpenBSD.i386-openbsd
    uname='openbsd foobar.spo.virtua.com.br 5.7 generic.mp#767 i386 '
    config_args='-de -Dprefix=/home/arfreitas/perl5/perlbrew/perls/perl-5.22.0 -Aeval:scriptdir=/home/arfreitas/perl5/perlbrew/perls/perl-5.22.0/bin'
    hint=recommended, useposix=true, d_sigaction=define
    useithreads=undef, usemultiplicity=undef
    use64bitint=undef, use64bitall=undef, uselongdouble=undef
    usemymalloc=n, bincompat5005=undef
  Compiler:
    cc='cc', ccflags ='-fno-strict-aliasing -pipe -fstack-protector-strong -I/usr/local/include -D_FORTIFY_SOURCE=2',
    optimize='-O2',
    cppflags='-fno-strict-aliasing -pipe -fstack-protector-strong -I/usr/local/include'
    ccversion='', gccversion='4.2.1 20070719 ', gccosandvers='openbsd5.7'
    intsize=4, longsize=4, ptrsize=4, doublesize=8, byteorder=1234, doublekind=3
    d_longlong=define, longlongsize=8, d_longdbl=define, longdblsize=12, longdblkind=3
    ivtype='long', ivsize=4, nvtype='double', nvsize=8, Off_t='off_t', lseeksize=8
    alignbytes=4, prototype=define
  Linker and Libraries:
    ld='cc', ldflags ='-Wl,-E  -fstack-protector-strong -L/usr/local/lib'
    libpth=/usr/lib /usr/local/lib
    libs=-lpthread -lgdbm -lm -lutil -lc
    perllibs=-lpthread -lm -lutil -lc
    libc=/usr/lib/libc.so.78.1, so=so, useshrplib=false, libperl=libperl.a
    gnulibc_version=''
  Dynamic Linking:
    dlsrc=dl_dlopen.xs, dlext=so, d_dlsymun=undef, ccdlflags=' '
    cccdlflags='-DPIC -fPIC ', lddlflags='-shared -fPIC  -L/usr/local/lib -fstack-protector-strong'


Characteristics of this binary (from libperl): 
  Compile-time options: HAS_TIMES PERLIO_LAYERS PERL_DONT_CREATE_GVSV
                        PERL_HASH_FUNC_ONE_AT_A_TIME_HARD PERL_MALLOC_WRAP
                        PERL_NEW_COPY_ON_WRITE PERL_PRESERVE_IVUV
                        USE_LARGE_FILES USE_LOCALE USE_LOCALE_COLLATE
                        USE_LOCALE_CTYPE USE_LOCALE_NUMERIC USE_LOCALE_TIME
                        USE_PERLIO USE_PERL_ATOF
  Locally applied patches:
	Devel::PatchPerl 1.38
  Built under openbsd
  Compiled at Mar 11 2016 11:37:59
  %ENV:
    PERL5LIB=""
    PERL5OPT=""
    PERL5_CPANPLUS_IS_RUNNING="23873"
    PERL5_CPAN_IS_RUNNING="23873"
    PERL5_CPAN_IS_RUNNING_IN_RECURSION="7643,23873"
    PERLBREW_BASHRC_VERSION="0.73"
    PERLBREW_HOME="/home/arfreitas/.perlbrew"
    PERLBREW_MANPATH="/home/arfreitas/perl5/perlbrew/perls/perl-5.22.0/man"
    PERLBREW_PATH="/home/arfreitas/perl5/perlbrew/bin:/home/arfreitas/perl5/perlbrew/perls/perl-5.22.0/bin"
    PERLBREW_PERL="perl-5.22.0"
    PERLBREW_ROOT="/home/arfreitas/perl5/perlbrew"
    PERLBREW_VERSION="0.73"
    PERL_CR_SMOKER_CURRENT="Task-POE-All-1.102"
    PERL_CR_SMOKER_RUNONCE="1"
    PERL_EXTUTILS_AUTOINSTALL="--defaultdeps"
    PERL_MM_USE_DEFAULT="1"
  @INC:
    /home/arfreitas/perl5/perlbrew/perls/perl-5.22.0/lib/site_perl/5.22.1/OpenBSD.i386-openbsd
    /home/arfreitas/perl5/perlbrew/perls/perl-5.22.0/lib/site_perl/5.22.1
    /home/arfreitas/perl5/perlbrew/perls/perl-5.22.0/lib/5.22.1/OpenBSD.i386-openbsd
    /home/arfreitas/perl5/perlbrew/perls/perl-5.22.0/lib/5.22.1
    /home/arfreitas/perl5/perlbrew/perls/perl-5.22.0/lib/site_perl/5.22.0/OpenBSD.i386-openbsd
    /home/arfreitas/perl5/perlbrew/perls/perl-5.22.0/lib/site_perl/5.22.0
    /home/arfreitas/perl5/perlbrew/perls/perl-5.22.0/lib/site_perl
    .