Report for PerlIO-Util-0.72

Back
From: metabase:user:320bfe00-2aae-11df-837a-5e0a49663a4f
Subject: FAIL PerlIO-Util-0.72 v5.25.1 GNU/Linux
Date: 2016-05-21T06:43:46Z

This distribution has been tested as part of the CPAN Testers
project, supporting the Perl programming language.  See
http://wiki.cpantesters.org/ for more information or email
questions to cpan-testers-discuss@perl.org


--
Dear Goro Fuji,

This is a computer-generated report for PerlIO-Util-0.72
on perl 5.25.1, created by CPAN-Reporter-1.2017.

Thank you for uploading your work to CPAN.  However, there was a problem
testing your distribution.

If you think this report is invalid, please consult the CPAN Testers Wiki
for suggestions on how to avoid getting FAIL reports for missing library
or binary dependencies, unsupported operating systems, and so on:

http://wiki.cpantesters.org/wiki/CPANAuthorNotes

Sections of this report:

    * Tester comments
    * Program output
    * Prerequisites
    * Environment and other context

------------------------------
TESTER COMMENTS
------------------------------

Additional comments from tester:

this report is from an automated smoke testing program
and was not reviewed by a human for accuracy

------------------------------
PROGRAM OUTPUT
------------------------------

Output from '/usr/bin/make test':

"/tmp/basesmoker-reloperl-dd9U/bin/perl" "-Iinc" -MExtUtils::Command::MM -e 'cp_nonempty' -- Util.bs blib/arch/auto/PerlIO/Util/Util.bs 644
PERL_DL_NONLAZY=1 "/tmp/basesmoker-reloperl-dd9U/bin/perl" "-MExtUtils::Command::MM" "-MTest::Harness" "-e" "undef *Test::Harness::Switches; test_harness(0, 'inc', 'blib/lib', 'blib/arch')" t/*.t
t/00_load.t .......... ok
t/01_util.t .......... ok
Warning: unable to close filehandle $s properly: Bad file descriptor at t/02_flock.t line 91.
t/02_flock.t ......... ok
t/03_creat.t ......... ok
t/04_excl.t .......... ok
t/05_extra.t ......... ok
t/061_tee_binmode.t .. ok
t/062_tee_threads.t .. ok

#   Failed test '(refcnt aftere closed)'
#   at t/06_tee.t line 31.
#     Structures begin differing at:
#          $got->[0] = '2'
#     $expected->[0] = '1'

#   Failed test '(refcnt aftere closed)'
#   at t/06_tee.t line 49.
#     Structures begin differing at:
#          $got->[0] = '2'
#     $expected->[0] = '1'
# Looks like you failed 2 tests of 66.
t/06_tee.t ........... 
Dubious, test returned 2 (wstat 512, 0x200)
Failed 2/66 subtests 
t/08_taint.t ......... 
Failed 5/7 subtests 
t/09_invalid.t ....... ok
t/10_dir.t ........... ok
t/20_reverse.t ....... ok

Test Summary Report
-------------------
t/05_extra.t       (Wstat: 0 Tests: 13 Failed: 0)
  TODO passed:   8-10
t/06_tee.t         (Wstat: 512 Tests: 66 Failed: 2)
  Failed tests:  10, 16
  Non-zero exit status: 2
t/08_taint.t       (Wstat: 139 Tests: 2 Failed: 0)
  Non-zero wait status: 139
  Parse errors: Bad plan.  You planned 7 tests but ran 2.
Files=13, Tests=305,  1 wallclock secs ( 0.04 usr  0.05 sys +  0.61 cusr  0.11 csys =  0.81 CPU)
Result: FAIL
Failed 2/13 test programs. 2/305 subtests failed.
Makefile:1004: recipe for target 'test_dynamic' failed
make: *** [test_dynamic] Error 255

------------------------------
PREREQUISITES
------------------------------

Prerequisite modules loaded:

requires:

    Module              Need     Have    
    ------------------- -------- --------
    perl                5.008001 5.025001
    XSLoader            0.02     0.21    

build_requires:

    Module              Need     Have    
    ------------------- -------- --------
    Devel::PPPort       3.19     3.32    
    ExtUtils::MakeMaker 6.42     7.16    
    ExtUtils::ParseXS   2.21     3.31    
    Test::More          0.62     1.302021

configure_requires:

    Module              Need     Have    
    ------------------- -------- --------
    Devel::PPPort       3.19     3.32    
    ExtUtils::MakeMaker 6.42     7.16    


------------------------------
ENVIRONMENT AND OTHER CONTEXT
------------------------------

Environment variables:

    AUTOMATED_TESTING = 1
    LANG = C
    PATH = /usr/lib/ccache:/home/sand/bin:/usr/local/bin:/usr/lib/ccache:/usr/bin:/bin:/usr/games:/usr/local/perl/bin:/usr/X11/bin:/sbin:/usr/sbin
    PERL5LIB = 
    PERL5OPT = 
    PERL5_CPANPLUS_IS_RUNNING = 13255
    PERL5_CPAN_IS_RUNNING = 13255
    PERL_CANARY_STABILITY_NOPROMPT = 1
    PERL_MM_USE_DEFAULT = 1
    SHELL = /usr/bin/zsh
    TERM = screen

Perl special variables (and OS-specific diagnostics, for MSWin32):

    $^X = /tmp/basesmoker-reloperl-dd9U/bin/perl
    $UID/$EUID = 1005 / 1005
    $GID = 1005 1005
    $EGID = 1005 1005

Perl module toolchain versions installed:

    Module              Have    
    ------------------- --------
    CPAN                2.13    
    CPAN::Meta          2.150005
    Cwd                 3.63    
    ExtUtils::CBuilder  0.280225
    ExtUtils::Command   7.16    
    ExtUtils::Install   2.04    
    ExtUtils::MakeMaker 7.16    
    ExtUtils::Manifest  1.70    
    ExtUtils::ParseXS   3.31    
    File::Spec          3.63    
    JSON                2.90    
    JSON::PP            2.27300 
    Module::Build       0.4218  
    Module::Signature   0.79    
    Parse::CPAN::Meta   1.4417  
    Test::Harness       3.36    
    Test::More          1.302021
    YAML                1.15    
    YAML::Syck          1.29    
    version             0.9916  


--

Summary of my perl5 (revision 5 version 25 subversion 1) configuration:
  Commit id: 5b145eb412326b9b57276229cfde0ef09e7ca2bc
  Platform:
    osname=linux, osvers=4.5.0-2-amd64, archname=x86_64-linux-thread-multi-ld
    uname='linux k93x64sid 4.5.0-2-amd64 #1 smp debian 4.5.4-1 (2016-05-16) x86_64 gnulinux '
    config_args='-Dprefix=/home/sand/src/perl/repoperls/installed-perls/host/k93x64sid/v5.25.1/a3f9 -Dmyhostname=k93x64sid -Dinstallusrbinperl=n -Uversiononly -Dusedevel -des -Ui_db -Dlibswanted=cl pthread socket inet nsl gdbm dbm malloc dl ld sun m crypt sec util c cposix posix ucb BSD gdbm_compat -Duseithreads -Duselongdouble -DDEBUGGING=-g'
    hint=recommended, useposix=true, d_sigaction=define
    useithreads=define, usemultiplicity=define
    use64bitint=define, use64bitall=define, uselongdouble=define
    usemymalloc=n, bincompat5005=undef
  Compiler:
    cc='cc', ccflags ='-D_REENTRANT -D_GNU_SOURCE -fwrapv -fno-strict-aliasing -pipe -fstack-protector-strong -I/usr/local/include -D_LARGEFILE_SOURCE -D_FILE_OFFSET_BITS=64 -D_FORTIFY_SOURCE=2',
    optimize='-O2 -g',
    cppflags='-D_REENTRANT -D_GNU_SOURCE -fwrapv -fno-strict-aliasing -pipe -fstack-protector-strong -I/usr/local/include'
    ccversion='', gccversion='5.3.1 20160519', gccosandvers=''
    intsize=4, longsize=8, ptrsize=8, doublesize=8, byteorder=12345678, doublekind=3
    d_longlong=define, longlongsize=8, d_longdbl=define, longdblsize=16, longdblkind=3
    ivtype='long', ivsize=8, nvtype='long double', nvsize=16, Off_t='off_t', lseeksize=8
    alignbytes=16, prototype=define
  Linker and Libraries:
    ld='cc', ldflags =' -fstack-protector-strong -L/usr/local/lib'
    libpth=/usr/local/lib /usr/lib/gcc/x86_64-linux-gnu/5/include-fixed /usr/include/x86_64-linux-gnu /usr/lib /lib/x86_64-linux-gnu /lib/../lib /usr/lib/x86_64-linux-gnu /usr/lib/../lib /lib
    libs=-lpthread -lnsl -ldl -lm -lcrypt -lutil -lc
    perllibs=-lpthread -lnsl -ldl -lm -lcrypt -lutil -lc
    libc=libc-2.22.so, so=so, useshrplib=false, libperl=libperl.a
    gnulibc_version='2.22'
  Dynamic Linking:
    dlsrc=dl_dlopen.xs, dlext=so, d_dlsymun=undef, ccdlflags='-Wl,-E'
    cccdlflags='-fPIC', lddlflags='-shared -O2 -g -L/usr/local/lib -fstack-protector-strong'


Characteristics of this binary (from libperl): 
  Compile-time options: HAS_TIMES MULTIPLICITY PERLIO_LAYERS
                        PERL_COPY_ON_WRITE PERL_DONT_CREATE_GVSV
                        PERL_HASH_FUNC_ONE_AT_A_TIME_HARD
                        PERL_IMPLICIT_CONTEXT PERL_MALLOC_WRAP PERL_OP_PARENT
                        PERL_PRESERVE_IVUV PERL_USE_DEVEL USE_64_BIT_ALL
                        USE_64_BIT_INT USE_ITHREADS USE_LARGE_FILES
                        USE_LOCALE USE_LOCALE_COLLATE USE_LOCALE_CTYPE
                        USE_LOCALE_NUMERIC USE_LOCALE_TIME USE_LONG_DOUBLE
                        USE_PERLIO USE_PERL_ATOF USE_REENTRANT_API
  Built under linux
  Compiled at Jan  1 1970 00:00:00
  %ENV:
    PERL5LIB=""
    PERL5OPT=""
    PERL5_CPANPLUS_IS_RUNNING="13255"
    PERL5_CPAN_IS_RUNNING="13255"
    PERL_CANARY_STABILITY_NOPROMPT="1"
    PERL_MM_USE_DEFAULT="1"
  @INC:
    /home/sand/src/perl/repoperls/installed-perls/host/k93x64sid/v5.25.1/a3f9/lib/site_perl/5.25.1/x86_64-linux-thread-multi-ld
    /home/sand/src/perl/repoperls/installed-perls/host/k93x64sid/v5.25.1/a3f9/lib/site_perl/5.25.1
    /home/sand/src/perl/repoperls/installed-perls/host/k93x64sid/v5.25.1/a3f9/lib/5.25.1/x86_64-linux-thread-multi-ld
    /home/sand/src/perl/repoperls/installed-perls/host/k93x64sid/v5.25.1/a3f9/lib/5.25.1
    .