Log-Syslog-Fast v0.66 Perl 5 v5.12.0 x86_64-linux-thread-multi-ld

Status
Fail
From
Chris Williams (BINGOS)
Dist
Log-Syslog-Fast v0.66
Platform
Perl 5 v5.12.0 x86_64-linux-thread-multi-ld
Date
2019-12-16 08:09:22
ID
5dfb7d10-1fdb-11ea-9066-e374b0ba08e8
This distribution has been tested as part of the CPAN Testers
project, supporting the Perl programming language.  See
http://wiki.cpantesters.org/ for more information or email
questions to cpan-testers-discuss@perl.org


--

Dear ATHOMASON,

This is a computer-generated error report created automatically by
CPANPLUS, version 0.9178. Testers personal comments may appear
at the end of this report.


Thank you for uploading your work to CPAN.  However, it appears that
there were some problems testing your distribution.

TEST RESULTS:

Below is the error stack from stage 'make test':

"/home/cpan/pit/thr-ld/perl-5.12.0/bin/perl" -MExtUtils::Command::MM -e 'cp_nonempty' -- Fast.bs blib/arch/auto/Log/Syslog/Fast/Fast.bs 644
PERL_DL_NONLAZY=1 "/home/cpan/pit/thr-ld/perl-5.12.0/bin/perl" "-MExtUtils::Command::MM" "-MTest::Harness" "-e" "undef *Test::Harness::Switches; test_harness(0, 'blib/lib', 'blib/arch')" t/*.t
t/00-compile.t ................. ok
t/01-Log-Syslog-Fast-PP.t ...... ok
t/01-Log-Syslog-Fast.t ......... ok
t/02-Log-Syslog-Fast-Simple.t .. ok
Path length (10000) is longer than maximum supported length (108) and will be truncated at /home/cpan/pit/jail/6Vw_lbYzop/lib/perl5/x86_64-linux-thread-multi-ld/Socket.pm line 872.
Path length (10000) is longer than maximum supported length (108) and will be truncated at /home/cpan/pit/jail/6Vw_lbYzop/lib/perl5/x86_64-linux-thread-multi-ld/Socket.pm line 872.
t/03-corner-cases-pp.t ......... ok
t/03-corner-cases.t ............ ok
t/04-accessors-pp.t ............ ok
t/04-accessors.t ............... ok
Can't locate Test/LogSyslogFast.pm in @INC (@INC contains: t/lib /home/cpan/pit/thr-ld/conf/perl-5.12.0/.cpanplus/5.12.0/build/S7FNBmOU6c/Log-Syslog-Fast-0.66/blib/lib /home/cpan/pit/thr-ld/conf/perl-5.12.0/.cpanplus/5.12.0/build/S7FNBmOU6c/Log-Syslog-Fast-0.66/blib/arch /home/cpan/pit/jail/6Vw_lbYzop/lib/perl5/5.12.0/x86_64-linux-thread-multi-ld /home/cpan/pit/jail/6Vw_lbYzop/lib/perl5/5.12.0 /home/cpan/pit/jail/6Vw_lbYzop/lib/perl5/x86_64-linux-thread-multi-ld /home/cpan/pit/jail/6Vw_lbYzop/lib/perl5 /home/cpan/pit/thr-ld/perl-5.12.0/lib/site_perl/5.12.0/x86_64-linux-thread-multi-ld /home/cpan/pit/thr-ld/perl-5.12.0/lib/site_perl/5.12.0 /home/cpan/pit/thr-ld/perl-5.12.0/lib/5.12.0/x86_64-linux-thread-multi-ld /home/cpan/pit/thr-ld/perl-5.12.0/lib/5.12.0 .) at t/05-ipv6.pl line 9.
BEGIN failed--compilation aborted at t/05-ipv6.pl line 9.
Compilation failed in require at t/05-ipv6-pp.t line 8.
# Looks like your test exited with 2 before it could output anything.
t/05-ipv6-pp.t ................. 
Dubious, test returned 2 (wstat 512, 0x200)
Failed 73/73 subtests 
Can't locate Test/LogSyslogFast.pm in @INC (@INC contains: t/lib /home/cpan/pit/thr-ld/conf/perl-5.12.0/.cpanplus/5.12.0/build/S7FNBmOU6c/Log-Syslog-Fast-0.66/blib/lib /home/cpan/pit/thr-ld/conf/perl-5.12.0/.cpanplus/5.12.0/build/S7FNBmOU6c/Log-Syslog-Fast-0.66/blib/arch /home/cpan/pit/jail/6Vw_lbYzop/lib/perl5/5.12.0/x86_64-linux-thread-multi-ld /home/cpan/pit/jail/6Vw_lbYzop/lib/perl5/5.12.0 /home/cpan/pit/jail/6Vw_lbYzop/lib/perl5/x86_64-linux-thread-multi-ld /home/cpan/pit/jail/6Vw_lbYzop/lib/perl5 /home/cpan/pit/thr-ld/perl-5.12.0/lib/site_perl/5.12.0/x86_64-linux-thread-multi-ld /home/cpan/pit/thr-ld/perl-5.12.0/lib/site_perl/5.12.0 /home/cpan/pit/thr-ld/perl-5.12.0/lib/5.12.0/x86_64-linux-thread-multi-ld /home/cpan/pit/thr-ld/perl-5.12.0/lib/5.12.0 .) at t/05-ipv6.pl line 9.
BEGIN failed--compilation aborted at t/05-ipv6.pl line 9.
Compilation failed in require at t/05-ipv6.t line 8.
# Looks like your test exited with 2 before it could output anything.
t/05-ipv6.t .................... 
Dubious, test returned 2 (wstat 512, 0x200)
Failed 73/73 subtests 
Can't locate Test/LogSyslogFast.pm in @INC (@INC contains: t/lib /home/cpan/pit/thr-ld/conf/perl-5.12.0/.cpanplus/5.12.0/build/S7FNBmOU6c/Log-Syslog-Fast-0.66/blib/lib /home/cpan/pit/thr-ld/conf/perl-5.12.0/.cpanplus/5.12.0/build/S7FNBmOU6c/Log-Syslog-Fast-0.66/blib/arch /home/cpan/pit/jail/6Vw_lbYzop/lib/perl5/5.12.0/x86_64-linux-thread-multi-ld /home/cpan/pit/jail/6Vw_lbYzop/lib/perl5/5.12.0 /home/cpan/pit/jail/6Vw_lbYzop/lib/perl5/x86_64-linux-thread-multi-ld /home/cpan/pit/jail/6Vw_lbYzop/lib/perl5 /home/cpan/pit/thr-ld/perl-5.12.0/lib/site_perl/5.12.0/x86_64-linux-thread-multi-ld /home/cpan/pit/thr-ld/perl-5.12.0/lib/site_perl/5.12.0 /home/cpan/pit/thr-ld/perl-5.12.0/lib/5.12.0/x86_64-linux-thread-multi-ld /home/cpan/pit/thr-ld/perl-5.12.0/lib/5.12.0 .) at t/06-large-strings.pl line 8.
BEGIN failed--compilation aborted at t/06-large-strings.pl line 8.
Compilation failed in require at t/06-large-strings-pp.t line 8.
# Looks like your test exited with 2 before it could output anything.
t/06-large-strings-pp.t ........ 
Dubious, test returned 2 (wstat 512, 0x200)
Failed 10/10 subtests 
Can't locate Test/LogSyslogFast.pm in @INC (@INC contains: t/lib /home/cpan/pit/thr-ld/conf/perl-5.12.0/.cpanplus/5.12.0/build/S7FNBmOU6c/Log-Syslog-Fast-0.66/blib/lib /home/cpan/pit/thr-ld/conf/perl-5.12.0/.cpanplus/5.12.0/build/S7FNBmOU6c/Log-Syslog-Fast-0.66/blib/arch /home/cpan/pit/jail/6Vw_lbYzop/lib/perl5/5.12.0/x86_64-linux-thread-multi-ld /home/cpan/pit/jail/6Vw_lbYzop/lib/perl5/5.12.0 /home/cpan/pit/jail/6Vw_lbYzop/lib/perl5/x86_64-linux-thread-multi-ld /home/cpan/pit/jail/6Vw_lbYzop/lib/perl5 /home/cpan/pit/thr-ld/perl-5.12.0/lib/site_perl/5.12.0/x86_64-linux-thread-multi-ld /home/cpan/pit/thr-ld/perl-5.12.0/lib/site_perl/5.12.0 /home/cpan/pit/thr-ld/perl-5.12.0/lib/5.12.0/x86_64-linux-thread-multi-ld /home/cpan/pit/thr-ld/perl-5.12.0/lib/5.12.0 .) at t/06-large-strings.pl line 8.
BEGIN failed--compilation aborted at t/06-large-strings.pl line 8.
Compilation failed in require at t/06-large-strings.t line 8.
# Looks like your test exited with 2 before it could output anything.
t/06-large-strings.t ........... 
Dubious, test returned 2 (wstat 512, 0x200)
Failed 10/10 subtests 
t/08-fd-leak-pp.t .............. ok
t/08-fd-leak.t ................. ok
t/09-undef-strings-pp.t ........ ok
t/09-undef-strings.t ........... ok

Test Summary Report
-------------------
t/05-ipv6-pp.t               (Wstat: 512 Tests: 0 Failed: 0)
  Non-zero exit status: 2
  Parse errors: Bad plan.  You planned 73 tests but ran 0.
t/05-ipv6.t                  (Wstat: 512 Tests: 0 Failed: 0)
  Non-zero exit status: 2
  Parse errors: Bad plan.  You planned 73 tests but ran 0.
t/06-large-strings-pp.t      (Wstat: 512 Tests: 0 Failed: 0)
  Non-zero exit status: 2
  Parse errors: Bad plan.  You planned 10 tests but ran 0.
t/06-large-strings.t         (Wstat: 512 Tests: 0 Failed: 0)
  Non-zero exit status: 2
  Parse errors: Bad plan.  You planned 10 tests but ran 0.
Files=16, Tests=624,  1 wallclock secs ( 0.05 usr  0.04 sys +  0.82 cusr  0.13 csys =  1.04 CPU)
Result: FAIL
Failed 4/16 test programs. 0/624 subtests failed.
make: *** [test_dynamic] Error 255
Makefile:1033: recipe for target 'test_dynamic' failed



MISSING PREREQUISITES:

It was observed that the test suite seem to fail without these modules:

Test::LogSyslogFast

As such, adding the prerequisite module(s) to 'PREREQ_PM' in your
Makefile.PL should solve this problem.  For example:

WriteMakefile(
    AUTHOR      => 'ATHOMASON (cpanplus-info@lists.sf.net)',
    ... # other information
    PREREQ_PM   => {
	'Test::LogSyslogFast'	=> '0', # or a minimum working version
    }
);

Thanks! :-)

PREREQUISITES:

Here is a list of prerequisites you specified and versions we
managed to load:

	  Module Name                        Have     Want
	  ExtUtils::MakeMaker                7.38        0
	  IO::Socket::IP                     0.39     0.19
	  Log::Syslog::Constants             1.02     1.01

Perl module toolchain versions installed:
	Module Name                        Have
	CPANPLUS                         0.9178
	CPANPLUS::Dist::Build              0.90
	Cwd                                3.75
	ExtUtils::CBuilder             0.280231
	ExtUtils::Command                  7.38
	ExtUtils::Install                  2.14
	ExtUtils::MakeMaker                7.38
	ExtUtils::Manifest                 1.72
	ExtUtils::ParseXS                  3.35
	File::Spec                         3.75
	Module::Build                    0.4229
	Pod::Parser                        1.37
	Pod::Simple                        3.13
	Test2                          1.302168
	Test::Harness                      3.42
	Test::More                     1.302168
	version                          0.9924

******************************** NOTE ********************************
The comments above are created mechanically, possibly without manual
checking by the sender.  As there are many people performing automatic
tests on each upload to CPAN, it is likely that you will receive
identical messages about the same problem.

If you believe that the message is mistaken, please reply to the first
one with correction and/or additional informations, and do not take
it personally.  We appreciate your patience. :)
**********************************************************************

Additional comments:


This report was machine-generated by CPANPLUS::Dist::YACSmoke 1.08.
Powered by minismokebox version 0.68

CPANPLUS is prefering Build.PL

------------------------------
ENVIRONMENT AND OTHER CONTEXT
------------------------------

Environment variables:

    AUTOMATED_TESTING = 1
    LANG = en_GB.UTF-8
    LANGUAGE = en_GB:en
    NONINTERACTIVE_TESTING = 1
    PATH = /usr/local/sbin:/usr/local/bin:/usr/sbin:/usr/bin:/sbin:/bin:/usr/games:/usr/local/games:/snap/bin
    PERL5LIB = /home/cpan/pit/jail/6Vw_lbYzop/lib/perl5:/home/cpan/pit/thr-ld/conf/perl-5.12.0/.cpanplus/5.12.0/build/S7FNBmOU6c/Log-Syslog-Fast-0.66/blib/lib:/home/cpan/pit/thr-ld/conf/perl-5.12.0/.cpanplus/5.12.0/build/S7FNBmOU6c/Log-Syslog-Fast-0.66/blib/arch
    PERL5_CPANPLUS_IS_RUNNING = 21014
    PERL5_CPANPLUS_IS_VERSION = 0.9178
    PERL5_MINISMOKEBOX = 0.68
    PERL5_YACSMOKE_BASE = /home/cpan/pit/thr-ld/conf/perl-5.12.0
    PERL_EXTUTILS_AUTOINSTALL = --defaultdeps
    PERL_LOCAL_LIB_ROOT = /home/cpan/pit/jail/6Vw_lbYzop
    PERL_MB_OPT = --install_base "/home/cpan/pit/jail/6Vw_lbYzop"
    PERL_MM_OPT = INSTALL_BASE=/home/cpan/pit/jail/6Vw_lbYzop
    PERL_MM_USE_DEFAULT = 1
    SHELL = /bin/bash
    TERM = screen

Perl special variables (and OS-specific diagnostics, for MSWin32):

    Perl: $^X = /home/cpan/pit/thr-ld/perl-5.12.0/bin/perl
    UID:  $<  = 1001
    EUID: $>  = 1001
    GID:  $(  = 1001 1001
    EGID: $)  = 1001 1001


-------------------------------


--

Summary of my perl5 (revision 5 version 12 subversion 0) configuration:
   
  Platform:
    osname=linux, osvers=4.15.0-58-generic, archname=x86_64-linux-thread-multi-ld
    uname='linux uchder 4.15.0-58-generic #64-ubuntu smp tue aug 6 11:12:41 utc 2019 x86_64 x86_64 x86_64 gnulinux '
    config_args='-des -Dprefix=/home/cpan/pit/thr-ld/perl-5.12.0 -Dusethreads -Duselongdouble'
    hint=recommended, useposix=true, d_sigaction=define
    useithreads=define, usemultiplicity=define
    useperlio=define, d_sfio=undef, uselargefiles=define, usesocks=undef
    use64bitint=define, use64bitall=define, uselongdouble=define
    usemymalloc=n, bincompat5005=undef
  Compiler:
    cc='cc', ccflags ='-D_REENTRANT -D_GNU_SOURCE -fwrapv -fno-strict-aliasing -pipe -fstack-protector -I/usr/local/include -D_LARGEFILE_SOURCE -D_FILE_OFFSET_BITS=64',
    optimize='-O2',
    cppflags='-D_REENTRANT -D_GNU_SOURCE -fwrapv -fno-strict-aliasing -pipe -fstack-protector -I/usr/local/include'
    ccversion='', gccversion='7.4.0', gccosandvers=''
    intsize=4, longsize=8, ptrsize=8, doublesize=8, byteorder=12345678
    d_longlong=define, longlongsize=8, d_longdbl=define, longdblsize=16
    ivtype='long', ivsize=8, nvtype='long double', nvsize=16, Off_t='off_t', lseeksize=8
    alignbytes=16, prototype=define
  Linker and Libraries:
    ld='cc', ldflags =' -fstack-protector -L/usr/local/lib'
    libpth=/usr/local/lib /lib/x86_64-linux-gnu /lib/../lib /usr/lib/x86_64-linux-gnu /usr/lib/../lib /lib /usr/lib
    libs=-lnsl -lgdbm -ldl -lm -lcrypt -lutil -lpthread -lc
    perllibs=-lnsl -ldl -lm -lcrypt -lutil -lpthread -lc
    libc=libc-2.27.so, so=so, useshrplib=false, libperl=libperl.a
    gnulibc_version='2.27'
  Dynamic Linking:
    dlsrc=dl_dlopen.xs, dlext=so, d_dlsymun=undef, ccdlflags='-Wl,-E'
    cccdlflags='-fPIC', lddlflags='-shared -O2 -L/usr/local/lib -fstack-protector'


Characteristics of this binary (from libperl): 
  Compile-time options: MULTIPLICITY PERL_DONT_CREATE_GVSV
                        PERL_IMPLICIT_CONTEXT PERL_MALLOC_WRAP USE_64_BIT_ALL
                        USE_64_BIT_INT USE_ITHREADS USE_LARGE_FILES
                        USE_LONG_DOUBLE USE_PERLIO USE_PERL_ATOF
                        USE_REENTRANT_API
  Locally applied patches:
	Devel::PatchPerl 1.64
  Built under linux
  Compiled at Aug 13 2019 21:46:39
  %ENV:
    PERL5LIB="/home/cpan/pit/jail/6Vw_lbYzop/lib/perl5:/home/cpan/pit/thr-ld/conf/perl-5.12.0/.cpanplus/5.12.0/build/S7FNBmOU6c/Log-Syslog-Fast-0.66/blib/lib:/home/cpan/pit/thr-ld/conf/perl-5.12.0/.cpanplus/5.12.0/build/S7FNBmOU6c/Log-Syslog-Fast-0.66/blib/arch"
    PERL5_CPANPLUS_IS_RUNNING="21014"
    PERL5_CPANPLUS_IS_VERSION="0.9178"
    PERL5_MINISMOKEBOX="0.68"
    PERL5_YACSMOKE_BASE="/home/cpan/pit/thr-ld/conf/perl-5.12.0"
    PERL_EXTUTILS_AUTOINSTALL="--defaultdeps"
    PERL_LOCAL_LIB_ROOT="/home/cpan/pit/jail/6Vw_lbYzop"
    PERL_MB_OPT="--install_base "/home/cpan/pit/jail/6Vw_lbYzop""
    PERL_MM_OPT="INSTALL_BASE=/home/cpan/pit/jail/6Vw_lbYzop"
    PERL_MM_USE_DEFAULT="1"
  @INC:
    /home/cpan/pit/jail/6Vw_lbYzop/lib/perl5/5.12.0/x86_64-linux-thread-multi-ld
    /home/cpan/pit/jail/6Vw_lbYzop/lib/perl5/5.12.0
    /home/cpan/pit/jail/6Vw_lbYzop/lib/perl5/x86_64-linux-thread-multi-ld
    /home/cpan/pit/jail/6Vw_lbYzop/lib/perl5
    /home/cpan/pit/thr-ld/conf/perl-5.12.0/.cpanplus/5.12.0/build/S7FNBmOU6c/Log-Syslog-Fast-0.66/blib/lib
    /home/cpan/pit/thr-ld/conf/perl-5.12.0/.cpanplus/5.12.0/build/S7FNBmOU6c/Log-Syslog-Fast-0.66/blib/arch
    /home/cpan/pit/thr-ld/perl-5.12.0/lib/site_perl/5.12.0/x86_64-linux-thread-multi-ld
    /home/cpan/pit/thr-ld/perl-5.12.0/lib/site_perl/5.12.0
    /home/cpan/pit/thr-ld/perl-5.12.0/lib/5.12.0/x86_64-linux-thread-multi-ld
    /home/cpan/pit/thr-ld/perl-5.12.0/lib/5.12.0
    .