Report for DhMakePerl-0.78

Back
From: metabase:user:31d414ea-2aae-11df-837a-5e0a49663a4f
Subject: NA DhMakePerl-0.78 v5.18.0 GNU/Linux
Date: 2013-08-13T10:59:05Z

This distribution has been tested as part of the CPAN Testers
project, supporting the Perl programming language.  See
http://wiki.cpantesters.org/ for more information or email
questions to cpan-testers-discuss@perl.org


--
Dear Damyan Ivanov,

This is a computer-generated report for DhMakePerl-0.78
on perl 5.18.0, created by CPAN-Reporter-1.2010.

Thank you for uploading your work to CPAN.  While attempting to build or test
this distribution, the distribution signaled that support is not available
either for this operating system or this version of Perl.  Nevertheless, any
diagnostic output produced is provided below for reference.  If this is not
what you expect, you may wish to consult the CPAN Testers Wiki:

http://wiki.cpantesters.org/wiki/CPANAuthorNotes

Sections of this report:

    * Tester comments
    * Program output
    * Prerequisites
    * Environment and other context

------------------------------
TESTER COMMENTS
------------------------------

Additional comments from tester:

this report is from an automated smoke testing program
and was not reviewed by a human for accuracy

------------------------------
PROGRAM OUTPUT
------------------------------

Output from './Build test':


#   Failed test 'Compile test for blib/lib/DhMakePerl.pm'
#   at /home/david/cpantesting/perl-5.18.0/lib/site_perl/5.18.0/Test/Compile.pm line 152.
# blib/lib/DhMakePerl.pm does not compile

#   Failed test 'Compile test for blib/lib/DhMakePerl/Utils.pm'
#   at /home/david/cpantesting/perl-5.18.0/lib/site_perl/5.18.0/Test/Compile.pm line 152.
# blib/lib/DhMakePerl/Utils.pm does not compile

#   Failed test 'Compile test for blib/lib/DhMakePerl/Config.pm'
#   at /home/david/cpantesting/perl-5.18.0/lib/site_perl/5.18.0/Test/Compile.pm line 152.
# blib/lib/DhMakePerl/Config.pm does not compile

#   Failed test 'Compile test for blib/lib/Debian/Dependencies.pm'
#   at /home/david/cpantesting/perl-5.18.0/lib/site_perl/5.18.0/Test/Compile.pm line 152.
# blib/lib/Debian/Dependencies.pm does not compile

#   Failed test 'Compile test for blib/lib/Debian/Control.pm'
#   at /home/david/cpantesting/perl-5.18.0/lib/site_perl/5.18.0/Test/Compile.pm line 152.
# blib/lib/Debian/Control.pm does not compile

#   Failed test 'Compile test for blib/lib/Debian/Dependency.pm'
#   at /home/david/cpantesting/perl-5.18.0/lib/site_perl/5.18.0/Test/Compile.pm line 152.
# blib/lib/Debian/Dependency.pm does not compile

#   Failed test 'Compile test for blib/lib/Debian/AptContents.pm'
#   at /home/david/cpantesting/perl-5.18.0/lib/site_perl/5.18.0/Test/Compile.pm line 152.
# blib/lib/Debian/AptContents.pm does not compile

#   Failed test 'Compile test for blib/lib/DhMakePerl/Command/help.pm'
#   at /home/david/cpantesting/perl-5.18.0/lib/site_perl/5.18.0/Test/Compile.pm line 152.
# blib/lib/DhMakePerl/Command/help.pm does not compile

#   Failed test 'Compile test for blib/lib/DhMakePerl/Command/dump_config.pm'
#   at /home/david/cpantesting/perl-5.18.0/lib/site_perl/5.18.0/Test/Compile.pm line 152.
# blib/lib/DhMakePerl/Command/dump_config.pm does not compile

#   Failed test 'Compile test for blib/lib/DhMakePerl/Command/refresh_cache.pm'
#   at /home/david/cpantesting/perl-5.18.0/lib/site_perl/5.18.0/Test/Compile.pm line 152.
# blib/lib/DhMakePerl/Command/refresh_cache.pm does not compile

#   Failed test 'Compile test for blib/lib/DhMakePerl/Command/Packaging.pm'
#   at /home/david/cpantesting/perl-5.18.0/lib/site_perl/5.18.0/Test/Compile.pm line 152.
# blib/lib/DhMakePerl/Command/Packaging.pm does not compile

#   Failed test 'Compile test for blib/lib/DhMakePerl/Command/refresh.pm'
#   at /home/david/cpantesting/perl-5.18.0/lib/site_perl/5.18.0/Test/Compile.pm line 152.
# blib/lib/DhMakePerl/Command/refresh.pm does not compile

#   Failed test 'Compile test for blib/lib/DhMakePerl/Command/make.pm'
#   at /home/david/cpantesting/perl-5.18.0/lib/site_perl/5.18.0/Test/Compile.pm line 152.
# blib/lib/DhMakePerl/Command/make.pm does not compile

#   Failed test 'Compile test for blib/lib/DhMakePerl/Command/locate.pm'
#   at /home/david/cpantesting/perl-5.18.0/lib/site_perl/5.18.0/Test/Compile.pm line 152.
# blib/lib/DhMakePerl/Command/locate.pm does not compile

#   Failed test 'Compile test for blib/lib/Debian/Control/FromCPAN.pm'
#   at /home/david/cpantesting/perl-5.18.0/lib/site_perl/5.18.0/Test/Compile.pm line 152.
# blib/lib/Debian/Control/FromCPAN.pm does not compile

#   Failed test 'Compile test for blib/lib/Debian/Control/Stanza.pm'
#   at /home/david/cpantesting/perl-5.18.0/lib/site_perl/5.18.0/Test/Compile.pm line 152.
# blib/lib/Debian/Control/Stanza.pm does not compile

#   Failed test 'Compile test for blib/lib/Debian/Control/Stanza/Binary.pm'
#   at /home/david/cpantesting/perl-5.18.0/lib/site_perl/5.18.0/Test/Compile.pm line 152.
# blib/lib/Debian/Control/Stanza/Binary.pm does not compile

#   Failed test 'Compile test for blib/lib/Debian/Control/Stanza/Source.pm'
#   at /home/david/cpantesting/perl-5.18.0/lib/site_perl/5.18.0/Test/Compile.pm line 152.
# blib/lib/Debian/Control/Stanza/Source.pm does not compile
Can't locate AptPkg/Config.pm in @INC (you may need to install the AptPkg::Config module) (@INC contains: blib/lib /home/david/cpantesting/perl-5.18.0/.cpan/build/DhMakePerl-0.78-BFE44k/blib/lib /home/david/cpantesting/perl-5.18.0/.cpan/build/DhMakePerl-0.78-BFE44k/blib/arch privinc /home/david/cpantesting/perl-5.18.0/lib/site_perl/5.18.0/x86_64-linux-thread-multi /home/david/cpantesting/perl-5.18.0/lib/site_perl/5.18.0/x86_64-linux-thread-multi /home/david/cpantesting/perl-5.18.0/lib/site_perl/5.18.0 /home/david/cpantesting/perl-5.18.0/lib/5.18.0/x86_64-linux-thread-multi /home/david/cpantesting/perl-5.18.0/lib/5.18.0/x86_64-linux-thread-multi /home/david/cpantesting/perl-5.18.0/lib/5.18.0 . /home/david/cpantesting/perl-5.18.0/.cpan/build/DhMakePerl-0.78-BFE44k/blib/lib /home/david/cpantesting/perl-5.18.0/.cpan/build/DhMakePerl-0.78-BFE44k/blib/arch privinc /home/david/cpantesting/perl-5.18.0/lib/site_perl/5.18.0/x86_64-linux-thread-multi /home/david/cpantesting/perl-5.18.0/lib/site_perl/5.18.0 /home/david/cpantesting/perl-5.18.0/lib/5.18.0/x86_64-linux-thread-multi /home/david/cpantesting/perl-5.18.0/lib/5.18.0 .) at blib/lib/Debian/Dependency.pm line 8.
BEGIN failed--compilation aborted at blib/lib/Debian/Dependency.pm line 8.
Compilation failed in require at blib/lib/Debian/AptContents.pm line 36.
BEGIN failed--compilation aborted at blib/lib/Debian/AptContents.pm line 36.
Compilation failed in require at blib/lib/DhMakePerl.pm line 49.
BEGIN failed--compilation aborted at blib/lib/DhMakePerl.pm line 49.
Compilation failed in require at dh-make-perl line 6.
BEGIN failed--compilation aborted at dh-make-perl line 6.

#   Failed test 'Compile test for dh-make-perl'
#   at /home/david/cpantesting/perl-5.18.0/lib/site_perl/5.18.0/Test/Compile.pm line 190.
# dh-make-perl does not compile
# Looks like you failed 19 tests of 25.
t/00-load.t ......................... 
Dubious, test returned 19 (wstat 4864, 0x1300)
Failed 19/25 subtests 

#   Failed test 'use Debian::AptContents;'
#   at t/AptContents.t line 9.
#     Tried to use 'Debian::AptContents'.
#     Error:  Can't locate AptPkg/Config.pm in @INC (you may need to install the AptPkg::Config module) (@INC contains: /home/david/cpantesting/perl-5.18.0/.cpan/build/DhMakePerl-0.78-BFE44k/blib/lib /home/david/cpantesting/perl-5.18.0/.cpan/build/DhMakePerl-0.78-BFE44k/blib/arch privinc /home/david/cpantesting/perl-5.18.0/lib/site_perl/5.18.0/x86_64-linux-thread-multi /home/david/cpantesting/perl-5.18.0/lib/site_perl/5.18.0 /home/david/cpantesting/perl-5.18.0/lib/5.18.0/x86_64-linux-thread-multi /home/david/cpantesting/perl-5.18.0/lib/5.18.0 .) at /home/david/cpantesting/perl-5.18.0/.cpan/build/DhMakePerl-0.78-BFE44k/blib/lib/Debian/Dependency.pm line 8.
# BEGIN failed--compilation aborted at /home/david/cpantesting/perl-5.18.0/.cpan/build/DhMakePerl-0.78-BFE44k/blib/lib/Debian/Dependency.pm line 8.
# Compilation failed in require at /home/david/cpantesting/perl-5.18.0/.cpan/build/DhMakePerl-0.78-BFE44k/blib/lib/Debian/AptContents.pm line 36.
# BEGIN failed--compilation aborted at /home/david/cpantesting/perl-5.18.0/.cpan/build/DhMakePerl-0.78-BFE44k/blib/lib/Debian/AptContents.pm line 36.
# Compilation failed in require at (eval 4) line 2.
# BEGIN failed--compilation aborted at (eval 4) line 2.

#   Failed test 'AptContents->new with no homedir dies'
#   at t/AptContents.t line 29.

#   Failed test 'should say why it died'
#   at t/AptContents.t line 30.
#                   ''
#     doesn't match '(?^:No homedir given)'
Can't locate object method "cache" via package "Debian::AptContents" at t/AptContents.t line 36.
# Looks like you planned 26 tests but ran 4.
# Looks like you failed 3 tests of 4 run.
# Looks like your test exited with 2 just after 4.
t/AptContents.t ..................... 
Dubious, test returned 2 (wstat 512, 0x200)
Failed 25/26 subtests 
t/CommaSeparated.t .................. ok

#   Failed test 'use Debian::Control;'
#   at t/Control.t line 11.
#     Tried to use 'Debian::Control'.
#     Error:  Can't locate AptPkg/Config.pm in @INC (you may need to install the AptPkg::Config module) (@INC contains: /home/david/cpantesting/perl-5.18.0/.cpan/build/DhMakePerl-0.78-BFE44k/blib/lib /home/david/cpantesting/perl-5.18.0/.cpan/build/DhMakePerl-0.78-BFE44k/blib/arch privinc /home/david/cpantesting/perl-5.18.0/lib/site_perl/5.18.0/x86_64-linux-thread-multi /home/david/cpantesting/perl-5.18.0/lib/site_perl/5.18.0 /home/david/cpantesting/perl-5.18.0/lib/5.18.0/x86_64-linux-thread-multi /home/david/cpantesting/perl-5.18.0/lib/5.18.0 .) at /home/david/cpantesting/perl-5.18.0/.cpan/build/DhMakePerl-0.78-BFE44k/blib/lib/Debian/Dependencies.pm line 8.
# BEGIN failed--compilation aborted at /home/david/cpantesting/perl-5.18.0/.cpan/build/DhMakePerl-0.78-BFE44k/blib/lib/Debian/Dependencies.pm line 8.
# Compilation failed in require at /home/david/cpantesting/perl-5.18.0/.cpan/build/DhMakePerl-0.78-BFE44k/blib/lib/Debian/Control/Stanza.pm line 34.
# BEGIN failed--compilation aborted at /home/david/cpantesting/perl-5.18.0/.cpan/build/DhMakePerl-0.78-BFE44k/blib/lib/Debian/Control/Stanza.pm line 34.
# Compilation failed in require at (eval 31) line 2.
# 	...propagated at /home/david/cpantesting/perl-5.18.0/lib/5.18.0/base.pm line 84.
# BEGIN failed--compilation aborted at /home/david/cpantesting/perl-5.18.0/.cpan/build/DhMakePerl-0.78-BFE44k/blib/lib/Debian/Control/Stanza/Source.pm line 80.
# Compilation failed in require at /home/david/cpantesting/perl-5.18.0/.cpan/build/DhMakePerl-0.78-BFE44k/blib/lib/Debian/Control.pm line 60.
# BEGIN failed--compilation aborted at /home/david/cpantesting/perl-5.18.0/.cpan/build/DhMakePerl-0.78-BFE44k/blib/lib/Debian/Control.pm line 60.
# Compilation failed in require at (eval 7) line 2.
# BEGIN failed--compilation aborted at (eval 7) line 2.

#   Failed test 'use Debian::Control::Stanza::Source;'
#   at t/Control.t line 12.
#     Tried to use 'Debian::Control::Stanza::Source'.
#     Error:  Attempt to reload Debian/Control/Stanza/Source.pm aborted.
# Compilation failed in require at (eval 34) line 2.
# BEGIN failed--compilation aborted at (eval 34) line 2.

#   Failed test 'Source constructs'
#   at t/Control.t line 16.
# died: Can't locate object method "new" via package "Debian::Control::Stanza::Source" at t/Control.t line 16.

#   Failed test 'Source: set'
#   at t/Control.t line 17.
# died: Can't call method "Source" on an undefined value at t/Control.t line 17.

#   Failed test 'Binary constructs'
#   at t/Control.t line 20.
# died: Can't locate object method "new" via package "Debian::Control::Stanza::Binary" (perhaps you forgot to load "Debian::Control::Stanza::Binary"?) at t/Control.t line 20.

#   Failed test 'Package set'
#   at t/Control.t line 21.
# died: Can't call method "Package" on an undefined value at t/Control.t line 21.

#   Failed test 'Depends set'
#   at t/Control.t line 22.
# died: Can't call method "Depends" on an undefined value at t/Control.t line 22.
Can't call method "Depends" on an undefined value at t/Control.t line 23.
# Looks like you planned 22 tests but ran 7.
# Looks like you failed 7 tests of 7 run.
# Looks like your test exited with 255 just after 7.
t/Control.t ......................... 
Dubious, test returned 255 (wstat 65280, 0xff00)
Failed 22/22 subtests 

#   Failed test 'use Debian::Dependency;'
#   at t/Dep.t line 9.
#     Tried to use 'Debian::Dependency'.
#     Error:  Can't locate AptPkg/Config.pm in @INC (you may need to install the AptPkg::Config module) (@INC contains: /home/david/cpantesting/perl-5.18.0/.cpan/build/DhMakePerl-0.78-BFE44k/blib/lib /home/david/cpantesting/perl-5.18.0/.cpan/build/DhMakePerl-0.78-BFE44k/blib/arch privinc /home/david/cpantesting/perl-5.18.0/lib/site_perl/5.18.0/x86_64-linux-thread-multi /home/david/cpantesting/perl-5.18.0/lib/site_perl/5.18.0 /home/david/cpantesting/perl-5.18.0/lib/5.18.0/x86_64-linux-thread-multi /home/david/cpantesting/perl-5.18.0/lib/5.18.0 .) at /home/david/cpantesting/perl-5.18.0/.cpan/build/DhMakePerl-0.78-BFE44k/blib/lib/Debian/Dependency.pm line 8.
# BEGIN failed--compilation aborted at /home/david/cpantesting/perl-5.18.0/.cpan/build/DhMakePerl-0.78-BFE44k/blib/lib/Debian/Dependency.pm line 8.
# Compilation failed in require at (eval 4) line 2.
# BEGIN failed--compilation aborted at (eval 4) line 2.

#   Failed test 'simple Dep constructed'
#   at t/Dep.t line 14.
Can't call method "pkg" on an undefined value at t/Dep.t line 15.
# Looks like you planned 167 tests but ran 2.
# Looks like you failed 2 tests of 2 run.
# Looks like your test exited with 255 just after 2.
t/Dep.t ............................. 
Dubious, test returned 255 (wstat 65280, 0xff00)
Failed 167/167 subtests 

#   Failed test 'use Debian::Dependencies;'
#   at t/Dependencies.t line 9.
#     Tried to use 'Debian::Dependencies'.
#     Error:  Can't locate AptPkg/Config.pm in @INC (you may need to install the AptPkg::Config module) (@INC contains: /home/david/cpantesting/perl-5.18.0/.cpan/build/DhMakePerl-0.78-BFE44k/blib/lib /home/david/cpantesting/perl-5.18.0/.cpan/build/DhMakePerl-0.78-BFE44k/blib/arch privinc /home/david/cpantesting/perl-5.18.0/lib/site_perl/5.18.0/x86_64-linux-thread-multi /home/david/cpantesting/perl-5.18.0/lib/site_perl/5.18.0 /home/david/cpantesting/perl-5.18.0/lib/5.18.0/x86_64-linux-thread-multi /home/david/cpantesting/perl-5.18.0/lib/5.18.0 .) at /home/david/cpantesting/perl-5.18.0/.cpan/build/DhMakePerl-0.78-BFE44k/blib/lib/Debian/Dependencies.pm line 8.
# BEGIN failed--compilation aborted at /home/david/cpantesting/perl-5.18.0/.cpan/build/DhMakePerl-0.78-BFE44k/blib/lib/Debian/Dependencies.pm line 8.
# Compilation failed in require at (eval 7) line 2.
# BEGIN failed--compilation aborted at (eval 7) line 2.
Can't locate object method "new" via package "Debian::Dependencies" at t/Dependencies.t line 12.
# Looks like you failed 1 test of 1.
# Looks like your test exited with 255 just after 1.
t/Dependencies.t .................... 
Dubious, test returned 255 (wstat 65280, 0xff00)
Failed 1/1 subtests 

#   Failed test 'Errno is in perl-base'
#   at t/DpkgLists.t line 23.
#     Structures begin differing at:
#          $got->[0] = Does not exist
#     $expected->[0] = 'perl-base'

#   Failed test 'IO::Socket::UNIX is in perl-base'
#   at t/DpkgLists.t line 26.
#     Structures begin differing at:
#          $got->[0] = Does not exist
#     $expected->[0] = 'perl-base'

#   Failed test 'utf8 is in perl-base'
#   at t/DpkgLists.t line 29.
#     Structures begin differing at:
#          $got->[0] = Does not exist
#     $expected->[0] = 'perl-base'
# Looks like you failed 3 tests of 7.
t/DpkgLists.t ....................... 
Dubious, test returned 3 (wstat 768, 0x300)
Failed 3/7 subtests 
Perl v5.10.0 required--this is only v5.8.8, stopped at lib/DhMakePerl.pm line 5.
BEGIN failed--compilation aborted at lib/DhMakePerl.pm line 5.
Compilation failed in require at /home/david/cpantesting/perl-5.18.0/.cpan/build/DhMakePerl-0.78-BFE44k/t/../dh-make-perl line 6.
BEGIN failed--compilation aborted at /home/david/cpantesting/perl-5.18.0/.cpan/build/DhMakePerl-0.78-BFE44k/t/../dh-make-perl line 6.

#   Failed test 'Strange-0.1: system returned 0'
#   at t/cache.t line 37.
#          got: '2304'
#     expected: '0'
unlink(/home/david/cpantesting/perl-5.18.0/.cpan/build/DhMakePerl-0.78-BFE44k/t/contents.cache): No such file or directory at t/cache.t line 42.
# Looks like you failed 1 test of 1.
# Looks like your test exited with 2 just after 1.
t/cache.t ........................... 
Dubious, test returned 2 (wstat 512, 0x200)
Failed 1/1 subtests 
Can't locate AptPkg/Config.pm in @INC (you may need to install the AptPkg::Config module) (@INC contains: /home/david/cpantesting/perl-5.18.0/.cpan/build/DhMakePerl-0.78-BFE44k/blib/lib /home/david/cpantesting/perl-5.18.0/.cpan/build/DhMakePerl-0.78-BFE44k/blib/arch privinc /home/david/cpantesting/perl-5.18.0/lib/site_perl/5.18.0/x86_64-linux-thread-multi /home/david/cpantesting/perl-5.18.0/lib/site_perl/5.18.0 /home/david/cpantesting/perl-5.18.0/lib/5.18.0/x86_64-linux-thread-multi /home/david/cpantesting/perl-5.18.0/lib/5.18.0 .) at /home/david/cpantesting/perl-5.18.0/.cpan/build/DhMakePerl-0.78-BFE44k/blib/lib/Debian/Dependency.pm line 8.
BEGIN failed--compilation aborted at /home/david/cpantesting/perl-5.18.0/.cpan/build/DhMakePerl-0.78-BFE44k/blib/lib/Debian/Dependency.pm line 8.
Compilation failed in require at /home/david/cpantesting/perl-5.18.0/.cpan/build/DhMakePerl-0.78-BFE44k/blib/lib/DhMakePerl/Utils.pm line 34.
BEGIN failed--compilation aborted at /home/david/cpantesting/perl-5.18.0/.cpan/build/DhMakePerl-0.78-BFE44k/blib/lib/DhMakePerl/Utils.pm line 34.
Compilation failed in require at t/core-modules.t line 8.
BEGIN failed--compilation aborted at t/core-modules.t line 8.
# Looks like your test exited with 2 before it could output anything.
t/core-modules.t .................... 
Dubious, test returned 2 (wstat 512, 0x200)
Failed 7/7 subtests 
Can't locate AptPkg/Config.pm in @INC (you may need to install the AptPkg::Config module) (@INC contains: /home/david/cpantesting/perl-5.18.0/.cpan/build/DhMakePerl-0.78-BFE44k/blib/lib /home/david/cpantesting/perl-5.18.0/.cpan/build/DhMakePerl-0.78-BFE44k/blib/arch privinc /home/david/cpantesting/perl-5.18.0/lib/site_perl/5.18.0/x86_64-linux-thread-multi /home/david/cpantesting/perl-5.18.0/lib/site_perl/5.18.0 /home/david/cpantesting/perl-5.18.0/lib/5.18.0/x86_64-linux-thread-multi /home/david/cpantesting/perl-5.18.0/lib/5.18.0 .) at /home/david/cpantesting/perl-5.18.0/.cpan/build/DhMakePerl-0.78-BFE44k/blib/lib/Debian/Dependency.pm line 8.
BEGIN failed--compilation aborted at /home/david/cpantesting/perl-5.18.0/.cpan/build/DhMakePerl-0.78-BFE44k/blib/lib/Debian/Dependency.pm line 8.
Compilation failed in require at /home/david/cpantesting/perl-5.18.0/.cpan/build/DhMakePerl-0.78-BFE44k/blib/lib/DhMakePerl/Utils.pm line 34.
BEGIN failed--compilation aborted at /home/david/cpantesting/perl-5.18.0/.cpan/build/DhMakePerl-0.78-BFE44k/blib/lib/DhMakePerl/Utils.pm line 34.
Compilation failed in require at t/corelist.t line 8.
BEGIN failed--compilation aborted at t/corelist.t line 8.
# Looks like your test exited with 2 before it could output anything.
t/corelist.t ........................ 
Dubious, test returned 2 (wstat 512, 0x200)
Failed 7/7 subtests 
t/critic.t .......................... ok
Can't locate AptPkg/Config.pm in @INC (you may need to install the AptPkg::Config module) (@INC contains: /home/david/cpantesting/perl-5.18.0/.cpan/build/DhMakePerl-0.78-BFE44k/blib/lib /home/david/cpantesting/perl-5.18.0/.cpan/build/DhMakePerl-0.78-BFE44k/blib/arch privinc /home/david/cpantesting/perl-5.18.0/lib/site_perl/5.18.0/x86_64-linux-thread-multi /home/david/cpantesting/perl-5.18.0/lib/site_perl/5.18.0 /home/david/cpantesting/perl-5.18.0/lib/5.18.0/x86_64-linux-thread-multi /home/david/cpantesting/perl-5.18.0/lib/5.18.0) at /home/david/cpantesting/perl-5.18.0/.cpan/build/DhMakePerl-0.78-BFE44k/blib/lib/Debian/Dependency.pm line 8.
BEGIN failed--compilation aborted at /home/david/cpantesting/perl-5.18.0/.cpan/build/DhMakePerl-0.78-BFE44k/blib/lib/Debian/Dependency.pm line 8.
Compilation failed in require at /home/david/cpantesting/perl-5.18.0/.cpan/build/DhMakePerl-0.78-BFE44k/blib/lib/Debian/AptContents.pm line 36.
BEGIN failed--compilation aborted at /home/david/cpantesting/perl-5.18.0/.cpan/build/DhMakePerl-0.78-BFE44k/blib/lib/Debian/AptContents.pm line 36.
Compilation failed in require at /home/david/cpantesting/perl-5.18.0/.cpan/build/DhMakePerl-0.78-BFE44k/blib/lib/DhMakePerl.pm line 49.
BEGIN failed--compilation aborted at /home/david/cpantesting/perl-5.18.0/.cpan/build/DhMakePerl-0.78-BFE44k/blib/lib/DhMakePerl.pm line 49.
Compilation failed in require at t/debian-version.t line 5.
BEGIN failed--compilation aborted at t/debian-version.t line 5.
t/debian-version.t .................. 
Dubious, test returned 2 (wstat 512, 0x200)
No subtests run 
Can't locate IPC/Run.pm in @INC (you may need to install the IPC::Run module) (@INC contains: /home/david/cpantesting/perl-5.18.0/.cpan/build/DhMakePerl-0.78-BFE44k/blib/lib /home/david/cpantesting/perl-5.18.0/.cpan/build/DhMakePerl-0.78-BFE44k/blib/arch privinc /home/david/cpantesting/perl-5.18.0/lib/site_perl/5.18.0/x86_64-linux-thread-multi /home/david/cpantesting/perl-5.18.0/lib/site_perl/5.18.0 /home/david/cpantesting/perl-5.18.0/lib/5.18.0/x86_64-linux-thread-multi /home/david/cpantesting/perl-5.18.0/lib/5.18.0 .) at t/dists.t line 93.
BEGIN failed--compilation aborted at t/dists.t line 93.
# Looks like your test exited with 2 before it could output anything.
t/dists.t ........................... 
Dubious, test returned 2 (wstat 512, 0x200)
Failed 16/16 subtests 
Can't locate AptPkg/Config.pm in @INC (you may need to install the AptPkg::Config module) (@INC contains: /home/david/cpantesting/perl-5.18.0/.cpan/build/DhMakePerl-0.78-BFE44k/blib/lib /home/david/cpantesting/perl-5.18.0/.cpan/build/DhMakePerl-0.78-BFE44k/blib/arch privinc /home/david/cpantesting/perl-5.18.0/lib/site_perl/5.18.0/x86_64-linux-thread-multi /home/david/cpantesting/perl-5.18.0/lib/site_perl/5.18.0 /home/david/cpantesting/perl-5.18.0/lib/5.18.0/x86_64-linux-thread-multi /home/david/cpantesting/perl-5.18.0/lib/5.18.0 .) at /home/david/cpantesting/perl-5.18.0/.cpan/build/DhMakePerl-0.78-BFE44k/blib/lib/Debian/Dependency.pm line 8.
BEGIN failed--compilation aborted at /home/david/cpantesting/perl-5.18.0/.cpan/build/DhMakePerl-0.78-BFE44k/blib/lib/Debian/Dependency.pm line 8.
Compilation failed in require at /home/david/cpantesting/perl-5.18.0/.cpan/build/DhMakePerl-0.78-BFE44k/blib/lib/Debian/AptContents.pm line 36.
BEGIN failed--compilation aborted at /home/david/cpantesting/perl-5.18.0/.cpan/build/DhMakePerl-0.78-BFE44k/blib/lib/Debian/AptContents.pm line 36.
Compilation failed in require at /home/david/cpantesting/perl-5.18.0/.cpan/build/DhMakePerl-0.78-BFE44k/blib/lib/DhMakePerl.pm line 49.
BEGIN failed--compilation aborted at /home/david/cpantesting/perl-5.18.0/.cpan/build/DhMakePerl-0.78-BFE44k/blib/lib/DhMakePerl.pm line 49.
Compilation failed in require at (eval 6) line 2.
	...propagated at /home/david/cpantesting/perl-5.18.0/lib/5.18.0/base.pm line 84.
BEGIN failed--compilation aborted at /home/david/cpantesting/perl-5.18.0/.cpan/build/DhMakePerl-0.78-BFE44k/blib/lib/DhMakePerl/Command/Packaging.pm line 16.
Compilation failed in require at (eval 5) line 2.
	...propagated at /home/david/cpantesting/perl-5.18.0/lib/5.18.0/base.pm line 84.
BEGIN failed--compilation aborted at /home/david/cpantesting/perl-5.18.0/.cpan/build/DhMakePerl-0.78-BFE44k/blib/lib/DhMakePerl/Command/make.pm line 8.
Compilation failed in require at t/extract_name_ver.t line 5.
BEGIN failed--compilation aborted at t/extract_name_ver.t line 5.
# Looks like your test exited with 2 before it could output anything.
t/extract_name_ver.t ................ 
Dubious, test returned 2 (wstat 512, 0x200)
Failed 5/5 subtests 
Can't locate AptPkg/Config.pm in @INC (you may need to install the AptPkg::Config module) (@INC contains: /home/david/cpantesting/perl-5.18.0/.cpan/build/DhMakePerl-0.78-BFE44k/blib/lib /home/david/cpantesting/perl-5.18.0/.cpan/build/DhMakePerl-0.78-BFE44k/blib/arch privinc /home/david/cpantesting/perl-5.18.0/lib/site_perl/5.18.0/x86_64-linux-thread-multi /home/david/cpantesting/perl-5.18.0/lib/site_perl/5.18.0 /home/david/cpantesting/perl-5.18.0/lib/5.18.0/x86_64-linux-thread-multi /home/david/cpantesting/perl-5.18.0/lib/5.18.0 .) at /home/david/cpantesting/perl-5.18.0/.cpan/build/DhMakePerl-0.78-BFE44k/blib/lib/Debian/Dependency.pm line 8.
BEGIN failed--compilation aborted at /home/david/cpantesting/perl-5.18.0/.cpan/build/DhMakePerl-0.78-BFE44k/blib/lib/Debian/Dependency.pm line 8.
Compilation failed in require at /home/david/cpantesting/perl-5.18.0/.cpan/build/DhMakePerl-0.78-BFE44k/blib/lib/Debian/AptContents.pm line 36.
BEGIN failed--compilation aborted at /home/david/cpantesting/perl-5.18.0/.cpan/build/DhMakePerl-0.78-BFE44k/blib/lib/Debian/AptContents.pm line 36.
Compilation failed in require at /home/david/cpantesting/perl-5.18.0/.cpan/build/DhMakePerl-0.78-BFE44k/blib/lib/DhMakePerl.pm line 49.
BEGIN failed--compilation aborted at /home/david/cpantesting/perl-5.18.0/.cpan/build/DhMakePerl-0.78-BFE44k/blib/lib/DhMakePerl.pm line 49.
Compilation failed in require at (eval 6) line 2.
	...propagated at /home/david/cpantesting/perl-5.18.0/lib/5.18.0/base.pm line 84.
BEGIN failed--compilation aborted at /home/david/cpantesting/perl-5.18.0/.cpan/build/DhMakePerl-0.78-BFE44k/blib/lib/DhMakePerl/Command/Packaging.pm line 16.
Compilation failed in require at (eval 5) line 2.
	...propagated at /home/david/cpantesting/perl-5.18.0/lib/5.18.0/base.pm line 84.
BEGIN failed--compilation aborted at /home/david/cpantesting/perl-5.18.0/.cpan/build/DhMakePerl-0.78-BFE44k/blib/lib/DhMakePerl/Command/make.pm line 8.
Compilation failed in require at t/extract_name_ver_from_makefile.t line 6.
BEGIN failed--compilation aborted at t/extract_name_ver_from_makefile.t line 6.
# Looks like your test exited with 2 before it could output anything.
t/extract_name_ver_from_makefile.t .. 
Dubious, test returned 2 (wstat 512, 0x200)
No subtests run 
t/manifest.t ........................ skipped: Test::DistManifest only happens for RELEASE_TESTING

#   Failed test 'use Debian::Control::FromCPAN;'
#   at t/perl-deps.t line 10.
#     Tried to use 'Debian::Control::FromCPAN'.
#     Error:  Can't locate AptPkg/Config.pm in @INC (you may need to install the AptPkg::Config module) (@INC contains: /home/david/cpantesting/perl-5.18.0/.cpan/build/DhMakePerl-0.78-BFE44k/blib/lib /home/david/cpantesting/perl-5.18.0/.cpan/build/DhMakePerl-0.78-BFE44k/blib/arch privinc /home/david/cpantesting/perl-5.18.0/lib/site_perl/5.18.0/x86_64-linux-thread-multi /home/david/cpantesting/perl-5.18.0/lib/site_perl/5.18.0 /home/david/cpantesting/perl-5.18.0/lib/5.18.0/x86_64-linux-thread-multi /home/david/cpantesting/perl-5.18.0/lib/5.18.0 .) at /home/david/cpantesting/perl-5.18.0/.cpan/build/DhMakePerl-0.78-BFE44k/blib/lib/Debian/Dependencies.pm line 8.
# BEGIN failed--compilation aborted at /home/david/cpantesting/perl-5.18.0/.cpan/build/DhMakePerl-0.78-BFE44k/blib/lib/Debian/Dependencies.pm line 8.
# Compilation failed in require at /home/david/cpantesting/perl-5.18.0/.cpan/build/DhMakePerl-0.78-BFE44k/blib/lib/Debian/Control/Stanza.pm line 34.
# BEGIN failed--compilation aborted at /home/david/cpantesting/perl-5.18.0/.cpan/build/DhMakePerl-0.78-BFE44k/blib/lib/Debian/Control/Stanza.pm line 34.
# Compilation failed in require at (eval 31) line 2.
# 	...propagated at /home/david/cpantesting/perl-5.18.0/lib/5.18.0/base.pm line 84.
# BEGIN failed--compilation aborted at /home/david/cpantesting/perl-5.18.0/.cpan/build/DhMakePerl-0.78-BFE44k/blib/lib/Debian/Control/Stanza/Source.pm line 80.
# Compilation failed in require at /home/david/cpantesting/perl-5.18.0/.cpan/build/DhMakePerl-0.78-BFE44k/blib/lib/Debian/Control.pm line 60.
# BEGIN failed--compilation aborted at /home/david/cpantesting/perl-5.18.0/.cpan/build/DhMakePerl-0.78-BFE44k/blib/lib/Debian/Control.pm line 60.
# Compilation failed in require at (eval 7) line 2.
# 	...propagated at /home/david/cpantesting/perl-5.18.0/lib/5.18.0/base.pm line 84.
# BEGIN failed--compilation aborted at /home/david/cpantesting/perl-5.18.0/.cpan/build/DhMakePerl-0.78-BFE44k/blib/lib/Debian/Control/FromCPAN.pm line 23.
# Compilation failed in require at (eval 6) line 2.
# BEGIN failed--compilation aborted at (eval 6) line 2.

#   Failed test 'use Debian::Dependency;'
#   at t/perl-deps.t line 11.
#     Tried to use 'Debian::Dependency'.
#     Error:  Can't locate AptPkg/Config.pm in @INC (you may need to install the AptPkg::Config module) (@INC contains: /home/david/cpantesting/perl-5.18.0/.cpan/build/DhMakePerl-0.78-BFE44k/blib/lib /home/david/cpantesting/perl-5.18.0/.cpan/build/DhMakePerl-0.78-BFE44k/blib/arch privinc /home/david/cpantesting/perl-5.18.0/lib/site_perl/5.18.0/x86_64-linux-thread-multi /home/david/cpantesting/perl-5.18.0/lib/site_perl/5.18.0 /home/david/cpantesting/perl-5.18.0/lib/5.18.0/x86_64-linux-thread-multi /home/david/cpantesting/perl-5.18.0/lib/5.18.0 .) at /home/david/cpantesting/perl-5.18.0/.cpan/build/DhMakePerl-0.78-BFE44k/blib/lib/Debian/Dependency.pm line 8.
# BEGIN failed--compilation aborted at /home/david/cpantesting/perl-5.18.0/.cpan/build/DhMakePerl-0.78-BFE44k/blib/lib/Debian/Dependency.pm line 8.
# Compilation failed in require at (eval 34) line 2.
# BEGIN failed--compilation aborted at (eval 34) line 2.
Can't locate object method "new" via package "Debian::Dependency" at t/perl-deps.t line 21.
# Looks like you planned 12 tests but ran 3.
# Looks like you failed 2 tests of 3 run.
# Looks like your test exited with 255 just after 3.
t/perl-deps.t ....................... 
Dubious, test returned 255 (wstat 65280, 0xff00)
Failed 11/12 subtests 

#   Failed test 'use DhMakePerl::Utils;'
#   at t/perl-versions.t line 9.
#     Tried to use 'DhMakePerl::Utils'.
#     Error:  Can't locate AptPkg/Config.pm in @INC (you may need to install the AptPkg::Config module) (@INC contains: /home/david/cpantesting/perl-5.18.0/.cpan/build/DhMakePerl-0.78-BFE44k/blib/lib /home/david/cpantesting/perl-5.18.0/.cpan/build/DhMakePerl-0.78-BFE44k/blib/arch privinc /home/david/cpantesting/perl-5.18.0/lib/site_perl/5.18.0/x86_64-linux-thread-multi /home/david/cpantesting/perl-5.18.0/lib/site_perl/5.18.0 /home/david/cpantesting/perl-5.18.0/lib/5.18.0/x86_64-linux-thread-multi /home/david/cpantesting/perl-5.18.0/lib/5.18.0 .) at /home/david/cpantesting/perl-5.18.0/.cpan/build/DhMakePerl-0.78-BFE44k/blib/lib/Debian/Dependency.pm line 8.
# BEGIN failed--compilation aborted at /home/david/cpantesting/perl-5.18.0/.cpan/build/DhMakePerl-0.78-BFE44k/blib/lib/Debian/Dependency.pm line 8.
# Compilation failed in require at /home/david/cpantesting/perl-5.18.0/.cpan/build/DhMakePerl-0.78-BFE44k/blib/lib/DhMakePerl/Utils.pm line 34.
# BEGIN failed--compilation aborted at /home/david/cpantesting/perl-5.18.0/.cpan/build/DhMakePerl-0.78-BFE44k/blib/lib/DhMakePerl/Utils.pm line 34.
# Compilation failed in require at (eval 4) line 2.
# BEGIN failed--compilation aborted at (eval 4) line 2.
Undefined subroutine &DhMakePerl::Utils::nice_perl_ver called at t/perl-versions.t line 15.
# Looks like you planned 22 tests but ran 1.
# Looks like you failed 1 test of 1 run.
# Looks like your test exited with 255 just after 1.
t/perl-versions.t ................... 
Dubious, test returned 255 (wstat 65280, 0xff00)
Failed 22/22 subtests 
t/pod-coverage.t .................... skipped: Test::Pod::Coverage 1.08 required for testing POD coverage
t/pod.t ............................. skipped: Test::Pod 1.22 required for testing POD
t/rules.t ........................... ok

#   Failed test 'use DhMakePerl::Utils;'
#   at t/split_version_relation.t line 5.
#     Tried to use 'DhMakePerl::Utils'.
#     Error:  Can't locate AptPkg/Config.pm in @INC (you may need to install the AptPkg::Config module) (@INC contains: /home/david/cpantesting/perl-5.18.0/.cpan/build/DhMakePerl-0.78-BFE44k/blib/lib /home/david/cpantesting/perl-5.18.0/.cpan/build/DhMakePerl-0.78-BFE44k/blib/arch privinc /home/david/cpantesting/perl-5.18.0/lib/site_perl/5.18.0/x86_64-linux-thread-multi /home/david/cpantesting/perl-5.18.0/lib/site_perl/5.18.0 /home/david/cpantesting/perl-5.18.0/lib/5.18.0/x86_64-linux-thread-multi /home/david/cpantesting/perl-5.18.0/lib/5.18.0) at /home/david/cpantesting/perl-5.18.0/.cpan/build/DhMakePerl-0.78-BFE44k/blib/lib/Debian/Dependency.pm line 8.
# BEGIN failed--compilation aborted at /home/david/cpantesting/perl-5.18.0/.cpan/build/DhMakePerl-0.78-BFE44k/blib/lib/Debian/Dependency.pm line 8.
# Compilation failed in require at /home/david/cpantesting/perl-5.18.0/.cpan/build/DhMakePerl-0.78-BFE44k/blib/lib/DhMakePerl/Utils.pm line 34.
# BEGIN failed--compilation aborted at /home/david/cpantesting/perl-5.18.0/.cpan/build/DhMakePerl-0.78-BFE44k/blib/lib/DhMakePerl/Utils.pm line 34.
# Compilation failed in require at (eval 4) line 2.
# BEGIN failed--compilation aborted at (eval 4) line 2.
Undefined subroutine &main::split_version_relation called at t/split_version_relation.t line 7.
# Looks like you planned 3 tests but ran 1.
# Looks like you failed 1 test of 1 run.
# Looks like your test exited with 255 just after 1.
t/split_version_relation.t .......... 
Dubious, test returned 255 (wstat 65280, 0xff00)
Failed 3/3 subtests 

Test Summary Report
-------------------
t/00-load.t                       (Wstat: 4864 Tests: 25 Failed: 19)
  Failed tests:  1, 3-6, 9-17, 20-23, 25
  Non-zero exit status: 19
t/AptContents.t                   (Wstat: 512 Tests: 4 Failed: 3)
  Failed tests:  1-3
  Non-zero exit status: 2
  Parse errors: Bad plan.  You planned 26 tests but ran 4.
t/Control.t                       (Wstat: 65280 Tests: 7 Failed: 7)
  Failed tests:  1-7
  Non-zero exit status: 255
  Parse errors: Bad plan.  You planned 22 tests but ran 7.
t/Dep.t                           (Wstat: 65280 Tests: 2 Failed: 2)
  Failed tests:  1-2
  Non-zero exit status: 255
  Parse errors: Bad plan.  You planned 167 tests but ran 2.
t/Dependencies.t                  (Wstat: 65280 Tests: 1 Failed: 1)
  Failed test:  1
  Non-zero exit status: 255
t/DpkgLists.t                     (Wstat: 768 Tests: 7 Failed: 3)
  Failed tests:  5-7
  Non-zero exit status: 3
t/cache.t                         (Wstat: 512 Tests: 1 Failed: 1)
  Failed test:  1
  Non-zero exit status: 2
t/core-modules.t                  (Wstat: 512 Tests: 0 Failed: 0)
  Non-zero exit status: 2
  Parse errors: Bad plan.  You planned 7 tests but ran 0.
t/corelist.t                      (Wstat: 512 Tests: 0 Failed: 0)
  Non-zero exit status: 2
  Parse errors: Bad plan.  You planned 7 tests but ran 0.
t/debian-version.t                (Wstat: 512 Tests: 0 Failed: 0)
  Non-zero exit status: 2
  Parse errors: No plan found in TAP output
t/dists.t                         (Wstat: 512 Tests: 0 Failed: 0)
  Non-zero exit status: 2
  Parse errors: Bad plan.  You planned 16 tests but ran 0.
t/extract_name_ver.t              (Wstat: 512 Tests: 0 Failed: 0)
  Non-zero exit status: 2
  Parse errors: Bad plan.  You planned 5 tests but ran 0.
t/extract_name_ver_from_makefile.t (Wstat: 512 Tests: 0 Failed: 0)
  Non-zero exit status: 2
  Parse errors: No plan found in TAP output
t/perl-deps.t                     (Wstat: 65280 Tests: 3 Failed: 2)
  Failed tests:  1-2
  Non-zero exit status: 255
  Parse errors: Bad plan.  You planned 12 tests but ran 3.
t/perl-versions.t                 (Wstat: 65280 Tests: 1 Failed: 1)
  Failed test:  1
  Non-zero exit status: 255
  Parse errors: Bad plan.  You planned 22 tests but ran 1.
t/split_version_relation.t        (Wstat: 65280 Tests: 1 Failed: 1)
  Failed test:  1
  Non-zero exit status: 255
  Parse errors: Bad plan.  You planned 3 tests but ran 1.
Files=22, Tests=91, 10 wallclock secs ( 0.07 usr  0.10 sys +  6.58 cusr  0.46 csys =  7.21 CPU)
Result: FAIL
Failed 16/22 test programs. 40/91 subtests failed.

------------------------------
PREREQUISITES
------------------------------

Prerequisite modules loaded:

requires:

    Module                          Need  Have     
    ------------------------------- ----- ---------
  ! AptPkg::Cache                   0     n/a      
  ! AptPkg::Config                  0     n/a      
    Array::Unique                   0     0.08     
    Carp                            0     1.29     
    CPAN                            0     2.00     
    CPAN::Meta                      0     2.120921 
    Cwd                             0     3.40     
  ! Dpkg                            0     n/a      
  ! Dpkg::Source::Package           0     n/a      
    Email::Address                  0     1.900    
    Email::Date::Format             0     1.004    
    File::Basename                  0     2.84     
    File::Copy                      0     2.26     
    File::Find::Rule                0     0.33     
    File::Spec                      0     3.40     
    File::Spec::Functions           0     3.40     
    File::Which                     0     1.09     
    FindBin                         0     1.51     
    Getopt::Long                    0     2.39     
    IO::File                        0     1.16     
    IO::Uncompress::Gunzip          0     2.060    
    List::MoreUtils                 0     0.33     
    Module::Build                   0     0.4003   
    Module::CoreList                0     2.90     
    Module::Depends                 0     0.16     
    Module::Depends::Intrusive      0     0        
    Parse::DebControl               0     2.005    
  ! Parse::DebianChangelog          0     n/a      
    perl                            5.010 5.018000 
    Software::License::Artistic_2_0 0     0.103005 
    Storable                        0     2.41     
    Text::Diff                      0     1.41     
    Text::Wrap                      0     2012.0818
    Tie::File                       0     0.99     
    Tie::IxHash                     0     1.23     
    User::pwent                     0     1.00     
    version                         0     0.9902   
    WWW::Mechanize                  0     1.72     
    YAML                            0     0.84     

build_requires:

    Module                          Need  Have     
    ------------------------------- ----- ---------
    File::DirCompare                0     0.7      
    File::Touch                     0     0.08     
  ! IPC::Run                        0     n/a      
    Test::Compile                   0     0.24     
    Test::Deep                      0     0.110    
    Test::Differences               0     0.61     
    Test::Exception                 0     0.32     
    Test::More                      0     0.98     

configure_requires:

    Module                          Need  Have     
    ------------------------------- ----- ---------
    Module::Build                   0.38  0.4003   


------------------------------
ENVIRONMENT AND OTHER CONTEXT
------------------------------

Environment variables:

    AUTOMATED_TESTING = 1
    PATH = /usr/local/bin:/usr/bin:/bin:/usr/games
    PERL = 5.18.0
    PERL5LIB = 
    PERL5OPT = 
    PERL5_CPANPLUS_IS_RUNNING = 28235
    PERL5_CPAN_IS_RUNNING = 28235
    PERLVER = 5.18.0
    PERL_INLINE_DIRECTORY = /home/david/.Inline-5.18.0
    PERL_MM_USE_DEFAULT = 1
    SHELL = /bin/bash
    TERM = screen

Perl special variables (and OS-specific diagnostics, for MSWin32):

    $^X = /home/david/cpantesting/perl-5.18.0/bin/perl
    $UID/$EUID = 1000 / 1000
    $GID = 1000 1000
    $EGID = 1000 1000

Perl module toolchain versions installed:

    Module              Have    
    ------------------- --------
    CPAN                2.00    
    CPAN::Meta          2.120921
    Cwd                 3.40    
    ExtUtils::CBuilder  0.280210
    ExtUtils::Command   1.17    
    ExtUtils::Install   1.59    
    ExtUtils::MakeMaker 6.73_09 
    ExtUtils::Manifest  1.63    
    ExtUtils::ParseXS   3.18    
    File::Spec          3.40    
    JSON                2.57    
    JSON::PP            2.27202 
    Module::Build       0.4003  
    Module::Signature   n/a     
    Parse::CPAN::Meta   1.4405  
    Test::Harness       3.26    
    Test::More          0.98    
    YAML                0.84    
    YAML::Syck          n/a     
    version             0.9902  


--

Summary of my perl5 (revision 5 version 18 subversion 0) configuration:
   
  Platform:
    osname=linux, osvers=3.2.0-4-amd64, archname=x86_64-linux-thread-multi
    uname='linux pigsty.barnyard.co.uk 3.2.0-4-amd64 #1 smp debian 3.2.35-2 x86_64 gnulinux '
    config_args='-de -Dprefix=/home/david/cpantesting/perl-5.18.0 -Dusethreads -Duse64bitall'
    hint=recommended, useposix=true, d_sigaction=define
    useithreads=define, usemultiplicity=define
    useperlio=define, d_sfio=undef, uselargefiles=define, usesocks=undef
    use64bitint=define, use64bitall=define, uselongdouble=undef
    usemymalloc=n, bincompat5005=undef
  Compiler:
    cc='cc', ccflags ='-D_REENTRANT -D_GNU_SOURCE -fno-strict-aliasing -pipe -fstack-protector -I/usr/local/include -D_LARGEFILE_SOURCE -D_FILE_OFFSET_BITS=64',
    optimize='-O2',
    cppflags='-D_REENTRANT -D_GNU_SOURCE -fno-strict-aliasing -pipe -fstack-protector -I/usr/local/include'
    ccversion='', gccversion='4.1.2 20061115 (prerelease) (Debian 4.1.1-21)', gccosandvers=''
    intsize=4, longsize=8, ptrsize=8, doublesize=8, byteorder=12345678
    d_longlong=define, longlongsize=8, d_longdbl=define, longdblsize=16
    ivtype='long', ivsize=8, nvtype='double', nvsize=8, Off_t='off_t', lseeksize=8
    alignbytes=8, prototype=define
  Linker and Libraries:
    ld='cc', ldflags =' -fstack-protector -L/usr/local/lib'
    libpth=/usr/local/lib /lib /usr/lib /lib64 /usr/lib64
    libs=-lnsl -lgdbm -ldb -ldl -lm -lcrypt -lutil -lpthread -lc -lgdbm_compat
    perllibs=-lnsl -ldl -lm -lcrypt -lutil -lpthread -lc
    libc=/lib/libc-2.3.6.so, so=so, useshrplib=false, libperl=libperl.a
    gnulibc_version='2.3.6'
  Dynamic Linking:
    dlsrc=dl_dlopen.xs, dlext=so, d_dlsymun=undef, ccdlflags='-Wl,-E'
    cccdlflags='-fPIC', lddlflags='-shared -O2 -L/usr/local/lib -fstack-protector'


Characteristics of this binary (from libperl): 
  Compile-time options: HAS_TIMES MULTIPLICITY PERLIO_LAYERS
                        PERL_DONT_CREATE_GVSV
                        PERL_HASH_FUNC_ONE_AT_A_TIME_HARD
                        PERL_IMPLICIT_CONTEXT PERL_MALLOC_WRAP
                        PERL_PRESERVE_IVUV PERL_SAWAMPERSAND USE_64_BIT_ALL
                        USE_64_BIT_INT USE_ITHREADS USE_LARGE_FILES
                        USE_LOCALE USE_LOCALE_COLLATE USE_LOCALE_CTYPE
                        USE_LOCALE_NUMERIC USE_PERLIO USE_PERL_ATOF
                        USE_REENTRANT_API
  Built under linux
  Compiled at May 20 2013 18:28:55
  %ENV:
    PERL="5.18.0"
    PERL5LIB=""
    PERL5OPT=""
    PERL5_CPANPLUS_IS_RUNNING="28235"
    PERL5_CPAN_IS_RUNNING="28235"
    PERLVER="5.18.0"
    PERL_INLINE_DIRECTORY="/home/david/.Inline-5.18.0"
    PERL_MM_USE_DEFAULT="1"
  @INC:
    /home/david/cpantesting/perl-5.18.0/lib/site_perl/5.18.0/x86_64-linux-thread-multi
    /home/david/cpantesting/perl-5.18.0/lib/site_perl/5.18.0
    /home/david/cpantesting/perl-5.18.0/lib/5.18.0/x86_64-linux-thread-multi
    /home/david/cpantesting/perl-5.18.0/lib/5.18.0
    .