Test-MockCommand v0.05 Perl 5 v5.26.0 armv7l-linux-thread-multi
- Status
- Fail
- From
- Nigel Horne
- Dist
-
Test-MockCommand v0.05
- Platform
- Perl 5 v5.26.0 armv7l-linux-thread-multi
- Date
- 2019-07-16 21:55:05
- ID
- 5ede9f9e-a814-11e9-8fa9-99a29f1e7dde
This distribution has been tested as part of the CPAN Testers
project, supporting the Perl programming language. See
http://wiki.cpantesters.org/ for more information or email
questions to cpan-testers-discuss@perl.org
--
Dear Stuart Caie,
This is a computer-generated report for Test-MockCommand-0.05
on perl 5.26.0, created by CPAN-Reporter-1.2018.
Thank you for uploading your work to CPAN. However, there was a problem
testing your distribution.
If you think this report is invalid, please consult the CPAN Testers Wiki
for suggestions on how to avoid getting FAIL reports for missing library
or binary dependencies, unsupported operating systems, and so on:
http://wiki.cpantesters.org/wiki/CPANAuthorNotes
Sections of this report:
* Tester comments
* Program output
* Prerequisites
* Environment and other context
------------------------------
TESTER COMMENTS
------------------------------
Additional comments from tester:
this report is from an automated smoke testing program
and was not reviewed by a human for accuracy
------------------------------
PROGRAM OUTPUT
------------------------------
Output from '/usr/bin/make test':
PERL_DL_NONLAZY=1 "/mnt/nas/home/pi2/njh/perl5/perlbrew/perls/perl-5.26.0/bin/perl5.26.0" "-MExtUtils::Command::MM" "-MTest::Harness" "-e" "undef *Test::Harness::Switches; test_harness(0, 'blib/lib', 'blib/arch')" t/*.t
# Failed test 'check that auto-save actually wrote a file'
# at t/auto-save2.t line 8.
# Looks like you failed 1 test of 1.
t/auto-save2.t ........
Dubious, test returned 1 (wstat 256, 0x100)
Failed 1/1 subtests
t/add-recorder.t ...... ok
t/auto-save3.t ........ ok
t/auto-save1.t ........ ok
# Failed test 'check that no file got written when autosave disabled'
# at t/auto-save4.t line 8.
# Looks like you failed 1 test of 1.
t/auto-save4.t ........
Dubious, test returned 1 (wstat 256, 0x100)
Failed 1/1 subtests
t/import-playback1.t .. ok
t/import-playback2.t .. ok
t/import-record.t ..... ok
t/find.t .............. ok
t/load-save.t ......... ok
t/open-handler.t ...... ok
t/open-normal.t ....... ok
t/pod-coverage.t ...... skipped: only run for author tests
cat: testfile.dat: No such file or directory
t/playback-nomock.t ... ok
# Failed test '$/ = "t"; open vs readpipe:cat'
# at t/playback-lines.t line 46.
#
# Structures begin differing at:
# $got->[0] = 'Hello t'
# $expected->[0] = Does not exist
#
# Failed test '$/ = "t"; open vs open:cat'
# at t/playback-lines.t line 47.
#
# Structures begin differing at:
# $got->[0] = 'Hello t'
# $expected->[0] = Does not exist
#
opening file: No such file or directory at t/playback-lines.t line 36.
# Looks like your test exited with 2 just after 9.
t/playback-lines.t ....
Dubious, test returned 2 (wstat 512, 0x200)
Failed 29/36 subtests
t/playback.t .......... ok
t/pod.t ............... skipped: only run for author tests
can't open testdb.dat: No such file or directory at t/recording-exec2.t line 11.
# Looks like your test exited with 2 just after 1.
t/recording-exec2.t ...
Dubious, test returned 2 (wstat 512, 0x200)
Failed 2/3 subtests
t/recording-exec1.t ... ok
t/recording-v595.t .... ok
t/recording.t ......... ok
t/status-funcs.t ...... ok
t/scalar-readline.t ... ok
Test Summary Report
-------------------
t/auto-save2.t (Wstat: 256 Tests: 1 Failed: 1)
Failed test: 1
Non-zero exit status: 1
t/auto-save4.t (Wstat: 256 Tests: 1 Failed: 1)
Failed test: 1
Non-zero exit status: 1
t/playback-lines.t (Wstat: 512 Tests: 9 Failed: 2)
Failed tests: 8-9
Non-zero exit status: 2
Parse errors: Bad plan. You planned 36 tests but ran 9.
t/recording-exec2.t (Wstat: 512 Tests: 1 Failed: 0)
Non-zero exit status: 2
Parse errors: Bad plan. You planned 3 tests but ran 1.
Files=23, Tests=220, 8 wallclock secs ( 0.68 usr 0.25 sys + 17.98 cusr 3.42 csys = 22.33 CPU)
Result: FAIL
Failed 4/23 test programs. 4/220 subtests failed.
Makefile:867: recipe for target 'test_dynamic' failed
make: *** [test_dynamic] Error 255
------------------------------
PREREQUISITES
------------------------------
Prerequisite modules loaded:
requires:
Module Need Have
------------------- ---- -----
Carp 0 1.42
Data::Dumper 0 2.167
Errno 0 1.28
POSIX 0 1.76
Symbol 0 1.08
Tie::Handle 0 4.2
build_requires:
Module Need Have
------------------- ---- -----
ExtUtils::MakeMaker 0 7.30
configure_requires:
Module Need Have
------------------- ---- -----
ExtUtils::MakeMaker 0 7.30
------------------------------
ENVIRONMENT AND OTHER CONTEXT
------------------------------
Environment variables:
AUTOMATED_TESTING = 1
HARNESS_OPTIONS = j4
LANG = en_GB.UTF-8
PATH = /home/njh/perl5/perlbrew/bin:/home/njh/perl5/perlbrew/perls/perl-5.26.0/bin:/home/njh/src/njh/smoker/bin:/usr/bin:/bin
PERL5LIB =
PERL5OPT =
PERL5_CPANPLUS_IS_RUNNING = 15410
PERL5_CPAN_IS_RUNNING = 15410
PERL5_CPAN_IS_RUNNING_IN_RECURSION = 15387,15410
PERLBREW_HOME = /home/njh/.perlbrew
PERLBREW_MANPATH = /home/njh/perl5/perlbrew/perls/perl-5.26.0/man
PERLBREW_PATH = /home/njh/perl5/perlbrew/bin:/home/njh/perl5/perlbrew/perls/perl-5.26.0/bin
PERLBREW_PERL = perl-5.26.0
PERLBREW_ROOT = /home/njh/perl5/perlbrew
PERLBREW_SHELLRC_VERSION = 0.84
PERLBREW_VERSION = 0.84
PERL_USE_UNSAFE_INC = 1
SHELL = /bin/sh
TEMP = /tmp/user/1000
TMPDIR = /tmp/user/1000/testwrapper.15394
Perl special variables (and OS-specific diagnostics, for MSWin32):
$^X = /mnt/nas/home/pi2/njh/perl5/perlbrew/perls/perl-5.26.0/bin/perl5.26.0
$UID/$EUID = 1000 / 1000
$GID = 1000 4 20 24 25 27 29 30 44 46 60 100 101 108 995 997 998 999 1000
$EGID = 1000 4 20 24 25 27 29 30 44 46 60 100 101 108 995 997 998 999 1000
Perl module toolchain versions installed:
Module Have
------------------- --------
CPAN 2.18
CPAN::Meta 2.150010
Cwd 3.67
ExtUtils::CBuilder 0.280226
ExtUtils::Command 7.30
ExtUtils::Install 2.14
ExtUtils::MakeMaker 7.30
ExtUtils::Manifest 1.70
ExtUtils::ParseXS 3.35
File::Spec 3.67
JSON 2.97001
JSON::PP 2.94
Module::Build 0.4224
Module::Signature n/a
Parse::CPAN::Meta 2.150010
Test::Harness 3.39
Test::More 1.302136
YAML 1.26
YAML::Syck 1.30
version 0.9918
--
Summary of my perl5 (revision 5 version 26 subversion 0) configuration:
Platform:
osname=linux
osvers=4.4.38-v7+
archname=armv7l-linux-thread-multi
uname='linux pi2 4.4.38-v7+ #938 smp thu dec 15 15:22:21 gmt 2016 armv7l gnulinux '
config_args='-de -Dprefix=/home/njh/perl5/perlbrew/perls/perl-5.26.0 -Duseithreads -Dusemultiplicity -Dusedevel -Accflags=-O2 -W -Wformat=2 -Wswitch -Wshadow -Wwrite-strings -Wuninitialized -Wall -pipe -fomit-frame-pointer -D_FORTIFY_SOURCE=2 -Wpointer-arith -Wstrict-prototypes -fstack-protector -Wstack-protector -Wextra -Wbad-function-cast -Wcast-align -Wcast-qual -Wdisabled-optimization -Wendif-labels -Wfloat-equal -Wformat-nonliteral -Winline -Wmissing-declarations -Wmissing-prototypes -Wnested-externs -Wpointer-arith -Wundef -Wformat-security -mtune=native -march=native -mfpu=vfp -mfloat-abi=hard -Aeval:scriptdir=/home/njh/perl5/perlbrew/perls/perl-5.26.0/bin'
hint=recommended
useposix=true
d_sigaction=define
useithreads=define
usemultiplicity=define
use64bitint=undef
use64bitall=undef
uselongdouble=undef
usemymalloc=n
default_inc_excludes_dot=define
bincompat5005=undef
Compiler:
cc='cc'
ccflags ='-D_REENTRANT -D_GNU_SOURCE -O2 -W -Wformat=2 -Wswitch -Wshadow -Wwrite-strings -Wuninitialized -Wall -pipe -fomit-frame-pointer -D_FORTIFY_SOURCE=2 -Wpointer-arith -Wstrict-prototypes -fstack-protector -Wstack-protector -Wextra -Wbad-function-cast -Wcast-align -Wcast-qual -Wdisabled-optimization -Wendif-labels -Wfloat-equal -Wformat-nonliteral -Winline -Wmissing-declarations -Wmissing-prototypes -Wnested-externs -Wpointer-arith -Wundef -Wformat-security -mtune=native -march=native -mfpu=vfp -mfloat-abi=hard -fwrapv -fno-strict-aliasing -fstack-protector-strong -I/usr/local/include -D_LARGEFILE_SOURCE -D_FILE_OFFSET_BITS=64'
optimize='-O2'
cppflags='-D_REENTRANT -D_GNU_SOURCE -O2 -W -Wformat=2 -Wswitch -Wshadow -Wwrite-strings -Wuninitialized -Wall -pipe -fomit-frame-pointer -D_FORTIFY_SOURCE=2 -Wpointer-arith -Wstrict-prototypes -fstack-protector -Wstack-protector -Wextra -Wbad-function-cast -Wcast-align -Wcast-qual -Wdisabled-optimization -Wendif-labels -Wfloat-equal -Wformat-nonliteral -Winline -Wmissing-declarations -Wmissing-prototypes -Wnested-externs -Wpointer-arith -Wundef -Wformat-security -mtune=native -march=native -mfpu=vfp -mfloat-abi=hard -fwrapv -fno-strict-aliasing -fstack-protector-strong -I/usr/local/include'
ccversion=''
gccversion='4.9.2'
gccosandvers=''
intsize=4
longsize=4
ptrsize=4
doublesize=8
byteorder=1234
doublekind=3
d_longlong=define
longlongsize=8
d_longdbl=define
longdblsize=8
longdblkind=0
ivtype='long'
ivsize=4
nvtype='double'
nvsize=8
Off_t='off_t'
lseeksize=8
alignbytes=8
prototype=define
Linker and Libraries:
ld='cc'
ldflags =' -fstack-protector-strong -L/usr/local/lib'
libpth=/usr/local/lib /usr/lib/gcc/arm-linux-gnueabihf/4.9/include-fixed /usr/include/arm-linux-gnueabihf /usr/lib /lib/arm-linux-gnueabihf /lib /usr/lib/arm-linux-gnueabihf
libs=-lpthread -lnsl -lgdbm -ldb -ldl -lm -lcrypt -lutil -lc -lgdbm_compat
perllibs=-lpthread -lnsl -ldl -lm -lcrypt -lutil -lc
libc=libc-2.19.so
so=so
useshrplib=false
libperl=libperl.a
gnulibc_version='2.19'
Dynamic Linking:
dlsrc=dl_dlopen.xs
dlext=so
d_dlsymun=undef
ccdlflags='-Wl,-E'
cccdlflags='-fPIC'
lddlflags='-shared -O2 -L/usr/local/lib -fstack-protector-strong'
Characteristics of this binary (from libperl):
Compile-time options:
HAS_TIMES
MULTIPLICITY
PERLIO_LAYERS
PERL_COPY_ON_WRITE
PERL_DONT_CREATE_GVSV
PERL_HASH_FUNC_ONE_AT_A_TIME_HARD
PERL_IMPLICIT_CONTEXT
PERL_MALLOC_WRAP
PERL_OP_PARENT
PERL_PRESERVE_IVUV
PERL_USE_DEVEL
USE_ITHREADS
USE_LARGE_FILES
USE_LOCALE
USE_LOCALE_COLLATE
USE_LOCALE_CTYPE
USE_LOCALE_NUMERIC
USE_LOCALE_TIME
USE_PERLIO
USE_PERL_ATOF
USE_REENTRANT_API
Built under linux
Compiled at Jun 7 2017 08:33:42
%ENV:
PERL5LIB=""
PERL5OPT=""
PERL5_CPANPLUS_IS_RUNNING="15410"
PERL5_CPAN_IS_RUNNING="15410"
PERL5_CPAN_IS_RUNNING_IN_RECURSION="15387,15410"
PERLBREW_HOME="/home/njh/.perlbrew"
PERLBREW_MANPATH="/home/njh/perl5/perlbrew/perls/perl-5.26.0/man"
PERLBREW_PATH="/home/njh/perl5/perlbrew/bin:/home/njh/perl5/perlbrew/perls/perl-5.26.0/bin"
PERLBREW_PERL="perl-5.26.0"
PERLBREW_ROOT="/home/njh/perl5/perlbrew"
PERLBREW_SHELLRC_VERSION="0.84"
PERLBREW_VERSION="0.84"
PERL_USE_UNSAFE_INC="1"
@INC:
/home/njh/perl5/perlbrew/perls/perl-5.26.0/lib/site_perl/5.26.0/armv7l-linux-thread-multi
/home/njh/perl5/perlbrew/perls/perl-5.26.0/lib/site_perl/5.26.0
/home/njh/perl5/perlbrew/perls/perl-5.26.0/lib/5.26.0/armv7l-linux-thread-multi
/home/njh/perl5/perlbrew/perls/perl-5.26.0/lib/5.26.0
.