Back
From: metabase:user:320bfe00-2aae-11df-837a-5e0a49663a4f
Subject: FAIL Net-StackExchange-0.102601 v5.15.9 GNU/Linux
Date: 2012-04-13T06:31:58Z
This distribution has been tested as part of the CPAN Testers
project, supporting the Perl programming language. See
http://wiki.cpantesters.org/ for more information or email
questions to cpan-testers-discuss@perl.org
--
Dear Alan Haggai Alavi,
This is a computer-generated report for Net-StackExchange-0.102601
on perl 5.15.9, created by CPAN-Reporter-1.2006.
Thank you for uploading your work to CPAN. However, there was a problem
testing your distribution.
If you think this report is invalid, please consult the CPAN Testers Wiki
for suggestions on how to avoid getting FAIL reports for missing library
or binary dependencies, unsupported operating systems, and so on:
http://wiki.cpantesters.org/wiki/CPANAuthorNotes
Sections of this report:
* Tester comments
* Program output
* Prerequisites
* Environment and other context
------------------------------
TESTER COMMENTS
------------------------------
Additional comments from tester:
this report is from an automated smoke testing program
and was not reviewed by a human for accuracy
------------------------------
PROGRAM OUTPUT
------------------------------
Output from './Build test':
t/00.load.t ............. ok
t/01.interface.t ........ ok
t/02.types.t ............ ok
t/03.base.t ............. ok
# Failed test 'matched email_hash'
# at t/10.answers.t line 46.
# got: '77030610092ddc492aea2c9f587fbc42'
# expected: 'b56a740041997df881354ef8c97496d7'
# Looks like you failed 1 test of 5.
# Failed test 'Net::StackExchange::Owner'
# at t/10.answers.t line 48.
# Looks like you failed 1 test of 13.
t/10.answers.t ..........
Dubious, test returned 1 (wstat 256, 0x100)
Failed 1/13 subtests
t/release-pod-syntax.t .. skipped: these tests are for release candidate testing
Test Summary Report
-------------------
t/10.answers.t (Wstat: 256 Tests: 13 Failed: 1)
Failed test: 10
Non-zero exit status: 1
Files=6, Tests=71, 2 wallclock secs ( 0.03 usr 0.02 sys + 1.24 cusr 0.11 csys = 1.40 CPU)
Result: FAIL
Failed 1/6 test programs. 1/71 subtests failed.
------------------------------
PREREQUISITES
------------------------------
Prerequisite modules loaded:
requires:
Module Need Have
---------------------------- ------ ----------
Carp 0 1.25
JSON 0 2.53
LWP::UserAgent 0 6.04
Moose 0 2.0403
Moose::Role 0 2.0403
Moose::Util::TypeConstraints 0 2.0403
Scalar::Util 0 1.25
URI::Escape 0 3.31
build_requires:
Module Need Have
---------------------------- ------ ----------
Module::Build 0.3601 0.40
Test::Differences 0 0.61
Test::MockObject 0 1.20120301
Test::More 0 0.98
configure_requires:
Module Need Have
---------------------------- ------ ----------
ExtUtils::MakeMaker 6.31 6.63_02
Module::Build 0.3601 0.40
------------------------------
ENVIRONMENT AND OTHER CONTEXT
------------------------------
Environment variables:
AUTOMATED_TESTING = 1
LANG = en_US.UTF-8
LANGUAGE = en_US:en
PATH = /home/sand/bin:/usr/local/bin:/usr/bin:/bin:/usr/bin/X11:/usr/games:/usr/local/perl/bin:/usr/X11/bin:/sbin:/usr/sbin
PERL5LIB = /tmp/loop_over_bdir-QiJqqq/Mail-SpamAssassin-2.43-UWjvQc/blib/arch:/tmp/loop_over_bdir-QiJqqq/Mail-SpamAssassin-2.43-UWjvQc/blib/lib
PERL5OPT =
PERL5_CPANPLUS_IS_RUNNING = 16665
PERL5_CPAN_IS_RUNNING = 16665
PERL_MM_USE_DEFAULT = 1
SHELL = /usr/bin/zsh
TERM = screen
Perl special variables (and OS-specific diagnostics, for MSWin32):
$^X = /home/sand/src/perl/repoperls/installed-perls/perl/v5.15.9-133-g8341ee1/127e/bin/perl
$UID/$EUID = 1005 / 1005
$GID = 1005 123 1005
$EGID = 1005 123 1005
Perl module toolchain versions installed:
Module Have
------------------- --------
CPAN 1.9800
CPAN::Meta 2.120921
Cwd 3.39_02
ExtUtils::CBuilder 0.280206
ExtUtils::Command 1.17
ExtUtils::Install 1.58
ExtUtils::MakeMaker 6.63_02
ExtUtils::Manifest 1.61
ExtUtils::ParseXS 3.16
File::Spec 3.39_02
JSON 2.53
JSON::PP 2.27200
Module::Build 0.40
Module::Signature 0.68
Parse::CPAN::Meta 1.4404
Test::Harness 3.23
Test::More 0.98
YAML 0.80
YAML::Syck 1.20
version 0.97
--
Summary of my perl5 (revision 5 version 15 subversion 9) configuration:
Commit id: 8341ee1e81d127dbdfb6941f86b35b72fab49837
Platform:
osname=linux, osvers=3.2.0-2-amd64, archname=x86_64-linux-ld
uname='linux k83 3.2.0-2-amd64 #1 smp fri apr 6 05:01:55 utc 2012 x86_64 gnulinux '
config_args='-Dprefix=/home/src/perl/repoperls/installed-perls/perl/v5.15.9-133-g8341ee1/127e -Dmyhostname=k83 -Dinstallusrbinperl=n -Uversiononly -Dusedevel -des -Ui_db -Uuseithreads -Duselongdouble -DDEBUGGING=-g'
hint=recommended, useposix=true, d_sigaction=define
useithreads=undef, usemultiplicity=undef
useperlio=define, d_sfio=undef, uselargefiles=define, usesocks=undef
use64bitint=define, use64bitall=define, uselongdouble=define
usemymalloc=n, bincompat5005=undef
Compiler:
cc='cc', ccflags ='-fno-strict-aliasing -pipe -fstack-protector -I/usr/local/include -D_LARGEFILE_SOURCE -D_FILE_OFFSET_BITS=64',
optimize='-O2 -g',
cppflags='-fno-strict-aliasing -pipe -fstack-protector -I/usr/local/include'
ccversion='', gccversion='4.6.3', gccosandvers=''
intsize=4, longsize=8, ptrsize=8, doublesize=8, byteorder=12345678
d_longlong=define, longlongsize=8, d_longdbl=define, longdblsize=16
ivtype='long', ivsize=8, nvtype='long double', nvsize=16, Off_t='off_t', lseeksize=8
alignbytes=16, prototype=define
Linker and Libraries:
ld='cc', ldflags =' -fstack-protector -L/usr/local/lib'
libpth=/usr/local/lib /lib/x86_64-linux-gnu /lib/../lib /usr/lib/x86_64-linux-gnu /usr/lib/../lib /lib /usr/lib
libs=-lnsl -ldb -ldl -lm -lcrypt -lutil -lc
perllibs=-lnsl -ldl -lm -lcrypt -lutil -lc
libc=, so=so, useshrplib=false, libperl=libperl.a
gnulibc_version='2.13'
Dynamic Linking:
dlsrc=dl_dlopen.xs, dlext=so, d_dlsymun=undef, ccdlflags='-Wl,-E'
cccdlflags='-fPIC', lddlflags='-shared -O2 -g -L/usr/local/lib -fstack-protector'
Characteristics of this binary (from libperl):
Compile-time options: HAS_TIMES PERLIO_LAYERS PERL_DONT_CREATE_GVSV
PERL_MALLOC_WRAP PERL_PRESERVE_IVUV PERL_USE_DEVEL
USE_64_BIT_ALL USE_64_BIT_INT USE_LARGE_FILES
USE_LOCALE USE_LOCALE_COLLATE USE_LOCALE_CTYPE
USE_LOCALE_NUMERIC USE_LONG_DOUBLE USE_PERLIO
USE_PERL_ATOF
Built under linux
Compiled at Apr 12 2012 20:20:55
%ENV:
PERL5LIB="/tmp/loop_over_bdir-QiJqqq/Mail-SpamAssassin-2.43-UWjvQc/blib/arch:/tmp/loop_over_bdir-QiJqqq/Mail-SpamAssassin-2.43-UWjvQc/blib/lib"
PERL5OPT=""
PERL5_CPANPLUS_IS_RUNNING="16665"
PERL5_CPAN_IS_RUNNING="16665"
PERL_MM_USE_DEFAULT="1"
@INC:
/tmp/loop_over_bdir-QiJqqq/Mail-SpamAssassin-2.43-UWjvQc/blib/arch
/tmp/loop_over_bdir-QiJqqq/Mail-SpamAssassin-2.43-UWjvQc/blib/lib
/home/src/perl/repoperls/installed-perls/perl/v5.15.9-133-g8341ee1/127e/lib/site_perl/5.15.9/x86_64-linux-ld
/home/src/perl/repoperls/installed-perls/perl/v5.15.9-133-g8341ee1/127e/lib/site_perl/5.15.9
/home/src/perl/repoperls/installed-perls/perl/v5.15.9-133-g8341ee1/127e/lib/5.15.9/x86_64-linux-ld
/home/src/perl/repoperls/installed-perls/perl/v5.15.9-133-g8341ee1/127e/lib/5.15.9
.