Back
From: metabase:user:320bfe00-2aae-11df-837a-5e0a49663a4f
Subject: FAIL DateTime-Util-Astro-0.12000 v5.25.6 GNU/Linux
Date: 2016-09-28T13:06:29Z
This distribution has been tested as part of the CPAN Testers
project, supporting the Perl programming language. See
http://wiki.cpantesters.org/ for more information or email
questions to cpan-testers-discuss@perl.org
--
Dear Daisuke Maki,
This is a computer-generated report for DateTime-Util-Astro-0.12000
on perl 5.25.6, created by CPAN-Reporter-1.2018.
Thank you for uploading your work to CPAN. However, there was a problem
testing your distribution.
If you think this report is invalid, please consult the CPAN Testers Wiki
for suggestions on how to avoid getting FAIL reports for missing library
or binary dependencies, unsupported operating systems, and so on:
http://wiki.cpantesters.org/wiki/CPANAuthorNotes
Sections of this report:
* Tester comments
* Program output
* Prerequisites
* Environment and other context
------------------------------
TESTER COMMENTS
------------------------------
Additional comments from tester:
this report is from an automated smoke testing program
and was not reviewed by a human for accuracy
------------------------------
PROGRAM OUTPUT
------------------------------
Output from '/usr/bin/make test':
PERL_DL_NONLAZY=1 "/tmp/basesmoker-reloperl-KNTJ/bin/perl" "-MExtUtils::Command::MM" "-MTest::Harness" "-e" "undef *Test::Harness::Switches; test_harness(0, 'inc', 'blib/lib', 'blib/arch')" t/01-sanity.t t/02-new_moon.t t/03-solar_longitude.t t/99-pod-coverage.t t/99-pod.t t/rt31157.t
# Failed test 'use DateTime::Util::Astro::Common;'
# at t/01-sanity.t line 6.
# Tried to use 'DateTime::Util::Astro::Common'.
# Error: syntax error at /tmp/loop_over_bdir-30175-JXkKcV/DateTime-Util-Astro-0.12000-0/blib/lib/DateTime/Util/Astro/Common.pm line 322, near "$f qw(longitude latitude elevation zone)"
# Global symbol "$f" requires explicit package name (did you forget to declare "my $f"?) at /tmp/loop_over_bdir-30175-JXkKcV/DateTime-Util-Astro-0.12000-0/blib/lib/DateTime/Util/Astro/Common.pm line 323, <DATA> line 1.
# Global symbol "$f" requires explicit package name (did you forget to declare "my $f"?) at /tmp/loop_over_bdir-30175-JXkKcV/DateTime-Util-Astro-0.12000-0/blib/lib/DateTime/Util/Astro/Common.pm line 323, <DATA> line 1.
# Global symbol "$f" requires explicit package name (did you forget to declare "my $f"?) at /tmp/loop_over_bdir-30175-JXkKcV/DateTime-Util-Astro-0.12000-0/blib/lib/DateTime/Util/Astro/Common.pm line 323, <DATA> line 1.
# BEGIN not safe after errors--compilation aborted at /tmp/loop_over_bdir-30175-JXkKcV/DateTime-Util-Astro-0.12000-0/blib/lib/DateTime/Util/Astro/Common.pm line 336, <DATA> line 1.
# Compilation failed in require at t/01-sanity.t line 6, <DATA> line 1.
# BEGIN failed--compilation aborted at t/01-sanity.t line 6, <DATA> line 1.
# Failed test 'use DateTime::Util::Astro::Moon;'
# at t/01-sanity.t line 7.
# Tried to use 'DateTime::Util::Astro::Moon'.
# Error: Attempt to reload DateTime/Util/Astro/Common.pm aborted.
# Compilation failed in require at /tmp/loop_over_bdir-30175-JXkKcV/DateTime-Util-Astro-0.12000-0/blib/lib/DateTime/Util/Astro/Moon.pm line 28, <DATA> line 1.
# BEGIN failed--compilation aborted at /tmp/loop_over_bdir-30175-JXkKcV/DateTime-Util-Astro-0.12000-0/blib/lib/DateTime/Util/Astro/Moon.pm line 28, <DATA> line 1.
# Compilation failed in require at t/01-sanity.t line 7, <DATA> line 1.
# BEGIN failed--compilation aborted at t/01-sanity.t line 7, <DATA> line 1.
# Failed test 'use DateTime::Util::Astro::Sun;'
# at t/01-sanity.t line 8.
# Tried to use 'DateTime::Util::Astro::Sun'.
# Error: Attempt to reload DateTime/Util/Astro/Common.pm aborted.
# Compilation failed in require at /tmp/loop_over_bdir-30175-JXkKcV/DateTime-Util-Astro-0.12000-0/blib/lib/DateTime/Util/Astro/Sun.pm line 28, <DATA> line 1.
# BEGIN failed--compilation aborted at /tmp/loop_over_bdir-30175-JXkKcV/DateTime-Util-Astro-0.12000-0/blib/lib/DateTime/Util/Astro/Sun.pm line 28, <DATA> line 1.
# Compilation failed in require at t/01-sanity.t line 8, <DATA> line 1.
# BEGIN failed--compilation aborted at t/01-sanity.t line 8, <DATA> line 1.
# Looks like you failed 3 tests of 3.
t/01-sanity.t ...........
Dubious, test returned 3 (wstat 768, 0x300)
Failed 3/3 subtests
# Failed test 'use DateTime::Util::Astro::Moon;'
# at t/02-new_moon.t line 7.
# Tried to use 'DateTime::Util::Astro::Moon'.
# Error: syntax error at /tmp/loop_over_bdir-30175-JXkKcV/DateTime-Util-Astro-0.12000-0/blib/lib/DateTime/Util/Astro/Common.pm line 322, near "$f qw(longitude latitude elevation zone)"
# Global symbol "$f" requires explicit package name (did you forget to declare "my $f"?) at /tmp/loop_over_bdir-30175-JXkKcV/DateTime-Util-Astro-0.12000-0/blib/lib/DateTime/Util/Astro/Common.pm line 323, <DATA> line 1.
# Global symbol "$f" requires explicit package name (did you forget to declare "my $f"?) at /tmp/loop_over_bdir-30175-JXkKcV/DateTime-Util-Astro-0.12000-0/blib/lib/DateTime/Util/Astro/Common.pm line 323, <DATA> line 1.
# Global symbol "$f" requires explicit package name (did you forget to declare "my $f"?) at /tmp/loop_over_bdir-30175-JXkKcV/DateTime-Util-Astro-0.12000-0/blib/lib/DateTime/Util/Astro/Common.pm line 323, <DATA> line 1.
# BEGIN not safe after errors--compilation aborted at /tmp/loop_over_bdir-30175-JXkKcV/DateTime-Util-Astro-0.12000-0/blib/lib/DateTime/Util/Astro/Common.pm line 336, <DATA> line 1.
# Compilation failed in require at /tmp/loop_over_bdir-30175-JXkKcV/DateTime-Util-Astro-0.12000-0/blib/lib/DateTime/Util/Astro/Moon.pm line 28, <DATA> line 1.
# BEGIN failed--compilation aborted at /tmp/loop_over_bdir-30175-JXkKcV/DateTime-Util-Astro-0.12000-0/blib/lib/DateTime/Util/Astro/Moon.pm line 28, <DATA> line 1.
# Compilation failed in require at t/02-new_moon.t line 7, <DATA> line 1.
# BEGIN failed--compilation aborted at t/02-new_moon.t line 7, <DATA> line 1.
# Failed test 'use DateTime::Util::Astro::Sun;'
# at t/02-new_moon.t line 8.
# Tried to use 'DateTime::Util::Astro::Sun'.
# Error: Attempt to reload DateTime/Util/Astro/Common.pm aborted.
# Compilation failed in require at /tmp/loop_over_bdir-30175-JXkKcV/DateTime-Util-Astro-0.12000-0/blib/lib/DateTime/Util/Astro/Sun.pm line 28, <DATA> line 1.
# BEGIN failed--compilation aborted at /tmp/loop_over_bdir-30175-JXkKcV/DateTime-Util-Astro-0.12000-0/blib/lib/DateTime/Util/Astro/Sun.pm line 28, <DATA> line 1.
# Compilation failed in require at t/02-new_moon.t line 8, <DATA> line 1.
# BEGIN failed--compilation aborted at t/02-new_moon.t line 8, <DATA> line 1.
Undefined subroutine &main::nth_new_moon called at t/02-new_moon.t line 41, <DATA> line 1.
# Looks like your test exited with 255 just after 2.
t/02-new_moon.t .........
Dubious, test returned 255 (wstat 65280, 0xff00)
Failed 41/41 subtests
# Failed test 'use DateTime::Util::Astro::Sun;'
# at t/03-solar_longitude.t line 9.
# Tried to use 'DateTime::Util::Astro::Sun'.
# Error: syntax error at /tmp/loop_over_bdir-30175-JXkKcV/DateTime-Util-Astro-0.12000-0/blib/lib/DateTime/Util/Astro/Common.pm line 322, near "$f qw(longitude latitude elevation zone)"
# Global symbol "$f" requires explicit package name (did you forget to declare "my $f"?) at /tmp/loop_over_bdir-30175-JXkKcV/DateTime-Util-Astro-0.12000-0/blib/lib/DateTime/Util/Astro/Common.pm line 323, <DATA> line 1.
# Global symbol "$f" requires explicit package name (did you forget to declare "my $f"?) at /tmp/loop_over_bdir-30175-JXkKcV/DateTime-Util-Astro-0.12000-0/blib/lib/DateTime/Util/Astro/Common.pm line 323, <DATA> line 1.
# Global symbol "$f" requires explicit package name (did you forget to declare "my $f"?) at /tmp/loop_over_bdir-30175-JXkKcV/DateTime-Util-Astro-0.12000-0/blib/lib/DateTime/Util/Astro/Common.pm line 323, <DATA> line 1.
# BEGIN not safe after errors--compilation aborted at /tmp/loop_over_bdir-30175-JXkKcV/DateTime-Util-Astro-0.12000-0/blib/lib/DateTime/Util/Astro/Common.pm line 336, <DATA> line 1.
# Compilation failed in require at /tmp/loop_over_bdir-30175-JXkKcV/DateTime-Util-Astro-0.12000-0/blib/lib/DateTime/Util/Astro/Sun.pm line 28, <DATA> line 1.
# BEGIN failed--compilation aborted at /tmp/loop_over_bdir-30175-JXkKcV/DateTime-Util-Astro-0.12000-0/blib/lib/DateTime/Util/Astro/Sun.pm line 28, <DATA> line 1.
# Compilation failed in require at t/03-solar_longitude.t line 9, <DATA> line 1.
# BEGIN failed--compilation aborted at t/03-solar_longitude.t line 9, <DATA> line 1.
Undefined subroutine &main::solar_longitude called at t/03-solar_longitude.t line 37, <DATA> line 1.
# Looks like your test exited with 255 just after 1.
t/03-solar_longitude.t ..
Dubious, test returned 255 (wstat 65280, 0xff00)
Failed 25/25 subtests
t/99-pod-coverage.t ..... skipped: Enable TEST_POD environment variable to test POD
t/99-pod.t .............. skipped: Enable TEST_POD environment variable to test POD
# Failed test 'use DateTime::Util::Astro::Moon;'
# at t/rt31157.t line 6.
# Tried to use 'DateTime::Util::Astro::Moon'.
# Error: syntax error at /tmp/loop_over_bdir-30175-JXkKcV/DateTime-Util-Astro-0.12000-0/blib/lib/DateTime/Util/Astro/Common.pm line 322, near "$f qw(longitude latitude elevation zone)"
# Global symbol "$f" requires explicit package name (did you forget to declare "my $f"?) at /tmp/loop_over_bdir-30175-JXkKcV/DateTime-Util-Astro-0.12000-0/blib/lib/DateTime/Util/Astro/Common.pm line 323, <DATA> line 1.
# Global symbol "$f" requires explicit package name (did you forget to declare "my $f"?) at /tmp/loop_over_bdir-30175-JXkKcV/DateTime-Util-Astro-0.12000-0/blib/lib/DateTime/Util/Astro/Common.pm line 323, <DATA> line 1.
# Global symbol "$f" requires explicit package name (did you forget to declare "my $f"?) at /tmp/loop_over_bdir-30175-JXkKcV/DateTime-Util-Astro-0.12000-0/blib/lib/DateTime/Util/Astro/Common.pm line 323, <DATA> line 1.
# BEGIN not safe after errors--compilation aborted at /tmp/loop_over_bdir-30175-JXkKcV/DateTime-Util-Astro-0.12000-0/blib/lib/DateTime/Util/Astro/Common.pm line 336, <DATA> line 1.
# Compilation failed in require at /tmp/loop_over_bdir-30175-JXkKcV/DateTime-Util-Astro-0.12000-0/blib/lib/DateTime/Util/Astro/Moon.pm line 28, <DATA> line 1.
# BEGIN failed--compilation aborted at /tmp/loop_over_bdir-30175-JXkKcV/DateTime-Util-Astro-0.12000-0/blib/lib/DateTime/Util/Astro/Moon.pm line 28, <DATA> line 1.
# Compilation failed in require at t/rt31157.t line 6, <DATA> line 1.
# BEGIN failed--compilation aborted at t/rt31157.t line 6, <DATA> line 1.
Undefined subroutine &main::nth_new_moon called at t/rt31157.t line 31, <DATA> line 1.
# Looks like your test exited with 255 just after 1.
t/rt31157.t .............
Dubious, test returned 255 (wstat 65280, 0xff00)
Failed 12/12 subtests
Test Summary Report
-------------------
t/01-sanity.t (Wstat: 768 Tests: 3 Failed: 3)
Failed tests: 1-3
Non-zero exit status: 3
t/02-new_moon.t (Wstat: 65280 Tests: 2 Failed: 2)
Failed tests: 1-2
Non-zero exit status: 255
Parse errors: Bad plan. You planned 41 tests but ran 2.
t/03-solar_longitude.t (Wstat: 65280 Tests: 1 Failed: 1)
Failed test: 1
Non-zero exit status: 255
Parse errors: Bad plan. You planned 25 tests but ran 1.
t/rt31157.t (Wstat: 65280 Tests: 1 Failed: 1)
Failed test: 1
Non-zero exit status: 255
Parse errors: Bad plan. You planned 12 tests but ran 1.
Files=6, Tests=7, 2 wallclock secs ( 0.03 usr 0.02 sys + 1.35 cusr 0.23 csys = 1.63 CPU)
Result: FAIL
Failed 4/6 test programs. 7/7 subtests failed.
Makefile:790: recipe for target 'test_dynamic' failed
make: *** [test_dynamic] Error 255
------------------------------
PREREQUISITES
------------------------------
Prerequisite modules loaded:
requires:
Module Need Have
------------------------ ---- --------
Class::Data::Inheritable 0 0.08
DateTime 0 1.39
DateTime::Util::Calc 0.13 0.13003
Math::BigInt 0 1.999726
Math::Trig 0 1.23
POSIX 0 1.73
Test::More 0 1.302059
build_requires:
Module Need Have
------------------------ ---- --------
ExtUtils::MakeMaker 0 7.24
------------------------------
ENVIRONMENT AND OTHER CONTEXT
------------------------------
Environment variables:
AUTOMATED_TESTING = 1
LANG = en_US.UTF-8
LANGUAGE = en_US:en
PATH = /home/sand/bin:/usr/local/bin:/usr/bin:/bin:/usr/games:/usr/local/perl/bin:/usr/X11/bin:/sbin:/usr/sbin
PERL5LIB =
PERL5OPT =
PERL5_CPANPLUS_IS_RUNNING = 4822
PERL5_CPAN_IS_RUNNING = 4822
PERL_CANARY_STABILITY_NOPROMPT = 1
PERL_MM_USE_DEFAULT = 1
SHELL = /usr/bin/zsh
TERM = screen
Perl special variables (and OS-specific diagnostics, for MSWin32):
$^X = /tmp/basesmoker-reloperl-KNTJ/bin/perl
$UID/$EUID = 1005 / 1005
$GID = 1005 1005
$EGID = 1005 1005
Perl module toolchain versions installed:
Module Have
------------------- ----------
CPAN 2.15
CPAN::Meta 2.150010
Cwd 3.65
ExtUtils::CBuilder 0.280225
ExtUtils::Command 7.24
ExtUtils::Install 2.04
ExtUtils::MakeMaker 7.24
ExtUtils::Manifest 1.70
ExtUtils::ParseXS 3.33
File::Spec 3.65
JSON 2.90
JSON::PP 2.27400_01
Module::Build 0.4220
Module::Signature 0.81
Parse::CPAN::Meta 2.150010
Test::Harness 3.36_01
Test::More 1.302059
YAML 1.18
YAML::Syck 1.29
version 0.9917
--
Summary of my perl5 (revision 5 version 25 subversion 6) configuration:
Commit id: 98fce2a4417fa36585bb48f6ae845bee93cac0fa
Platform:
osname=linux
osvers=4.7.0-1-amd64
archname=x86_64-linux-thread-multi
uname='linux k83 4.7.0-1-amd64 #1 smp debian 4.7.2-1 (2016-08-28) x86_64 gnulinux '
config_args='-Dprefix=/home/sand/src/perl/repoperls/installed-perls/perl/v5.25.5-24-g98fce2a/f7bf -Dmyhostname=k83 -Dinstallusrbinperl=n -Uversiononly -Dusedevel -des -Ui_db -Dlibswanted=cl pthread socket inet nsl gdbm dbm malloc dl ld sun m crypt sec util c cposix posix ucb BSD gdbm_compat -Duseithreads -Uuselongdouble -DDEBUGGING=-g'
hint=recommended
useposix=true
d_sigaction=define
useithreads=define
usemultiplicity=define
use64bitint=define
use64bitall=define
uselongdouble=undef
usemymalloc=n
bincompat5005=undef
Compiler:
cc='cc'
ccflags ='-D_REENTRANT -D_GNU_SOURCE -fwrapv -fno-strict-aliasing -pipe -fstack-protector-strong -I/usr/local/include -D_LARGEFILE_SOURCE -D_FILE_OFFSET_BITS=64'
optimize='-O2 -g'
cppflags='-D_REENTRANT -D_GNU_SOURCE -fwrapv -fno-strict-aliasing -pipe -fstack-protector-strong -I/usr/local/include'
ccversion=''
gccversion='6.2.0 20160830'
gccosandvers=''
intsize=4
longsize=8
ptrsize=8
doublesize=8
byteorder=12345678
doublekind=3
d_longlong=define
longlongsize=8
d_longdbl=define
longdblsize=16
longdblkind=3
ivtype='long'
ivsize=8
nvtype='double'
nvsize=8
Off_t='off_t'
lseeksize=8
alignbytes=8
prototype=define
Linker and Libraries:
ld='cc'
ldflags =' -fstack-protector-strong -L/usr/local/lib'
libpth=/usr/local/lib /usr/lib/gcc/x86_64-linux-gnu/6/include-fixed /usr/include/x86_64-linux-gnu /usr/lib /lib/x86_64-linux-gnu /lib/../lib /usr/lib/x86_64-linux-gnu /usr/lib/../lib /lib
libs=-lpthread -lnsl -lgdbm -ldl -lm -lcrypt -lutil -lc -lgdbm_compat
perllibs=-lpthread -lnsl -ldl -lm -lcrypt -lutil -lc
libc=libc-2.24.so
so=so
useshrplib=false
libperl=libperl.a
gnulibc_version='2.24'
Dynamic Linking:
dlsrc=dl_dlopen.xs
dlext=so
d_dlsymun=undef
ccdlflags='-Wl,-E'
cccdlflags='-fPIC'
lddlflags='-shared -O2 -g -L/usr/local/lib -fstack-protector-strong'
Characteristics of this binary (from libperl):
Compile-time options:
HAS_TIMES
MULTIPLICITY
PERLIO_LAYERS
PERL_COPY_ON_WRITE
PERL_DONT_CREATE_GVSV
PERL_HASH_FUNC_ONE_AT_A_TIME_HARD
PERL_IMPLICIT_CONTEXT
PERL_MALLOC_WRAP
PERL_OP_PARENT
PERL_PRESERVE_IVUV
PERL_USE_DEVEL
USE_64_BIT_ALL
USE_64_BIT_INT
USE_ITHREADS
USE_LARGE_FILES
USE_LOCALE
USE_LOCALE_COLLATE
USE_LOCALE_CTYPE
USE_LOCALE_NUMERIC
USE_LOCALE_TIME
USE_PERLIO
USE_PERL_ATOF
USE_REENTRANT_API
Built under linux
Compiled at Sep 26 2016 08:02:51
%ENV:
PERL5LIB=""
PERL5OPT=""
PERL5_CPANPLUS_IS_RUNNING="4822"
PERL5_CPAN_IS_RUNNING="4822"
PERL_CANARY_STABILITY_NOPROMPT="1"
PERL_MM_USE_DEFAULT="1"
@INC:
/home/sand/src/perl/repoperls/installed-perls/perl/v5.25.5-24-g98fce2a/f7bf/lib/site_perl/5.25.6/x86_64-linux-thread-multi
/home/sand/src/perl/repoperls/installed-perls/perl/v5.25.5-24-g98fce2a/f7bf/lib/site_perl/5.25.6
/home/sand/src/perl/repoperls/installed-perls/perl/v5.25.5-24-g98fce2a/f7bf/lib/5.25.6/x86_64-linux-thread-multi
/home/sand/src/perl/repoperls/installed-perls/perl/v5.25.5-24-g98fce2a/f7bf/lib/5.25.6
.