Back
From: metabase:user:d2c9f356-b46f-11df-9a90-20a83c0b7757
Subject: FAIL Cvs-0.07 v5.15.5 SunOS/Solaris
Date: 2011-12-21T10:27:23Z
This distribution has been tested as part of the CPAN Testers
project, supporting the Perl programming language. See
http://wiki.cpantesters.org/ for more information or email
questions to cpan-testers-discuss@perl.org
--
Dear Olivier Poitrey,
This is a computer-generated report for Cvs-0.07
on perl 5.15.5, created by CPAN-Reporter-1.2003.
Thank you for uploading your work to CPAN. However, there was a problem
testing your distribution.
If you think this report is invalid, please consult the CPAN Testers Wiki
for suggestions on how to avoid getting FAIL reports for missing library
or binary dependencies, unsupported operating systems, and so on:
http://wiki.cpantesters.org/wiki/CPANAuthorNotes
Sections of this report:
* Tester comments
* Program output
* Prerequisites
* Environment and other context
------------------------------
TESTER COMMENTS
------------------------------
Additional comments from tester:
this report is from an automated smoke testing program
and was not reviewed by a human for accuracy
------------------------------
PROGRAM OUTPUT
------------------------------
Output from '/usr/local/bin/make test':
PERL_DL_NONLAZY=1 /export/home/cpant4/perl5/bin/perl5.15.5 "-MExtUtils::Command::MM" "-e" "test_harness(0, 'blib/lib', 'blib/arch')" t/*.t
Command 'cvs' not found in /export/home/cpant4/perl5/bin, /usr/local/bin, /usr/bin at /export/home/cpant4/.cpan/build/Cvs-0.07-hzLQmP/blib/lib/Cvs/Command/Base.pm line 113
t/00checkout.t ..
Dubious, test returned 9 (wstat 2304, 0x900)
Failed 1/3 subtests
# Failed test 2 in t/05commit.t at line 12
# t/05commit.t line 12 is: ok($cvs);
Cannot open file `/export/home/cpant4/.cpan/build/Cvs-0.07-hzLQmP/cvs-test/test.txt': No such file or directory at t/05commit.t line 14.
t/05commit.t ....
Dubious, test returned 2 (wstat 512, 0x200)
Failed 4/5 subtests
# Failed test 2 in t/10status.t at line 11
# t/10status.t line 11 is: ok($cvs);
Can't call method "status" on an undefined value at t/10status.t line 13.
t/10status.t ....
Dubious, test returned 2 (wstat 512, 0x200)
Failed 10/11 subtests
# Failed test 2 in t/20tag.t at line 11
# t/20tag.t line 11 is: ok($cvs);
Can't call method "tag" on an undefined value at t/20tag.t line 13.
t/20tag.t .......
Dubious, test returned 2 (wstat 512, 0x200)
Failed 5/6 subtests
Command 'cvs' not found in /export/home/cpant4/perl5/bin, /usr/local/bin, /usr/bin at /export/home/cpant4/.cpan/build/Cvs-0.07-hzLQmP/blib/lib/Cvs/Command/Base.pm line 113
t/21rtag.t ......
Dubious, test returned 9 (wstat 2304, 0x900)
Failed 4/6 subtests
# Failed test 2 in t/30update.t at line 11
# t/30update.t line 11 is: ok($cvs);
Cannot open file `/export/home/cpant4/.cpan/build/Cvs-0.07-hzLQmP/cvs-test/test.txt': No such file or directory at t/30update.t line 13.
t/30update.t ....
Dubious, test returned 2 (wstat 512, 0x200)
Failed 5/6 subtests
# Failed test 2 in t/40diff.t at line 11
# t/40diff.t line 11 is: ok($cvs);
Cannot open file `/export/home/cpant4/.cpan/build/Cvs-0.07-hzLQmP/cvs-test/test.txt': No such file or directory at t/40diff.t line 13.
t/40diff.t ......
Dubious, test returned 2 (wstat 512, 0x200)
Failed 5/6 subtests
Command 'cvs' not found in /export/home/cpant4/perl5/bin, /usr/local/bin, /usr/bin at /export/home/cpant4/.cpan/build/Cvs-0.07-hzLQmP/blib/lib/Cvs/Command/Base.pm line 113
t/50export.t ....
Dubious, test returned 9 (wstat 2304, 0x900)
Failed 1/3 subtests
Command 'cvs' not found in /export/home/cpant4/perl5/bin, /usr/local/bin, /usr/bin at /export/home/cpant4/.cpan/build/Cvs-0.07-hzLQmP/blib/lib/Cvs/Command/Base.pm line 113
t/90release.t ...
Dubious, test returned 9 (wstat 2304, 0x900)
Failed 2/4 subtests
Test Summary Report
-------------------
t/00checkout.t (Wstat: 2304 Tests: 2 Failed: 0)
Non-zero exit status: 9
Parse errors: Bad plan. You planned 3 tests but ran 2.
t/05commit.t (Wstat: 512 Tests: 2 Failed: 1)
Failed test: 2
Non-zero exit status: 2
Parse errors: Bad plan. You planned 5 tests but ran 2.
t/10status.t (Wstat: 512 Tests: 2 Failed: 1)
Failed test: 2
Non-zero exit status: 2
Parse errors: Bad plan. You planned 11 tests but ran 2.
t/20tag.t (Wstat: 512 Tests: 2 Failed: 1)
Failed test: 2
Non-zero exit status: 2
Parse errors: Bad plan. You planned 6 tests but ran 2.
t/21rtag.t (Wstat: 2304 Tests: 2 Failed: 0)
Non-zero exit status: 9
Parse errors: Bad plan. You planned 6 tests but ran 2.
t/30update.t (Wstat: 512 Tests: 2 Failed: 1)
Failed test: 2
Non-zero exit status: 2
Parse errors: Bad plan. You planned 6 tests but ran 2.
t/40diff.t (Wstat: 512 Tests: 2 Failed: 1)
Failed test: 2
Non-zero exit status: 2
Parse errors: Bad plan. You planned 6 tests but ran 2.
t/50export.t (Wstat: 2304 Tests: 2 Failed: 0)
Non-zero exit status: 9
Parse errors: Bad plan. You planned 3 tests but ran 2.
t/90release.t (Wstat: 2304 Tests: 2 Failed: 0)
Non-zero exit status: 9
Parse errors: Bad plan. You planned 4 tests but ran 2.
Files=9, Tests=18, 3 wallclock secs ( 0.04 usr 0.02 sys + 0.57 cusr 0.04 csys = 0.67 CPU)
Result: FAIL
Failed 9/9 test programs. 5/18 subtests failed.
make: *** [test_dynamic] Error 9
------------------------------
PREREQUISITES
------------------------------
Prerequisite modules loaded:
requires:
Module Need Have
------------------- ---- -------
Class::Accessor 0.17 0.34
Cwd 2.04 3.37
File::Temp 0.12 0.22
FileHandle 2.0 2.02
IO::Pty 1.02 1.10
IPC::Run 0.74 0.90
build_requires:
Module Need Have
------------------- ---- -------
ExtUtils::MakeMaker 0 6.63_02
------------------------------
ENVIRONMENT AND OTHER CONTEXT
------------------------------
Environment variables:
AUTOMATED_TESTING = 1
LANG = C
LD_LIBRARY_PATH = /usr/local/lib:
PATH = /export/home/cpant4/perl5/bin:/usr/local/bin:/usr/bin
PERL5LIB = /export/home/cpant4/.cpan/build/IPC-Run-0.90-qo_MIu/blib/arch:/export/home/cpant4/.cpan/build/IPC-Run-0.90-qo_MIu/blib/lib
PERL5OPT =
PERL5_CPANPLUS_IS_RUNNING = 16790
PERL5_CPAN_IS_RUNNING = 16790
PERL5_CPAN_IS_RUNNING_IN_RECURSION = 2919,16790
PERL_CR_SMOKER_CURRENT = Cvs-0.07
PERL_EXTUTILS_AUTOINSTALL = --defaultdeps
PERL_MM_USE_DEFAULT = 1
SHELL = /bin/bash
TERM = xterm
Perl special variables (and OS-specific diagnostics, for MSWin32):
$^X = /export/home/cpant4/perl5/bin/perl5.15.5
$UID/$EUID = 104 / 104
$GID = 1 1
$EGID = 1 1
Perl module toolchain versions installed:
Module Have
------------------- --------
CPAN 1.9800
CPAN::Meta 2.112621
Cwd 3.37
ExtUtils::CBuilder 0.280204
ExtUtils::Command 1.17
ExtUtils::Install 1.57
ExtUtils::MakeMaker 6.63_02
ExtUtils::Manifest 1.60
ExtUtils::ParseXS 3.07
File::Spec 3.34
JSON 2.53
JSON::PP 2.27200
Module::Build 0.39_01
Module::Signature n/a
Parse::CPAN::Meta 1.4401
Test::Harness 3.23
Test::More 0.98
YAML 0.77
YAML::Syck 1.19
version 0.95
--
Summary of my perl5 (revision 5 version 15 subversion 5) configuration:
Platform:
osname=solaris, osvers=2.10, archname=i86pc-solaris-64int
uname='sunos vmrz0046 5.10 generic_141445-09 i86pc i386 i86pc solaris '
config_args='-Dcc=gcc -Dprefix=~/perl5 -Duse64bitint -Dusedevel -d'
hint=recommended, useposix=true, d_sigaction=define
useithreads=undef, usemultiplicity=undef
useperlio=define, d_sfio=undef, uselargefiles=define, usesocks=undef
use64bitint=define, use64bitall=undef, uselongdouble=undef
usemymalloc=n, bincompat5005=undef
Compiler:
cc='gcc', ccflags ='-DPTR_IS_LONG -fno-strict-aliasing -pipe -I/usr/local/include -D_LARGEFILE_SOURCE -D_FILE_OFFSET_BITS=64 -DPERL_USE_SAFE_PUTENV',
optimize='-O',
cppflags='-DPTR_IS_LONG -fno-strict-aliasing -pipe -I/usr/local/include'
ccversion='', gccversion='3.4.6', gccosandvers='solaris2.10'
intsize=4, longsize=4, ptrsize=4, doublesize=8, byteorder=12345678
d_longlong=define, longlongsize=8, d_longdbl=define, longdblsize=12
ivtype='long long', ivsize=8, nvtype='double', nvsize=8, Off_t='off_t', lseeksize=8
alignbytes=4, prototype=define
Linker and Libraries:
ld='gcc', ldflags =' -L/usr/local/lib '
libpth=/usr/local/lib /usr/lib /usr/ccs/lib
libs=-lsocket -lnsl -lgdbm -ldl -lm -lc
perllibs=-lsocket -lnsl -ldl -lm -lc
libc=/lib/libc.so, so=so, useshrplib=false, libperl=libperl.a
gnulibc_version=''
Dynamic Linking:
dlsrc=dl_dlopen.xs, dlext=so, d_dlsymun=undef, ccdlflags=' '
cccdlflags='-fPIC', lddlflags='-G -L/usr/local/lib'
Characteristics of this binary (from libperl):
Compile-time options: HAS_TIMES PERLIO_LAYERS PERL_DONT_CREATE_GVSV
PERL_MALLOC_WRAP PERL_PRESERVE_IVUV PERL_USE_DEVEL
PERL_USE_SAFE_PUTENV USE_64_BIT_INT USE_LARGE_FILES
USE_LOCALE USE_LOCALE_COLLATE USE_LOCALE_CTYPE
USE_LOCALE_NUMERIC USE_PERLIO USE_PERL_ATOF
Built under solaris
Compiled at Nov 28 2011 11:34:47
%ENV:
PERL5LIB="/export/home/cpant4/.cpan/build/IPC-Run-0.90-qo_MIu/blib/arch:/export/home/cpant4/.cpan/build/IPC-Run-0.90-qo_MIu/blib/lib"
PERL5OPT=""
PERL5_CPANPLUS_IS_RUNNING="16790"
PERL5_CPAN_IS_RUNNING="16790"
PERL5_CPAN_IS_RUNNING_IN_RECURSION="2919,16790"
PERL_CR_SMOKER_CURRENT="Cvs-0.07"
PERL_EXTUTILS_AUTOINSTALL="--defaultdeps"
PERL_MM_USE_DEFAULT="1"
@INC:
/export/home/cpant4/.cpan/build/IPC-Run-0.90-qo_MIu/blib/arch
/export/home/cpant4/.cpan/build/IPC-Run-0.90-qo_MIu/blib/lib
/export/home/cpant4/perl5/lib/site_perl/5.15.5/i86pc-solaris-64int
/export/home/cpant4/perl5/lib/site_perl/5.15.5
/export/home/cpant4/perl5/lib/5.15.5/i86pc-solaris-64int
/export/home/cpant4/perl5/lib/5.15.5
/export/home/cpant4/perl5/lib/site_perl
.