Report for WebService-Booklog-v0.0.1

Back
From: metabase:user:314402c4-2aae-11df-837a-5e0a49663a4f
Subject: FAIL WebService-Booklog-v0.0.1 v5.23.4 FreeBSD
Date: 2015-11-03T22:36:50Z

This distribution has been tested as part of the CPAN Testers
project, supporting the Perl programming language.  See
http://wiki.cpantesters.org/ for more information or email
questions to cpan-testers-discuss@perl.org


--
Dear Yasutaka ATARASHI,

This is a computer-generated report for WebService-Booklog-v0.0.1
on perl 5.23.4, created by CPAN-Reporter-1.2015.

Thank you for uploading your work to CPAN.  However, there was a problem
testing your distribution.

If you think this report is invalid, please consult the CPAN Testers Wiki
for suggestions on how to avoid getting FAIL reports for missing library
or binary dependencies, unsupported operating systems, and so on:

http://wiki.cpantesters.org/wiki/CPANAuthorNotes

Sections of this report:

    * Tester comments
    * Program output
    * Prerequisites
    * Environment and other context

------------------------------
TESTER COMMENTS
------------------------------

Additional comments from tester:

none provided

------------------------------
PROGRAM OUTPUT
------------------------------

Output from '/usr/bin/make test':

PERL_DL_NONLAZY=1 "/usr/perl5.23.4p/bin/perl5.23.4" "-MExtUtils::Command::MM" "-MTest::Harness" "-e" "undef *Test::Harness::Switches; test_harness(0, 'blib/lib', 'blib/arch')" t/*.t
t/01-get_minishelf.t ...... ok
t/02-get_review.t ......... ok

#   Failed test 'get_shelf'
#   at t/03-get_shelf.t line 10.
# died: malformed JSON string, neither tag, array, object, number, string or atom, at character offset 0 (before "<!DOCTYPE html>\n<ht...") at /usr/perl5.23.4p/lib/site_perl/5.23.4/JSON/Any.pm line 594.

#   Failed test 'user->account'
#   at t/03-get_shelf.t line 11.
#          got: undef
#     expected: 'yak1ex'

#   Failed test 'no category'
#   at t/03-get_shelf.t line 12.
#          got: undef
#     expected: '0'

#   Failed test 'books'
#   at t/03-get_shelf.t line 13.
#          got: '0'
#     expected: '25'

#   Failed test 'get_shelf with rank'
#   at t/03-get_shelf.t line 16.
# died: malformed JSON string, neither tag, array, object, number, string or atom, at character offset 0 (before "<!DOCTYPE html>\n<ht...") at /usr/perl5.23.4p/lib/site_perl/5.23.4/JSON/Any.pm line 594.

#   Failed test 'user->account'
#   at t/03-get_shelf.t line 17.
#          got: undef
#     expected: 'yak1ex'

#   Failed test 'no category'
#   at t/03-get_shelf.t line 18.
#          got: undef
#     expected: '0'

#   Failed test 'books'
#   at t/03-get_shelf.t line 19.
#     '0'
#         >
#     '0'

#   Failed test 'get_shelf with category'
#   at t/03-get_shelf.t line 22.
# died: malformed JSON string, neither tag, array, object, number, string or atom, at character offset 0 (before "<!DOCTYPE html>\n<ht...") at /usr/perl5.23.4p/lib/site_perl/5.23.4/JSON/Any.pm line 594.

#   Failed test 'user->account'
#   at t/03-get_shelf.t line 23.
#          got: undef
#     expected: 'yak1ex'

#   Failed test 'category id'
#   at t/03-get_shelf.t line 24.
#          got: undef
#     expected: '2275669'

#   Failed test 'books'
#   at t/03-get_shelf.t line 25.
#     '0'
#         >
#     '0'

#   Failed test 'get_shelf'
#   at t/03-get_shelf.t line 28.
# died: malformed JSON string, neither tag, array, object, number, string or atom, at character offset 0 (before "<!DOCTYPE html>\n<ht...") at /usr/perl5.23.4p/lib/site_perl/5.23.4/JSON/Any.pm line 594.

#   Failed test 'user->account'
#   at t/03-get_shelf.t line 29.
#          got: undef
#     expected: 'yak1ex'

#   Failed test 'no category'
#   at t/03-get_shelf.t line 30.
#          got: undef
#     expected: '0'

#   Failed test 'sort'
#   at t/03-get_shelf.t line 31.
#          got: undef
#     expected: 'release_desc'

#   Failed test 'books'
#   at t/03-get_shelf.t line 32.
#          got: '0'
#     expected: '25'

#   Failed test 'release date'
#   at t/03-get_shelf.t line 34.
#          got: '0'
#     expected: '25'
# Looks like you failed 18 tests of 24.
t/03-get_shelf.t .......... 
Dubious, test returned 18 (wstat 4608, 0x1200)
Failed 18/24 subtests 
t/author-critic.t ......... skipped: these tests are for testing by the author
t/release-kwalitee.t ...... skipped: these tests are for release candidate testing
t/release-pod-coverage.t .. skipped: these tests are for release candidate testing
t/release-pod-syntax.t .... skipped: these tests are for release candidate testing

Test Summary Report
-------------------
t/03-get_shelf.t        (Wstat: 4608 Tests: 24 Failed: 18)
  Failed tests:  3-10, 12-15, 17-22
  Non-zero exit status: 18
Files=7, Tests=45, 14 wallclock secs ( 0.10 usr  0.05 sys +  1.30 cusr  0.24 csys =  1.70 CPU)
Result: FAIL
Failed 1/7 test programs. 18/45 subtests failed.
*** Error code 255

Stop.
make: stopped in /home/cpansand/.cpan/build/2015110321/WebService-Booklog-v0.0.1-13a4dl

------------------------------
PREREQUISITES
------------------------------

Prerequisite modules loaded:

requires:

    Module              Need Have    
    ------------------- ---- --------
    JSON::Any           0    1.39    
    LWP::UserAgent      0    6.13    

build_requires:

    Module              Need Have    
    ------------------- ---- --------
    Test::Exception     0    0.40    
    Test::More          0    1.001014

configure_requires:

    Module              Need Have    
    ------------------- ---- --------
    ExtUtils::MakeMaker 6.30 7.10    


------------------------------
ENVIRONMENT AND OTHER CONTEXT
------------------------------

Environment variables:

    LC_ALL = de_DE.ISO8859-1
    PATH = /usr/local/bin:/usr/bin:/bin:/usr/local/sbin:/usr/sbin:/sbin:/home/cpansand/bin/freebsd10.1:/home/cpansand/bin/sh:/home/cpansand/bin:/usr/games:/home/cpansand/devel:/home/eserte/src/srezic-misc/scripts
    PERL5LIB = 
    PERL5OPT = 
    PERL5_CPANPLUS_IS_RUNNING = 35841
    PERL5_CPAN_IS_RUNNING = 35841
    PERL5_CPAN_IS_RUNNING_IN_RECURSION = 35819,35841
    PERLDOC = -MPod::Perldoc::ToTextOverstrike
    PERL_BATCH = yes
    PERL_CANARY_STABILITY_NOPROMPT = 1
    PERL_CPAN_REPORTER_CONFIG = /var/tmp/cpansmoker-1023/2015110321/cpanreporter_000_config.ini
    PERL_EXTUTILS_AUTOINSTALL = --defaultdeps
    SHELL = /usr/local/bin/zsh
    TERM = screen
    TMPDIR = /var/tmp/cpansmoker-1023/2015110321

Perl special variables (and OS-specific diagnostics, for MSWin32):

    $^X = /usr/perl5.23.4p/bin/perl5.23.4
    $UID/$EUID = 1023 / 1023
    $GID = 1023 1023
    $EGID = 1023 1023

Perl module toolchain versions installed:

    Module              Have    
    ------------------- --------
    CPAN                2.11    
    CPAN::Meta          2.150005
    Cwd                 3.58    
    ExtUtils::CBuilder  0.280224
    ExtUtils::Command   7.10    
    ExtUtils::Install   2.04    
    ExtUtils::MakeMaker 7.10    
    ExtUtils::Manifest  1.70    
    ExtUtils::ParseXS   3.30    
    File::Spec          3.58    
    JSON                2.90    
    JSON::PP            2.27300 
    Module::Build       0.4214  
    Module::Signature   n/a     
    Parse::CPAN::Meta   1.4417  
    Test::Harness       3.35    
    Test::More          1.001014
    YAML                1.15    
    YAML::Syck          1.29    
    version             0.9912  


--

Summary of my perl5 (revision 5 version 23 subversion 4) configuration:
   
  Platform:
    osname=freebsd, osvers=10.1-release, archname=amd64-freebsd
    uname='freebsd cvrsnica-freebsd-101.herceg.de 10.1-release freebsd 10.1-release #0 r274401: tue nov 11 21:02:49 utc 2014 root@releng1.nyi.freebsd.org:usrobjusrsrcsysgeneric amd64 '
    config_args='-ds -e -Dprefix=/usr/perl5.23.4p -Dusedevel -Dusemallocwrap=no -Dcf_email=srezic@cpan.org'
    hint=recommended, useposix=true, d_sigaction=define
    useithreads=undef, usemultiplicity=undef
    use64bitint=define, use64bitall=define, uselongdouble=undef
    usemymalloc=n, bincompat5005=undef
  Compiler:
    cc='cc', ccflags ='-DHAS_FPSETMASK -DHAS_FLOATINGPOINT_H -fno-strict-aliasing -pipe -fstack-protector -I/usr/local/include -D_FORTIFY_SOURCE=2',
    optimize='-O',
    cppflags='-DHAS_FPSETMASK -DHAS_FLOATINGPOINT_H -fno-strict-aliasing -pipe -fstack-protector -I/usr/local/include'
    ccversion='', gccversion='4.2.1 Compatible FreeBSD Clang 3.4.1 (tags/RELEASE_34/dot1-final 208032)', gccosandvers=''
    intsize=4, longsize=8, ptrsize=8, doublesize=8, byteorder=12345678, doublekind=3
    d_longlong=define, longlongsize=8, d_longdbl=define, longdblsize=16, longdblkind=3
    ivtype='long', ivsize=8, nvtype='double', nvsize=8, Off_t='off_t', lseeksize=8
    alignbytes=8, prototype=define
  Linker and Libraries:
    ld='cc', ldflags ='-pthread -Wl,-E  -fstack-protector -L/usr/local/lib'
    libpth=/usr/lib /usr/local/lib /usr/include/clang/3.4.1 /usr/lib
    libs=-lpthread -lgdbm -lm -lcrypt -lutil -lc
    perllibs=-lpthread -lm -lcrypt -lutil -lc
    libc=, so=so, useshrplib=false, libperl=libperl.a
    gnulibc_version=''
  Dynamic Linking:
    dlsrc=dl_dlopen.xs, dlext=so, d_dlsymun=undef, ccdlflags=' '
    cccdlflags='-DPIC -fPIC', lddlflags='-shared  -L/usr/local/lib -fstack-protector'


Characteristics of this binary (from libperl): 
  Compile-time options: HAS_TIMES PERLIO_LAYERS PERL_COPY_ON_WRITE
                        PERL_DONT_CREATE_GVSV
                        PERL_HASH_FUNC_ONE_AT_A_TIME_HARD PERL_PRESERVE_IVUV
                        PERL_USE_DEVEL USE_64_BIT_ALL USE_64_BIT_INT
                        USE_LARGE_FILES USE_LOCALE USE_LOCALE_COLLATE
                        USE_LOCALE_CTYPE USE_LOCALE_NUMERIC USE_LOCALE_TIME
                        USE_PERLIO USE_PERL_ATOF
  Built under freebsd
  Compiled at Oct 30 2015 15:31:28
  %ENV:
    PERL5LIB=""
    PERL5OPT=""
    PERL5_CPANPLUS_IS_RUNNING="35841"
    PERL5_CPAN_IS_RUNNING="35841"
    PERL5_CPAN_IS_RUNNING_IN_RECURSION="35819,35841"
    PERLDOC="-MPod::Perldoc::ToTextOverstrike"
    PERL_BATCH="yes"
    PERL_CANARY_STABILITY_NOPROMPT="1"
    PERL_CPAN_REPORTER_CONFIG="/var/tmp/cpansmoker-1023/2015110321/cpanreporter_000_config.ini"
    PERL_EXTUTILS_AUTOINSTALL="--defaultdeps"
  @INC:
    /usr/perl5.23.4p/lib/site_perl/5.23.4/amd64-freebsd
    /usr/perl5.23.4p/lib/site_perl/5.23.4
    /usr/perl5.23.4p/lib/5.23.4/amd64-freebsd
    /usr/perl5.23.4p/lib/5.23.4
    .