Back
From: metabase:user:d2c9f356-b46f-11df-9a90-20a83c0b7757
Subject: FAIL Test-Dist-0.01 v5.12.3 SunOS/Solaris
Date: 2011-03-11T03:40:57Z
This distribution has been tested as part of the CPAN Testers
project, supporting the Perl programming language. See
http://wiki.cpantesters.org/ for more information or email
questions to cpan-testers-discuss@perl.org
--
Dear Mons Anderson,
This is a computer-generated report for Test-Dist-0.01
on perl 5.12.3, created by CPAN-Reporter-1.1902.
Thank you for uploading your work to CPAN. However, there was a problem
testing your distribution.
If you think this report is invalid, please consult the CPAN Testers Wiki
for suggestions on how to avoid getting FAIL reports for missing library
or binary dependencies, unsupported operating systems, and so on:
http://wiki.cpantesters.org/wiki/CPANAuthorNotes
Sections of this report:
* Tester comments
* Program output
* Prerequisites
* Environment and other context
------------------------------
TESTER COMMENTS
------------------------------
Additional comments from tester:
this report is from an automated smoke testing program
and was not reviewed by a human for accuracy
------------------------------
PROGRAM OUTPUT
------------------------------
Output from '/usr/local/bin/make test':
PERL_DL_NONLAZY=1 /export/home/cpant3/perl5/bin/perl5.12.3 "-MExtUtils::Command::MM" "-e" "test_harness(0, 'inc', 'blib/lib', 'blib/arch')" t/00-load.t t/01-all.t t/pod-coverage.t t/pod.t
# Testing Test::Dist 0.01, Perl 5.012003, /export/home/cpant3/perl5/bin/perl5.12.3
t/00-load.t ....... ok
Undefined subroutine &Test::YAML::Meta::yaml_file_ok called at /export/home/cpant3/.cpan/build/Test-Dist-0.01-ewA1L2/lib/Test/Dist.pm line 196.
# Looks like you planned 42 tests but ran 33.
# Looks like your test exited with 255 just after 33.
t/01-all.t ........
Dubious, test returned 255 (wstat 65280, 0xff00)
Failed 9/42 subtests
(3 TODO tests unexpectedly succeeded)
t/pod-coverage.t .. skipped: Test condition not met
t/pod.t ........... ok
Test Summary Report
-------------------
t/01-all.t (Wstat: 65280 Tests: 33 Failed: 0)
TODO passed: 12, 30, 32
Non-zero exit status: 255
Parse errors: Bad plan. You planned 42 tests but ran 33.
Files=4, Tests=37, 4 wallclock secs ( 0.08 usr 0.06 sys + 1.06 cusr 0.34 csys = 1.54 CPU)
Result: FAIL
Failed 1/4 test programs. 0/37 subtests failed.
make: *** [test_dynamic] Error 255
------------------------------
PREREQUISITES
------------------------------
Prerequisite modules loaded:
requires:
Module Need Have
----------------------- ---- ----
Array::Diff 0 0.07
ExtUtils::MakeMaker 0 6.56
ExtUtils::Manifest 0 1.58
lib::abs 0.90 0.92
Module::CPANTS::Analyse 0 0.85
Test::If 0 0.01
Test::More 0 0.98
Test::NoWarnings 0 1.02
configure_requires:
Module Need Have
----------------------- ---- ----
ExtUtils::MakeMaker 6.42 6.56
------------------------------
ENVIRONMENT AND OTHER CONTEXT
------------------------------
Environment variables:
AUTOMATED_TESTING = 1
LANG = C
LD_LIBRARY_PATH = /usr/local/lib:
PATH = /export/home/cpant3/perl5/bin:/usr/local/bin:/usr/bin
PERL5LIB = /export/home/cpant3/.cpan/build/Test-If-0.01-tjgJgh/blib/arch:/export/home/cpant3/.cpan/build/Test-If-0.01-tjgJgh/blib/lib:/export/home/cpant3/.cpan/build/lib-abs-0.92-9djIxQ/blib/arch:/export/home/cpant3/.cpan/build/lib-abs-0.92-9djIxQ/blib/lib
PERL5OPT =
PERL5_CPANPLUS_IS_RUNNING = 21811
PERL5_CPAN_IS_RUNNING = 21811
PERL5_CPAN_IS_RUNNING_IN_RECURSION = 10567,21811
PERL_CR_SMOKER_CURRENT = Test-Dist-0.01
PERL_CR_SMOKER_RUNONCE = 1
PERL_EXTUTILS_AUTOINSTALL = --defaultdeps
PERL_MM_USE_DEFAULT = 1
SHELL = /usr/bin/bash
TERM = xterm
Perl special variables (and OS-specific diagnostics, for MSWin32):
$^X = /export/home/cpant3/perl5/bin/perl5.12.3
$UID/$EUID = 103 / 103
$GID = 1 1
$EGID = 1 1
Perl module toolchain versions installed:
Module Have
------------------- --------
CPAN 1.94_56
Cwd 3.33
ExtUtils::CBuilder 0.280202
ExtUtils::Command 1.17
ExtUtils::Install 1.55
ExtUtils::MakeMaker 6.56
ExtUtils::Manifest 1.58
ExtUtils::ParseXS 2.2206
File::Spec 3.33
Module::Build 0.3800
Module::Signature n/a
Test::Harness 3.23
Test::More 0.98
YAML 0.72
YAML::Syck 1.17
version 0.88
--
Summary of my perl5 (revision 5 version 12 subversion 3) configuration:
Platform:
osname=solaris, osvers=2.10, archname=i86pc-solaris-64int
uname='sunos vmrz0046 5.10 generic_141445-09 i86pc i386 i86pc '
config_args='-Dcc=gcc -Dprefix=~/perl5 -Duse64bitint -Dusedevel -d'
hint=recommended, useposix=true, d_sigaction=define
useithreads=undef, usemultiplicity=undef
useperlio=define, d_sfio=undef, uselargefiles=define, usesocks=undef
use64bitint=define, use64bitall=undef, uselongdouble=undef
usemymalloc=n, bincompat5005=undef
Compiler:
cc='gcc', ccflags ='-DPTR_IS_LONG -fno-strict-aliasing -pipe -I/usr/local/include -D_LARGEFILE_SOURCE -D_FILE_OFFSET_BITS=64 -DPERL_USE_SAFE_PUTENV -DPERL_USE_SAFE_PUTENV',
optimize='-O',
cppflags='-DPTR_IS_LONG -fno-strict-aliasing -pipe -I/usr/local/include'
ccversion='', gccversion='3.4.6', gccosandvers='solaris2.10'
intsize=4, longsize=4, ptrsize=4, doublesize=8, byteorder=12345678
d_longlong=define, longlongsize=8, d_longdbl=define, longdblsize=12
ivtype='long long', ivsize=8, nvtype='double', nvsize=8, Off_t='off_t', lseeksize=8
alignbytes=4, prototype=define
Linker and Libraries:
ld='gcc', ldflags =' -L/usr/local/lib '
libpth=/usr/local/lib /usr/lib /usr/ccs/lib
libs=-lsocket -lnsl -ldl -lm -lc
perllibs=-lsocket -lnsl -ldl -lm -lc
libc=/lib/libc.so, so=so, useshrplib=false, libperl=libperl.a
gnulibc_version=''
Dynamic Linking:
dlsrc=dl_dlopen.xs, dlext=so, d_dlsymun=undef, ccdlflags=' '
cccdlflags='-fPIC', lddlflags='-G -L/usr/local/lib'
Characteristics of this binary (from libperl):
Compile-time options: PERL_DONT_CREATE_GVSV PERL_MALLOC_WRAP PERL_USE_DEVEL
PERL_USE_SAFE_PUTENV USE_64_BIT_INT USE_LARGE_FILES
USE_PERLIO USE_PERL_ATOF
Built under solaris
Compiled at Mar 1 2011 16:44:09
%ENV:
PERL5LIB="/export/home/cpant3/.cpan/build/Test-If-0.01-tjgJgh/blib/arch:/export/home/cpant3/.cpan/build/Test-If-0.01-tjgJgh/blib/lib:/export/home/cpant3/.cpan/build/lib-abs-0.92-9djIxQ/blib/arch:/export/home/cpant3/.cpan/build/lib-abs-0.92-9djIxQ/blib/lib"
PERL5OPT=""
PERL5_CPANPLUS_IS_RUNNING="21811"
PERL5_CPAN_IS_RUNNING="21811"
PERL5_CPAN_IS_RUNNING_IN_RECURSION="10567,21811"
PERL_CR_SMOKER_CURRENT="Test-Dist-0.01"
PERL_CR_SMOKER_RUNONCE="1"
PERL_EXTUTILS_AUTOINSTALL="--defaultdeps"
PERL_MM_USE_DEFAULT="1"
@INC:
/export/home/cpant3/.cpan/build/Test-If-0.01-tjgJgh/blib/arch
/export/home/cpant3/.cpan/build/Test-If-0.01-tjgJgh/blib/lib
/export/home/cpant3/.cpan/build/lib-abs-0.92-9djIxQ/blib/arch
/export/home/cpant3/.cpan/build/lib-abs-0.92-9djIxQ/blib/lib
/export/home/cpant3/perl5/lib/site_perl/5.12.3/i86pc-solaris-64int
/export/home/cpant3/perl5/lib/site_perl/5.12.3
/export/home/cpant3/perl5/lib/5.12.3/i86pc-solaris-64int
/export/home/cpant3/perl5/lib/5.12.3
/export/home/cpant3/perl5/lib/site_perl
.